[INFO] fetching crate max-subarray-sum 0.1.7...
[INFO] testing max-subarray-sum-0.1.7 against 1.54.0 for beta-1.55-1
[INFO] extracting crate max-subarray-sum 0.1.7 into /workspace/builds/worker-13/source
[INFO] validating manifest of crates.io crate max-subarray-sum 0.1.7 on toolchain 1.54.0
[INFO] running `Command { std: "/workspace/cargo-home/bin/cargo" "+1.54.0" "metadata" "--manifest-path" "Cargo.toml" "--no-deps", kill_on_drop: false }`
[INFO] started tweaking crates.io crate max-subarray-sum 0.1.7
[INFO] finished tweaking crates.io crate max-subarray-sum 0.1.7
[INFO] tweaked toml for crates.io crate max-subarray-sum 0.1.7 written to /workspace/builds/worker-13/source/Cargo.toml
[INFO] running `Command { std: "/workspace/cargo-home/bin/cargo" "+1.54.0" "generate-lockfile" "--manifest-path" "Cargo.toml" "-Zno-index-update", kill_on_drop: false }`
[INFO] running `Command { std: "/workspace/cargo-home/bin/cargo" "+1.54.0" "fetch" "--manifest-path" "Cargo.toml", kill_on_drop: false }`
[INFO] running `Command { std: "docker" "create" "-v" "/var/lib/crater-agent-workspace/builds/worker-13/target:/opt/rustwide/target:rw,Z" "-v" "/var/lib/crater-agent-workspace/builds/worker-13/source:/opt/rustwide/workdir:ro,Z" "-v" "/var/lib/crater-agent-workspace/cargo-home:/opt/rustwide/cargo-home:ro,Z" "-v" "/var/lib/crater-agent-workspace/rustup-home:/opt/rustwide/rustup-home:ro,Z" "-e" "SOURCE_DIR=/opt/rustwide/workdir" "-e" "CARGO_TARGET_DIR=/opt/rustwide/target" "-e" "CARGO_HOME=/opt/rustwide/cargo-home" "-e" "RUSTUP_HOME=/opt/rustwide/rustup-home" "-w" "/opt/rustwide/workdir" "-m" "1610612736" "--user" "0:0" "--network" "none" "ghcr.io/rust-lang/crates-build-env/linux@sha256:34b6a614d2c27851fe6cbf88fbd1137609cefab8b10d0615aaeb6fd47975d74e" "/opt/rustwide/cargo-home/bin/cargo" "+1.54.0" "metadata" "--no-deps" "--format-version=1", kill_on_drop: false }`
[INFO] [stdout] 0892605d942b02574e9beb481994995c52707cd36f545492796958f5f91558f4
[INFO] [stderr] WARNING: Your kernel does not support swap limit capabilities or the cgroup is not mounted. Memory limited without swap.
[INFO] running `Command { std: "docker" "start" "-a" "0892605d942b02574e9beb481994995c52707cd36f545492796958f5f91558f4", kill_on_drop: false }`
[INFO] running `Command { std: "docker" "inspect" "0892605d942b02574e9beb481994995c52707cd36f545492796958f5f91558f4", kill_on_drop: false }`
[INFO] running `Command { std: "docker" "rm" "-f" "0892605d942b02574e9beb481994995c52707cd36f545492796958f5f91558f4", kill_on_drop: false }`
[INFO] [stdout] 0892605d942b02574e9beb481994995c52707cd36f545492796958f5f91558f4
[INFO] running `Command { std: "docker" "create" "-v" "/var/lib/crater-agent-workspace/builds/worker-13/target:/opt/rustwide/target:rw,Z" "-v" "/var/lib/crater-agent-workspace/builds/worker-13/source:/opt/rustwide/workdir:ro,Z" "-v" "/var/lib/crater-agent-workspace/cargo-home:/opt/rustwide/cargo-home:ro,Z" "-v" "/var/lib/crater-agent-workspace/rustup-home:/opt/rustwide/rustup-home:ro,Z" "-e" "SOURCE_DIR=/opt/rustwide/workdir" "-e" "CARGO_TARGET_DIR=/opt/rustwide/target" "-e" "CARGO_INCREMENTAL=0" "-e" "RUST_BACKTRACE=full" "-e" "RUSTFLAGS=--cap-lints=warn" "-e" "CARGO_HOME=/opt/rustwide/cargo-home" "-e" "RUSTUP_HOME=/opt/rustwide/rustup-home" "-w" "/opt/rustwide/workdir" "-m" "1610612736" "--user" "0:0" "--network" "none" "ghcr.io/rust-lang/crates-build-env/linux@sha256:34b6a614d2c27851fe6cbf88fbd1137609cefab8b10d0615aaeb6fd47975d74e" "/opt/rustwide/cargo-home/bin/cargo" "+1.54.0" "build" "--frozen" "--message-format=json", kill_on_drop: false }`
[INFO] [stdout] 7681cdb3d64983abe1aa6337b8ad1766a1c91104dcb8cb0a0803e6fc59c4fa63
[INFO] [stderr] WARNING: Your kernel does not support swap limit capabilities or the cgroup is not mounted. Memory limited without swap.
[INFO] running `Command { std: "docker" "start" "-a" "7681cdb3d64983abe1aa6337b8ad1766a1c91104dcb8cb0a0803e6fc59c4fa63", kill_on_drop: false }`
[INFO] [stderr]    Compiling max-subarray-sum v0.1.7 (/opt/rustwide/workdir)
[INFO] [stderr]     Finished dev [unoptimized + debuginfo] target(s) in 0.75s
[INFO] running `Command { std: "docker" "inspect" "7681cdb3d64983abe1aa6337b8ad1766a1c91104dcb8cb0a0803e6fc59c4fa63", kill_on_drop: false }`
[INFO] running `Command { std: "docker" "rm" "-f" "7681cdb3d64983abe1aa6337b8ad1766a1c91104dcb8cb0a0803e6fc59c4fa63", kill_on_drop: false }`
[INFO] [stdout] 7681cdb3d64983abe1aa6337b8ad1766a1c91104dcb8cb0a0803e6fc59c4fa63
[INFO] running `Command { std: "docker" "create" "-v" "/var/lib/crater-agent-workspace/builds/worker-13/target:/opt/rustwide/target:rw,Z" "-v" "/var/lib/crater-agent-workspace/builds/worker-13/source:/opt/rustwide/workdir:ro,Z" "-v" "/var/lib/crater-agent-workspace/cargo-home:/opt/rustwide/cargo-home:ro,Z" "-v" "/var/lib/crater-agent-workspace/rustup-home:/opt/rustwide/rustup-home:ro,Z" "-e" "SOURCE_DIR=/opt/rustwide/workdir" "-e" "CARGO_TARGET_DIR=/opt/rustwide/target" "-e" "CARGO_INCREMENTAL=0" "-e" "RUST_BACKTRACE=full" "-e" "RUSTFLAGS=--cap-lints=warn" "-e" "CARGO_HOME=/opt/rustwide/cargo-home" "-e" "RUSTUP_HOME=/opt/rustwide/rustup-home" "-w" "/opt/rustwide/workdir" "-m" "1610612736" "--user" "0:0" "--network" "none" "ghcr.io/rust-lang/crates-build-env/linux@sha256:34b6a614d2c27851fe6cbf88fbd1137609cefab8b10d0615aaeb6fd47975d74e" "/opt/rustwide/cargo-home/bin/cargo" "+1.54.0" "test" "--frozen" "--no-run" "--message-format=json", kill_on_drop: false }`
[INFO] [stdout] d3b3f719ef03a5014c86474a5e7bd1eb0051cadfcbb3818aac7732c78eda8d6b
[INFO] [stderr] WARNING: Your kernel does not support swap limit capabilities or the cgroup is not mounted. Memory limited without swap.
[INFO] running `Command { std: "docker" "start" "-a" "d3b3f719ef03a5014c86474a5e7bd1eb0051cadfcbb3818aac7732c78eda8d6b", kill_on_drop: false }`
[INFO] [stderr]    Compiling max-subarray-sum v0.1.7 (/opt/rustwide/workdir)
[INFO] [stderr]     Finished test [unoptimized + debuginfo] target(s) in 0.43s
[INFO] running `Command { std: "docker" "inspect" "d3b3f719ef03a5014c86474a5e7bd1eb0051cadfcbb3818aac7732c78eda8d6b", kill_on_drop: false }`
[INFO] running `Command { std: "docker" "rm" "-f" "d3b3f719ef03a5014c86474a5e7bd1eb0051cadfcbb3818aac7732c78eda8d6b", kill_on_drop: false }`
[INFO] [stdout] d3b3f719ef03a5014c86474a5e7bd1eb0051cadfcbb3818aac7732c78eda8d6b
[INFO] running `Command { std: "docker" "create" "-v" "/var/lib/crater-agent-workspace/builds/worker-13/target:/opt/rustwide/target:rw,Z" "-v" "/var/lib/crater-agent-workspace/builds/worker-13/source:/opt/rustwide/workdir:ro,Z" "-v" "/var/lib/crater-agent-workspace/cargo-home:/opt/rustwide/cargo-home:ro,Z" "-v" "/var/lib/crater-agent-workspace/rustup-home:/opt/rustwide/rustup-home:ro,Z" "-e" "SOURCE_DIR=/opt/rustwide/workdir" "-e" "CARGO_TARGET_DIR=/opt/rustwide/target" "-e" "CARGO_INCREMENTAL=0" "-e" "RUST_BACKTRACE=full" "-e" "RUSTFLAGS=--cap-lints=warn" "-e" "CARGO_HOME=/opt/rustwide/cargo-home" "-e" "RUSTUP_HOME=/opt/rustwide/rustup-home" "-w" "/opt/rustwide/workdir" "-m" "1610612736" "--user" "0:0" "--network" "none" "ghcr.io/rust-lang/crates-build-env/linux@sha256:34b6a614d2c27851fe6cbf88fbd1137609cefab8b10d0615aaeb6fd47975d74e" "/opt/rustwide/cargo-home/bin/cargo" "+1.54.0" "test" "--frozen", kill_on_drop: false }`
[INFO] [stdout] d1cbc0121ce4d179e89cc26fdf49bf961cd131fb2dc49db9cfde30903509a60c
[INFO] [stderr] WARNING: Your kernel does not support swap limit capabilities or the cgroup is not mounted. Memory limited without swap.
[INFO] running `Command { std: "docker" "start" "-a" "d1cbc0121ce4d179e89cc26fdf49bf961cd131fb2dc49db9cfde30903509a60c", kill_on_drop: false }`
[INFO] [stderr]     Finished test [unoptimized + debuginfo] target(s) in 0.01s
[INFO] [stderr]      Running unittests (/opt/rustwide/target/debug/deps/max_subarray_sum-9cd239a5b33a5d09)
[INFO] [stdout] 
[INFO] [stdout] running 0 tests
[INFO] [stdout] 
[INFO] [stdout] test result: ok. 0 passed; 0 failed; 0 ignored; 0 measured; 0 filtered out; finished in 0.00s
[INFO] [stdout] 
[INFO] [stderr]      Running tests/integration_test.rs (/opt/rustwide/target/debug/deps/integration_test-03b24e40bd6afd44)
[INFO] [stdout] 
[INFO] [stdout] running 8 tests
[INFO] [stdout] test tests::all_negative ... ok
[INFO] [stdout] test tests::all_positive ... ok
[INFO] [stdout] test tests::all_zero ... ok
[INFO] [stdout] test tests::identical_negative ... ok
[INFO] [stdout] test tests::identical_positive ... ok
[INFO] [stdout] test tests::mixed_1 ... ok
[INFO] [stdout] test tests::mixed_2 ... ok
[INFO] [stdout] test tests::mixed_3 ... ok
[INFO] [stdout] 
[INFO] [stdout] test result: ok. 8 passed; 0 failed; 0 ignored; 0 measured; 0 filtered out; finished in 0.00s
[INFO] [stdout] 
[INFO] [stderr]    Doc-tests max-subarray-sum
[INFO] [stdout] 
[INFO] [stdout] running 2 tests
[INFO] [stdout] test src/lib.rs - (line 11) ... FAILED
[INFO] [stdout] test src/interface.rs - interface::Elements::result (line 49) ... ok
[INFO] [stdout] 
[INFO] [stdout] failures:
[INFO] [stdout] 
[INFO] [stdout] ---- src/lib.rs - (line 11) stdout ----
[INFO] [stdout] error[E0432]: unresolved import `max_subarray_sum::Elements`
[INFO] [stdout]  --> src/lib.rs:12:5
[INFO] [stdout]   |
[INFO] [stdout] 4 | use max_subarray_sum::Elements;
[INFO] [stdout]   |     ^^^^^^^^^^^^^^^^^^^^^^^^^^ no `Elements` in the root
[INFO] [stdout] 
[INFO] [stdout] error: aborting due to previous error
[INFO] [stdout] 
[INFO] [stdout] For more information about this error, try `rustc --explain E0432`.
[INFO] [stdout] Couldn't compile the test.
[INFO] [stdout] 
[INFO] [stdout] failures:
[INFO] [stdout]     src/lib.rs - (line 11)
[INFO] [stdout] 
[INFO] [stdout] test result: FAILED. 1 passed; 1 failed; 0 ignored; 0 measured; 0 filtered out; finished in 0.29s
[INFO] [stdout] 
[INFO] [stderr] error: test failed, to rerun pass '--doc'
[INFO] running `Command { std: "docker" "inspect" "d1cbc0121ce4d179e89cc26fdf49bf961cd131fb2dc49db9cfde30903509a60c", kill_on_drop: false }`
[INFO] running `Command { std: "docker" "rm" "-f" "d1cbc0121ce4d179e89cc26fdf49bf961cd131fb2dc49db9cfde30903509a60c", kill_on_drop: false }`
[INFO] [stdout] d1cbc0121ce4d179e89cc26fdf49bf961cd131fb2dc49db9cfde30903509a60c
