[INFO] fetching crate matrix_uri 0.1.0...
[INFO] testing matrix_uri-0.1.0 against 1.54.0 for beta-1.55-1
[INFO] extracting crate matrix_uri 0.1.0 into /workspace/builds/worker-9/source
[INFO] validating manifest of crates.io crate matrix_uri 0.1.0 on toolchain 1.54.0
[INFO] running `Command { std: "/workspace/cargo-home/bin/cargo" "+1.54.0" "metadata" "--manifest-path" "Cargo.toml" "--no-deps", kill_on_drop: false }`
[INFO] started tweaking crates.io crate matrix_uri 0.1.0
[INFO] finished tweaking crates.io crate matrix_uri 0.1.0
[INFO] tweaked toml for crates.io crate matrix_uri 0.1.0 written to /workspace/builds/worker-9/source/Cargo.toml
[INFO] running `Command { std: "/workspace/cargo-home/bin/cargo" "+1.54.0" "generate-lockfile" "--manifest-path" "Cargo.toml" "-Zno-index-update", kill_on_drop: false }`
[INFO] running `Command { std: "/workspace/cargo-home/bin/cargo" "+1.54.0" "fetch" "--manifest-path" "Cargo.toml", kill_on_drop: false }`
[INFO] running `Command { std: "docker" "create" "-v" "/var/lib/crater-agent-workspace/builds/worker-9/target:/opt/rustwide/target:rw,Z" "-v" "/var/lib/crater-agent-workspace/builds/worker-9/source:/opt/rustwide/workdir:ro,Z" "-v" "/var/lib/crater-agent-workspace/cargo-home:/opt/rustwide/cargo-home:ro,Z" "-v" "/var/lib/crater-agent-workspace/rustup-home:/opt/rustwide/rustup-home:ro,Z" "-e" "SOURCE_DIR=/opt/rustwide/workdir" "-e" "CARGO_TARGET_DIR=/opt/rustwide/target" "-e" "CARGO_HOME=/opt/rustwide/cargo-home" "-e" "RUSTUP_HOME=/opt/rustwide/rustup-home" "-w" "/opt/rustwide/workdir" "-m" "1610612736" "--user" "0:0" "--network" "none" "ghcr.io/rust-lang/crates-build-env/linux@sha256:34b6a614d2c27851fe6cbf88fbd1137609cefab8b10d0615aaeb6fd47975d74e" "/opt/rustwide/cargo-home/bin/cargo" "+1.54.0" "metadata" "--no-deps" "--format-version=1", kill_on_drop: false }`
[INFO] [stdout] 58daa9b6c12df8882284855de06fdad7e18b84a4a37bba04864688b12c8df3fb
[INFO] [stderr] WARNING: Your kernel does not support swap limit capabilities or the cgroup is not mounted. Memory limited without swap.
[INFO] running `Command { std: "docker" "start" "-a" "58daa9b6c12df8882284855de06fdad7e18b84a4a37bba04864688b12c8df3fb", kill_on_drop: false }`
[INFO] running `Command { std: "docker" "inspect" "58daa9b6c12df8882284855de06fdad7e18b84a4a37bba04864688b12c8df3fb", kill_on_drop: false }`
[INFO] running `Command { std: "docker" "rm" "-f" "58daa9b6c12df8882284855de06fdad7e18b84a4a37bba04864688b12c8df3fb", kill_on_drop: false }`
[INFO] [stdout] 58daa9b6c12df8882284855de06fdad7e18b84a4a37bba04864688b12c8df3fb
[INFO] running `Command { std: "docker" "create" "-v" "/var/lib/crater-agent-workspace/builds/worker-9/target:/opt/rustwide/target:rw,Z" "-v" "/var/lib/crater-agent-workspace/builds/worker-9/source:/opt/rustwide/workdir:ro,Z" "-v" "/var/lib/crater-agent-workspace/cargo-home:/opt/rustwide/cargo-home:ro,Z" "-v" "/var/lib/crater-agent-workspace/rustup-home:/opt/rustwide/rustup-home:ro,Z" "-e" "SOURCE_DIR=/opt/rustwide/workdir" "-e" "CARGO_TARGET_DIR=/opt/rustwide/target" "-e" "CARGO_INCREMENTAL=0" "-e" "RUST_BACKTRACE=full" "-e" "RUSTFLAGS=--cap-lints=warn" "-e" "CARGO_HOME=/opt/rustwide/cargo-home" "-e" "RUSTUP_HOME=/opt/rustwide/rustup-home" "-w" "/opt/rustwide/workdir" "-m" "1610612736" "--user" "0:0" "--network" "none" "ghcr.io/rust-lang/crates-build-env/linux@sha256:34b6a614d2c27851fe6cbf88fbd1137609cefab8b10d0615aaeb6fd47975d74e" "/opt/rustwide/cargo-home/bin/cargo" "+1.54.0" "build" "--frozen" "--message-format=json", kill_on_drop: false }`
[INFO] [stdout] 92e18b051a86db7641938b2ca91a3343f0e62d1961294b845d18841caf88fa2d
[INFO] [stderr] WARNING: Your kernel does not support swap limit capabilities or the cgroup is not mounted. Memory limited without swap.
[INFO] running `Command { std: "docker" "start" "-a" "92e18b051a86db7641938b2ca91a3343f0e62d1961294b845d18841caf88fa2d", kill_on_drop: false }`
[INFO] [stderr]    Compiling matrix_uri v0.1.0 (/opt/rustwide/workdir)
[INFO] [stderr]     Finished dev [unoptimized + debuginfo] target(s) in 1.26s
[INFO] running `Command { std: "docker" "inspect" "92e18b051a86db7641938b2ca91a3343f0e62d1961294b845d18841caf88fa2d", kill_on_drop: false }`
[INFO] running `Command { std: "docker" "rm" "-f" "92e18b051a86db7641938b2ca91a3343f0e62d1961294b845d18841caf88fa2d", kill_on_drop: false }`
[INFO] [stdout] 92e18b051a86db7641938b2ca91a3343f0e62d1961294b845d18841caf88fa2d
[INFO] running `Command { std: "docker" "create" "-v" "/var/lib/crater-agent-workspace/builds/worker-9/target:/opt/rustwide/target:rw,Z" "-v" "/var/lib/crater-agent-workspace/builds/worker-9/source:/opt/rustwide/workdir:ro,Z" "-v" "/var/lib/crater-agent-workspace/cargo-home:/opt/rustwide/cargo-home:ro,Z" "-v" "/var/lib/crater-agent-workspace/rustup-home:/opt/rustwide/rustup-home:ro,Z" "-e" "SOURCE_DIR=/opt/rustwide/workdir" "-e" "CARGO_TARGET_DIR=/opt/rustwide/target" "-e" "CARGO_INCREMENTAL=0" "-e" "RUST_BACKTRACE=full" "-e" "RUSTFLAGS=--cap-lints=warn" "-e" "CARGO_HOME=/opt/rustwide/cargo-home" "-e" "RUSTUP_HOME=/opt/rustwide/rustup-home" "-w" "/opt/rustwide/workdir" "-m" "1610612736" "--user" "0:0" "--network" "none" "ghcr.io/rust-lang/crates-build-env/linux@sha256:34b6a614d2c27851fe6cbf88fbd1137609cefab8b10d0615aaeb6fd47975d74e" "/opt/rustwide/cargo-home/bin/cargo" "+1.54.0" "test" "--frozen" "--no-run" "--message-format=json", kill_on_drop: false }`
[INFO] [stdout] 8f995af6f5482c77426d36412a10156893d38df3b72c66975d2e796efe2945dd
[INFO] [stderr] WARNING: Your kernel does not support swap limit capabilities or the cgroup is not mounted. Memory limited without swap.
[INFO] running `Command { std: "docker" "start" "-a" "8f995af6f5482c77426d36412a10156893d38df3b72c66975d2e796efe2945dd", kill_on_drop: false }`
[INFO] [stderr]    Compiling matrix_uri v0.1.0 (/opt/rustwide/workdir)
[INFO] [stderr]     Finished test [unoptimized + debuginfo] target(s) in 3.02s
[INFO] running `Command { std: "docker" "inspect" "8f995af6f5482c77426d36412a10156893d38df3b72c66975d2e796efe2945dd", kill_on_drop: false }`
[INFO] running `Command { std: "docker" "rm" "-f" "8f995af6f5482c77426d36412a10156893d38df3b72c66975d2e796efe2945dd", kill_on_drop: false }`
[INFO] [stdout] 8f995af6f5482c77426d36412a10156893d38df3b72c66975d2e796efe2945dd
[INFO] running `Command { std: "docker" "create" "-v" "/var/lib/crater-agent-workspace/builds/worker-9/target:/opt/rustwide/target:rw,Z" "-v" "/var/lib/crater-agent-workspace/builds/worker-9/source:/opt/rustwide/workdir:ro,Z" "-v" "/var/lib/crater-agent-workspace/cargo-home:/opt/rustwide/cargo-home:ro,Z" "-v" "/var/lib/crater-agent-workspace/rustup-home:/opt/rustwide/rustup-home:ro,Z" "-e" "SOURCE_DIR=/opt/rustwide/workdir" "-e" "CARGO_TARGET_DIR=/opt/rustwide/target" "-e" "CARGO_INCREMENTAL=0" "-e" "RUST_BACKTRACE=full" "-e" "RUSTFLAGS=--cap-lints=warn" "-e" "CARGO_HOME=/opt/rustwide/cargo-home" "-e" "RUSTUP_HOME=/opt/rustwide/rustup-home" "-w" "/opt/rustwide/workdir" "-m" "1610612736" "--user" "0:0" "--network" "none" "ghcr.io/rust-lang/crates-build-env/linux@sha256:34b6a614d2c27851fe6cbf88fbd1137609cefab8b10d0615aaeb6fd47975d74e" "/opt/rustwide/cargo-home/bin/cargo" "+1.54.0" "test" "--frozen", kill_on_drop: false }`
[INFO] [stdout] b6a03bbbb6f2b860cdcc14ba6e3772d7c467307141e5c9ae6519824593132f06
[INFO] [stderr] WARNING: Your kernel does not support swap limit capabilities or the cgroup is not mounted. Memory limited without swap.
[INFO] running `Command { std: "docker" "start" "-a" "b6a03bbbb6f2b860cdcc14ba6e3772d7c467307141e5c9ae6519824593132f06", kill_on_drop: false }`
[INFO] [stderr]     Blocking waiting for file lock on package cache
[INFO] [stderr]     Finished test [unoptimized + debuginfo] target(s) in 1.97s
[INFO] [stdout] 
[INFO] [stderr]      Running unittests (/opt/rustwide/target/debug/deps/matrix_uri-eb35a80e62a238b8)
[INFO] [stdout] running 3 tests
[INFO] [stdout] test tests::https_url_parsing ... ok
[INFO] [stdout] test tests::matrix_url_parsing ... ok
[INFO] [stdout] test tests::building ... ok
[INFO] [stdout] 
[INFO] [stdout] test result: ok. 3 passed; 0 failed; 0 ignored; 0 measured; 0 filtered out; finished in 0.01s
[INFO] [stdout] 
[INFO] [stderr]    Doc-tests matrix_uri
[INFO] [stdout] 
[INFO] [stdout] running 2 tests
[INFO] [stdout] test src/lib.rs - (line 8) ... FAILED
[INFO] [stdout] test src/lib.rs - (line 24) ... FAILED
[INFO] [stdout] 
[INFO] [stdout] failures:
[INFO] [stdout] 
[INFO] [stdout] ---- src/lib.rs - (line 8) stdout ----
[INFO] [stdout] error[E0433]: failed to resolve: could not find `IdType` in the crate root
[INFO] [stdout]  --> src/lib.rs:10:41
[INFO] [stdout]   |
[INFO] [stdout] 5 |             crate::MatrixId::new(crate::IdType::UserId, String::from("cute:some.url")),
[INFO] [stdout]   |                                         ^^^^^^ could not find `IdType` in the crate root
[INFO] [stdout] 
[INFO] [stdout] error[E0433]: failed to resolve: could not find `MatrixUriAction` in the crate root
[INFO] [stdout]  --> src/lib.rs:14:25
[INFO] [stdout]   |
[INFO] [stdout] 9 |             Some(crate::MatrixUriAction::Chat),
[INFO] [stdout]   |                         ^^^^^^^^^^^^^^^ could not find `MatrixUriAction` in the crate root
[INFO] [stdout] 
[INFO] [stdout] error[E0433]: failed to resolve: could not find `MatrixUri` in the crate root
[INFO] [stdout]  --> src/lib.rs:9:18
[INFO] [stdout]   |
[INFO] [stdout] 4 | let uri = crate::MatrixUri::new(
[INFO] [stdout]   |                  ^^^^^^^^^ not found in the crate root
[INFO] [stdout]   |
[INFO] [stdout] help: consider importing this struct
[INFO] [stdout]   |
[INFO] [stdout] 3 | use matrix_uri::MatrixUri;
[INFO] [stdout]   |
[INFO] [stdout] 
[INFO] [stdout] error[E0433]: failed to resolve: could not find `MatrixId` in the crate root
[INFO] [stdout]  --> src/lib.rs:10:20
[INFO] [stdout]   |
[INFO] [stdout] 5 |             crate::MatrixId::new(crate::IdType::UserId, String::from("cute:some.url")),
[INFO] [stdout]   |                    ^^^^^^^^ not found in the crate root
[INFO] [stdout]   |
[INFO] [stdout] help: consider importing this struct
[INFO] [stdout]   |
[INFO] [stdout] 3 | use matrix_uri::MatrixId;
[INFO] [stdout]   |
[INFO] [stdout] 
[INFO] [stdout] error: aborting due to 4 previous errors
[INFO] [stdout] 
[INFO] [stdout] For more information about this error, try `rustc --explain E0433`.
[INFO] [stdout] Couldn't compile the test.
[INFO] [stdout] ---- src/lib.rs - (line 24) stdout ----
[INFO] [stdout] error[E0599]: no function or associated item named `from_str` found for struct `MatrixUri` in the current scope
[INFO] [stdout]  --> src/lib.rs:25:34
[INFO] [stdout]   |
[INFO] [stdout] 4 | let uri = matrix_uri::MatrixUri::from_str("matrix:u/her:example.org?action=chat").unwrap();
[INFO] [stdout]   |                                  ^^^^^^^^ function or associated item not found in `MatrixUri`
[INFO] [stdout]   |
[INFO] [stdout]   = help: items from traits can only be used if the trait is in scope
[INFO] [stdout] help: the following trait is implemented but not in scope; perhaps add a `use` for it:
[INFO] [stdout]   |
[INFO] [stdout] 3 | use std::str::FromStr;
[INFO] [stdout]   |
[INFO] [stdout] 
[INFO] [stdout] error: aborting due to previous error
[INFO] [stdout] 
[INFO] [stdout] For more information about this error, try `rustc --explain E0599`.
[INFO] [stdout] Couldn't compile the test.
[INFO] [stdout] 
[INFO] [stdout] failures:
[INFO] [stdout]     src/lib.rs - (line 24)
[INFO] [stdout]     src/lib.rs - (line 8)
[INFO] [stdout] 
[INFO] [stdout] test result: FAILED. 0 passed; 2 failed; 0 ignored; 0 measured; 0 filtered out; finished in 0.46s
[INFO] [stdout] 
[INFO] [stderr] error: test failed, to rerun pass '--doc'
[INFO] running `Command { std: "docker" "inspect" "b6a03bbbb6f2b860cdcc14ba6e3772d7c467307141e5c9ae6519824593132f06", kill_on_drop: false }`
[INFO] running `Command { std: "docker" "rm" "-f" "b6a03bbbb6f2b860cdcc14ba6e3772d7c467307141e5c9ae6519824593132f06", kill_on_drop: false }`
[INFO] [stdout] b6a03bbbb6f2b860cdcc14ba6e3772d7c467307141e5c9ae6519824593132f06
