[INFO] fetching crate matrix-sdk-crypto 0.3.0...
[INFO] testing matrix-sdk-crypto-0.3.0 against 1.54.0 for beta-1.55-1
[INFO] extracting crate matrix-sdk-crypto 0.3.0 into /workspace/builds/worker-12/source
[INFO] validating manifest of crates.io crate matrix-sdk-crypto 0.3.0 on toolchain 1.54.0
[INFO] running `Command { std: "/workspace/cargo-home/bin/cargo" "+1.54.0" "metadata" "--manifest-path" "Cargo.toml" "--no-deps", kill_on_drop: false }`
[INFO] started tweaking crates.io crate matrix-sdk-crypto 0.3.0
[INFO] finished tweaking crates.io crate matrix-sdk-crypto 0.3.0
[INFO] tweaked toml for crates.io crate matrix-sdk-crypto 0.3.0 written to /workspace/builds/worker-12/source/Cargo.toml
[INFO] running `Command { std: "/workspace/cargo-home/bin/cargo" "+1.54.0" "generate-lockfile" "--manifest-path" "Cargo.toml" "-Zno-index-update", kill_on_drop: false }`
[INFO] running `Command { std: "/workspace/cargo-home/bin/cargo" "+1.54.0" "fetch" "--manifest-path" "Cargo.toml", kill_on_drop: false }`
[INFO] running `Command { std: "docker" "create" "-v" "/var/lib/crater-agent-workspace/builds/worker-12/target:/opt/rustwide/target:rw,Z" "-v" "/var/lib/crater-agent-workspace/builds/worker-12/source:/opt/rustwide/workdir:ro,Z" "-v" "/var/lib/crater-agent-workspace/cargo-home:/opt/rustwide/cargo-home:ro,Z" "-v" "/var/lib/crater-agent-workspace/rustup-home:/opt/rustwide/rustup-home:ro,Z" "-e" "SOURCE_DIR=/opt/rustwide/workdir" "-e" "CARGO_TARGET_DIR=/opt/rustwide/target" "-e" "CARGO_HOME=/opt/rustwide/cargo-home" "-e" "RUSTUP_HOME=/opt/rustwide/rustup-home" "-w" "/opt/rustwide/workdir" "-m" "1610612736" "--user" "0:0" "--network" "none" "ghcr.io/rust-lang/crates-build-env/linux@sha256:34b6a614d2c27851fe6cbf88fbd1137609cefab8b10d0615aaeb6fd47975d74e" "/opt/rustwide/cargo-home/bin/cargo" "+1.54.0" "metadata" "--no-deps" "--format-version=1", kill_on_drop: false }`
[INFO] [stdout] 61c0d0c649b8c6ba2f35935bbd6ab8715390500ce31626b2763d41871d6cea45
[INFO] [stderr] WARNING: Your kernel does not support swap limit capabilities or the cgroup is not mounted. Memory limited without swap.
[INFO] running `Command { std: "docker" "start" "-a" "61c0d0c649b8c6ba2f35935bbd6ab8715390500ce31626b2763d41871d6cea45", kill_on_drop: false }`
[INFO] running `Command { std: "docker" "inspect" "61c0d0c649b8c6ba2f35935bbd6ab8715390500ce31626b2763d41871d6cea45", kill_on_drop: false }`
[INFO] running `Command { std: "docker" "rm" "-f" "61c0d0c649b8c6ba2f35935bbd6ab8715390500ce31626b2763d41871d6cea45", kill_on_drop: false }`
[INFO] [stdout] 61c0d0c649b8c6ba2f35935bbd6ab8715390500ce31626b2763d41871d6cea45
[INFO] running `Command { std: "docker" "create" "-v" "/var/lib/crater-agent-workspace/builds/worker-12/target:/opt/rustwide/target:rw,Z" "-v" "/var/lib/crater-agent-workspace/builds/worker-12/source:/opt/rustwide/workdir:ro,Z" "-v" "/var/lib/crater-agent-workspace/cargo-home:/opt/rustwide/cargo-home:ro,Z" "-v" "/var/lib/crater-agent-workspace/rustup-home:/opt/rustwide/rustup-home:ro,Z" "-e" "SOURCE_DIR=/opt/rustwide/workdir" "-e" "CARGO_TARGET_DIR=/opt/rustwide/target" "-e" "CARGO_INCREMENTAL=0" "-e" "RUST_BACKTRACE=full" "-e" "RUSTFLAGS=--cap-lints=warn" "-e" "CARGO_HOME=/opt/rustwide/cargo-home" "-e" "RUSTUP_HOME=/opt/rustwide/rustup-home" "-w" "/opt/rustwide/workdir" "-m" "1610612736" "--user" "0:0" "--network" "none" "ghcr.io/rust-lang/crates-build-env/linux@sha256:34b6a614d2c27851fe6cbf88fbd1137609cefab8b10d0615aaeb6fd47975d74e" "/opt/rustwide/cargo-home/bin/cargo" "+1.54.0" "build" "--frozen" "--message-format=json", kill_on_drop: false }`
[INFO] [stderr] WARNING: Your kernel does not support swap limit capabilities or the cgroup is not mounted. Memory limited without swap.
[INFO] [stdout] cd62097b38cbaaf1c79e93a3a631bcbcb134f18ea56b0021948e5b7c08db03df
[INFO] running `Command { std: "docker" "start" "-a" "cd62097b38cbaaf1c79e93a3a631bcbcb134f18ea56b0021948e5b7c08db03df", kill_on_drop: false }`
[INFO] [stderr]    Compiling itoa v0.4.7
[INFO] [stderr]    Compiling once_cell v1.8.0
[INFO] [stderr]    Compiling ruma-identifiers-validation v0.4.0
[INFO] [stderr]    Compiling wildmatch v2.1.0
[INFO] [stderr]    Compiling g2poly v0.4.0
[INFO] [stderr]    Compiling assign v1.1.1
[INFO] [stderr]    Compiling checked_int_cast v1.0.0
[INFO] [stderr]    Compiling tokio v1.9.0
[INFO] [stderr]    Compiling atomic v0.5.0
[INFO] [stderr]    Compiling olm-sys v1.1.2
[INFO] [stderr]    Compiling getrandom v0.2.3
[INFO] [stderr]    Compiling num_cpus v1.13.0
[INFO] [stderr]    Compiling cipher v0.3.0
[INFO] [stderr]    Compiling universal-hash v0.4.1
[INFO] [stderr]    Compiling crypto-mac v0.11.1
[INFO] [stderr]    Compiling aead v0.4.2
[INFO] [stderr]    Compiling time-macros-impl v0.1.2
[INFO] [stderr]    Compiling pbkdf2 v0.8.0
[INFO] [stderr]    Compiling hmac v0.11.0
[INFO] [stderr]    Compiling polyval v0.5.2
[INFO] [stderr]    Compiling futures-util v0.3.16
[INFO] [stderr]    Compiling http v0.2.4
[INFO] [stderr]    Compiling serde_json v1.0.66
[INFO] [stderr]    Compiling js_int v0.2.1
[INFO] [stderr]    Compiling zeroize v1.4.1
[INFO] [stderr]    Compiling ctr v0.7.0
[INFO] [stderr]    Compiling ctr v0.8.0
[INFO] [stderr]    Compiling ahash v0.7.4
[INFO] [stderr]    Compiling uuid v0.8.2
[INFO] [stderr]    Compiling proc-macro-crate v1.0.0
[INFO] [stderr]    Compiling rayon-core v1.9.1
[INFO] [stderr]    Compiling dashmap v4.0.2
[INFO] [stderr]    Compiling g2gen v0.4.0
[INFO] [stderr]    Compiling ruma-identifiers-macros v0.19.4
[INFO] [stderr]    Compiling ghash v0.4.3
[INFO] [stderr]    Compiling aes v0.7.4
[INFO] [stderr]    Compiling hashbrown v0.11.2
[INFO] [stderr]    Compiling ruma-serde-macros v0.4.1
[INFO] [stderr]    Compiling ruma-events-macros v0.23.3
[INFO] [stderr]    Compiling ruma-api-macros v0.17.1
[INFO] [stderr]    Compiling rayon v1.5.1
[INFO] [stderr]    Compiling aes-gcm v0.9.3
[INFO] [stderr]    Compiling indexmap v1.7.0
[INFO] [stderr]    Compiling lru v0.6.6
[INFO] [stderr]    Compiling time-macros v0.1.1
[INFO] [stderr]    Compiling time v0.2.27
[INFO] [stderr]    Compiling g2p v0.4.0
[INFO] [stderr]    Compiling instant v0.1.10
[INFO] [stderr]    Compiling jpeg-decoder v0.1.22
[INFO] [stderr]    Compiling futures-executor v0.3.16
[INFO] [stderr]    Compiling ruma-serde v0.4.1
[INFO] [stderr]    Compiling futures v0.3.16
[INFO] [stderr]    Compiling tiff v0.6.1
[INFO] [stderr]    Compiling ruma-identifiers v0.19.4
[INFO] [stderr]    Compiling olm-rs v1.0.1
[INFO] [stderr]    Compiling ruma-common v0.5.4
[INFO] [stderr]    Compiling ruma-api v0.17.1
[INFO] [stderr]    Compiling image v0.23.14
[INFO] [stderr]    Compiling ruma-events v0.23.3
[INFO] [stderr]    Compiling rqrr v0.3.2
[INFO] [stderr]    Compiling qrcode v0.12.0
[INFO] [stderr]    Compiling matrix-qrcode v0.1.0
[INFO] [stderr]    Compiling ruma-state-res v0.2.0
[INFO] [stderr]    Compiling ruma-federation-api v0.2.0
[INFO] [stderr]    Compiling ruma-client-api v0.11.0
[INFO] [stderr]    Compiling ruma v0.2.0
[INFO] [stderr]    Compiling matrix-sdk-common v0.3.0
[INFO] [stderr]    Compiling matrix-sdk-crypto v0.3.0 (/opt/rustwide/workdir)
[INFO] [stderr]     Finished dev [unoptimized + debuginfo] target(s) in 3m 44s
[INFO] running `Command { std: "docker" "inspect" "cd62097b38cbaaf1c79e93a3a631bcbcb134f18ea56b0021948e5b7c08db03df", kill_on_drop: false }`
[INFO] running `Command { std: "docker" "rm" "-f" "cd62097b38cbaaf1c79e93a3a631bcbcb134f18ea56b0021948e5b7c08db03df", kill_on_drop: false }`
[INFO] [stdout] cd62097b38cbaaf1c79e93a3a631bcbcb134f18ea56b0021948e5b7c08db03df
[INFO] running `Command { std: "docker" "create" "-v" "/var/lib/crater-agent-workspace/builds/worker-12/target:/opt/rustwide/target:rw,Z" "-v" "/var/lib/crater-agent-workspace/builds/worker-12/source:/opt/rustwide/workdir:ro,Z" "-v" "/var/lib/crater-agent-workspace/cargo-home:/opt/rustwide/cargo-home:ro,Z" "-v" "/var/lib/crater-agent-workspace/rustup-home:/opt/rustwide/rustup-home:ro,Z" "-e" "SOURCE_DIR=/opt/rustwide/workdir" "-e" "CARGO_TARGET_DIR=/opt/rustwide/target" "-e" "CARGO_INCREMENTAL=0" "-e" "RUST_BACKTRACE=full" "-e" "RUSTFLAGS=--cap-lints=warn" "-e" "CARGO_HOME=/opt/rustwide/cargo-home" "-e" "RUSTUP_HOME=/opt/rustwide/rustup-home" "-w" "/opt/rustwide/workdir" "-m" "1610612736" "--user" "0:0" "--network" "none" "ghcr.io/rust-lang/crates-build-env/linux@sha256:34b6a614d2c27851fe6cbf88fbd1137609cefab8b10d0615aaeb6fd47975d74e" "/opt/rustwide/cargo-home/bin/cargo" "+1.54.0" "test" "--frozen" "--no-run" "--message-format=json", kill_on_drop: false }`
[INFO] [stdout] 0e794aaec92d4099a0f490f66530d716b36305077eb708f08b690b2696a0c464
[INFO] [stderr] WARNING: Your kernel does not support swap limit capabilities or the cgroup is not mounted. Memory limited without swap.
[INFO] running `Command { std: "docker" "start" "-a" "0e794aaec92d4099a0f490f66530d716b36305077eb708f08b690b2696a0c464", kill_on_drop: false }`
[INFO] [stderr]    Compiling cpp_demangle v0.3.3
[INFO] [stderr]    Compiling symbolic-demangle v8.3.0
[INFO] [stderr]    Compiling pprof v0.4.4
[INFO] [stderr]    Compiling str_stack v0.1.0
[INFO] [stderr]    Compiling matrix-sdk-test-macros v0.1.0
[INFO] [stderr]    Compiling ahash v0.6.3
[INFO] [stderr]    Compiling memmap v0.7.0
[INFO] [stderr]    Compiling atty v0.2.14
[INFO] [stderr]    Compiling wait-timeout v0.2.0
[INFO] [stderr]    Compiling quick-xml v0.20.0
[INFO] [stderr]    Compiling csv-core v0.1.10
[INFO] [stderr]    Compiling rand_core v0.6.3
[INFO] [stderr]    Compiling num-format v0.4.0
[INFO] [stderr]    Compiling backtrace v0.3.61
[INFO] [stderr]    Compiling bstr v0.2.16
[INFO] [stderr]    Compiling serde_cbor v0.11.1
[INFO] [stderr]    Compiling tinytemplate v1.2.1
[INFO] [stderr]    Compiling debugid v0.7.2
[INFO] [stderr]    Compiling parking_lot_core v0.8.3
[INFO] [stderr]    Compiling rand_chacha v0.3.1
[INFO] [stderr]    Compiling rand_xorshift v0.3.0
[INFO] [stderr]    Compiling symbolic-common v8.3.0
[INFO] [stderr]    Compiling csv v1.1.6
[INFO] [stderr]    Compiling parking_lot v0.11.1
[INFO] [stderr]    Compiling matrix-sdk-test v0.3.0
[INFO] [stderr]    Compiling rand v0.8.4
[INFO] [stderr]    Compiling inferno v0.10.6
[INFO] [stderr]    Compiling criterion v0.3.5
[INFO] [stderr]    Compiling tempfile v3.2.0
[INFO] [stderr]    Compiling rusty-fork v0.3.0
[INFO] [stderr]    Compiling proptest v1.0.0
[INFO] [stderr]    Compiling matrix-sdk-crypto v0.3.0 (/opt/rustwide/workdir)
[INFO] [stderr]     Finished test [unoptimized + debuginfo] target(s) in 2m 00s
[INFO] running `Command { std: "docker" "inspect" "0e794aaec92d4099a0f490f66530d716b36305077eb708f08b690b2696a0c464", kill_on_drop: false }`
[INFO] running `Command { std: "docker" "rm" "-f" "0e794aaec92d4099a0f490f66530d716b36305077eb708f08b690b2696a0c464", kill_on_drop: false }`
[INFO] [stdout] 0e794aaec92d4099a0f490f66530d716b36305077eb708f08b690b2696a0c464
[INFO] running `Command { std: "docker" "create" "-v" "/var/lib/crater-agent-workspace/builds/worker-12/target:/opt/rustwide/target:rw,Z" "-v" "/var/lib/crater-agent-workspace/builds/worker-12/source:/opt/rustwide/workdir:ro,Z" "-v" "/var/lib/crater-agent-workspace/cargo-home:/opt/rustwide/cargo-home:ro,Z" "-v" "/var/lib/crater-agent-workspace/rustup-home:/opt/rustwide/rustup-home:ro,Z" "-e" "SOURCE_DIR=/opt/rustwide/workdir" "-e" "CARGO_TARGET_DIR=/opt/rustwide/target" "-e" "CARGO_INCREMENTAL=0" "-e" "RUST_BACKTRACE=full" "-e" "RUSTFLAGS=--cap-lints=warn" "-e" "CARGO_HOME=/opt/rustwide/cargo-home" "-e" "RUSTUP_HOME=/opt/rustwide/rustup-home" "-w" "/opt/rustwide/workdir" "-m" "1610612736" "--user" "0:0" "--network" "none" "ghcr.io/rust-lang/crates-build-env/linux@sha256:34b6a614d2c27851fe6cbf88fbd1137609cefab8b10d0615aaeb6fd47975d74e" "/opt/rustwide/cargo-home/bin/cargo" "+1.54.0" "test" "--frozen", kill_on_drop: false }`
[INFO] [stdout] 40b5cb7324813c0e247203ff57179a4a77ca03fbfa9aef0f0af5773b35b35810
[INFO] [stderr] WARNING: Your kernel does not support swap limit capabilities or the cgroup is not mounted. Memory limited without swap.
[INFO] running `Command { std: "docker" "start" "-a" "40b5cb7324813c0e247203ff57179a4a77ca03fbfa9aef0f0af5773b35b35810", kill_on_drop: false }`
[INFO] [stdout] 
[INFO] [stderr]     Finished test [unoptimized + debuginfo] target(s) in 0.46s
[INFO] [stdout] running 93 tests
[INFO] [stderr]      Running unittests (/opt/rustwide/target/debug/deps/matrix_sdk_crypto-47c2b7cf60f589e5)
[INFO] [stdout] test file_encryption::key_export::test::test_real_decrypt ... ok
[INFO] [stdout] test file_encryption::key_export::test::test_decode ... ok
[INFO] [stdout] test file_encryption::attachments::test::real_decrypt ... ok
[INFO] [stdout] test file_encryption::key_export::test::test_encrypt_decrypt ... ok
[INFO] [stdout] test file_encryption::attachments::test::encrypt_decrypt_cycle ... ok
[INFO] [stdout] test identities::user::test::other_identity_create ... ok
[INFO] [stdout] test identities::manager::test::test_manager_creation ... ok
[INFO] [stdout] test identities::device::test::update_a_device ... ok
[INFO] [stdout] test identities::device::test::delete_a_device ... ok
[INFO] [stdout] test identities::device::test::create_a_device ... ok
[INFO] [stdout] test file_encryption::attachments::test::decrypt_invalid_hash ... ok
[INFO] [stdout] test machine::test::create_olm_machine ... ok
[INFO] [stdout] test identities::user::test::own_identity_create ... ok
[INFO] [stdout] test identities::manager::test::test_manager_key_query_response ... ok
[INFO] [stdout] test identities::manager::test::test_manager_own_key_query_response ... ok
[INFO] [stdout] test key_request::test::receive_forwarded_key ... ok
[INFO] [stdout] test key_request::test::create_key_request ... ok
[INFO] [stdout] test machine::test::test_invalid_signature ... ok
[INFO] [stdout] test identities::user::test::own_device_with_private_identity ... ok
[INFO] [stdout] test machine::test::generate_one_time_keys ... ok
[INFO] [stdout] test key_request::test::re_request_keys ... ok
[INFO] [stdout] test identities::user::test::own_identity_check_signatures ... ok
[INFO] [stdout] test key_request::test::create_machine ... ok
[INFO] [stdout] test machine::test::test_device_key_signing ... ok
[INFO] [stdout] test machine::test::receive_keys_upload_response ... ok
[INFO] [stdout] test machine::test::test_one_time_key_signing ... ok
[INFO] [stdout] test key_request::test::should_share_key_test ... ok
[INFO] [stdout] test machine::test::tests_session_invalidation ... ok
[INFO] [stdout] test olm::group_sessions::outbound::test::encryption_settings_conversion ... ok
[INFO] [stdout] test olm::group_sessions::test::expiration ... ok
[INFO] [stdout] test olm::signing::test::identity_pickling ... ok
[INFO] [stdout] test olm::signing::test::private_identity_signed_by_accound ... ok
[INFO] [stdout] test olm::signing::test::sign_device ... ok
[INFO] [stdout] test olm::signing::test::pickling_signing ... ok
[INFO] [stdout] test olm::signing::test::private_identity_creation ... ok
[INFO] [stdout] test olm::signing::test::signature_verification ... ok
[INFO] [stdout] test olm::signing::test::signing_creation ... ok
[INFO] [stdout] test olm::test::group_session_creation ... ok
[INFO] [stdout] test olm::test::account_creation ... ok
[INFO] [stdout] test olm::signing::test::sign_user_identity ... ok
[INFO] [stdout] test olm::test::group_session_export ... ok
[INFO] [stdout] test machine::test::test_keys_query ... ok
[INFO] [stdout] test olm::test::one_time_keys_creation ... ok
[INFO] [stdout] test olm::test::session_creation ... ok
[INFO] [stdout] test olm::utility::test::signature_test ... ok
[INFO] [stdout] test store::caches::test::test_device_store ... ok
[INFO] [stdout] test store::caches::test::test_group_session_store ... ok
[INFO] [stdout] test file_encryption::key_export::test::proptest_encrypt_cycle ... ok
[INFO] [stdout] test machine::test::test_olm_encryption ... ok
[INFO] [stdout] test file_encryption::key_export::test::test_session_encrypt ... ok
[INFO] [stdout] test store::memorystore::test::test_device_store ... ok
[INFO] [stdout] test session_manager::sessions::test::session_creation ... ok
[INFO] [stdout] test store::memorystore::test::test_message_hash ... ok
[INFO] [stdout] test store::memorystore::test::test_tracked_users ... ok
[INFO] [stdout] test store::caches::test::test_session_store ... ok
[INFO] [stdout] test verification::machine::test::create ... ok
[INFO] [stdout] test machine::test::test_keys_for_upload ... ok
[INFO] [stdout] test store::caches::test::test_session_store_bulk_storing ... ok
[INFO] [stdout] test store::pickle_key::test::generating ... ok
[INFO] [stdout] test store::memorystore::test::test_group_session_store ... ok
[INFO] [stdout] test key_request::test::key_share_cycle ... ok
[INFO] [stdout] test verification::machine::test::timing_out ... ok
[INFO] [stdout] test store::memorystore::test::test_session_store ... ok
[INFO] [stdout] test verification::qrcode::test::test_verification_creation ... ok
[INFO] [stdout] test machine::test::test_session_creation ... ok
[INFO] [stdout] test verification::sas::helpers::test::commitment_calculation ... ok
[INFO] [stdout] test verification::sas::helpers::test::decimal_generation ... ok
[INFO] [stdout] test verification::requests::test::test_request_accepting ... ok
[INFO] [stdout] test verification::requests::test::test_requesting_until_sas_to_device ... ok
[INFO] [stdout] test machine::test::test_room_key_sharing ... ok
[INFO] [stdout] test verification::sas::helpers::test::emoji_generation ... ok
[INFO] [stdout] test verification::sas::helpers::test::proptest_decimals ... ok
[INFO] [stdout] test verification::sas::helpers::test::proptest_emoji ... ok
[INFO] [stdout] test verification::sas::sas_state::test::sas_accept ... ok
[INFO] [stdout] test verification::requests::test::test_requesting_until_sas ... ok
[INFO] [stdout] test machine::test::test_megolm_encryption ... ok
[INFO] [stdout] test verification::sas::sas_state::test::create_sas ... ok
[INFO] [stdout] test verification::sas::sas_state::test::sas_full ... ok
[INFO] [stdout] test verification::sas::sas_state::test::sas_invalid_sender ... ok
[INFO] [stdout] test verification::machine::test::full_flow ... ok
[INFO] [stdout] test verification::sas::sas_state::test::sas_key_share ... ok
[INFO] [stdout] test verification::sas::sas_state::test::sas_from_start_unknown_method ... ok
[INFO] [stdout] test verification::sas::sas_state::test::sas_unknown_sas_method ... ok
[INFO] [stdout] test verification::qrcode::test::test_reciprocate_receival ... ok
[INFO] [stdout] test verification::sas::sas_state::test::sas_invalid_commitment ... ok
[INFO] [stdout] test machine::test::test_missing_sessions_calculation ... ok
[INFO] [stdout] test key_request::test::key_share_cycle_without_session ... ok
[INFO] [stdout] test verification::sas::test::sas_wrapper_full ... ok
[INFO] [stdout] test verification::sas::sas_state::test::sas_unknown_method ... ok
[INFO] [stdout] test session_manager::sessions::test::session_unwedging ... ok
[INFO] [stdout] test store::pickle_key::test::encrypting ... ok
[INFO] [stdout] test machine::test::interactive_verification ... ok
[INFO] [stderr]    Doc-tests matrix-sdk-crypto
[INFO] [stdout] test session_manager::group_sessions::test::test_sharing ... ok
[INFO] [stdout] 
[INFO] [stdout] test result: ok. 93 passed; 0 failed; 0 ignored; 0 measured; 0 filtered out; finished in 1.93s
[INFO] [stdout] 
[INFO] [stdout] 
[INFO] [stdout] running 9 tests
[INFO] [stdout] test src/file_encryption/key_export.rs - file_encryption::key_export::encrypt_key_export (line 128) - compile ... ok
[INFO] [stdout] test src/machine.rs - machine::OlmMachine::export_keys (line 1185) - compile ... ok
[INFO] [stdout] test src/file_encryption/key_export.rs - file_encryption::key_export::decrypt_key_export (line 76) - compile ... ok
[INFO] [stdout] test src/machine.rs - machine::OlmMachine::import_keys (line 1097) - compile ... ok
[INFO] [stdout] test src/machine.rs - machine::OlmMachine::get_device (line 1036) ... FAILED
[INFO] [stdout] test src/file_encryption/attachments.rs - file_encryption::attachments::AttachmentEncryptor::new (line 201) ... FAILED
[INFO] [stdout] test src/file_encryption/attachments.rs - file_encryption::attachments::AttachmentDecryptor::new (line 107) ... FAILED
[INFO] [stdout] test src/machine.rs - machine::OlmMachine::get_user_devices (line 1065) ... ok
[INFO] [stdout] test src/store/mod.rs - store (line 24) ... ok
[INFO] [stdout] 
[INFO] [stdout] failures:
[INFO] [stdout] 
[INFO] [stdout] ---- src/machine.rs - machine::OlmMachine::get_device (line 1036) stdout ----
[INFO] [stdout] error: linking with `cc` failed: exit status: 1
[INFO] [stdout]   |
[INFO] [stdout]   = note: "cc" "-m64" "/tmp/rustdoctestNUs3PK/rust_out.rust_out.7rcbfp3g-cgu.0.rcgu.o" "/tmp/rustdoctestNUs3PK/rust_out.33dyzt1ekirinwy8.rcgu.o" "-Wl,--as-needed" "-L" "/opt/rustwide/target/debug/deps" "-L" "/opt/rustwide/target/debug/deps" "-L" "/opt/rustwide/target/debug/build/olm-sys-72f90127235075eb/out/lib" "-L" "/opt/rustwide/rustup-home/toolchains/1.54.0-x86_64-unknown-linux-gnu/lib/rustlib/x86_64-unknown-linux-gnu/lib" "-Wl,-Bstatic" "/opt/rustwide/target/debug/deps/libmatrix_sdk_crypto-67e24474acb690eb.rlib" "/opt/rustwide/target/debug/deps/libmatrix_qrcode-2baf651840b0b9a2.rlib" "/opt/rustwide/target/debug/deps/librqrr-be60e4c6032c5257.rlib" "/opt/rustwide/target/debug/deps/liblru-1b7d21e30166b9a2.rlib" "/opt/rustwide/target/debug/deps/libg2p-64ca8786116d8222.rlib" "/opt/rustwide/target/debug/deps/libg2poly-28116dcf7d574a7c.rlib" "/opt/rustwide/target/debug/deps/libqrcode-bc41d57bd92899f3.rlib" "/opt/rustwide/target/debug/deps/libchecked_int_cast-e48e1191f37086cd.rlib" "/opt/rustwide/target/debug/deps/libimage-48e1929c7e36da00.rlib" "/opt/rustwide/target/debug/deps/libbytemuck-35d13d3367f85f85.rlib" "/opt/rustwide/target/debug/deps/libpng-b9c96bc61f7b6a39.rlib" "/opt/rustwide/target/debug/deps/libminiz_oxide-396e6b4aeac65559.rlib" "/opt/rustwide/target/debug/deps/libcrc32fast-e6a82e63ff40e00b.rlib" "/opt/rustwide/target/debug/deps/libdeflate-4f57a6ee2f8a605f.rlib" "/opt/rustwide/target/debug/deps/libadler32-d2a950228df2f2e4.rlib" "/opt/rustwide/target/debug/deps/libbitflags-f89ae4b715176e2d.rlib" "/opt/rustwide/target/debug/deps/libnum_iter-6994e86e75032f20.rlib" "/opt/rustwide/target/debug/deps/libscoped_threadpool-b57ca677d8d780cf.rlib" "/opt/rustwide/target/debug/deps/libnum_rational-e3817cb1928efd59.rlib" "/opt/rustwide/target/debug/deps/libnum_integer-1b05607c52488d5f.rlib" "/opt/rustwide/target/debug/deps/libgif-8755c7d3da5099fa.rlib" "/opt/rustwide/target/debug/deps/libcolor_quant-1591bc25e79c8848.rlib" "/opt/rustwide/target/debug/deps/libnum_traits-a2639720a0ec4c76.rlib" "/opt/rustwide/target/debug/deps/libtiff-5a16aa358470b12f.rlib" "/opt/rustwide/target/debug/deps/libweezl-49b87077e51d88fe.rlib" "/opt/rustwide/target/debug/deps/libminiz_oxide-44d602158588c339.rlib" "/opt/rustwide/target/debug/deps/libadler-21b6e26b0dda2395.rlib" "/opt/rustwide/target/debug/deps/libjpeg_decoder-ef35ef9cac1205a4.rlib" "/opt/rustwide/target/debug/deps/librayon-80c7fc3bfafd60c7.rlib" "/opt/rustwide/target/debug/deps/librayon_core-8b5088c0fc8e404c.rlib" "/opt/rustwide/target/debug/deps/libcrossbeam_deque-f5b4e5acd3b68f72.rlib" "/opt/rustwide/target/debug/deps/libcrossbeam_epoch-1b64895d06dc7093.rlib" "/opt/rustwide/target/debug/deps/libmemoffset-a4c825f710da72a7.rlib" "/opt/rustwide/target/debug/deps/libscopeguard-7a1710762e6687e9.rlib" "/opt/rustwide/target/debug/deps/libcrossbeam_channel-b7868292bc93ea8b.rlib" "/opt/rustwide/target/debug/deps/libcrossbeam_utils-474a25da0caf94b2.rlib" "/opt/rustwide/target/debug/deps/libeither-f222f664e804cb85.rlib" "/opt/rustwide/target/debug/deps/libaes_gcm-b287e156c7cc693a.rlib" "/opt/rustwide/target/debug/deps/libghash-4af9f462e9b21de2.rlib" "/opt/rustwide/target/debug/deps/libpolyval-b7c7f715a3411712.rlib" "/opt/rustwide/target/debug/deps/libuniversal_hash-39280313547005b3.rlib" "/opt/rustwide/target/debug/deps/libctr-56086e2ca8cf579e.rlib" "/opt/rustwide/target/debug/deps/libaead-d90bf863516fef49.rlib" "/opt/rustwide/target/debug/deps/libdashmap-942c48068ccd099a.rlib" "/opt/rustwide/target/debug/deps/libfutures-ec7ca30a5773bdb9.rlib" "/opt/rustwide/target/debug/deps/libfutures_executor-7caf028a9f71213b.rlib" "/opt/rustwide/target/debug/deps/libfutures_util-caa330ed69226d88.rlib" "/opt/rustwide/target/debug/deps/libmemchr-1f0d97dc9aa3dd56.rlib" "/opt/rustwide/target/debug/deps/libfutures_io-12ff95146a6896b4.rlib" "/opt/rustwide/target/debug/deps/libslab-f0931e7482d64922.rlib" "/opt/rustwide/target/debug/deps/libfutures_channel-5536d31c676f7e9c.rlib" "/opt/rustwide/target/debug/deps/libfutures_sink-dde56499d547c800.rlib" "/opt/rustwide/target/debug/deps/libfutures_task-5b8f6133e14601aa.rlib" "/opt/rustwide/target/debug/deps/libpin_utils-576e633f12357c97.rlib" "/opt/rustwide/target/debug/deps/libfutures_core-cfd69f23e982eb04.rlib" "/opt/rustwide/target/debug/deps/libmatrix_sdk_common-3b809486781a26ba.rlib" "/opt/rustwide/target/debug/deps/libtokio-c31465132e341864.rlib" "/opt/rustwide/target/debug/deps/libnum_cpus-ce4291c0249d2ac1.rlib" "/opt/rustwide/target/debug/deps/libuuid-9b8f6a2ec15213d4.rlib" "/opt/rustwide/target/debug/deps/libinstant-1e8c60aa1a2acd32.rlib" "/opt/rustwide/target/debug/deps/libtime-b0aa7f38eed24d98.rlib" "/opt/rustwide/target/debug/deps/libtime_macros-65da6a44f4baf568.rlib" "/opt/rustwide/target/debug/deps/libstandback-7f720039cbadcce4.rlib" "/opt/rustwide/target/debug/deps/libatomic-c4f5827777680175.rlib" "/opt/rustwide/target/debug/deps/libpbkdf2-fde950e4d5065bd0.rlib" "/opt/rustwide/target/debug/deps/libhmac-f2cbe5cd4b33d9a0.rlib" "/opt/rustwide/target/debug/deps/libcrypto_mac-d8e73087cf7832cd.rlib" "/opt/rustwide/target/debug/deps/libsubtle-29b12b4dfb112710.rlib" "/opt/rustwide/target/debug/deps/libbyteorder-0c03c404070d92e6.rlib" "/opt/rustwide/target/debug/deps/libsha2-9786bf3f10c5b6ee.rlib" "/opt/rustwide/target/debug/deps/libdigest-cee9498d46fe27c0.rlib" "/opt/rustwide/target/debug/deps/libblock_buffer-ca98df5ecfb40ab8.rlib" "/opt/rustwide/target/debug/deps/libbase64-5c7414cfb92860e8.rlib" "/opt/rustwide/target/debug/deps/libaes-c2a46b1c403db5c4.rlib" "/opt/rustwide/target/debug/deps/libctr-3d08cecb0f49bea0.rlib" "/opt/rustwide/target/debug/deps/libcpufeatures-bd8ae1a522dceefd.rlib" "/opt/rustwide/target/debug/deps/libopaque_debug-45a15423c8ac1fee.rlib" "/opt/rustwide/target/debug/deps/libcipher-b0bb003fab421546.rlib" "/opt/rustwide/target/debug/deps/libgeneric_array-7ec1671be0b15994.rlib" "/opt/rustwide/target/debug/deps/libtypenum-9959a671b08afc70.rlib" "/opt/rustwide/target/debug/deps/libruma-8928a3061fca510d.rlib" "/opt/rustwide/target/debug/deps/libruma_federation_api-97b992729f153f7e.rlib" "/opt/rustwide/target/debug/deps/libruma_client_api-f303e2c23aee8efa.rlib" "/opt/rustwide/target/debug/deps/libmaplit-c7915d2ae04ba2e5.rlib" "/opt/rustwide/target/debug/deps/libruma_api-ce71cf663aed1261.rlib" "/opt/rustwide/target/debug/deps/libthiserror-7d8a94aa91ca06f8.rlib" "/opt/rustwide/target/debug/deps/libhttp-c00e9e70e99ae93b.rlib" "/opt/rustwide/target/debug/deps/libfnv-56e05e18a5751d51.rlib" "/opt/rustwide/target/debug/deps/libruma_events-f3ab799b555e1ce2.rlib" "/opt/rustwide/target/debug/deps/libruma_common-d78052d2ae44a252.rlib" "/opt/rustwide/target/debug/deps/libwildmatch-f62fe205091494cc.rlib" "/opt/rustwide/target/debug/deps/libtracing-a00c85a50e9a11c0.rlib" "/opt/rustwide/target/debug/deps/libpin_project_lite-ed06e07546a7102f.rlib" "/opt/rustwide/target/debug/deps/libtracing_core-0e11f0c341661672.rlib" "/opt/rustwide/target/debug/deps/liblazy_static-5c53d641eb010a81.rlib" "/opt/rustwide/target/debug/deps/libindexmap-fc9c0ce87d458bb4.rlib" "/opt/rustwide/target/debug/deps/libhashbrown-e6f3161e4a7eb8a1.rlib" "/opt/rustwide/target/debug/deps/libahash-25371c29eb69550c.rlib" "/opt/rustwide/target/debug/deps/libonce_cell-cfa265ef49c95a3f.rlib" "/opt/rustwide/target/debug/deps/libruma_identifiers-21a002504515cbae.rlib" "/opt/rustwide/target/debug/deps/libruma_identifiers_validation-835c4ea02c25df0a.rlib" "/opt/rustwide/target/debug/deps/libruma_serde-a71687aed1d1b363.rlib" "/opt/rustwide/target/debug/deps/libform_urlencoded-64c48050f569228e.rlib" "/opt/rustwide/target/debug/deps/libpercent_encoding-549c334c22432c49.rlib" "/opt/rustwide/target/debug/deps/libmatches-5bfcef5685786a07.rlib" "/opt/rustwide/target/debug/deps/libbytes-df7cac8fc38da202.rlib" "/opt/rustwide/target/debug/deps/libjs_int-e3be2c3dd9d8012a.rlib" "/opt/rustwide/target/debug/deps/libassign-393e42fecdefaf2c.rlib" "/opt/rustwide/target/debug/deps/libolm_rs-0d70e07249625086.rlib" "/opt/rustwide/target/debug/deps/libserde_json-7f46b96ff2a86a62.rlib" "/opt/rustwide/target/debug/deps/libryu-059aa1fbb24cd15e.rlib" "/opt/rustwide/target/debug/deps/libitoa-0366b8f140a2c54b.rlib" "/opt/rustwide/target/debug/deps/libolm_sys-b83f3b7a32562ada.rlib" "/opt/rustwide/target/debug/deps/libgetrandom-e6e4ddfb25ebfe26.rlib" "/opt/rustwide/target/debug/deps/liblibc-01feaa3f8fb69fd7.rlib" "/opt/rustwide/target/debug/deps/libcfg_if-38c8a3e888ecb06a.rlib" "/opt/rustwide/target/debug/deps/libzeroize-f20d47f93ce1c60c.rlib" "/opt/rustwide/target/debug/deps/libserde-7ebdc3e927217279.rlib" "-Wl,--start-group" "/opt/rustwide/rustup-home/toolchains/1.54.0-x86_64-unknown-linux-gnu/lib/rustlib/x86_64-unknown-linux-gnu/lib/libstd-2420485b9e5ef5e1.rlib" "/opt/rustwide/rustup-home/toolchains/1.54.0-x86_64-unknown-linux-gnu/lib/rustlib/x86_64-unknown-linux-gnu/lib/libpanic_unwind-785e3cb61c4b1960.rlib" "/opt/rustwide/rustup-home/toolchains/1.54.0-x86_64-unknown-linux-gnu/lib/rustlib/x86_64-unknown-linux-gnu/lib/libminiz_oxide-087191a88bdaa22d.rlib" "/opt/rustwide/rustup-home/toolchains/1.54.0-x86_64-unknown-linux-gnu/lib/rustlib/x86_64-unknown-linux-gnu/lib/libadler-9981842c02975178.rlib" "/opt/rustwide/rustup-home/toolchains/1.54.0-x86_64-unknown-linux-gnu/lib/rustlib/x86_64-unknown-linux-gnu/lib/libobject-6fb405869b015fde.rlib" "/opt/rustwide/rustup-home/toolchains/1.54.0-x86_64-unknown-linux-gnu/lib/rustlib/x86_64-unknown-linux-gnu/lib/libaddr2line-d05c5c3c56004b7b.rlib" "/opt/rustwide/rustup-home/toolchains/1.54.0-x86_64-unknown-linux-gnu/lib/rustlib/x86_64-unknown-linux-gnu/lib/libgimli-42d74d2097528b38.rlib" "/opt/rustwide/rustup-home/toolchains/1.54.0-x86_64-unknown-linux-gnu/lib/rustlib/x86_64-unknown-linux-gnu/lib/libstd_detect-fb36534c113d2209.rlib" "/opt/rustwide/rustup-home/toolchains/1.54.0-x86_64-unknown-linux-gnu/lib/rustlib/x86_64-unknown-linux-gnu/lib/librustc_demangle-b56b9042c12b6535.rlib" "/opt/rustwide/rustup-home/toolchains/1.54.0-x86_64-unknown-linux-gnu/lib/rustlib/x86_64-unknown-linux-gnu/lib/libhashbrown-491902d6cb3e76df.rlib" "/opt/rustwide/rustup-home/toolchains/1.54.0-x86_64-unknown-linux-gnu/lib/rustlib/x86_64-unknown-linux-gnu/lib/librustc_std_workspace_alloc-61834e0981b8c367.rlib" "/opt/rustwide/rustup-home/toolchains/1.54.0-x86_64-unknown-linux-gnu/lib/rustlib/x86_64-unknown-linux-gnu/lib/libunwind-f78aa99d613a55bc.rlib" "/opt/rustwide/rustup-home/toolchains/1.54.0-x86_64-unknown-linux-gnu/lib/rustlib/x86_64-unknown-linux-gnu/lib/libcfg_if-53ee54cd7fed2c57.rlib" "/opt/rustwide/rustup-home/toolchains/1.54.0-x86_64-unknown-linux-gnu/lib/rustlib/x86_64-unknown-linux-gnu/lib/liblibc-544ecdbd6cda3c58.rlib" "/opt/rustwide/rustup-home/toolchains/1.54.0-x86_64-unknown-linux-gnu/lib/rustlib/x86_64-unknown-linux-gnu/lib/liballoc-379cc252b6943a79.rlib" "/opt/rustwide/rustup-home/toolchains/1.54.0-x86_64-unknown-linux-gnu/lib/rustlib/x86_64-unknown-linux-gnu/lib/librustc_std_workspace_core-8063eea38dcc5e62.rlib" "/opt/rustwide/rustup-home/toolchains/1.54.0-x86_64-unknown-linux-gnu/lib/rustlib/x86_64-unknown-linux-gnu/lib/libcore-5b228734afae15ee.rlib" "-Wl,--end-group" "/opt/rustwide/rustup-home/toolchains/1.54.0-x86_64-unknown-linux-gnu/lib/rustlib/x86_64-unknown-linux-gnu/lib/libcompiler_builtins-d6c7a399d95d173f.rlib" "-Wl,-Bdynamic" "-lstdc++" "-lgcc_s" "-lutil" "-lrt" "-lpthread" "-lm" "-ldl" "-lc" "-Wl,--eh-frame-hdr" "-Wl,-znoexecstack" "-L" "/opt/rustwide/rustup-home/toolchains/1.54.0-x86_64-unknown-linux-gnu/lib/rustlib/x86_64-unknown-linux-gnu/lib" "-o" "/tmp/rustdoctestNUs3PK/rust_out" "-Wl,--gc-sections" "-pie" "-Wl,-zrelro" "-Wl,-znow" "-nodefaultlibs"
[INFO] [stdout]   = note: collect2: fatal error: ld terminated with signal 9 [Killed]
[INFO] [stdout]           compilation terminated.
[INFO] [stdout]           
[INFO] [stdout] 
[INFO] [stdout] error: aborting due to previous error
[INFO] [stdout] 
[INFO] [stdout] Couldn't compile the test.
[INFO] [stdout] ---- src/file_encryption/attachments.rs - file_encryption::attachments::AttachmentEncryptor::new (line 201) stdout ----
[INFO] [stdout] error: linking with `cc` failed: exit status: 1
[INFO] [stdout]   |
[INFO] [stdout]   = note: "cc" "-m64" "/tmp/rustdoctestD4WibZ/rust_out.rust_out.7rcbfp3g-cgu.0.rcgu.o" "/tmp/rustdoctestD4WibZ/rust_out.33dyzt1ekirinwy8.rcgu.o" "-Wl,--as-needed" "-L" "/opt/rustwide/target/debug/deps" "-L" "/opt/rustwide/target/debug/deps" "-L" "/opt/rustwide/target/debug/build/olm-sys-72f90127235075eb/out/lib" "-L" "/opt/rustwide/rustup-home/toolchains/1.54.0-x86_64-unknown-linux-gnu/lib/rustlib/x86_64-unknown-linux-gnu/lib" "-Wl,-Bstatic" "/opt/rustwide/target/debug/deps/libmatrix_sdk_crypto-67e24474acb690eb.rlib" "/opt/rustwide/target/debug/deps/libmatrix_qrcode-2baf651840b0b9a2.rlib" "/opt/rustwide/target/debug/deps/librqrr-be60e4c6032c5257.rlib" "/opt/rustwide/target/debug/deps/liblru-1b7d21e30166b9a2.rlib" "/opt/rustwide/target/debug/deps/libg2p-64ca8786116d8222.rlib" "/opt/rustwide/target/debug/deps/libg2poly-28116dcf7d574a7c.rlib" "/opt/rustwide/target/debug/deps/libqrcode-bc41d57bd92899f3.rlib" "/opt/rustwide/target/debug/deps/libchecked_int_cast-e48e1191f37086cd.rlib" "/opt/rustwide/target/debug/deps/libimage-48e1929c7e36da00.rlib" "/opt/rustwide/target/debug/deps/libbytemuck-35d13d3367f85f85.rlib" "/opt/rustwide/target/debug/deps/libpng-b9c96bc61f7b6a39.rlib" "/opt/rustwide/target/debug/deps/libminiz_oxide-396e6b4aeac65559.rlib" "/opt/rustwide/target/debug/deps/libcrc32fast-e6a82e63ff40e00b.rlib" "/opt/rustwide/target/debug/deps/libdeflate-4f57a6ee2f8a605f.rlib" "/opt/rustwide/target/debug/deps/libadler32-d2a950228df2f2e4.rlib" "/opt/rustwide/target/debug/deps/libbitflags-f89ae4b715176e2d.rlib" "/opt/rustwide/target/debug/deps/libnum_iter-6994e86e75032f20.rlib" "/opt/rustwide/target/debug/deps/libscoped_threadpool-b57ca677d8d780cf.rlib" "/opt/rustwide/target/debug/deps/libnum_rational-e3817cb1928efd59.rlib" "/opt/rustwide/target/debug/deps/libnum_integer-1b05607c52488d5f.rlib" "/opt/rustwide/target/debug/deps/libgif-8755c7d3da5099fa.rlib" "/opt/rustwide/target/debug/deps/libcolor_quant-1591bc25e79c8848.rlib" "/opt/rustwide/target/debug/deps/libnum_traits-a2639720a0ec4c76.rlib" "/opt/rustwide/target/debug/deps/libtiff-5a16aa358470b12f.rlib" "/opt/rustwide/target/debug/deps/libweezl-49b87077e51d88fe.rlib" "/opt/rustwide/target/debug/deps/libminiz_oxide-44d602158588c339.rlib" "/opt/rustwide/target/debug/deps/libadler-21b6e26b0dda2395.rlib" "/opt/rustwide/target/debug/deps/libjpeg_decoder-ef35ef9cac1205a4.rlib" "/opt/rustwide/target/debug/deps/librayon-80c7fc3bfafd60c7.rlib" "/opt/rustwide/target/debug/deps/librayon_core-8b5088c0fc8e404c.rlib" "/opt/rustwide/target/debug/deps/libcrossbeam_deque-f5b4e5acd3b68f72.rlib" "/opt/rustwide/target/debug/deps/libcrossbeam_epoch-1b64895d06dc7093.rlib" "/opt/rustwide/target/debug/deps/libmemoffset-a4c825f710da72a7.rlib" "/opt/rustwide/target/debug/deps/libscopeguard-7a1710762e6687e9.rlib" "/opt/rustwide/target/debug/deps/libcrossbeam_channel-b7868292bc93ea8b.rlib" "/opt/rustwide/target/debug/deps/libcrossbeam_utils-474a25da0caf94b2.rlib" "/opt/rustwide/target/debug/deps/libeither-f222f664e804cb85.rlib" "/opt/rustwide/target/debug/deps/libaes_gcm-b287e156c7cc693a.rlib" "/opt/rustwide/target/debug/deps/libghash-4af9f462e9b21de2.rlib" "/opt/rustwide/target/debug/deps/libpolyval-b7c7f715a3411712.rlib" "/opt/rustwide/target/debug/deps/libuniversal_hash-39280313547005b3.rlib" "/opt/rustwide/target/debug/deps/libctr-56086e2ca8cf579e.rlib" "/opt/rustwide/target/debug/deps/libaead-d90bf863516fef49.rlib" "/opt/rustwide/target/debug/deps/libdashmap-942c48068ccd099a.rlib" "/opt/rustwide/target/debug/deps/libfutures-ec7ca30a5773bdb9.rlib" "/opt/rustwide/target/debug/deps/libfutures_executor-7caf028a9f71213b.rlib" "/opt/rustwide/target/debug/deps/libfutures_util-caa330ed69226d88.rlib" "/opt/rustwide/target/debug/deps/libmemchr-1f0d97dc9aa3dd56.rlib" "/opt/rustwide/target/debug/deps/libfutures_io-12ff95146a6896b4.rlib" "/opt/rustwide/target/debug/deps/libslab-f0931e7482d64922.rlib" "/opt/rustwide/target/debug/deps/libfutures_channel-5536d31c676f7e9c.rlib" "/opt/rustwide/target/debug/deps/libfutures_sink-dde56499d547c800.rlib" "/opt/rustwide/target/debug/deps/libfutures_task-5b8f6133e14601aa.rlib" "/opt/rustwide/target/debug/deps/libpin_utils-576e633f12357c97.rlib" "/opt/rustwide/target/debug/deps/libfutures_core-cfd69f23e982eb04.rlib" "/opt/rustwide/target/debug/deps/libmatrix_sdk_common-3b809486781a26ba.rlib" "/opt/rustwide/target/debug/deps/libtokio-c31465132e341864.rlib" "/opt/rustwide/target/debug/deps/libnum_cpus-ce4291c0249d2ac1.rlib" "/opt/rustwide/target/debug/deps/libuuid-9b8f6a2ec15213d4.rlib" "/opt/rustwide/target/debug/deps/libinstant-1e8c60aa1a2acd32.rlib" "/opt/rustwide/target/debug/deps/libtime-b0aa7f38eed24d98.rlib" "/opt/rustwide/target/debug/deps/libtime_macros-65da6a44f4baf568.rlib" "/opt/rustwide/target/debug/deps/libstandback-7f720039cbadcce4.rlib" "/opt/rustwide/target/debug/deps/libatomic-c4f5827777680175.rlib" "/opt/rustwide/target/debug/deps/libpbkdf2-fde950e4d5065bd0.rlib" "/opt/rustwide/target/debug/deps/libhmac-f2cbe5cd4b33d9a0.rlib" "/opt/rustwide/target/debug/deps/libcrypto_mac-d8e73087cf7832cd.rlib" "/opt/rustwide/target/debug/deps/libsubtle-29b12b4dfb112710.rlib" "/opt/rustwide/target/debug/deps/libbyteorder-0c03c404070d92e6.rlib" "/opt/rustwide/target/debug/deps/libsha2-9786bf3f10c5b6ee.rlib" "/opt/rustwide/target/debug/deps/libdigest-cee9498d46fe27c0.rlib" "/opt/rustwide/target/debug/deps/libblock_buffer-ca98df5ecfb40ab8.rlib" "/opt/rustwide/target/debug/deps/libbase64-5c7414cfb92860e8.rlib" "/opt/rustwide/target/debug/deps/libaes-c2a46b1c403db5c4.rlib" "/opt/rustwide/target/debug/deps/libctr-3d08cecb0f49bea0.rlib" "/opt/rustwide/target/debug/deps/libcpufeatures-bd8ae1a522dceefd.rlib" "/opt/rustwide/target/debug/deps/libopaque_debug-45a15423c8ac1fee.rlib" "/opt/rustwide/target/debug/deps/libcipher-b0bb003fab421546.rlib" "/opt/rustwide/target/debug/deps/libgeneric_array-7ec1671be0b15994.rlib" "/opt/rustwide/target/debug/deps/libtypenum-9959a671b08afc70.rlib" "/opt/rustwide/target/debug/deps/libruma-8928a3061fca510d.rlib" "/opt/rustwide/target/debug/deps/libruma_federation_api-97b992729f153f7e.rlib" "/opt/rustwide/target/debug/deps/libruma_client_api-f303e2c23aee8efa.rlib" "/opt/rustwide/target/debug/deps/libmaplit-c7915d2ae04ba2e5.rlib" "/opt/rustwide/target/debug/deps/libruma_api-ce71cf663aed1261.rlib" "/opt/rustwide/target/debug/deps/libthiserror-7d8a94aa91ca06f8.rlib" "/opt/rustwide/target/debug/deps/libhttp-c00e9e70e99ae93b.rlib" "/opt/rustwide/target/debug/deps/libfnv-56e05e18a5751d51.rlib" "/opt/rustwide/target/debug/deps/libruma_events-f3ab799b555e1ce2.rlib" "/opt/rustwide/target/debug/deps/libruma_common-d78052d2ae44a252.rlib" "/opt/rustwide/target/debug/deps/libwildmatch-f62fe205091494cc.rlib" "/opt/rustwide/target/debug/deps/libtracing-a00c85a50e9a11c0.rlib" "/opt/rustwide/target/debug/deps/libpin_project_lite-ed06e07546a7102f.rlib" "/opt/rustwide/target/debug/deps/libtracing_core-0e11f0c341661672.rlib" "/opt/rustwide/target/debug/deps/liblazy_static-5c53d641eb010a81.rlib" "/opt/rustwide/target/debug/deps/libindexmap-fc9c0ce87d458bb4.rlib" "/opt/rustwide/target/debug/deps/libhashbrown-e6f3161e4a7eb8a1.rlib" "/opt/rustwide/target/debug/deps/libahash-25371c29eb69550c.rlib" "/opt/rustwide/target/debug/deps/libonce_cell-cfa265ef49c95a3f.rlib" "/opt/rustwide/target/debug/deps/libruma_identifiers-21a002504515cbae.rlib" "/opt/rustwide/target/debug/deps/libruma_identifiers_validation-835c4ea02c25df0a.rlib" "/opt/rustwide/target/debug/deps/libruma_serde-a71687aed1d1b363.rlib" "/opt/rustwide/target/debug/deps/libform_urlencoded-64c48050f569228e.rlib" "/opt/rustwide/target/debug/deps/libpercent_encoding-549c334c22432c49.rlib" "/opt/rustwide/target/debug/deps/libmatches-5bfcef5685786a07.rlib" "/opt/rustwide/target/debug/deps/libbytes-df7cac8fc38da202.rlib" "/opt/rustwide/target/debug/deps/libjs_int-e3be2c3dd9d8012a.rlib" "/opt/rustwide/target/debug/deps/libassign-393e42fecdefaf2c.rlib" "/opt/rustwide/target/debug/deps/libolm_rs-0d70e07249625086.rlib" "/opt/rustwide/target/debug/deps/libserde_json-7f46b96ff2a86a62.rlib" "/opt/rustwide/target/debug/deps/libryu-059aa1fbb24cd15e.rlib" "/opt/rustwide/target/debug/deps/libitoa-0366b8f140a2c54b.rlib" "/opt/rustwide/target/debug/deps/libolm_sys-b83f3b7a32562ada.rlib" "/opt/rustwide/target/debug/deps/libgetrandom-e6e4ddfb25ebfe26.rlib" "/opt/rustwide/target/debug/deps/liblibc-01feaa3f8fb69fd7.rlib" "/opt/rustwide/target/debug/deps/libcfg_if-38c8a3e888ecb06a.rlib" "/opt/rustwide/target/debug/deps/libzeroize-f20d47f93ce1c60c.rlib" "/opt/rustwide/target/debug/deps/libserde-7ebdc3e927217279.rlib" "-Wl,--start-group" "/opt/rustwide/rustup-home/toolchains/1.54.0-x86_64-unknown-linux-gnu/lib/rustlib/x86_64-unknown-linux-gnu/lib/libstd-2420485b9e5ef5e1.rlib" "/opt/rustwide/rustup-home/toolchains/1.54.0-x86_64-unknown-linux-gnu/lib/rustlib/x86_64-unknown-linux-gnu/lib/libpanic_unwind-785e3cb61c4b1960.rlib" "/opt/rustwide/rustup-home/toolchains/1.54.0-x86_64-unknown-linux-gnu/lib/rustlib/x86_64-unknown-linux-gnu/lib/libminiz_oxide-087191a88bdaa22d.rlib" "/opt/rustwide/rustup-home/toolchains/1.54.0-x86_64-unknown-linux-gnu/lib/rustlib/x86_64-unknown-linux-gnu/lib/libadler-9981842c02975178.rlib" "/opt/rustwide/rustup-home/toolchains/1.54.0-x86_64-unknown-linux-gnu/lib/rustlib/x86_64-unknown-linux-gnu/lib/libobject-6fb405869b015fde.rlib" "/opt/rustwide/rustup-home/toolchains/1.54.0-x86_64-unknown-linux-gnu/lib/rustlib/x86_64-unknown-linux-gnu/lib/libaddr2line-d05c5c3c56004b7b.rlib" "/opt/rustwide/rustup-home/toolchains/1.54.0-x86_64-unknown-linux-gnu/lib/rustlib/x86_64-unknown-linux-gnu/lib/libgimli-42d74d2097528b38.rlib" "/opt/rustwide/rustup-home/toolchains/1.54.0-x86_64-unknown-linux-gnu/lib/rustlib/x86_64-unknown-linux-gnu/lib/libstd_detect-fb36534c113d2209.rlib" "/opt/rustwide/rustup-home/toolchains/1.54.0-x86_64-unknown-linux-gnu/lib/rustlib/x86_64-unknown-linux-gnu/lib/librustc_demangle-b56b9042c12b6535.rlib" "/opt/rustwide/rustup-home/toolchains/1.54.0-x86_64-unknown-linux-gnu/lib/rustlib/x86_64-unknown-linux-gnu/lib/libhashbrown-491902d6cb3e76df.rlib" "/opt/rustwide/rustup-home/toolchains/1.54.0-x86_64-unknown-linux-gnu/lib/rustlib/x86_64-unknown-linux-gnu/lib/librustc_std_workspace_alloc-61834e0981b8c367.rlib" "/opt/rustwide/rustup-home/toolchains/1.54.0-x86_64-unknown-linux-gnu/lib/rustlib/x86_64-unknown-linux-gnu/lib/libunwind-f78aa99d613a55bc.rlib" "/opt/rustwide/rustup-home/toolchains/1.54.0-x86_64-unknown-linux-gnu/lib/rustlib/x86_64-unknown-linux-gnu/lib/libcfg_if-53ee54cd7fed2c57.rlib" "/opt/rustwide/rustup-home/toolchains/1.54.0-x86_64-unknown-linux-gnu/lib/rustlib/x86_64-unknown-linux-gnu/lib/liblibc-544ecdbd6cda3c58.rlib" "/opt/rustwide/rustup-home/toolchains/1.54.0-x86_64-unknown-linux-gnu/lib/rustlib/x86_64-unknown-linux-gnu/lib/liballoc-379cc252b6943a79.rlib" "/opt/rustwide/rustup-home/toolchains/1.54.0-x86_64-unknown-linux-gnu/lib/rustlib/x86_64-unknown-linux-gnu/lib/librustc_std_workspace_core-8063eea38dcc5e62.rlib" "/opt/rustwide/rustup-home/toolchains/1.54.0-x86_64-unknown-linux-gnu/lib/rustlib/x86_64-unknown-linux-gnu/lib/libcore-5b228734afae15ee.rlib" "-Wl,--end-group" "/opt/rustwide/rustup-home/toolchains/1.54.0-x86_64-unknown-linux-gnu/lib/rustlib/x86_64-unknown-linux-gnu/lib/libcompiler_builtins-d6c7a399d95d173f.rlib" "-Wl,-Bdynamic" "-lstdc++" "-lgcc_s" "-lutil" "-lrt" "-lpthread" "-lm" "-ldl" "-lc" "-Wl,--eh-frame-hdr" "-Wl,-znoexecstack" "-L" "/opt/rustwide/rustup-home/toolchains/1.54.0-x86_64-unknown-linux-gnu/lib/rustlib/x86_64-unknown-linux-gnu/lib" "-o" "/tmp/rustdoctestD4WibZ/rust_out" "-Wl,--gc-sections" "-pie" "-Wl,-zrelro" "-Wl,-znow" "-nodefaultlibs"
[INFO] [stdout]   = note: collect2: fatal error: ld terminated with signal 9 [Killed]
[INFO] [stdout]           compilation terminated.
[INFO] [stdout]           
[INFO] [stdout] 
[INFO] [stdout] error: aborting due to previous error
[INFO] [stdout] 
[INFO] [stdout] Couldn't compile the test.
[INFO] [stdout] ---- src/file_encryption/attachments.rs - file_encryption::attachments::AttachmentDecryptor::new (line 107) stdout ----
[INFO] [stdout] error: linking with `cc` failed: exit status: 1
[INFO] [stdout]   |
[INFO] [stdout]   = note: "cc" "-m64" "/tmp/rustdoctestcCklzG/rust_out.rust_out.7rcbfp3g-cgu.0.rcgu.o" "/tmp/rustdoctestcCklzG/rust_out.33dyzt1ekirinwy8.rcgu.o" "-Wl,--as-needed" "-L" "/opt/rustwide/target/debug/deps" "-L" "/opt/rustwide/target/debug/deps" "-L" "/opt/rustwide/target/debug/build/olm-sys-72f90127235075eb/out/lib" "-L" "/opt/rustwide/rustup-home/toolchains/1.54.0-x86_64-unknown-linux-gnu/lib/rustlib/x86_64-unknown-linux-gnu/lib" "-Wl,-Bstatic" "/opt/rustwide/target/debug/deps/libmatrix_sdk_crypto-67e24474acb690eb.rlib" "/opt/rustwide/target/debug/deps/libmatrix_qrcode-2baf651840b0b9a2.rlib" "/opt/rustwide/target/debug/deps/librqrr-be60e4c6032c5257.rlib" "/opt/rustwide/target/debug/deps/liblru-1b7d21e30166b9a2.rlib" "/opt/rustwide/target/debug/deps/libg2p-64ca8786116d8222.rlib" "/opt/rustwide/target/debug/deps/libg2poly-28116dcf7d574a7c.rlib" "/opt/rustwide/target/debug/deps/libqrcode-bc41d57bd92899f3.rlib" "/opt/rustwide/target/debug/deps/libchecked_int_cast-e48e1191f37086cd.rlib" "/opt/rustwide/target/debug/deps/libimage-48e1929c7e36da00.rlib" "/opt/rustwide/target/debug/deps/libbytemuck-35d13d3367f85f85.rlib" "/opt/rustwide/target/debug/deps/libpng-b9c96bc61f7b6a39.rlib" "/opt/rustwide/target/debug/deps/libminiz_oxide-396e6b4aeac65559.rlib" "/opt/rustwide/target/debug/deps/libcrc32fast-e6a82e63ff40e00b.rlib" "/opt/rustwide/target/debug/deps/libdeflate-4f57a6ee2f8a605f.rlib" "/opt/rustwide/target/debug/deps/libadler32-d2a950228df2f2e4.rlib" "/opt/rustwide/target/debug/deps/libbitflags-f89ae4b715176e2d.rlib" "/opt/rustwide/target/debug/deps/libnum_iter-6994e86e75032f20.rlib" "/opt/rustwide/target/debug/deps/libscoped_threadpool-b57ca677d8d780cf.rlib" "/opt/rustwide/target/debug/deps/libnum_rational-e3817cb1928efd59.rlib" "/opt/rustwide/target/debug/deps/libnum_integer-1b05607c52488d5f.rlib" "/opt/rustwide/target/debug/deps/libgif-8755c7d3da5099fa.rlib" "/opt/rustwide/target/debug/deps/libcolor_quant-1591bc25e79c8848.rlib" "/opt/rustwide/target/debug/deps/libnum_traits-a2639720a0ec4c76.rlib" "/opt/rustwide/target/debug/deps/libtiff-5a16aa358470b12f.rlib" "/opt/rustwide/target/debug/deps/libweezl-49b87077e51d88fe.rlib" "/opt/rustwide/target/debug/deps/libminiz_oxide-44d602158588c339.rlib" "/opt/rustwide/target/debug/deps/libadler-21b6e26b0dda2395.rlib" "/opt/rustwide/target/debug/deps/libjpeg_decoder-ef35ef9cac1205a4.rlib" "/opt/rustwide/target/debug/deps/librayon-80c7fc3bfafd60c7.rlib" "/opt/rustwide/target/debug/deps/librayon_core-8b5088c0fc8e404c.rlib" "/opt/rustwide/target/debug/deps/libcrossbeam_deque-f5b4e5acd3b68f72.rlib" "/opt/rustwide/target/debug/deps/libcrossbeam_epoch-1b64895d06dc7093.rlib" "/opt/rustwide/target/debug/deps/libmemoffset-a4c825f710da72a7.rlib" "/opt/rustwide/target/debug/deps/libscopeguard-7a1710762e6687e9.rlib" "/opt/rustwide/target/debug/deps/libcrossbeam_channel-b7868292bc93ea8b.rlib" "/opt/rustwide/target/debug/deps/libcrossbeam_utils-474a25da0caf94b2.rlib" "/opt/rustwide/target/debug/deps/libeither-f222f664e804cb85.rlib" "/opt/rustwide/target/debug/deps/libaes_gcm-b287e156c7cc693a.rlib" "/opt/rustwide/target/debug/deps/libghash-4af9f462e9b21de2.rlib" "/opt/rustwide/target/debug/deps/libpolyval-b7c7f715a3411712.rlib" "/opt/rustwide/target/debug/deps/libuniversal_hash-39280313547005b3.rlib" "/opt/rustwide/target/debug/deps/libctr-56086e2ca8cf579e.rlib" "/opt/rustwide/target/debug/deps/libaead-d90bf863516fef49.rlib" "/opt/rustwide/target/debug/deps/libdashmap-942c48068ccd099a.rlib" "/opt/rustwide/target/debug/deps/libfutures-ec7ca30a5773bdb9.rlib" "/opt/rustwide/target/debug/deps/libfutures_executor-7caf028a9f71213b.rlib" "/opt/rustwide/target/debug/deps/libfutures_util-caa330ed69226d88.rlib" "/opt/rustwide/target/debug/deps/libmemchr-1f0d97dc9aa3dd56.rlib" "/opt/rustwide/target/debug/deps/libfutures_io-12ff95146a6896b4.rlib" "/opt/rustwide/target/debug/deps/libslab-f0931e7482d64922.rlib" "/opt/rustwide/target/debug/deps/libfutures_channel-5536d31c676f7e9c.rlib" "/opt/rustwide/target/debug/deps/libfutures_sink-dde56499d547c800.rlib" "/opt/rustwide/target/debug/deps/libfutures_task-5b8f6133e14601aa.rlib" "/opt/rustwide/target/debug/deps/libpin_utils-576e633f12357c97.rlib" "/opt/rustwide/target/debug/deps/libfutures_core-cfd69f23e982eb04.rlib" "/opt/rustwide/target/debug/deps/libmatrix_sdk_common-3b809486781a26ba.rlib" "/opt/rustwide/target/debug/deps/libtokio-c31465132e341864.rlib" "/opt/rustwide/target/debug/deps/libnum_cpus-ce4291c0249d2ac1.rlib" "/opt/rustwide/target/debug/deps/libuuid-9b8f6a2ec15213d4.rlib" "/opt/rustwide/target/debug/deps/libinstant-1e8c60aa1a2acd32.rlib" "/opt/rustwide/target/debug/deps/libtime-b0aa7f38eed24d98.rlib" "/opt/rustwide/target/debug/deps/libtime_macros-65da6a44f4baf568.rlib" "/opt/rustwide/target/debug/deps/libstandback-7f720039cbadcce4.rlib" "/opt/rustwide/target/debug/deps/libatomic-c4f5827777680175.rlib" "/opt/rustwide/target/debug/deps/libpbkdf2-fde950e4d5065bd0.rlib" "/opt/rustwide/target/debug/deps/libhmac-f2cbe5cd4b33d9a0.rlib" "/opt/rustwide/target/debug/deps/libcrypto_mac-d8e73087cf7832cd.rlib" "/opt/rustwide/target/debug/deps/libsubtle-29b12b4dfb112710.rlib" "/opt/rustwide/target/debug/deps/libbyteorder-0c03c404070d92e6.rlib" "/opt/rustwide/target/debug/deps/libsha2-9786bf3f10c5b6ee.rlib" "/opt/rustwide/target/debug/deps/libdigest-cee9498d46fe27c0.rlib" "/opt/rustwide/target/debug/deps/libblock_buffer-ca98df5ecfb40ab8.rlib" "/opt/rustwide/target/debug/deps/libbase64-5c7414cfb92860e8.rlib" "/opt/rustwide/target/debug/deps/libaes-c2a46b1c403db5c4.rlib" "/opt/rustwide/target/debug/deps/libctr-3d08cecb0f49bea0.rlib" "/opt/rustwide/target/debug/deps/libcpufeatures-bd8ae1a522dceefd.rlib" "/opt/rustwide/target/debug/deps/libopaque_debug-45a15423c8ac1fee.rlib" "/opt/rustwide/target/debug/deps/libcipher-b0bb003fab421546.rlib" "/opt/rustwide/target/debug/deps/libgeneric_array-7ec1671be0b15994.rlib" "/opt/rustwide/target/debug/deps/libtypenum-9959a671b08afc70.rlib" "/opt/rustwide/target/debug/deps/libruma-8928a3061fca510d.rlib" "/opt/rustwide/target/debug/deps/libruma_federation_api-97b992729f153f7e.rlib" "/opt/rustwide/target/debug/deps/libruma_client_api-f303e2c23aee8efa.rlib" "/opt/rustwide/target/debug/deps/libmaplit-c7915d2ae04ba2e5.rlib" "/opt/rustwide/target/debug/deps/libruma_api-ce71cf663aed1261.rlib" "/opt/rustwide/target/debug/deps/libthiserror-7d8a94aa91ca06f8.rlib" "/opt/rustwide/target/debug/deps/libhttp-c00e9e70e99ae93b.rlib" "/opt/rustwide/target/debug/deps/libfnv-56e05e18a5751d51.rlib" "/opt/rustwide/target/debug/deps/libruma_events-f3ab799b555e1ce2.rlib" "/opt/rustwide/target/debug/deps/libruma_common-d78052d2ae44a252.rlib" "/opt/rustwide/target/debug/deps/libwildmatch-f62fe205091494cc.rlib" "/opt/rustwide/target/debug/deps/libtracing-a00c85a50e9a11c0.rlib" "/opt/rustwide/target/debug/deps/libpin_project_lite-ed06e07546a7102f.rlib" "/opt/rustwide/target/debug/deps/libtracing_core-0e11f0c341661672.rlib" "/opt/rustwide/target/debug/deps/liblazy_static-5c53d641eb010a81.rlib" "/opt/rustwide/target/debug/deps/libindexmap-fc9c0ce87d458bb4.rlib" "/opt/rustwide/target/debug/deps/libhashbrown-e6f3161e4a7eb8a1.rlib" "/opt/rustwide/target/debug/deps/libahash-25371c29eb69550c.rlib" "/opt/rustwide/target/debug/deps/libonce_cell-cfa265ef49c95a3f.rlib" "/opt/rustwide/target/debug/deps/libruma_identifiers-21a002504515cbae.rlib" "/opt/rustwide/target/debug/deps/libruma_identifiers_validation-835c4ea02c25df0a.rlib" "/opt/rustwide/target/debug/deps/libruma_serde-a71687aed1d1b363.rlib" "/opt/rustwide/target/debug/deps/libform_urlencoded-64c48050f569228e.rlib" "/opt/rustwide/target/debug/deps/libpercent_encoding-549c334c22432c49.rlib" "/opt/rustwide/target/debug/deps/libmatches-5bfcef5685786a07.rlib" "/opt/rustwide/target/debug/deps/libbytes-df7cac8fc38da202.rlib" "/opt/rustwide/target/debug/deps/libjs_int-e3be2c3dd9d8012a.rlib" "/opt/rustwide/target/debug/deps/libassign-393e42fecdefaf2c.rlib" "/opt/rustwide/target/debug/deps/libolm_rs-0d70e07249625086.rlib" "/opt/rustwide/target/debug/deps/libserde_json-7f46b96ff2a86a62.rlib" "/opt/rustwide/target/debug/deps/libryu-059aa1fbb24cd15e.rlib" "/opt/rustwide/target/debug/deps/libitoa-0366b8f140a2c54b.rlib" "/opt/rustwide/target/debug/deps/libolm_sys-b83f3b7a32562ada.rlib" "/opt/rustwide/target/debug/deps/libgetrandom-e6e4ddfb25ebfe26.rlib" "/opt/rustwide/target/debug/deps/liblibc-01feaa3f8fb69fd7.rlib" "/opt/rustwide/target/debug/deps/libcfg_if-38c8a3e888ecb06a.rlib" "/opt/rustwide/target/debug/deps/libzeroize-f20d47f93ce1c60c.rlib" "/opt/rustwide/target/debug/deps/libserde-7ebdc3e927217279.rlib" "-Wl,--start-group" "/opt/rustwide/rustup-home/toolchains/1.54.0-x86_64-unknown-linux-gnu/lib/rustlib/x86_64-unknown-linux-gnu/lib/libstd-2420485b9e5ef5e1.rlib" "/opt/rustwide/rustup-home/toolchains/1.54.0-x86_64-unknown-linux-gnu/lib/rustlib/x86_64-unknown-linux-gnu/lib/libpanic_unwind-785e3cb61c4b1960.rlib" "/opt/rustwide/rustup-home/toolchains/1.54.0-x86_64-unknown-linux-gnu/lib/rustlib/x86_64-unknown-linux-gnu/lib/libminiz_oxide-087191a88bdaa22d.rlib" "/opt/rustwide/rustup-home/toolchains/1.54.0-x86_64-unknown-linux-gnu/lib/rustlib/x86_64-unknown-linux-gnu/lib/libadler-9981842c02975178.rlib" "/opt/rustwide/rustup-home/toolchains/1.54.0-x86_64-unknown-linux-gnu/lib/rustlib/x86_64-unknown-linux-gnu/lib/libobject-6fb405869b015fde.rlib" "/opt/rustwide/rustup-home/toolchains/1.54.0-x86_64-unknown-linux-gnu/lib/rustlib/x86_64-unknown-linux-gnu/lib/libaddr2line-d05c5c3c56004b7b.rlib" "/opt/rustwide/rustup-home/toolchains/1.54.0-x86_64-unknown-linux-gnu/lib/rustlib/x86_64-unknown-linux-gnu/lib/libgimli-42d74d2097528b38.rlib" "/opt/rustwide/rustup-home/toolchains/1.54.0-x86_64-unknown-linux-gnu/lib/rustlib/x86_64-unknown-linux-gnu/lib/libstd_detect-fb36534c113d2209.rlib" "/opt/rustwide/rustup-home/toolchains/1.54.0-x86_64-unknown-linux-gnu/lib/rustlib/x86_64-unknown-linux-gnu/lib/librustc_demangle-b56b9042c12b6535.rlib" "/opt/rustwide/rustup-home/toolchains/1.54.0-x86_64-unknown-linux-gnu/lib/rustlib/x86_64-unknown-linux-gnu/lib/libhashbrown-491902d6cb3e76df.rlib" "/opt/rustwide/rustup-home/toolchains/1.54.0-x86_64-unknown-linux-gnu/lib/rustlib/x86_64-unknown-linux-gnu/lib/librustc_std_workspace_alloc-61834e0981b8c367.rlib" "/opt/rustwide/rustup-home/toolchains/1.54.0-x86_64-unknown-linux-gnu/lib/rustlib/x86_64-unknown-linux-gnu/lib/libunwind-f78aa99d613a55bc.rlib" "/opt/rustwide/rustup-home/toolchains/1.54.0-x86_64-unknown-linux-gnu/lib/rustlib/x86_64-unknown-linux-gnu/lib/libcfg_if-53ee54cd7fed2c57.rlib" "/opt/rustwide/rustup-home/toolchains/1.54.0-x86_64-unknown-linux-gnu/lib/rustlib/x86_64-unknown-linux-gnu/lib/liblibc-544ecdbd6cda3c58.rlib" "/opt/rustwide/rustup-home/toolchains/1.54.0-x86_64-unknown-linux-gnu/lib/rustlib/x86_64-unknown-linux-gnu/lib/liballoc-379cc252b6943a79.rlib" "/opt/rustwide/rustup-home/toolchains/1.54.0-x86_64-unknown-linux-gnu/lib/rustlib/x86_64-unknown-linux-gnu/lib/librustc_std_workspace_core-8063eea38dcc5e62.rlib" "/opt/rustwide/rustup-home/toolchains/1.54.0-x86_64-unknown-linux-gnu/lib/rustlib/x86_64-unknown-linux-gnu/lib/libcore-5b228734afae15ee.rlib" "-Wl,--end-group" "/opt/rustwide/rustup-home/toolchains/1.54.0-x86_64-unknown-linux-gnu/lib/rustlib/x86_64-unknown-linux-gnu/lib/libcompiler_builtins-d6c7a399d95d173f.rlib" "-Wl,-Bdynamic" "-lstdc++" "-lgcc_s" "-lutil" "-lrt" "-lpthread" "-lm" "-ldl" "-lc" "-Wl,--eh-frame-hdr" "-Wl,-znoexecstack" "-L" "/opt/rustwide/rustup-home/toolchains/1.54.0-x86_64-unknown-linux-gnu/lib/rustlib/x86_64-unknown-linux-gnu/lib" "-o" "/tmp/rustdoctestcCklzG/rust_out" "-Wl,--gc-sections" "-pie" "-Wl,-zrelro" "-Wl,-znow" "-nodefaultlibs"
[INFO] [stdout]   = note: collect2: fatal error: ld terminated with signal 9 [Killed]
[INFO] [stdout]           compilation terminated.
[INFO] [stdout]           
[INFO] [stdout] 
[INFO] [stdout] error: aborting due to previous error
[INFO] [stdout] 
[INFO] [stdout] Couldn't compile the test.
[INFO] [stdout] 
[INFO] [stdout] failures:
[INFO] [stdout]     src/file_encryption/attachments.rs - file_encryption::attachments::AttachmentDecryptor::new (line 107)
[INFO] [stdout]     src/file_encryption/attachments.rs - file_encryption::attachments::AttachmentEncryptor::new (line 201)
[INFO] [stdout]     src/machine.rs - machine::OlmMachine::get_device (line 1036)
[INFO] [stdout] 
[INFO] [stdout] test result: FAILED. 6 passed; 3 failed; 0 ignored; 0 measured; 0 filtered out; finished in 15.52s
[INFO] [stdout] 
[INFO] [stderr] error: test failed, to rerun pass '--doc'
[INFO] running `Command { std: "docker" "inspect" "40b5cb7324813c0e247203ff57179a4a77ca03fbfa9aef0f0af5773b35b35810", kill_on_drop: false }`
[INFO] running `Command { std: "docker" "rm" "-f" "40b5cb7324813c0e247203ff57179a4a77ca03fbfa9aef0f0af5773b35b35810", kill_on_drop: false }`
[INFO] [stdout] 40b5cb7324813c0e247203ff57179a4a77ca03fbfa9aef0f0af5773b35b35810
