[INFO] fetching crate match_all 0.2.5...
[INFO] testing match_all-0.2.5 against beta-2021-08-01 for beta-1.55-1
[INFO] extracting crate match_all 0.2.5 into /workspace/builds/worker-4/source
[INFO] validating manifest of crates.io crate match_all 0.2.5 on toolchain beta-2021-08-01
[INFO] running `Command { std: "/workspace/cargo-home/bin/cargo" "+beta-2021-08-01" "metadata" "--manifest-path" "Cargo.toml" "--no-deps", kill_on_drop: false }`
[INFO] started tweaking crates.io crate match_all 0.2.5
[INFO] finished tweaking crates.io crate match_all 0.2.5
[INFO] tweaked toml for crates.io crate match_all 0.2.5 written to /workspace/builds/worker-4/source/Cargo.toml
[INFO] running `Command { std: "/workspace/cargo-home/bin/cargo" "+beta-2021-08-01" "generate-lockfile" "--manifest-path" "Cargo.toml" "-Zno-index-update", kill_on_drop: false }`
[INFO] running `Command { std: "/workspace/cargo-home/bin/cargo" "+beta-2021-08-01" "fetch" "--manifest-path" "Cargo.toml", kill_on_drop: false }`
[INFO] running `Command { std: "docker" "create" "-v" "/var/lib/crater-agent-workspace/builds/worker-4/target:/opt/rustwide/target:rw,Z" "-v" "/var/lib/crater-agent-workspace/builds/worker-4/source:/opt/rustwide/workdir:ro,Z" "-v" "/var/lib/crater-agent-workspace/cargo-home:/opt/rustwide/cargo-home:ro,Z" "-v" "/var/lib/crater-agent-workspace/rustup-home:/opt/rustwide/rustup-home:ro,Z" "-e" "SOURCE_DIR=/opt/rustwide/workdir" "-e" "CARGO_TARGET_DIR=/opt/rustwide/target" "-e" "CARGO_HOME=/opt/rustwide/cargo-home" "-e" "RUSTUP_HOME=/opt/rustwide/rustup-home" "-w" "/opt/rustwide/workdir" "-m" "1610612736" "--user" "0:0" "--network" "none" "ghcr.io/rust-lang/crates-build-env/linux@sha256:34b6a614d2c27851fe6cbf88fbd1137609cefab8b10d0615aaeb6fd47975d74e" "/opt/rustwide/cargo-home/bin/cargo" "+beta-2021-08-01" "metadata" "--no-deps" "--format-version=1", kill_on_drop: false }`
[INFO] [stdout] e11aca7acd028cf2b3595003b9afbac5601845c3f09ae939c6b50b09a359432b
[INFO] [stderr] WARNING: Your kernel does not support swap limit capabilities or the cgroup is not mounted. Memory limited without swap.
[INFO] running `Command { std: "docker" "start" "-a" "e11aca7acd028cf2b3595003b9afbac5601845c3f09ae939c6b50b09a359432b", kill_on_drop: false }`
[INFO] running `Command { std: "docker" "inspect" "e11aca7acd028cf2b3595003b9afbac5601845c3f09ae939c6b50b09a359432b", kill_on_drop: false }`
[INFO] running `Command { std: "docker" "rm" "-f" "e11aca7acd028cf2b3595003b9afbac5601845c3f09ae939c6b50b09a359432b", kill_on_drop: false }`
[INFO] [stdout] e11aca7acd028cf2b3595003b9afbac5601845c3f09ae939c6b50b09a359432b
[INFO] running `Command { std: "docker" "create" "-v" "/var/lib/crater-agent-workspace/builds/worker-4/target:/opt/rustwide/target:rw,Z" "-v" "/var/lib/crater-agent-workspace/builds/worker-4/source:/opt/rustwide/workdir:ro,Z" "-v" "/var/lib/crater-agent-workspace/cargo-home:/opt/rustwide/cargo-home:ro,Z" "-v" "/var/lib/crater-agent-workspace/rustup-home:/opt/rustwide/rustup-home:ro,Z" "-e" "SOURCE_DIR=/opt/rustwide/workdir" "-e" "CARGO_TARGET_DIR=/opt/rustwide/target" "-e" "CARGO_INCREMENTAL=0" "-e" "RUST_BACKTRACE=full" "-e" "RUSTFLAGS=--cap-lints=warn" "-e" "CARGO_HOME=/opt/rustwide/cargo-home" "-e" "RUSTUP_HOME=/opt/rustwide/rustup-home" "-w" "/opt/rustwide/workdir" "-m" "1610612736" "--user" "0:0" "--network" "none" "ghcr.io/rust-lang/crates-build-env/linux@sha256:34b6a614d2c27851fe6cbf88fbd1137609cefab8b10d0615aaeb6fd47975d74e" "/opt/rustwide/cargo-home/bin/cargo" "+beta-2021-08-01" "build" "--frozen" "--message-format=json", kill_on_drop: false }`
[INFO] [stderr] WARNING: Your kernel does not support swap limit capabilities or the cgroup is not mounted. Memory limited without swap.
[INFO] [stdout] 0eeca73b9ee9cc6f32053084f6f7ddcd7c808e28be000c4b5927b62b1a0cce90
[INFO] running `Command { std: "docker" "start" "-a" "0eeca73b9ee9cc6f32053084f6f7ddcd7c808e28be000c4b5927b62b1a0cce90", kill_on_drop: false }`
[INFO] [stderr]    Compiling match_all v0.2.5 (/opt/rustwide/workdir)
[INFO] [stderr]     Finished dev [unoptimized + debuginfo] target(s) in 0.89s
[INFO] running `Command { std: "docker" "inspect" "0eeca73b9ee9cc6f32053084f6f7ddcd7c808e28be000c4b5927b62b1a0cce90", kill_on_drop: false }`
[INFO] running `Command { std: "docker" "rm" "-f" "0eeca73b9ee9cc6f32053084f6f7ddcd7c808e28be000c4b5927b62b1a0cce90", kill_on_drop: false }`
[INFO] [stdout] 0eeca73b9ee9cc6f32053084f6f7ddcd7c808e28be000c4b5927b62b1a0cce90
[INFO] running `Command { std: "docker" "create" "-v" "/var/lib/crater-agent-workspace/builds/worker-4/target:/opt/rustwide/target:rw,Z" "-v" "/var/lib/crater-agent-workspace/builds/worker-4/source:/opt/rustwide/workdir:ro,Z" "-v" "/var/lib/crater-agent-workspace/cargo-home:/opt/rustwide/cargo-home:ro,Z" "-v" "/var/lib/crater-agent-workspace/rustup-home:/opt/rustwide/rustup-home:ro,Z" "-e" "SOURCE_DIR=/opt/rustwide/workdir" "-e" "CARGO_TARGET_DIR=/opt/rustwide/target" "-e" "CARGO_INCREMENTAL=0" "-e" "RUST_BACKTRACE=full" "-e" "RUSTFLAGS=--cap-lints=warn" "-e" "CARGO_HOME=/opt/rustwide/cargo-home" "-e" "RUSTUP_HOME=/opt/rustwide/rustup-home" "-w" "/opt/rustwide/workdir" "-m" "1610612736" "--user" "0:0" "--network" "none" "ghcr.io/rust-lang/crates-build-env/linux@sha256:34b6a614d2c27851fe6cbf88fbd1137609cefab8b10d0615aaeb6fd47975d74e" "/opt/rustwide/cargo-home/bin/cargo" "+beta-2021-08-01" "test" "--frozen" "--no-run" "--message-format=json", kill_on_drop: false }`
[INFO] [stdout] 9c8d5cf102b931ce3d80b6a85c8233af8761ec4c0a093dd1a48ed3d5bf3ba25b
[INFO] [stderr] WARNING: Your kernel does not support swap limit capabilities or the cgroup is not mounted. Memory limited without swap.
[INFO] running `Command { std: "docker" "start" "-a" "9c8d5cf102b931ce3d80b6a85c8233af8761ec4c0a093dd1a48ed3d5bf3ba25b", kill_on_drop: false }`
[INFO] [stderr]    Compiling match_all v0.2.5 (/opt/rustwide/workdir)
[INFO] [stderr]     Finished test [unoptimized + debuginfo] target(s) in 0.53s
[INFO] running `Command { std: "docker" "inspect" "9c8d5cf102b931ce3d80b6a85c8233af8761ec4c0a093dd1a48ed3d5bf3ba25b", kill_on_drop: false }`
[INFO] running `Command { std: "docker" "rm" "-f" "9c8d5cf102b931ce3d80b6a85c8233af8761ec4c0a093dd1a48ed3d5bf3ba25b", kill_on_drop: false }`
[INFO] [stdout] 9c8d5cf102b931ce3d80b6a85c8233af8761ec4c0a093dd1a48ed3d5bf3ba25b
[INFO] running `Command { std: "docker" "create" "-v" "/var/lib/crater-agent-workspace/builds/worker-4/target:/opt/rustwide/target:rw,Z" "-v" "/var/lib/crater-agent-workspace/builds/worker-4/source:/opt/rustwide/workdir:ro,Z" "-v" "/var/lib/crater-agent-workspace/cargo-home:/opt/rustwide/cargo-home:ro,Z" "-v" "/var/lib/crater-agent-workspace/rustup-home:/opt/rustwide/rustup-home:ro,Z" "-e" "SOURCE_DIR=/opt/rustwide/workdir" "-e" "CARGO_TARGET_DIR=/opt/rustwide/target" "-e" "CARGO_INCREMENTAL=0" "-e" "RUST_BACKTRACE=full" "-e" "RUSTFLAGS=--cap-lints=warn" "-e" "CARGO_HOME=/opt/rustwide/cargo-home" "-e" "RUSTUP_HOME=/opt/rustwide/rustup-home" "-w" "/opt/rustwide/workdir" "-m" "1610612736" "--user" "0:0" "--network" "none" "ghcr.io/rust-lang/crates-build-env/linux@sha256:34b6a614d2c27851fe6cbf88fbd1137609cefab8b10d0615aaeb6fd47975d74e" "/opt/rustwide/cargo-home/bin/cargo" "+beta-2021-08-01" "test" "--frozen", kill_on_drop: false }`
[INFO] [stdout] 067b35e330749cd77e7becc877fe2f28a97cdb8ac32db0f1153625ad8339caae
[INFO] [stderr] WARNING: Your kernel does not support swap limit capabilities or the cgroup is not mounted. Memory limited without swap.
[INFO] running `Command { std: "docker" "start" "-a" "067b35e330749cd77e7becc877fe2f28a97cdb8ac32db0f1153625ad8339caae", kill_on_drop: false }`
[INFO] [stderr]     Finished test [unoptimized + debuginfo] target(s) in 0.01s
[INFO] [stderr]      Running unittests (/opt/rustwide/target/debug/deps/match_all-71ecf2bac07e6161)
[INFO] [stdout] 
[INFO] [stdout] running 0 tests
[INFO] [stdout] 
[INFO] [stdout] test result: ok. 0 passed; 0 failed; 0 ignored; 0 measured; 0 filtered out; finished in 0.00s
[INFO] [stdout] 
[INFO] [stderr]    Doc-tests match_all
[INFO] [stdout] 
[INFO] [stdout] running 13 tests
[INFO] [stdout] test src/lib.rs - match_all (line 54) ... FAILED
[INFO] [stdout] test src/lib.rs - for_match (line 226) ... FAILED
[INFO] [stdout] test src/lib.rs - match_all (line 39) ... FAILED
[INFO] [stdout] test src/lib.rs - match_all (line 62) ... FAILED
[INFO] [stdout] test src/lib.rs - for_match_all (line 169) ... FAILED
[INFO] [stdout] test src/lib.rs - match_all (line 15) ... FAILED
[INFO] [stdout] test src/lib.rs - for_match_all (line 145) ... FAILED
[INFO] [stdout] test src/lib.rs - for_match (line 214) ... FAILED
[INFO] [stdout] test src/lib.rs - for_match_all (line 159) ... FAILED
[INFO] [stdout] test src/lib.rs - match_all (line 88) ... FAILED
[INFO] [stdout] test src/lib.rs - match_all (line 28) ... FAILED
[INFO] [stdout] test src/lib.rs - match_all (line 45) ... FAILED
[INFO] [stdout] test src/lib.rs - for_match (line 236) ... FAILED
[INFO] [stdout] 
[INFO] [stdout] failures:
[INFO] [stdout] 
[INFO] [stdout] ---- src/lib.rs - match_all (line 54) stdout ----
[INFO] [stdout] error: expected one of `!`, `.`, `::`, `;`, `?`, `{`, `}`, or an operator, found `Match`
[INFO] [stdout]  --> src/lib.rs:55:4
[INFO] [stdout]   |
[INFO] [stdout] 3 | No Match
[INFO] [stdout]   |    ^^^^^ expected one of 8 possible tokens
[INFO] [stdout] 
[INFO] [stdout] error: aborting due to previous error
[INFO] [stdout] 
[INFO] [stdout] Couldn't compile the test.
[INFO] [stdout] ---- src/lib.rs - for_match (line 226) stdout ----
[INFO] [stdout] error: cannot find macro `for_match` in this scope
[INFO] [stdout]    --> src/lib.rs:229:1
[INFO] [stdout]     |
[INFO] [stdout] 5   |   for_match!{x in arr,
[INFO] [stdout]     |   ^^^^^^^^^ help: a macro with a similar name exists: `format`
[INFO] [stdout] 
[INFO] [stdout] error: aborting due to previous error
[INFO] [stdout] 
[INFO] [stdout] Couldn't compile the test.
[INFO] [stdout] ---- src/lib.rs - match_all (line 39) stdout ----
[INFO] [stdout] error: expected one of `!`, `.`, `::`, `;`, `?`, `{`, `}`, or an operator, found `Howdy`
[INFO] [stdout]  --> src/lib.rs:41:1
[INFO] [stdout]   |
[INFO] [stdout] 3 | Hello
[INFO] [stdout]   |      - expected one of 8 possible tokens
[INFO] [stdout] 4 | Howdy
[INFO] [stdout]   | ^^^^^ unexpected token
[INFO] [stdout] 
[INFO] [stdout] error: aborting due to previous error
[INFO] [stdout] 
[INFO] [stdout] Couldn't compile the test.
[INFO] [stdout] ---- src/lib.rs - match_all (line 62) stdout ----
[INFO] [stdout] error: expected expression, found `==`
[INFO] [stdout]   --> src/lib.rs:71:1
[INFO] [stdout]    |
[INFO] [stdout] 12 | ===
[INFO] [stdout]    | ^^ expected expression
[INFO] [stdout] 
[INFO] [stdout] error: cannot find macro `match_all` in this scope
[INFO] [stdout]  --> src/lib.rs:65:1
[INFO] [stdout]   |
[INFO] [stdout] 6 | match_all!{ value,
[INFO] [stdout]   | ^^^^^^^^^
[INFO] [stdout]   |
[INFO] [stdout]   = note: consider importing this macro:
[INFO] [stdout]           match_all::match_all
[INFO] [stdout] 
[INFO] [stdout] error: aborting due to 2 previous errors
[INFO] [stdout] 
[INFO] [stdout] Couldn't compile the test.
[INFO] [stdout] ---- src/lib.rs - for_match_all (line 169) stdout ----
[INFO] [stdout] error: expected one of `!`, `.`, `::`, `;`, `?`, `{`, `}`, or an operator, found `even`
[INFO] [stdout]  --> src/lib.rs:171:1
[INFO] [stdout]   |
[INFO] [stdout] 3 | odd
[INFO] [stdout]   |    - expected one of 8 possible tokens
[INFO] [stdout] 4 | even
[INFO] [stdout]   | ^^^^ unexpected token
[INFO] [stdout] 
[INFO] [stdout] error: aborting due to previous error
[INFO] [stdout] 
[INFO] [stdout] Couldn't compile the test.
[INFO] [stdout] ---- src/lib.rs - match_all (line 15) stdout ----
[INFO] [stdout] error: cannot find macro `match_all` in this scope
[INFO] [stdout]  --> src/lib.rs:16:1
[INFO] [stdout]   |
[INFO] [stdout] 4 | match_all!{ value,
[INFO] [stdout]   | ^^^^^^^^^
[INFO] [stdout]   |
[INFO] [stdout]   = note: consider importing this macro:
[INFO] [stdout]           match_all::match_all
[INFO] [stdout] 
[INFO] [stdout] error: aborting due to previous error
[INFO] [stdout] 
[INFO] [stdout] Couldn't compile the test.
[INFO] [stdout] ---- src/lib.rs - for_match_all (line 145) stdout ----
[INFO] [stdout] error: cannot find macro `for_match_all` in this scope
[INFO] [stdout]  --> src/lib.rs:146:1
[INFO] [stdout]   |
[INFO] [stdout] 4 | for_match_all!{ ident in arr,
[INFO] [stdout]   | ^^^^^^^^^^^^^
[INFO] [stdout]   |
[INFO] [stdout]   = note: consider importing this macro:
[INFO] [stdout]           match_all::for_match_all
[INFO] [stdout] 
[INFO] [stdout] error: aborting due to previous error
[INFO] [stdout] 
[INFO] [stdout] Couldn't compile the test.
[INFO] [stdout] ---- src/lib.rs - for_match (line 214) stdout ----
[INFO] [stdout] error: cannot find macro `for_match_all` in this scope
[INFO] [stdout]  --> src/lib.rs:215:1
[INFO] [stdout]   |
[INFO] [stdout] 4 | for_match_all!{ ident in arr,
[INFO] [stdout]   | ^^^^^^^^^^^^^
[INFO] [stdout]   |
[INFO] [stdout]   = note: consider importing this macro:
[INFO] [stdout]           match_all::for_match_all
[INFO] [stdout] 
[INFO] [stdout] error: aborting due to previous error
[INFO] [stdout] 
[INFO] [stdout] Couldn't compile the test.
[INFO] [stdout] ---- src/lib.rs - for_match_all (line 159) stdout ----
[INFO] [stdout] error: cannot find macro `for_match_all` in this scope
[INFO] [stdout]  --> src/lib.rs:162:1
[INFO] [stdout]   |
[INFO] [stdout] 6 | for_match_all!{x in arr,
[INFO] [stdout]   | ^^^^^^^^^^^^^
[INFO] [stdout]   |
[INFO] [stdout]   = note: consider importing this macro:
[INFO] [stdout]           match_all::for_match_all
[INFO] [stdout] 
[INFO] [stdout] error: aborting due to previous error
[INFO] [stdout] 
[INFO] [stdout] Couldn't compile the test.
[INFO] [stdout] ---- src/lib.rs - match_all (line 88) stdout ----
[INFO] [stdout] error: expected expression, found `==`
[INFO] [stdout]   --> src/lib.rs:97:1
[INFO] [stdout]    |
[INFO] [stdout] 12 | ===
[INFO] [stdout]    | ^^ expected expression
[INFO] [stdout] 
[INFO] [stdout] error: cannot find macro `match_all` in this scope
[INFO] [stdout]  --> src/lib.rs:91:1
[INFO] [stdout]   |
[INFO] [stdout] 6 | match_all!{ value,
[INFO] [stdout]   | ^^^^^^^^^
[INFO] [stdout]   |
[INFO] [stdout]   = note: consider importing this macro:
[INFO] [stdout]           match_all::match_all
[INFO] [stdout] 
[INFO] [stdout] error: aborting due to 2 previous errors
[INFO] [stdout] 
[INFO] [stdout] Couldn't compile the test.
[INFO] [stdout] ---- src/lib.rs - match_all (line 28) stdout ----
[INFO] [stdout] error: cannot find macro `match_all` in this scope
[INFO] [stdout]  --> src/lib.rs:31:1
[INFO] [stdout]   |
[INFO] [stdout] 6 | match_all!{ value,
[INFO] [stdout]   | ^^^^^^^^^
[INFO] [stdout]   |
[INFO] [stdout]   = note: consider importing this macro:
[INFO] [stdout]           match_all::match_all
[INFO] [stdout] 
[INFO] [stdout] error: aborting due to previous error
[INFO] [stdout] 
[INFO] [stdout] Couldn't compile the test.
[INFO] [stdout] ---- src/lib.rs - match_all (line 45) stdout ----
[INFO] [stdout] error: cannot find macro `match_all` in this scope
[INFO] [stdout]  --> src/lib.rs:47:1
[INFO] [stdout]   |
[INFO] [stdout] 5 | match_all!{ value,
[INFO] [stdout]   | ^^^^^^^^^
[INFO] [stdout]   |
[INFO] [stdout]   = note: consider importing this macro:
[INFO] [stdout]           match_all::match_all
[INFO] [stdout] 
[INFO] [stdout] error: aborting due to previous error
[INFO] [stdout] 
[INFO] [stdout] Couldn't compile the test.
[INFO] [stdout] ---- src/lib.rs - for_match (line 236) stdout ----
[INFO] [stdout] error: expected one of `!`, `.`, `::`, `;`, `?`, `{`, `}`, or an operator, found `even`
[INFO] [stdout]  --> src/lib.rs:238:1
[INFO] [stdout]   |
[INFO] [stdout] 3 | odd
[INFO] [stdout]   |    - expected one of 8 possible tokens
[INFO] [stdout] 4 | even
[INFO] [stdout]   | ^^^^ unexpected token
[INFO] [stdout] 
[INFO] [stdout] error: aborting due to previous error
[INFO] [stdout] 
[INFO] [stdout] Couldn't compile the test.
[INFO] [stdout] 
[INFO] [stdout] failures:
[INFO] [stdout]     src/lib.rs - for_match (line 214)
[INFO] [stdout]     src/lib.rs - for_match (line 226)
[INFO] [stdout]     src/lib.rs - for_match (line 236)
[INFO] [stdout]     src/lib.rs - for_match_all (line 145)
[INFO] [stdout]     src/lib.rs - for_match_all (line 159)
[INFO] [stdout]     src/lib.rs - for_match_all (line 169)
[INFO] [stdout]     src/lib.rs - match_all (line 15)
[INFO] [stdout]     src/lib.rs - match_all (line 28)
[INFO] [stdout]     src/lib.rs - match_all (line 39)
[INFO] [stdout]     src/lib.rs - match_all (line 45)
[INFO] [stdout]     src/lib.rs - match_all (line 54)
[INFO] [stdout]     src/lib.rs - match_all (line 62)
[INFO] [stdout]     src/lib.rs - match_all (line 88)
[INFO] [stdout] 
[INFO] [stdout] test result: FAILED. 0 passed; 13 failed; 0 ignored; 0 measured; 0 filtered out; finished in 0.56s
[INFO] [stdout] 
[INFO] [stderr] error: test failed, to rerun pass '--doc'
[INFO] running `Command { std: "docker" "inspect" "067b35e330749cd77e7becc877fe2f28a97cdb8ac32db0f1153625ad8339caae", kill_on_drop: false }`
[INFO] running `Command { std: "docker" "rm" "-f" "067b35e330749cd77e7becc877fe2f28a97cdb8ac32db0f1153625ad8339caae", kill_on_drop: false }`
[INFO] [stdout] 067b35e330749cd77e7becc877fe2f28a97cdb8ac32db0f1153625ad8339caae
