[INFO] fetching crate maple-core-macro 0.4.3...
[INFO] testing maple-core-macro-0.4.3 against 1.54.0 for beta-1.55-1
[INFO] extracting crate maple-core-macro 0.4.3 into /workspace/builds/worker-8/source
[INFO] validating manifest of crates.io crate maple-core-macro 0.4.3 on toolchain 1.54.0
[INFO] running `Command { std: "/workspace/cargo-home/bin/cargo" "+1.54.0" "metadata" "--manifest-path" "Cargo.toml" "--no-deps", kill_on_drop: false }`
[INFO] started tweaking crates.io crate maple-core-macro 0.4.3
[INFO] finished tweaking crates.io crate maple-core-macro 0.4.3
[INFO] tweaked toml for crates.io crate maple-core-macro 0.4.3 written to /workspace/builds/worker-8/source/Cargo.toml
[INFO] running `Command { std: "/workspace/cargo-home/bin/cargo" "+1.54.0" "generate-lockfile" "--manifest-path" "Cargo.toml" "-Zno-index-update", kill_on_drop: false }`
[INFO] running `Command { std: "/workspace/cargo-home/bin/cargo" "+1.54.0" "fetch" "--manifest-path" "Cargo.toml", kill_on_drop: false }`
[INFO] running `Command { std: "docker" "create" "-v" "/var/lib/crater-agent-workspace/builds/worker-8/target:/opt/rustwide/target:rw,Z" "-v" "/var/lib/crater-agent-workspace/builds/worker-8/source:/opt/rustwide/workdir:ro,Z" "-v" "/var/lib/crater-agent-workspace/cargo-home:/opt/rustwide/cargo-home:ro,Z" "-v" "/var/lib/crater-agent-workspace/rustup-home:/opt/rustwide/rustup-home:ro,Z" "-e" "SOURCE_DIR=/opt/rustwide/workdir" "-e" "CARGO_TARGET_DIR=/opt/rustwide/target" "-e" "CARGO_HOME=/opt/rustwide/cargo-home" "-e" "RUSTUP_HOME=/opt/rustwide/rustup-home" "-w" "/opt/rustwide/workdir" "-m" "1610612736" "--user" "0:0" "--network" "none" "ghcr.io/rust-lang/crates-build-env/linux@sha256:34b6a614d2c27851fe6cbf88fbd1137609cefab8b10d0615aaeb6fd47975d74e" "/opt/rustwide/cargo-home/bin/cargo" "+1.54.0" "metadata" "--no-deps" "--format-version=1", kill_on_drop: false }`
[INFO] [stdout] ad0bced3602be3723ec227bdb4ce633a236d51bbacd3ba86c208e19015c273c9
[INFO] [stderr] WARNING: Your kernel does not support swap limit capabilities or the cgroup is not mounted. Memory limited without swap.
[INFO] running `Command { std: "docker" "start" "-a" "ad0bced3602be3723ec227bdb4ce633a236d51bbacd3ba86c208e19015c273c9", kill_on_drop: false }`
[INFO] running `Command { std: "docker" "inspect" "ad0bced3602be3723ec227bdb4ce633a236d51bbacd3ba86c208e19015c273c9", kill_on_drop: false }`
[INFO] running `Command { std: "docker" "rm" "-f" "ad0bced3602be3723ec227bdb4ce633a236d51bbacd3ba86c208e19015c273c9", kill_on_drop: false }`
[INFO] [stdout] ad0bced3602be3723ec227bdb4ce633a236d51bbacd3ba86c208e19015c273c9
[INFO] running `Command { std: "docker" "create" "-v" "/var/lib/crater-agent-workspace/builds/worker-8/target:/opt/rustwide/target:rw,Z" "-v" "/var/lib/crater-agent-workspace/builds/worker-8/source:/opt/rustwide/workdir:ro,Z" "-v" "/var/lib/crater-agent-workspace/cargo-home:/opt/rustwide/cargo-home:ro,Z" "-v" "/var/lib/crater-agent-workspace/rustup-home:/opt/rustwide/rustup-home:ro,Z" "-e" "SOURCE_DIR=/opt/rustwide/workdir" "-e" "CARGO_TARGET_DIR=/opt/rustwide/target" "-e" "CARGO_INCREMENTAL=0" "-e" "RUST_BACKTRACE=full" "-e" "RUSTFLAGS=--cap-lints=warn" "-e" "CARGO_HOME=/opt/rustwide/cargo-home" "-e" "RUSTUP_HOME=/opt/rustwide/rustup-home" "-w" "/opt/rustwide/workdir" "-m" "1610612736" "--user" "0:0" "--network" "none" "ghcr.io/rust-lang/crates-build-env/linux@sha256:34b6a614d2c27851fe6cbf88fbd1137609cefab8b10d0615aaeb6fd47975d74e" "/opt/rustwide/cargo-home/bin/cargo" "+1.54.0" "build" "--frozen" "--message-format=json", kill_on_drop: false }`
[INFO] [stdout] 51ca6b5e5d86577105fa3b07506260dd44f8118e3b21366b99fc5bd1a99696c6
[INFO] [stderr] WARNING: Your kernel does not support swap limit capabilities or the cgroup is not mounted. Memory limited without swap.
[INFO] running `Command { std: "docker" "start" "-a" "51ca6b5e5d86577105fa3b07506260dd44f8118e3b21366b99fc5bd1a99696c6", kill_on_drop: false }`
[INFO] [stderr]    Compiling syn v1.0.74
[INFO] [stderr]    Compiling maple-core-macro v0.4.3 (/opt/rustwide/workdir)
[INFO] [stdout] warning: field is never read: `brace_token`
[INFO] [stdout]  --> src/children.rs:7:5
[INFO] [stdout]   |
[INFO] [stdout] 7 |     pub brace_token: token::Brace,
[INFO] [stdout]   |     ^^^^^^^^^^^^^^^^^^^^^^^^^^^^^
[INFO] [stdout]   |
[INFO] [stdout]   = note: `#[warn(dead_code)]` on by default
[INFO] [stdout] 
[INFO] [stdout] 
[INFO] [stdout] warning: 1 warning emitted
[INFO] [stdout] 
[INFO] [stdout] 
[INFO] [stderr]     Finished dev [unoptimized + debuginfo] target(s) in 18.56s
[INFO] running `Command { std: "docker" "inspect" "51ca6b5e5d86577105fa3b07506260dd44f8118e3b21366b99fc5bd1a99696c6", kill_on_drop: false }`
[INFO] running `Command { std: "docker" "rm" "-f" "51ca6b5e5d86577105fa3b07506260dd44f8118e3b21366b99fc5bd1a99696c6", kill_on_drop: false }`
[INFO] [stdout] 51ca6b5e5d86577105fa3b07506260dd44f8118e3b21366b99fc5bd1a99696c6
[INFO] running `Command { std: "docker" "create" "-v" "/var/lib/crater-agent-workspace/builds/worker-8/target:/opt/rustwide/target:rw,Z" "-v" "/var/lib/crater-agent-workspace/builds/worker-8/source:/opt/rustwide/workdir:ro,Z" "-v" "/var/lib/crater-agent-workspace/cargo-home:/opt/rustwide/cargo-home:ro,Z" "-v" "/var/lib/crater-agent-workspace/rustup-home:/opt/rustwide/rustup-home:ro,Z" "-e" "SOURCE_DIR=/opt/rustwide/workdir" "-e" "CARGO_TARGET_DIR=/opt/rustwide/target" "-e" "CARGO_INCREMENTAL=0" "-e" "RUST_BACKTRACE=full" "-e" "RUSTFLAGS=--cap-lints=warn" "-e" "CARGO_HOME=/opt/rustwide/cargo-home" "-e" "RUSTUP_HOME=/opt/rustwide/rustup-home" "-w" "/opt/rustwide/workdir" "-m" "1610612736" "--user" "0:0" "--network" "none" "ghcr.io/rust-lang/crates-build-env/linux@sha256:34b6a614d2c27851fe6cbf88fbd1137609cefab8b10d0615aaeb6fd47975d74e" "/opt/rustwide/cargo-home/bin/cargo" "+1.54.0" "test" "--frozen" "--no-run" "--message-format=json", kill_on_drop: false }`
[INFO] [stdout] 7b30c2f1c406150620098e3c90b104f64dd2b9e427a7edd05a59b41df1359383
[INFO] [stderr] WARNING: Your kernel does not support swap limit capabilities or the cgroup is not mounted. Memory limited without swap.
[INFO] running `Command { std: "docker" "start" "-a" "7b30c2f1c406150620098e3c90b104f64dd2b9e427a7edd05a59b41df1359383", kill_on_drop: false }`
[INFO] [stderr]    Compiling serde_derive v1.0.127
[INFO] [stderr]    Compiling serde v1.0.127
[INFO] [stderr]    Compiling trybuild v1.0.43
[INFO] [stderr]    Compiling termcolor v1.1.2
[INFO] [stderr]    Compiling glob v0.3.0
[INFO] [stdout] warning: field is never read: `brace_token`
[INFO] [stdout]  --> src/children.rs:7:5
[INFO] [stdout]   |
[INFO] [stdout] 7 |     pub brace_token: token::Brace,
[INFO] [stdout]   |     ^^^^^^^^^^^^^^^^^^^^^^^^^^^^^
[INFO] [stdout]   |
[INFO] [stdout]   = note: `#[warn(dead_code)]` on by default
[INFO] [stdout] 
[INFO] [stdout] 
[INFO] [stdout] warning: 1 warning emitted
[INFO] [stdout] 
[INFO] [stdout] 
[INFO] [stderr]    Compiling serde_json v1.0.66
[INFO] [stderr]    Compiling toml v0.5.8
[INFO] [stderr]    Compiling maple-core-macro v0.4.3 (/opt/rustwide/workdir)
[INFO] [stdout] warning: field is never read: `brace_token`
[INFO] [stdout]  --> src/children.rs:7:5
[INFO] [stdout]   |
[INFO] [stdout] 7 |     pub brace_token: token::Brace,
[INFO] [stdout]   |     ^^^^^^^^^^^^^^^^^^^^^^^^^^^^^
[INFO] [stdout]   |
[INFO] [stdout]   = note: `#[warn(dead_code)]` on by default
[INFO] [stdout] 
[INFO] [stdout] 
[INFO] [stdout] warning: 1 warning emitted
[INFO] [stdout] 
[INFO] [stdout] 
[INFO] [stderr]     Finished test [unoptimized + debuginfo] target(s) in 39.90s
[INFO] running `Command { std: "docker" "inspect" "7b30c2f1c406150620098e3c90b104f64dd2b9e427a7edd05a59b41df1359383", kill_on_drop: false }`
[INFO] running `Command { std: "docker" "rm" "-f" "7b30c2f1c406150620098e3c90b104f64dd2b9e427a7edd05a59b41df1359383", kill_on_drop: false }`
[INFO] [stdout] 7b30c2f1c406150620098e3c90b104f64dd2b9e427a7edd05a59b41df1359383
[INFO] running `Command { std: "docker" "create" "-v" "/var/lib/crater-agent-workspace/builds/worker-8/target:/opt/rustwide/target:rw,Z" "-v" "/var/lib/crater-agent-workspace/builds/worker-8/source:/opt/rustwide/workdir:ro,Z" "-v" "/var/lib/crater-agent-workspace/cargo-home:/opt/rustwide/cargo-home:ro,Z" "-v" "/var/lib/crater-agent-workspace/rustup-home:/opt/rustwide/rustup-home:ro,Z" "-e" "SOURCE_DIR=/opt/rustwide/workdir" "-e" "CARGO_TARGET_DIR=/opt/rustwide/target" "-e" "CARGO_INCREMENTAL=0" "-e" "RUST_BACKTRACE=full" "-e" "RUSTFLAGS=--cap-lints=warn" "-e" "CARGO_HOME=/opt/rustwide/cargo-home" "-e" "RUSTUP_HOME=/opt/rustwide/rustup-home" "-w" "/opt/rustwide/workdir" "-m" "1610612736" "--user" "0:0" "--network" "none" "ghcr.io/rust-lang/crates-build-env/linux@sha256:34b6a614d2c27851fe6cbf88fbd1137609cefab8b10d0615aaeb6fd47975d74e" "/opt/rustwide/cargo-home/bin/cargo" "+1.54.0" "test" "--frozen", kill_on_drop: false }`
[INFO] [stderr] WARNING: Your kernel does not support swap limit capabilities or the cgroup is not mounted. Memory limited without swap.
[INFO] [stdout] 944bcae0cbc9421356bf48965fd830d2069afd9d5d758a24fbf43dbbd93d9eab
[INFO] running `Command { std: "docker" "start" "-a" "944bcae0cbc9421356bf48965fd830d2069afd9d5d758a24fbf43dbbd93d9eab", kill_on_drop: false }`
[INFO] [stderr] warning: field is never read: `brace_token`
[INFO] [stderr]  --> src/children.rs:7:5
[INFO] [stderr]   |
[INFO] [stderr] 7 |     pub brace_token: token::Brace,
[INFO] [stderr]   |     ^^^^^^^^^^^^^^^^^^^^^^^^^^^^^
[INFO] [stderr]   |
[INFO] [stderr]   = note: `#[warn(dead_code)]` on by default
[INFO] [stderr] 
[INFO] [stderr] warning: 1 warning emitted
[INFO] [stderr] 
[INFO] [stderr] warning: field is never read: `brace_token`
[INFO] [stderr]  --> src/children.rs:7:5
[INFO] [stderr]   |
[INFO] [stderr] 7 |     pub brace_token: token::Brace,
[INFO] [stderr]   |     ^^^^^^^^^^^^^^^^^^^^^^^^^^^^^
[INFO] [stderr]   |
[INFO] [stderr]   = note: `#[warn(dead_code)]` on by default
[INFO] [stderr] 
[INFO] [stderr] warning: 1 warning emitted
[INFO] [stderr] 
[INFO] [stderr]     Finished test [unoptimized + debuginfo] target(s) in 0.03s
[INFO] [stderr]      Running unittests (/opt/rustwide/target/debug/deps/maple_core_macro-6de87aece4e64fd5)
[INFO] [stdout] 
[INFO] [stderr]      Running tests/template_macro.rs (/opt/rustwide/target/debug/deps/template_macro-0d3907f2a23aed53)
[INFO] [stdout] running 0 tests
[INFO] [stdout] 
[INFO] [stdout] test result: ok. 0 passed; 0 failed; 0 ignored; 0 measured; 0 filtered out; finished in 0.00s
[INFO] [stdout] 
[INFO] [stdout] 
[INFO] [stdout] running 1 test
[INFO] [stderr]    Compiling proc-macro2 v1.0.28
[INFO] [stderr]    Compiling syn v1.0.74
[INFO] [stderr]    Compiling unicode-xid v0.2.2
[INFO] [stderr]    Compiling quote v1.0.9
[INFO] [stderr]    Compiling maple-core-macro v0.4.3 (/opt/rustwide/workdir)
[INFO] [stderr] warning: field is never read: `brace_token`
[INFO] [stderr]  --> /opt/rustwide/workdir/src/children.rs:7:5
[INFO] [stderr]   |
[INFO] [stderr] 7 |     pub brace_token: token::Brace,
[INFO] [stderr]   |     ^^^^^^^^^^^^^^^^^^^^^^^^^^^^^
[INFO] [stderr]   |
[INFO] [stderr]   = note: `#[warn(dead_code)]` on by default
[INFO] [stderr] 
[INFO] [stderr] warning: 1 warning emitted
[INFO] [stderr] 
[INFO] [stderr]    Compiling maple-core-macro-tests v0.0.0 (/opt/rustwide/target/tests/maple-core-macro)
[INFO] [stderr]     Finished dev [unoptimized + debuginfo] target(s) in 29.98s
[INFO] [stderr] 
[INFO] [stderr] 
[INFO] [stderr] test component-fail.rs [should fail to compile] ... mismatch
[INFO] [stderr] 
[INFO] [stderr] EXPECTED:
[INFO] [stderr] ┈┈┈┈┈┈┈┈┈┈┈┈┈┈┈┈┈┈┈┈┈┈┈┈┈┈┈┈┈┈┈┈┈┈┈┈┈┈┈┈┈┈┈┈┈┈┈┈┈┈┈┈┈┈┈┈┈┈┈┈
[INFO] [stderr] error: unexpected end of input, expected parentheses
[INFO] [stderr]   --> $DIR/component-fail.rs:14:5
[INFO] [stderr]    |
[INFO] [stderr] 14 |     template! { Component };
[INFO] [stderr]    |     ^^^^^^^^^^^^^^^^^^^^^^^^
[INFO] [stderr]    |
[INFO] [stderr]    = note: this error originates in a macro (in Nightly builds, run with -Z macro-backtrace for more info)
[INFO] [stderr] 
[INFO] [stderr] error[E0425]: cannot find function, tuple struct or tuple variant `UnknownComponent` in this scope
[INFO] [stderr]   --> $DIR/component-fail.rs:12:17
[INFO] [stderr]    |
[INFO] [stderr] 12 |     template! { UnknownComponent() };
[INFO] [stderr]    |                 ^^^^^^^^^^^^^^^^ not found in this scope
[INFO] [stderr] 
[INFO] [stderr] error[E0061]: this function takes 0 arguments but 1 argument was supplied
[INFO] [stderr]   --> $DIR/component-fail.rs:15:17
[INFO] [stderr]    |
[INFO] [stderr] 15 |     template! { Component(1) };
[INFO] [stderr]    |                 ^^^^^^^^^ - supplied 1 argument
[INFO] [stderr]    |                 |
[INFO] [stderr]    |                 expected 0 arguments
[INFO] [stderr]    |
[INFO] [stderr] note: function defined here
[INFO] [stderr]   --> $DIR/component-fail.rs:5:4
[INFO] [stderr]    |
[INFO] [stderr] 5  | fn Component() -> TemplateResult {
[INFO] [stderr]    |    ^^^^^^^^^
[INFO] [stderr] ┈┈┈┈┈┈┈┈┈┈┈┈┈┈┈┈┈┈┈┈┈┈┈┈┈┈┈┈┈┈┈┈┈┈┈┈┈┈┈┈┈┈┈┈┈┈┈┈┈┈┈┈┈┈┈┈┈┈┈┈
[INFO] [stderr] 
[INFO] [stderr] ACTUAL OUTPUT:
[INFO] [stderr] ┈┈┈┈┈┈┈┈┈┈┈┈┈┈┈┈┈┈┈┈┈┈┈┈┈┈┈┈┈┈┈┈┈┈┈┈┈┈┈┈┈┈┈┈┈┈┈┈┈┈┈┈┈┈┈┈┈┈┈┈
[INFO] [stderr] warning: field is never read: `brace_token`
[INFO] [stderr]  --> $DIR/children.rs:7:5
[INFO] [stderr]   |
[INFO] [stderr] 7 |     pub brace_token: token::Brace,
[INFO] [stderr]   |     ^^^^^^^^^^^^^^^^^^^^^^^^^^^^^
[INFO] [stderr]   |
[INFO] [stderr]   = note: `#[warn(dead_code)]` on by default
[INFO] [stderr] 
[INFO] [stderr] warning: 1 warning emitted
[INFO] [stderr] 
[INFO] [stderr] error[E0433]: failed to resolve: use of undeclared crate or module `maple_core`
[INFO] [stderr]  --> $DIR/component-fail.rs:3:5
[INFO] [stderr]   |
[INFO] [stderr] 3 | use maple_core::prelude::*;
[INFO] [stderr]   |     ^^^^^^^^^^ use of undeclared crate or module `maple_core`
[INFO] [stderr] 
[INFO] [stderr] error: cannot find macro `template` in this scope
[INFO] [stderr]   --> $DIR/component-fail.rs:15:5
[INFO] [stderr]    |
[INFO] [stderr] 15 |     template! { Component(1) };
[INFO] [stderr]    |     ^^^^^^^^
[INFO] [stderr]    |
[INFO] [stderr]    = note: consider importing this macro:
[INFO] [stderr]            maple_core_macro::template
[INFO] [stderr] 
[INFO] [stderr] error: cannot find macro `template` in this scope
[INFO] [stderr]   --> $DIR/component-fail.rs:14:5
[INFO] [stderr]    |
[INFO] [stderr] 14 |     template! { Component };
[INFO] [stderr]    |     ^^^^^^^^
[INFO] [stderr]    |
[INFO] [stderr]    = note: consider importing this macro:
[INFO] [stderr]            maple_core_macro::template
[INFO] [stderr] 
[INFO] [stderr] error: cannot find macro `template` in this scope
[INFO] [stderr]   --> $DIR/component-fail.rs:12:5
[INFO] [stderr]    |
[INFO] [stderr] 12 |     template! { UnknownComponent() };
[INFO] [stderr]    |     ^^^^^^^^
[INFO] [stderr]    |
[INFO] [stderr]    = note: consider importing this macro:
[INFO] [stderr]            maple_core_macro::template
[INFO] [stderr] 
[INFO] [stderr] error: cannot find macro `template` in this scope
[INFO] [stderr]  --> $DIR/component-fail.rs:6:5
[INFO] [stderr]   |
[INFO] [stderr] 6 |     template! {
[INFO] [stderr]   |     ^^^^^^^^
[INFO] [stderr]   |
[INFO] [stderr]   = note: consider importing this macro:
[INFO] [stderr]           maple_core_macro::template
[INFO] [stderr] 
[INFO] [stderr] error[E0412]: cannot find type `TemplateResult` in this scope
[INFO] [stderr]  --> $DIR/component-fail.rs:5:19
[INFO] [stderr]   |
[INFO] [stderr] 5 | fn Component() -> TemplateResult {
[INFO] [stderr]   |                   ^^^^^^^^^^^^^^ not found in this scope
[INFO] [stderr] ┈┈┈┈┈┈┈┈┈┈┈┈┈┈┈┈┈┈┈┈┈┈┈┈┈┈┈┈┈┈┈┈┈┈┈┈┈┈┈┈┈┈┈┈┈┈┈┈┈┈┈┈┈┈┈┈┈┈┈┈
[INFO] [stderr] note: If the actual output is the correct output you can bless it by rerunning
[INFO] [stderr]       your test with the environment variable TRYBUILD=overwrite
[INFO] [stderr] 
[INFO] [stderr] test element-fail.rs [should fail to compile] ... mismatch
[INFO] [stderr] 
[INFO] [stderr] EXPECTED:
[INFO] [stderr] ┈┈┈┈┈┈┈┈┈┈┈┈┈┈┈┈┈┈┈┈┈┈┈┈┈┈┈┈┈┈┈┈┈┈┈┈┈┈┈┈┈┈┈┈┈┈┈┈┈┈┈┈┈┈┈┈┈┈┈┈
[INFO] [stderr] error: unexpected token
[INFO] [stderr]  --> $DIR/element-fail.rs:4:18
[INFO] [stderr]   |
[INFO] [stderr] 4 |     template! { p.my-class#id };
[INFO] [stderr]   |                  ^
[INFO] [stderr] 
[INFO] [stderr] error: expected `=`
[INFO] [stderr]  --> $DIR/element-fail.rs:6:23
[INFO] [stderr]   |
[INFO] [stderr] 6 |     template! { button(disabled) };
[INFO] [stderr]   |                       ^^^^^^^^^^
[INFO] [stderr] 
[INFO] [stderr] error: expected `=`
[INFO] [stderr]  --> $DIR/element-fail.rs:7:23
[INFO] [stderr]   |
[INFO] [stderr] 7 |     template! { button(on:click) };
[INFO] [stderr]   |                       ^^^^^^^^^^
[INFO] [stderr] 
[INFO] [stderr] error: unknown directive `unknown`
[INFO] [stderr]  --> $DIR/element-fail.rs:8:24
[INFO] [stderr]   |
[INFO] [stderr] 8 |     template! { button(unknown:directive="123") };
[INFO] [stderr]   |                        ^^^^^^^
[INFO] [stderr] 
[INFO] [stderr] error: expected `=`
[INFO] [stderr]   --> $DIR/element-fail.rs:10:25
[INFO] [stderr]    |
[INFO] [stderr] 10 |     template! { button(a.b.c="123") };
[INFO] [stderr]    |                         ^
[INFO] [stderr] ┈┈┈┈┈┈┈┈┈┈┈┈┈┈┈┈┈┈┈┈┈┈┈┈┈┈┈┈┈┈┈┈┈┈┈┈┈┈┈┈┈┈┈┈┈┈┈┈┈┈┈┈┈┈┈┈┈┈┈┈
[INFO] [stderr] 
[INFO] [stderr] ACTUAL OUTPUT:
[INFO] [stderr] ┈┈┈┈┈┈┈┈┈┈┈┈┈┈┈┈┈┈┈┈┈┈┈┈┈┈┈┈┈┈┈┈┈┈┈┈┈┈┈┈┈┈┈┈┈┈┈┈┈┈┈┈┈┈┈┈┈┈┈┈
[INFO] [stderr] warning: field is never read: `brace_token`
[INFO] [stderr]  --> $DIR/children.rs:7:5
[INFO] [stderr]   |
[INFO] [stderr] 7 |     pub brace_token: token::Brace,
[INFO] [stderr]   |     ^^^^^^^^^^^^^^^^^^^^^^^^^^^^^
[INFO] [stderr]   |
[INFO] [stderr]   = note: `#[warn(dead_code)]` on by default
[INFO] [stderr] 
[INFO] [stderr] warning: 1 warning emitted
[INFO] [stderr] 
[INFO] [stderr] error[E0433]: failed to resolve: use of undeclared crate or module `maple_core`
[INFO] [stderr]  --> $DIR/element-fail.rs:1:5
[INFO] [stderr]   |
[INFO] [stderr] 1 | use maple_core::prelude::*;
[INFO] [stderr]   |     ^^^^^^^^^^ use of undeclared crate or module `maple_core`
[INFO] [stderr] 
[INFO] [stderr] error: cannot find macro `template` in this scope
[INFO] [stderr]   --> $DIR/element-fail.rs:10:5
[INFO] [stderr]    |
[INFO] [stderr] 10 |     template! { button(a.b.c="123") };
[INFO] [stderr]    |     ^^^^^^^^
[INFO] [stderr]    |
[INFO] [stderr]    = note: consider importing this macro:
[INFO] [stderr]            maple_core_macro::template
[INFO] [stderr] 
[INFO] [stderr] error: cannot find macro `template` in this scope
[INFO] [stderr]  --> $DIR/element-fail.rs:8:5
[INFO] [stderr]   |
[INFO] [stderr] 8 |     template! { button(unknown:directive="123") };
[INFO] [stderr]   |     ^^^^^^^^
[INFO] [stderr]   |
[INFO] [stderr]   = note: consider importing this macro:
[INFO] [stderr]           maple_core_macro::template
[INFO] [stderr] 
[INFO] [stderr] error: cannot find macro `template` in this scope
[INFO] [stderr]  --> $DIR/element-fail.rs:7:5
[INFO] [stderr]   |
[INFO] [stderr] 7 |     template! { button(on:click) };
[INFO] [stderr]   |     ^^^^^^^^
[INFO] [stderr]   |
[INFO] [stderr]   = note: consider importing this macro:
[INFO] [stderr]           maple_core_macro::template
[INFO] [stderr] 
[INFO] [stderr] error: cannot find macro `template` in this scope
[INFO] [stderr]  --> $DIR/element-fail.rs:6:5
[INFO] [stderr]   |
[INFO] [stderr] 6 |     template! { button(disabled) };
[INFO] [stderr]   |     ^^^^^^^^
[INFO] [stderr]   |
[INFO] [stderr]   = note: consider importing this macro:
[INFO] [stderr]           maple_core_macro::template
[INFO] [stderr] 
[INFO] [stderr] error: cannot find macro `template` in this scope
[INFO] [stderr]  --> $DIR/element-fail.rs:4:5
[INFO] [stderr]   |
[INFO] [stderr] 4 |     template! { p.my-class#id };
[INFO] [stderr]   |     ^^^^^^^^
[INFO] [stderr]   |
[INFO] [stderr]   = note: consider importing this macro:
[INFO] [stderr]           maple_core_macro::template
[INFO] [stderr] ┈┈┈┈┈┈┈┈┈┈┈┈┈┈┈┈┈┈┈┈┈┈┈┈┈┈┈┈┈┈┈┈┈┈┈┈┈┈┈┈┈┈┈┈┈┈┈┈┈┈┈┈┈┈┈┈┈┈┈┈
[INFO] [stderr] note: If the actual output is the correct output you can bless it by rerunning
[INFO] [stderr]       your test with the environment variable TRYBUILD=overwrite
[INFO] [stderr] 
[INFO] [stderr] test component-pass.rs [should pass] ... error
[INFO] [stderr] ┈┈┈┈┈┈┈┈┈┈┈┈┈┈┈┈┈┈┈┈┈┈┈┈┈┈┈┈┈┈┈┈┈┈┈┈┈┈┈┈┈┈┈┈┈┈┈┈┈┈┈┈┈┈┈┈┈┈┈┈
[INFO] [stderr] warning: field is never read: `brace_token`
[INFO] [stderr]  --> $DIR/children.rs:7:5
[INFO] [stderr]   |
[INFO] [stderr] 7 |     pub brace_token: token::Brace,
[INFO] [stderr]   |     ^^^^^^^^^^^^^^^^^^^^^^^^^^^^^
[INFO] [stderr]   |
[INFO] [stderr]   = note: `#[warn(dead_code)]` on by default
[INFO] [stderr] 
[INFO] [stderr] warning: 1 warning emitted
[INFO] [stderr] 
[INFO] [stderr] error[E0433]: failed to resolve: use of undeclared crate or module `maple_core`
[INFO] [stderr]  --> $DIR/component-pass.rs:3:5
[INFO] [stderr]   |
[INFO] [stderr] 3 | use maple_core::prelude::*;
[INFO] [stderr]   |     ^^^^^^^^^^ use of undeclared crate or module `maple_core`
[INFO] [stderr] 
[INFO] [stderr] error: cannot find macro `template` in this scope
[INFO] [stderr]   --> $DIR/component-pass.rs:12:5
[INFO] [stderr]    |
[INFO] [stderr] 12 |     template! { Component() };
[INFO] [stderr]    |     ^^^^^^^^
[INFO] [stderr]    |
[INFO] [stderr]    = note: consider importing this macro:
[INFO] [stderr]            maple_core_macro::template
[INFO] [stderr] 
[INFO] [stderr] error: cannot find macro `template` in this scope
[INFO] [stderr]  --> $DIR/component-pass.rs:6:5
[INFO] [stderr]   |
[INFO] [stderr] 6 |     template! {
[INFO] [stderr]   |     ^^^^^^^^
[INFO] [stderr]   |
[INFO] [stderr]   = note: consider importing this macro:
[INFO] [stderr]           maple_core_macro::template
[INFO] [stderr] 
[INFO] [stderr] error[E0412]: cannot find type `TemplateResult` in this scope
[INFO] [stderr]  --> $DIR/component-pass.rs:5:23
[INFO] [stderr]   |
[INFO] [stderr] 5 | pub fn Component() -> TemplateResult {
[INFO] [stderr]   |                       ^^^^^^^^^^^^^^ not found in this scope
[INFO] [stderr] ┈┈┈┈┈┈┈┈┈┈┈┈┈┈┈┈┈┈┈┈┈┈┈┈┈┈┈┈┈┈┈┈┈┈┈┈┈┈┈┈┈┈┈┈┈┈┈┈┈┈┈┈┈┈┈┈┈┈┈┈
[INFO] [stderr] 
[INFO] [stderr] test element-pass.rs [should pass] ... error
[INFO] [stderr] ┈┈┈┈┈┈┈┈┈┈┈┈┈┈┈┈┈┈┈┈┈┈┈┈┈┈┈┈┈┈┈┈┈┈┈┈┈┈┈┈┈┈┈┈┈┈┈┈┈┈┈┈┈┈┈┈┈┈┈┈
[INFO] [stderr] warning: field is never read: `brace_token`
[INFO] [stderr]  --> $DIR/children.rs:7:5
[INFO] [stderr]   |
[INFO] [stderr] 7 |     pub brace_token: token::Brace,
[INFO] [stderr]   |     ^^^^^^^^^^^^^^^^^^^^^^^^^^^^^
[INFO] [stderr]   |
[INFO] [stderr]   = note: `#[warn(dead_code)]` on by default
[INFO] [stderr] 
[INFO] [stderr] warning: 1 warning emitted
[INFO] [stderr] 
[INFO] [stderr] error[E0433]: failed to resolve: use of undeclared crate or module `maple_core`
[INFO] [stderr]  --> $DIR/element-pass.rs:1:5
[INFO] [stderr]   |
[INFO] [stderr] 1 | use maple_core::prelude::*;
[INFO] [stderr]   |     ^^^^^^^^^^ use of undeclared crate or module `maple_core`
[INFO] [stderr] 
[INFO] [stderr] error: cannot find macro `template` in this scope
[INFO] [stderr]   --> $DIR/element-pass.rs:14:5
[INFO] [stderr]    |
[INFO] [stderr] 14 |     template! { button(class="my-btn", aria-hidden="true") };
[INFO] [stderr]    |     ^^^^^^^^
[INFO] [stderr]    |
[INFO] [stderr]    = note: consider importing this macro:
[INFO] [stderr]            maple_core_macro::template
[INFO] [stderr] 
[INFO] [stderr] error: cannot find macro `template` in this scope
[INFO] [stderr]   --> $DIR/element-pass.rs:13:5
[INFO] [stderr]    |
[INFO] [stderr] 13 |     template! { button(class="my-btn", on:click=|_| {}) };
[INFO] [stderr]    |     ^^^^^^^^
[INFO] [stderr]    |
[INFO] [stderr]    = note: consider importing this macro:
[INFO] [stderr]            maple_core_macro::template
[INFO] [stderr] 
[INFO] [stderr] error: cannot find macro `template` in this scope
[INFO] [stderr]   --> $DIR/element-pass.rs:11:5
[INFO] [stderr]    |
[INFO] [stderr] 11 |     template! { p(class="my-class", id="my-id") };
[INFO] [stderr]    |     ^^^^^^^^
[INFO] [stderr]    |
[INFO] [stderr]    = note: consider importing this macro:
[INFO] [stderr]            maple_core_macro::template
[INFO] [stderr] 
[INFO] [stderr] error: cannot find macro `template` in this scope
[INFO] [stderr]   --> $DIR/element-pass.rs:10:5
[INFO] [stderr]    |
[INFO] [stderr] 10 |     template! { p(class="my-class") };
[INFO] [stderr]    |     ^^^^^^^^
[INFO] [stderr]    |
[INFO] [stderr]    = note: consider importing this macro:
[INFO] [stderr]            maple_core_macro::template
[INFO] [stderr] 
[INFO] [stderr] error: cannot find macro `template` in this scope
[INFO] [stderr]  --> $DIR/element-pass.rs:8:5
[INFO] [stderr]   |
[INFO] [stderr] 8 |     template! { custom-element() };
[INFO] [stderr]   |     ^^^^^^^^
[INFO] [stderr]   |
[INFO] [stderr]   = note: consider importing this macro:
[INFO] [stderr]           maple_core_macro::template
[INFO] [stderr] 
[INFO] [stderr] error: cannot find macro `template` in this scope
[INFO] [stderr]  --> $DIR/element-pass.rs:7:5
[INFO] [stderr]   |
[INFO] [stderr] 7 |     template! { p() };
[INFO] [stderr]   |     ^^^^^^^^
[INFO] [stderr]   |
[INFO] [stderr]   = note: consider importing this macro:
[INFO] [stderr]           maple_core_macro::template
[INFO] [stderr] 
[INFO] [stderr] error: cannot find macro `template` in this scope
[INFO] [stderr]  --> $DIR/element-pass.rs:5:5
[INFO] [stderr]   |
[INFO] [stderr] 5 |     template! { custom-element };
[INFO] [stderr]   |     ^^^^^^^^
[INFO] [stderr]   |
[INFO] [stderr]   = note: consider importing this macro:
[INFO] [stderr]           maple_core_macro::template
[INFO] [stderr] 
[INFO] [stderr] error: cannot find macro `template` in this scope
[INFO] [stderr]  --> $DIR/element-pass.rs:4:5
[INFO] [stderr]   |
[INFO] [stderr] 4 |     template! { p };
[INFO] [stderr]   |     ^^^^^^^^
[INFO] [stderr]   |
[INFO] [stderr]   = note: consider importing this macro:
[INFO] [stderr]           maple_core_macro::template
[INFO] [stderr] ┈┈┈┈┈┈┈┈┈┈┈┈┈┈┈┈┈┈┈┈┈┈┈┈┈┈┈┈┈┈┈┈┈┈┈┈┈┈┈┈┈┈┈┈┈┈┈┈┈┈┈┈┈┈┈┈┈┈┈┈
[INFO] [stderr] 
[INFO] [stderr] 
[INFO] [stderr] 
[INFO] [stdout] test ui ... FAILED
[INFO] [stderr] error: test failed, to rerun pass '--test template_macro'
[INFO] [stdout] 
[INFO] [stdout] failures:
[INFO] [stdout] 
[INFO] [stdout] ---- ui stdout ----
[INFO] [stdout] thread 'ui' panicked at '4 of 4 tests failed', /opt/rustwide/cargo-home/registry/src/github.com-1ecc6299db9ec823/trybuild-1.0.43/src/run.rs:73:13
[INFO] [stdout] stack backtrace:
[INFO] [stdout]    0:     0x55dddeaa33b0 - std::backtrace_rs::backtrace::libunwind::trace::h34055254b57d8e79
[INFO] [stdout]                                at /rustc/a178d0322ce20e33eac124758e837cbd80a6f633/library/std/src/../../backtrace/src/backtrace/libunwind.rs:90:5
[INFO] [stdout]    1:     0x55dddeaa33b0 - std::backtrace_rs::backtrace::trace_unsynchronized::h8f1e3fbd9afff6ec
[INFO] [stdout]                                at /rustc/a178d0322ce20e33eac124758e837cbd80a6f633/library/std/src/../../backtrace/src/backtrace/mod.rs:66:5
[INFO] [stdout]    2:     0x55dddeaa33b0 - std::sys_common::backtrace::_print_fmt::h3a99a796b770c360
[INFO] [stdout]                                at /rustc/a178d0322ce20e33eac124758e837cbd80a6f633/library/std/src/sys_common/backtrace.rs:67:5
[INFO] [stdout]    3:     0x55dddeaa33b0 - <std::sys_common::backtrace::_print::DisplayBacktrace as core::fmt::Display>::fmt::h32d1f94a80615d18
[INFO] [stdout]                                at /rustc/a178d0322ce20e33eac124758e837cbd80a6f633/library/std/src/sys_common/backtrace.rs:46:22
[INFO] [stdout]    4:     0x55dddeac88ec - core::fmt::write::h306731c068f7162c
[INFO] [stdout]                                at /rustc/a178d0322ce20e33eac124758e837cbd80a6f633/library/core/src/fmt/mod.rs:1110:17
[INFO] [stdout]    5:     0x55dddea9f7d5 - std::io::Write::write_fmt::h87f19b0a2cd190bc
[INFO] [stdout]                                at /rustc/a178d0322ce20e33eac124758e837cbd80a6f633/library/std/src/io/mod.rs:1588:15
[INFO] [stdout]    6:     0x55dddeaa56cb - std::sys_common::backtrace::_print::h5abaa2601a852287
[INFO] [stdout]                                at /rustc/a178d0322ce20e33eac124758e837cbd80a6f633/library/std/src/sys_common/backtrace.rs:49:5
[INFO] [stdout]    7:     0x55dddeaa56cb - std::sys_common::backtrace::print::h8d81445442bb638f
[INFO] [stdout]                                at /rustc/a178d0322ce20e33eac124758e837cbd80a6f633/library/std/src/sys_common/backtrace.rs:36:9
[INFO] [stdout]    8:     0x55dddeaa56cb - std::panicking::default_hook::{{closure}}::hcfe804496a9fa747
[INFO] [stdout]                                at /rustc/a178d0322ce20e33eac124758e837cbd80a6f633/library/std/src/panicking.rs:208:50
[INFO] [stdout]    9:     0x55dddeaa51dc - std::panicking::default_hook::hbea8e3ccf2ba8901
[INFO] [stdout]                                at /rustc/a178d0322ce20e33eac124758e837cbd80a6f633/library/std/src/panicking.rs:222:9
[INFO] [stdout]   10:     0x55dddeaa5d94 - std::panicking::rust_panic_with_hook::h7ee9e1a2d0f8975a
[INFO] [stdout]                                at /rustc/a178d0322ce20e33eac124758e837cbd80a6f633/library/std/src/panicking.rs:622:17
[INFO] [stdout]   11:     0x55dddeaa5877 - std::panicking::begin_panic_handler::{{closure}}::h8ab3b4491718b2c7
[INFO] [stdout]                                at /rustc/a178d0322ce20e33eac124758e837cbd80a6f633/library/std/src/panicking.rs:519:13
[INFO] [stdout]   12:     0x55dddeaa38ac - std::sys_common::backtrace::__rust_end_short_backtrace::hd489062ffa586a9f
[INFO] [stdout]                                at /rustc/a178d0322ce20e33eac124758e837cbd80a6f633/library/std/src/sys_common/backtrace.rs:141:18
[INFO] [stdout]   13:     0x55dddeaa57d9 - rust_begin_unwind
[INFO] [stdout]                                at /rustc/a178d0322ce20e33eac124758e837cbd80a6f633/library/std/src/panicking.rs:515:5
[INFO] [stdout]   14:     0x55ddde83ff9b - std::panicking::begin_panic_fmt::h5479575e112541f8
[INFO] [stdout]                                at /rustc/a178d0322ce20e33eac124758e837cbd80a6f633/library/std/src/panicking.rs:457:5
[INFO] [stdout]   15:     0x55ddde875bd2 - trybuild::run::<impl trybuild::Runner>::run::hac221b48c6944f99
[INFO] [stdout]                                at /opt/rustwide/cargo-home/registry/src/github.com-1ecc6299db9ec823/trybuild-1.0.43/src/run.rs:73:13
[INFO] [stdout]   16:     0x55ddde87a842 - <trybuild::TestCases as core::ops::drop::Drop>::drop::h5a0c808f930c24fb
[INFO] [stdout]                                at /opt/rustwide/cargo-home/registry/src/github.com-1ecc6299db9ec823/trybuild-1.0.43/src/lib.rs:306:13
[INFO] [stdout]   17:     0x55ddde841f77 - core::ptr::drop_in_place<trybuild::TestCases>::h374a7327d1e85339
[INFO] [stdout]                                at /rustc/a178d0322ce20e33eac124758e837cbd80a6f633/library/core/src/ptr/mod.rs:192:1
[INFO] [stdout]   18:     0x55ddde841e35 - template_macro::ui::h63772931aa977c4d
[INFO] [stdout]                                at /opt/rustwide/workdir/tests/template_macro.rs:7:1
[INFO] [stdout]   19:     0x55ddde841dba - template_macro::ui::{{closure}}::h4837def5fe499c8a
[INFO] [stdout]                                at /opt/rustwide/workdir/tests/template_macro.rs:2:1
[INFO] [stdout]   20:     0x55ddde841f1e - core::ops::function::FnOnce::call_once::hd1b2e01966a95b97
[INFO] [stdout]                                at /rustc/a178d0322ce20e33eac124758e837cbd80a6f633/library/core/src/ops/function.rs:227:5
[INFO] [stdout]   21:     0x55dddea78933 - core::ops::function::FnOnce::call_once::h152e7e439ff59e19
[INFO] [stdout]                                at /rustc/a178d0322ce20e33eac124758e837cbd80a6f633/library/core/src/ops/function.rs:227:5
[INFO] [stdout]   22:     0x55dddea78933 - test::__rust_begin_short_backtrace::h0908f3b1fdbb72ab
[INFO] [stdout]                                at /rustc/a178d0322ce20e33eac124758e837cbd80a6f633/library/test/src/lib.rs:577:5
[INFO] [stdout]   23:     0x55dddea773f0 - <alloc::boxed::Box<F,A> as core::ops::function::FnOnce<Args>>::call_once::hf6d2a51e5587546c
[INFO] [stdout]                                at /rustc/a178d0322ce20e33eac124758e837cbd80a6f633/library/alloc/src/boxed.rs:1575:9
[INFO] [stdout]   24:     0x55dddea773f0 - <std::panic::AssertUnwindSafe<F> as core::ops::function::FnOnce<()>>::call_once::h8af660f3a89ef593
[INFO] [stdout]                                at /rustc/a178d0322ce20e33eac124758e837cbd80a6f633/library/std/src/panic.rs:347:9
[INFO] [stdout]   25:     0x55dddea773f0 - std::panicking::try::do_call::hd36aef60f84b6d36
[INFO] [stdout]                                at /rustc/a178d0322ce20e33eac124758e837cbd80a6f633/library/std/src/panicking.rs:401:40
[INFO] [stdout]   26:     0x55dddea773f0 - std::panicking::try::h9932b4480e69817c
[INFO] [stdout]                                at /rustc/a178d0322ce20e33eac124758e837cbd80a6f633/library/std/src/panicking.rs:365:19
[INFO] [stdout]   27:     0x55dddea773f0 - std::panic::catch_unwind::h6aa177099cfff5f8
[INFO] [stdout]                                at /rustc/a178d0322ce20e33eac124758e837cbd80a6f633/library/std/src/panic.rs:434:14
[INFO] [stdout]   28:     0x55dddea773f0 - test::run_test_in_process::h5884d6f2d99e20c3
[INFO] [stdout]                                at /rustc/a178d0322ce20e33eac124758e837cbd80a6f633/library/test/src/lib.rs:600:18
[INFO] [stdout]   29:     0x55dddea773f0 - test::run_test::run_test_inner::{{closure}}::h6fdc58c6d5f5b6e3
[INFO] [stdout]                                at /rustc/a178d0322ce20e33eac124758e837cbd80a6f633/library/test/src/lib.rs:492:39
[INFO] [stdout]   30:     0x55dddea50aa2 - test::run_test::run_test_inner::{{closure}}::h408365d67a78ade8
[INFO] [stdout]                                at /rustc/a178d0322ce20e33eac124758e837cbd80a6f633/library/test/src/lib.rs:519:37
[INFO] [stdout]   31:     0x55dddea50aa2 - std::sys_common::backtrace::__rust_begin_short_backtrace::hb560b77c4f701523
[INFO] [stdout]                                at /rustc/a178d0322ce20e33eac124758e837cbd80a6f633/library/std/src/sys_common/backtrace.rs:125:18
[INFO] [stdout]   32:     0x55dddea54658 - std::thread::Builder::spawn_unchecked::{{closure}}::{{closure}}::hf2e7831dad93c597
[INFO] [stdout]                                at /rustc/a178d0322ce20e33eac124758e837cbd80a6f633/library/std/src/thread/mod.rs:481:17
[INFO] [stdout]   33:     0x55dddea54658 - <std::panic::AssertUnwindSafe<F> as core::ops::function::FnOnce<()>>::call_once::hd2e08783d8be4d02
[INFO] [stdout]                                at /rustc/a178d0322ce20e33eac124758e837cbd80a6f633/library/std/src/panic.rs:347:9
[INFO] [stdout]   34:     0x55dddea54658 - std::panicking::try::do_call::h062597b7acfd6b82
[INFO] [stdout]                                at /rustc/a178d0322ce20e33eac124758e837cbd80a6f633/library/std/src/panicking.rs:401:40
[INFO] [stdout]   35:     0x55dddea54658 - std::panicking::try::h0d7b79db04c14552
[INFO] [stdout]                                at /rustc/a178d0322ce20e33eac124758e837cbd80a6f633/library/std/src/panicking.rs:365:19
[INFO] [stdout]   36:     0x55dddea54658 - std::panic::catch_unwind::hb01a0b5e7c8cd43b
[INFO] [stdout]                                at /rustc/a178d0322ce20e33eac124758e837cbd80a6f633/library/std/src/panic.rs:434:14
[INFO] [stdout]   37:     0x55dddea54658 - std::thread::Builder::spawn_unchecked::{{closure}}::h5bde48cc887e0d1e
[INFO] [stdout]                                at /rustc/a178d0322ce20e33eac124758e837cbd80a6f633/library/std/src/thread/mod.rs:480:30
[INFO] [stdout]   38:     0x55dddea54658 - core::ops::function::FnOnce::call_once{{vtable.shim}}::h745ea30807a29e55
[INFO] [stdout]                                at /rustc/a178d0322ce20e33eac124758e837cbd80a6f633/library/core/src/ops/function.rs:227:5
[INFO] [stdout]   39:     0x55dddeaabd57 - <alloc::boxed::Box<F,A> as core::ops::function::FnOnce<Args>>::call_once::h7ece6cfefaff1005
[INFO] [stdout]                                at /rustc/a178d0322ce20e33eac124758e837cbd80a6f633/library/alloc/src/boxed.rs:1575:9
[INFO] [stdout]   40:     0x55dddeaabd57 - <alloc::boxed::Box<F,A> as core::ops::function::FnOnce<Args>>::call_once::hb8b48e55c21f193e
[INFO] [stdout]                                at /rustc/a178d0322ce20e33eac124758e837cbd80a6f633/library/alloc/src/boxed.rs:1575:9
[INFO] [stdout]   41:     0x55dddeaabd57 - std::sys::unix::thread::Thread::new::thread_start::h8c7c4450dba62914
[INFO] [stdout]                                at /rustc/a178d0322ce20e33eac124758e837cbd80a6f633/library/std/src/sys/unix/thread.rs:71:17
[INFO] [stdout]   42:     0x7f7f9f929609 - start_thread
[INFO] [stdout]   43:     0x7f7f9f6fb293 - clone
[INFO] [stdout]   44:                0x0 - <unknown>
[INFO] [stdout] 
[INFO] [stdout] 
[INFO] [stdout] failures:
[INFO] [stdout]     ui
[INFO] [stdout] 
[INFO] [stdout] test result: FAILED. 0 passed; 1 failed; 0 ignored; 0 measured; 0 filtered out; finished in 31.88s
[INFO] [stdout] 
[INFO] running `Command { std: "docker" "inspect" "944bcae0cbc9421356bf48965fd830d2069afd9d5d758a24fbf43dbbd93d9eab", kill_on_drop: false }`
[INFO] running `Command { std: "docker" "rm" "-f" "944bcae0cbc9421356bf48965fd830d2069afd9d5d758a24fbf43dbbd93d9eab", kill_on_drop: false }`
[INFO] [stdout] 944bcae0cbc9421356bf48965fd830d2069afd9d5d758a24fbf43dbbd93d9eab
