[INFO] fetching crate manaconf 0.2.1...
[INFO] testing manaconf-0.2.1 against beta-2021-08-01 for beta-1.55-1
[INFO] extracting crate manaconf 0.2.1 into /workspace/builds/worker-11/source
[INFO] validating manifest of crates.io crate manaconf 0.2.1 on toolchain beta-2021-08-01
[INFO] running `Command { std: "/workspace/cargo-home/bin/cargo" "+beta-2021-08-01" "metadata" "--manifest-path" "Cargo.toml" "--no-deps", kill_on_drop: false }`
[INFO] started tweaking crates.io crate manaconf 0.2.1
[INFO] finished tweaking crates.io crate manaconf 0.2.1
[INFO] tweaked toml for crates.io crate manaconf 0.2.1 written to /workspace/builds/worker-11/source/Cargo.toml
[INFO] running `Command { std: "/workspace/cargo-home/bin/cargo" "+beta-2021-08-01" "generate-lockfile" "--manifest-path" "Cargo.toml" "-Zno-index-update", kill_on_drop: false }`
[INFO] running `Command { std: "/workspace/cargo-home/bin/cargo" "+beta-2021-08-01" "fetch" "--manifest-path" "Cargo.toml", kill_on_drop: false }`
[INFO] running `Command { std: "docker" "create" "-v" "/var/lib/crater-agent-workspace/builds/worker-11/target:/opt/rustwide/target:rw,Z" "-v" "/var/lib/crater-agent-workspace/builds/worker-11/source:/opt/rustwide/workdir:ro,Z" "-v" "/var/lib/crater-agent-workspace/cargo-home:/opt/rustwide/cargo-home:ro,Z" "-v" "/var/lib/crater-agent-workspace/rustup-home:/opt/rustwide/rustup-home:ro,Z" "-e" "SOURCE_DIR=/opt/rustwide/workdir" "-e" "CARGO_TARGET_DIR=/opt/rustwide/target" "-e" "CARGO_HOME=/opt/rustwide/cargo-home" "-e" "RUSTUP_HOME=/opt/rustwide/rustup-home" "-w" "/opt/rustwide/workdir" "-m" "1610612736" "--user" "0:0" "--network" "none" "ghcr.io/rust-lang/crates-build-env/linux@sha256:34b6a614d2c27851fe6cbf88fbd1137609cefab8b10d0615aaeb6fd47975d74e" "/opt/rustwide/cargo-home/bin/cargo" "+beta-2021-08-01" "metadata" "--no-deps" "--format-version=1", kill_on_drop: false }`
[INFO] [stdout] 626f80ab1bce6d5f901ad903b37bfba281a12da675d58a61d12aee19d81aa282
[INFO] [stderr] WARNING: Your kernel does not support swap limit capabilities or the cgroup is not mounted. Memory limited without swap.
[INFO] running `Command { std: "docker" "start" "-a" "626f80ab1bce6d5f901ad903b37bfba281a12da675d58a61d12aee19d81aa282", kill_on_drop: false }`
[INFO] running `Command { std: "docker" "inspect" "626f80ab1bce6d5f901ad903b37bfba281a12da675d58a61d12aee19d81aa282", kill_on_drop: false }`
[INFO] running `Command { std: "docker" "rm" "-f" "626f80ab1bce6d5f901ad903b37bfba281a12da675d58a61d12aee19d81aa282", kill_on_drop: false }`
[INFO] [stdout] 626f80ab1bce6d5f901ad903b37bfba281a12da675d58a61d12aee19d81aa282
[INFO] running `Command { std: "docker" "create" "-v" "/var/lib/crater-agent-workspace/builds/worker-11/target:/opt/rustwide/target:rw,Z" "-v" "/var/lib/crater-agent-workspace/builds/worker-11/source:/opt/rustwide/workdir:ro,Z" "-v" "/var/lib/crater-agent-workspace/cargo-home:/opt/rustwide/cargo-home:ro,Z" "-v" "/var/lib/crater-agent-workspace/rustup-home:/opt/rustwide/rustup-home:ro,Z" "-e" "SOURCE_DIR=/opt/rustwide/workdir" "-e" "CARGO_TARGET_DIR=/opt/rustwide/target" "-e" "CARGO_INCREMENTAL=0" "-e" "RUST_BACKTRACE=full" "-e" "RUSTFLAGS=--cap-lints=warn" "-e" "CARGO_HOME=/opt/rustwide/cargo-home" "-e" "RUSTUP_HOME=/opt/rustwide/rustup-home" "-w" "/opt/rustwide/workdir" "-m" "1610612736" "--user" "0:0" "--network" "none" "ghcr.io/rust-lang/crates-build-env/linux@sha256:34b6a614d2c27851fe6cbf88fbd1137609cefab8b10d0615aaeb6fd47975d74e" "/opt/rustwide/cargo-home/bin/cargo" "+beta-2021-08-01" "build" "--frozen" "--message-format=json", kill_on_drop: false }`
[INFO] [stderr] WARNING: Your kernel does not support swap limit capabilities or the cgroup is not mounted. Memory limited without swap.
[INFO] [stdout] faec97d412d43d83c81d1b6130c1285b4f4720cd412ceb2cb94dcc0ea9eb9e5a
[INFO] running `Command { std: "docker" "start" "-a" "faec97d412d43d83c81d1b6130c1285b4f4720cd412ceb2cb94dcc0ea9eb9e5a", kill_on_drop: false }`
[INFO] [stderr]    Compiling manaconf v0.2.1 (/opt/rustwide/workdir)
[INFO] [stderr]     Finished dev [unoptimized + debuginfo] target(s) in 1.43s
[INFO] running `Command { std: "docker" "inspect" "faec97d412d43d83c81d1b6130c1285b4f4720cd412ceb2cb94dcc0ea9eb9e5a", kill_on_drop: false }`
[INFO] running `Command { std: "docker" "rm" "-f" "faec97d412d43d83c81d1b6130c1285b4f4720cd412ceb2cb94dcc0ea9eb9e5a", kill_on_drop: false }`
[INFO] [stdout] faec97d412d43d83c81d1b6130c1285b4f4720cd412ceb2cb94dcc0ea9eb9e5a
[INFO] running `Command { std: "docker" "create" "-v" "/var/lib/crater-agent-workspace/builds/worker-11/target:/opt/rustwide/target:rw,Z" "-v" "/var/lib/crater-agent-workspace/builds/worker-11/source:/opt/rustwide/workdir:ro,Z" "-v" "/var/lib/crater-agent-workspace/cargo-home:/opt/rustwide/cargo-home:ro,Z" "-v" "/var/lib/crater-agent-workspace/rustup-home:/opt/rustwide/rustup-home:ro,Z" "-e" "SOURCE_DIR=/opt/rustwide/workdir" "-e" "CARGO_TARGET_DIR=/opt/rustwide/target" "-e" "CARGO_INCREMENTAL=0" "-e" "RUST_BACKTRACE=full" "-e" "RUSTFLAGS=--cap-lints=warn" "-e" "CARGO_HOME=/opt/rustwide/cargo-home" "-e" "RUSTUP_HOME=/opt/rustwide/rustup-home" "-w" "/opt/rustwide/workdir" "-m" "1610612736" "--user" "0:0" "--network" "none" "ghcr.io/rust-lang/crates-build-env/linux@sha256:34b6a614d2c27851fe6cbf88fbd1137609cefab8b10d0615aaeb6fd47975d74e" "/opt/rustwide/cargo-home/bin/cargo" "+beta-2021-08-01" "test" "--frozen" "--no-run" "--message-format=json", kill_on_drop: false }`
[INFO] [stdout] 435661a669dbcd1d0dfdedf0aaa419d4173c0fc09d341fe9ff88194acfc3922e
[INFO] [stderr] WARNING: Your kernel does not support swap limit capabilities or the cgroup is not mounted. Memory limited without swap.
[INFO] running `Command { std: "docker" "start" "-a" "435661a669dbcd1d0dfdedf0aaa419d4173c0fc09d341fe9ff88194acfc3922e", kill_on_drop: false }`
[INFO] [stderr]    Compiling manaconf v0.2.1 (/opt/rustwide/workdir)
[INFO] [stderr]     Finished test [unoptimized + debuginfo] target(s) in 1.38s
[INFO] running `Command { std: "docker" "inspect" "435661a669dbcd1d0dfdedf0aaa419d4173c0fc09d341fe9ff88194acfc3922e", kill_on_drop: false }`
[INFO] running `Command { std: "docker" "rm" "-f" "435661a669dbcd1d0dfdedf0aaa419d4173c0fc09d341fe9ff88194acfc3922e", kill_on_drop: false }`
[INFO] [stdout] 435661a669dbcd1d0dfdedf0aaa419d4173c0fc09d341fe9ff88194acfc3922e
[INFO] running `Command { std: "docker" "create" "-v" "/var/lib/crater-agent-workspace/builds/worker-11/target:/opt/rustwide/target:rw,Z" "-v" "/var/lib/crater-agent-workspace/builds/worker-11/source:/opt/rustwide/workdir:ro,Z" "-v" "/var/lib/crater-agent-workspace/cargo-home:/opt/rustwide/cargo-home:ro,Z" "-v" "/var/lib/crater-agent-workspace/rustup-home:/opt/rustwide/rustup-home:ro,Z" "-e" "SOURCE_DIR=/opt/rustwide/workdir" "-e" "CARGO_TARGET_DIR=/opt/rustwide/target" "-e" "CARGO_INCREMENTAL=0" "-e" "RUST_BACKTRACE=full" "-e" "RUSTFLAGS=--cap-lints=warn" "-e" "CARGO_HOME=/opt/rustwide/cargo-home" "-e" "RUSTUP_HOME=/opt/rustwide/rustup-home" "-w" "/opt/rustwide/workdir" "-m" "1610612736" "--user" "0:0" "--network" "none" "ghcr.io/rust-lang/crates-build-env/linux@sha256:34b6a614d2c27851fe6cbf88fbd1137609cefab8b10d0615aaeb6fd47975d74e" "/opt/rustwide/cargo-home/bin/cargo" "+beta-2021-08-01" "test" "--frozen", kill_on_drop: false }`
[INFO] [stdout] 824d15c4ef1f9779871f7c2a895907ee0e51573562824e207ec509a19158c0bb
[INFO] [stderr] WARNING: Your kernel does not support swap limit capabilities or the cgroup is not mounted. Memory limited without swap.
[INFO] running `Command { std: "docker" "start" "-a" "824d15c4ef1f9779871f7c2a895907ee0e51573562824e207ec509a19158c0bb", kill_on_drop: false }`
[INFO] [stderr]     Finished test [unoptimized + debuginfo] target(s) in 0.01s
[INFO] [stderr]      Running unittests (/opt/rustwide/target/debug/deps/manaconf-a1b9a3e731f5fe88)
[INFO] [stdout] 
[INFO] [stderr]    Doc-tests manaconf
[INFO] [stdout] running 2 tests
[INFO] [stdout] test key::tests::keybuf_to_key ... ok
[INFO] [stdout] test key::tests::test_creating_key ... ok
[INFO] [stdout] 
[INFO] [stdout] test result: ok. 2 passed; 0 failed; 0 ignored; 0 measured; 0 filtered out; finished in 0.01s
[INFO] [stdout] 
[INFO] [stdout] 
[INFO] [stdout] running 3 tests
[INFO] [stdout] test src/key.rs - key::KeyBuf::push (line 186) ... FAILED
[INFO] [stdout] test src/lib.rs - Section::section (line 140) ... FAILED
[INFO] [stdout] test src/lib.rs - Section (line 124) ... FAILED
[INFO] [stdout] 
[INFO] [stdout] failures:
[INFO] [stdout] 
[INFO] [stdout] ---- src/key.rs - key::KeyBuf::push (line 186) stdout ----
[INFO] [stdout] error[E0433]: failed to resolve: use of undeclared type `KeyBuf`
[INFO] [stdout]  --> src/key.rs:187:15
[INFO] [stdout]   |
[INFO] [stdout] 3 | let mut buf = KeyBuf::new();
[INFO] [stdout]   |               ^^^^^^ not found in this scope
[INFO] [stdout]   |
[INFO] [stdout] help: consider importing this struct
[INFO] [stdout]   |
[INFO] [stdout] 2 | use manaconf::KeyBuf;
[INFO] [stdout]   |
[INFO] [stdout] 
[INFO] [stdout] error[E0433]: failed to resolve: use of undeclared type `Key`
[INFO] [stdout]  --> src/key.rs:191:10
[INFO] [stdout]   |
[INFO] [stdout] 7 | buf.push(Key::new("database::host"));
[INFO] [stdout]   |          ^^^ not found in this scope
[INFO] [stdout]   |
[INFO] [stdout] help: consider importing this struct
[INFO] [stdout]   |
[INFO] [stdout] 2 | use manaconf::Key;
[INFO] [stdout]   |
[INFO] [stdout] 
[INFO] [stdout] error: aborting due to 2 previous errors
[INFO] [stdout] 
[INFO] [stdout] For more information about this error, try `rustc --explain E0433`.
[INFO] [stdout] Couldn't compile the test.
[INFO] [stdout] ---- src/lib.rs - Section::section (line 140) stdout ----
[INFO] [stdout] error[E0425]: cannot find value `config` in this scope
[INFO] [stdout]  --> src/lib.rs:141:15
[INFO] [stdout]   |
[INFO] [stdout] 3 | let section = config.section("first");
[INFO] [stdout]   |               ^^^^^^ not found in this scope
[INFO] [stdout] 
[INFO] [stdout] error: aborting due to previous error
[INFO] [stdout] 
[INFO] [stdout] For more information about this error, try `rustc --explain E0425`.
[INFO] [stdout] Couldn't compile the test.
[INFO] [stdout] ---- src/lib.rs - Section (line 124) stdout ----
[INFO] [stdout] error[E0425]: cannot find value `config` in this scope
[INFO] [stdout]  --> src/lib.rs:125:15
[INFO] [stdout]   |
[INFO] [stdout] 3 | let section = config.section("My::Config::Section");
[INFO] [stdout]   |               ^^^^^^ not found in this scope
[INFO] [stdout] 
[INFO] [stdout] error: aborting due to previous error
[INFO] [stdout] 
[INFO] [stdout] For more information about this error, try `rustc --explain E0425`.
[INFO] [stdout] Couldn't compile the test.
[INFO] [stdout] 
[INFO] [stdout] failures:
[INFO] [stdout]     src/key.rs - key::KeyBuf::push (line 186)
[INFO] [stdout]     src/lib.rs - Section (line 124)
[INFO] [stdout]     src/lib.rs - Section::section (line 140)
[INFO] [stdout] 
[INFO] [stdout] test result: FAILED. 0 passed; 3 failed; 0 ignored; 0 measured; 0 filtered out; finished in 0.28s
[INFO] [stdout] 
[INFO] [stderr] error: test failed, to rerun pass '--doc'
[INFO] running `Command { std: "docker" "inspect" "824d15c4ef1f9779871f7c2a895907ee0e51573562824e207ec509a19158c0bb", kill_on_drop: false }`
[INFO] running `Command { std: "docker" "rm" "-f" "824d15c4ef1f9779871f7c2a895907ee0e51573562824e207ec509a19158c0bb", kill_on_drop: false }`
[INFO] [stdout] 824d15c4ef1f9779871f7c2a895907ee0e51573562824e207ec509a19158c0bb
