[INFO] fetching crate magnet_rs 0.1.0...
[INFO] testing magnet_rs-0.1.0 against beta-2021-08-01 for beta-1.55-1
[INFO] extracting crate magnet_rs 0.1.0 into /workspace/builds/worker-10/source
[INFO] validating manifest of crates.io crate magnet_rs 0.1.0 on toolchain beta-2021-08-01
[INFO] running `Command { std: "/workspace/cargo-home/bin/cargo" "+beta-2021-08-01" "metadata" "--manifest-path" "Cargo.toml" "--no-deps", kill_on_drop: false }`
[INFO] removed /workspace/builds/worker-10/source/.cargo/config
[INFO] started tweaking crates.io crate magnet_rs 0.1.0
[INFO] finished tweaking crates.io crate magnet_rs 0.1.0
[INFO] tweaked toml for crates.io crate magnet_rs 0.1.0 written to /workspace/builds/worker-10/source/Cargo.toml
[INFO] crate crates.io crate magnet_rs 0.1.0 already has a lockfile, it will not be regenerated
[INFO] running `Command { std: "/workspace/cargo-home/bin/cargo" "+beta-2021-08-01" "fetch" "--manifest-path" "Cargo.toml", kill_on_drop: false }`
[INFO] running `Command { std: "docker" "create" "-v" "/var/lib/crater-agent-workspace/builds/worker-10/target:/opt/rustwide/target:rw,Z" "-v" "/var/lib/crater-agent-workspace/builds/worker-10/source:/opt/rustwide/workdir:ro,Z" "-v" "/var/lib/crater-agent-workspace/cargo-home:/opt/rustwide/cargo-home:ro,Z" "-v" "/var/lib/crater-agent-workspace/rustup-home:/opt/rustwide/rustup-home:ro,Z" "-e" "SOURCE_DIR=/opt/rustwide/workdir" "-e" "CARGO_TARGET_DIR=/opt/rustwide/target" "-e" "CARGO_HOME=/opt/rustwide/cargo-home" "-e" "RUSTUP_HOME=/opt/rustwide/rustup-home" "-w" "/opt/rustwide/workdir" "-m" "1610612736" "--user" "0:0" "--network" "none" "ghcr.io/rust-lang/crates-build-env/linux@sha256:34b6a614d2c27851fe6cbf88fbd1137609cefab8b10d0615aaeb6fd47975d74e" "/opt/rustwide/cargo-home/bin/cargo" "+beta-2021-08-01" "metadata" "--no-deps" "--format-version=1", kill_on_drop: false }`
[INFO] [stderr] WARNING: Your kernel does not support swap limit capabilities or the cgroup is not mounted. Memory limited without swap.
[INFO] [stdout] 1494ed115055ba4fe1d32af2e66f6eb3cb2a4dba9d87f7ae386811b925a7846c
[INFO] running `Command { std: "docker" "start" "-a" "1494ed115055ba4fe1d32af2e66f6eb3cb2a4dba9d87f7ae386811b925a7846c", kill_on_drop: false }`
[INFO] running `Command { std: "docker" "inspect" "1494ed115055ba4fe1d32af2e66f6eb3cb2a4dba9d87f7ae386811b925a7846c", kill_on_drop: false }`
[INFO] running `Command { std: "docker" "rm" "-f" "1494ed115055ba4fe1d32af2e66f6eb3cb2a4dba9d87f7ae386811b925a7846c", kill_on_drop: false }`
[INFO] [stdout] 1494ed115055ba4fe1d32af2e66f6eb3cb2a4dba9d87f7ae386811b925a7846c
[INFO] running `Command { std: "docker" "create" "-v" "/var/lib/crater-agent-workspace/builds/worker-10/target:/opt/rustwide/target:rw,Z" "-v" "/var/lib/crater-agent-workspace/builds/worker-10/source:/opt/rustwide/workdir:ro,Z" "-v" "/var/lib/crater-agent-workspace/cargo-home:/opt/rustwide/cargo-home:ro,Z" "-v" "/var/lib/crater-agent-workspace/rustup-home:/opt/rustwide/rustup-home:ro,Z" "-e" "SOURCE_DIR=/opt/rustwide/workdir" "-e" "CARGO_TARGET_DIR=/opt/rustwide/target" "-e" "CARGO_INCREMENTAL=0" "-e" "RUST_BACKTRACE=full" "-e" "RUSTFLAGS=--cap-lints=warn" "-e" "CARGO_HOME=/opt/rustwide/cargo-home" "-e" "RUSTUP_HOME=/opt/rustwide/rustup-home" "-w" "/opt/rustwide/workdir" "-m" "1610612736" "--user" "0:0" "--network" "none" "ghcr.io/rust-lang/crates-build-env/linux@sha256:34b6a614d2c27851fe6cbf88fbd1137609cefab8b10d0615aaeb6fd47975d74e" "/opt/rustwide/cargo-home/bin/cargo" "+beta-2021-08-01" "build" "--frozen" "--message-format=json", kill_on_drop: false }`
[INFO] [stdout] 5e87786df247d672823a51c008caa37803dc9ca96247c559431a0872725f735d
[INFO] [stderr] WARNING: Your kernel does not support swap limit capabilities or the cgroup is not mounted. Memory limited without swap.
[INFO] running `Command { std: "docker" "start" "-a" "5e87786df247d672823a51c008caa37803dc9ca96247c559431a0872725f735d", kill_on_drop: false }`
[INFO] [stderr]    Compiling magnet_rs v0.1.0 (/opt/rustwide/workdir)
[INFO] [stderr]     Finished dev [unoptimized + debuginfo] target(s) in 1.93s
[INFO] running `Command { std: "docker" "inspect" "5e87786df247d672823a51c008caa37803dc9ca96247c559431a0872725f735d", kill_on_drop: false }`
[INFO] running `Command { std: "docker" "rm" "-f" "5e87786df247d672823a51c008caa37803dc9ca96247c559431a0872725f735d", kill_on_drop: false }`
[INFO] [stdout] 5e87786df247d672823a51c008caa37803dc9ca96247c559431a0872725f735d
[INFO] running `Command { std: "docker" "create" "-v" "/var/lib/crater-agent-workspace/builds/worker-10/target:/opt/rustwide/target:rw,Z" "-v" "/var/lib/crater-agent-workspace/builds/worker-10/source:/opt/rustwide/workdir:ro,Z" "-v" "/var/lib/crater-agent-workspace/cargo-home:/opt/rustwide/cargo-home:ro,Z" "-v" "/var/lib/crater-agent-workspace/rustup-home:/opt/rustwide/rustup-home:ro,Z" "-e" "SOURCE_DIR=/opt/rustwide/workdir" "-e" "CARGO_TARGET_DIR=/opt/rustwide/target" "-e" "CARGO_INCREMENTAL=0" "-e" "RUST_BACKTRACE=full" "-e" "RUSTFLAGS=--cap-lints=warn" "-e" "CARGO_HOME=/opt/rustwide/cargo-home" "-e" "RUSTUP_HOME=/opt/rustwide/rustup-home" "-w" "/opt/rustwide/workdir" "-m" "1610612736" "--user" "0:0" "--network" "none" "ghcr.io/rust-lang/crates-build-env/linux@sha256:34b6a614d2c27851fe6cbf88fbd1137609cefab8b10d0615aaeb6fd47975d74e" "/opt/rustwide/cargo-home/bin/cargo" "+beta-2021-08-01" "test" "--frozen" "--no-run" "--message-format=json", kill_on_drop: false }`
[INFO] [stdout] 1ae4ca785076d3821cae3eb3874866a54e92be8de9c33f789f478a8cd3cf1a40
[INFO] [stderr] WARNING: Your kernel does not support swap limit capabilities or the cgroup is not mounted. Memory limited without swap.
[INFO] running `Command { std: "docker" "start" "-a" "1ae4ca785076d3821cae3eb3874866a54e92be8de9c33f789f478a8cd3cf1a40", kill_on_drop: false }`
[INFO] [stderr]    Compiling magnet_rs v0.1.0 (/opt/rustwide/workdir)
[INFO] [stderr]     Finished test [unoptimized + debuginfo] target(s) in 1.77s
[INFO] running `Command { std: "docker" "inspect" "1ae4ca785076d3821cae3eb3874866a54e92be8de9c33f789f478a8cd3cf1a40", kill_on_drop: false }`
[INFO] running `Command { std: "docker" "rm" "-f" "1ae4ca785076d3821cae3eb3874866a54e92be8de9c33f789f478a8cd3cf1a40", kill_on_drop: false }`
[INFO] [stdout] 1ae4ca785076d3821cae3eb3874866a54e92be8de9c33f789f478a8cd3cf1a40
[INFO] running `Command { std: "docker" "create" "-v" "/var/lib/crater-agent-workspace/builds/worker-10/target:/opt/rustwide/target:rw,Z" "-v" "/var/lib/crater-agent-workspace/builds/worker-10/source:/opt/rustwide/workdir:ro,Z" "-v" "/var/lib/crater-agent-workspace/cargo-home:/opt/rustwide/cargo-home:ro,Z" "-v" "/var/lib/crater-agent-workspace/rustup-home:/opt/rustwide/rustup-home:ro,Z" "-e" "SOURCE_DIR=/opt/rustwide/workdir" "-e" "CARGO_TARGET_DIR=/opt/rustwide/target" "-e" "CARGO_INCREMENTAL=0" "-e" "RUST_BACKTRACE=full" "-e" "RUSTFLAGS=--cap-lints=warn" "-e" "CARGO_HOME=/opt/rustwide/cargo-home" "-e" "RUSTUP_HOME=/opt/rustwide/rustup-home" "-w" "/opt/rustwide/workdir" "-m" "1610612736" "--user" "0:0" "--network" "none" "ghcr.io/rust-lang/crates-build-env/linux@sha256:34b6a614d2c27851fe6cbf88fbd1137609cefab8b10d0615aaeb6fd47975d74e" "/opt/rustwide/cargo-home/bin/cargo" "+beta-2021-08-01" "test" "--frozen", kill_on_drop: false }`
[INFO] [stdout] 730c0656885783d06aed07bfb73858b7f53eeed452aaa35469dfe1f2576dc497
[INFO] [stderr] WARNING: Your kernel does not support swap limit capabilities or the cgroup is not mounted. Memory limited without swap.
[INFO] running `Command { std: "docker" "start" "-a" "730c0656885783d06aed07bfb73858b7f53eeed452aaa35469dfe1f2576dc497", kill_on_drop: false }`
[INFO] [stdout] 
[INFO] [stderr]     Finished test [unoptimized + debuginfo] target(s) in 0.02s
[INFO] [stdout] running 26 tests
[INFO] [stderr]      Running unittests (/opt/rustwide/target/debug/deps/magnet_rs-bd29742b37344ae7)
[INFO] [stdout] test utils::points2::tests::distance_from_point_test ... ok
[INFO] [stdout] test utils::points2::tests::magnitude_point ... ok
[INFO] [stdout] test utils::points2::tests::div_points ... ok
[INFO] [stdout] test utils::points2::tests::mul_points ... ok
[INFO] [stdout] test utils::points2::tests::neg_point ... ok
[INFO] [stdout] test utils::points2::tests::round_point ... ok
[INFO] [stdout] test utils::points2::tests::scale_point ... ok
[INFO] [stdout] test utils::points2::tests::sub_points ... ok
[INFO] [stdout] test utils::points2::tests::sum_points ... ok
[INFO] [stdout] test utils::points2::tests::unit_magnitude_squared ... ok
[INFO] [stdout] test utils::points2::tests::unit_vector ... ok
[INFO] [stdout] test utils::points3::tests::distance_from_origin_point ... ok
[INFO] [stdout] test utils::points3::tests::distance_from_point_test ... ok
[INFO] [stdout] test utils::points3::tests::div_points ... ok
[INFO] [stdout] test utils::points3::tests::round_point ... ok
[INFO] [stdout] test utils::points3::tests::neg_point ... ok
[INFO] [stdout] test utils::points2::tests::distance_from_origin_point ... ok
[INFO] [stdout] test utils::points2::tests::dot_product ... ok
[INFO] [stdout] test utils::points3::tests::unit_vector ... ok
[INFO] [stdout] test utils::points3::tests::unit_magnitude_squared ... ok
[INFO] [stderr]      Running unittests (/opt/rustwide/target/debug/deps/magnet_rs-90b661db0c8e4e07)
[INFO] [stdout] test utils::points3::tests::dot_product ... ok
[INFO] [stdout] test utils::points3::tests::scale_point ... ok
[INFO] [stdout] test utils::points3::tests::sum_points ... ok
[INFO] [stdout] test utils::points3::tests::mul_points ... ok
[INFO] [stdout] test utils::points3::tests::sub_points ... ok
[INFO] [stdout] test utils::points3::tests::magnitude_point ... ok
[INFO] [stdout] 
[INFO] [stdout] test result: ok. 26 passed; 0 failed; 0 ignored; 0 measured; 0 filtered out; finished in 0.01s
[INFO] [stdout] 
[INFO] [stdout] 
[INFO] [stdout] running 0 tests
[INFO] [stdout] 
[INFO] [stdout] test result: ok. 0 passed; 0 failed; 0 ignored; 0 measured; 0 filtered out; finished in 0.00s
[INFO] [stdout] 
[INFO] [stderr]    Doc-tests magnet_rs
[INFO] [stdout] 
[INFO] [stdout] running 2 tests
[INFO] [stdout] test src/magnets/burlisch.rs - magnets::burlisch::cel (line 35) ... FAILED
[INFO] [stdout] test src/magnets/sheets.rs - magnets::sheets::Rectangle::width (line 27) ... FAILED
[INFO] [stdout] 
[INFO] [stdout] failures:
[INFO] [stdout] 
[INFO] [stdout] ---- src/magnets/burlisch.rs - magnets::burlisch::cel (line 35) stdout ----
[INFO] [stdout] error[E0433]: failed to resolve: use of undeclared crate or module `magma`
[INFO] [stdout]  --> src/magnets/burlisch.rs:36:5
[INFO] [stdout]   |
[INFO] [stdout] 3 | use magma::magnets::burlisch::cel;
[INFO] [stdout]   |     ^^^^^ use of undeclared crate or module `magma`
[INFO] [stdout] 
[INFO] [stdout] error[E0425]: cannot find function `cel` in this scope
[INFO] [stdout]  --> src/magnets/burlisch.rs:37:12
[INFO] [stdout]   |
[INFO] [stdout] 4 | assert_eq!(cel(1.0, 1.0, 1.0, 1.0), std::f64::consts::FRAC_PI_2);
[INFO] [stdout]   |            ^^^ not found in this scope
[INFO] [stdout]   |
[INFO] [stdout] help: consider importing this function
[INFO] [stdout]   |
[INFO] [stdout] 2 | use magnet_rs::magnets::burlisch::cel;
[INFO] [stdout]   |
[INFO] [stdout] 
[INFO] [stdout] error: aborting due to 2 previous errors
[INFO] [stdout] 
[INFO] [stdout] Some errors have detailed explanations: E0425, E0433.
[INFO] [stdout] For more information about an error, try `rustc --explain E0425`.
[INFO] [stdout] Couldn't compile the test.
[INFO] [stdout] ---- src/magnets/sheets.rs - magnets::sheets::Rectangle::width (line 27) stdout ----
[INFO] [stdout] error[E0433]: failed to resolve: use of undeclared crate or module `magma`
[INFO] [stdout]  --> src/magnets/sheets.rs:28:5
[INFO] [stdout]   |
[INFO] [stdout] 3 | use magma::magnets::sheets::Rectangle;
[INFO] [stdout]   |     ^^^^^ use of undeclared crate or module `magma`
[INFO] [stdout] 
[INFO] [stdout] error[E0433]: failed to resolve: use of undeclared type `Rectangle`
[INFO] [stdout]  --> src/magnets/sheets.rs:29:16
[INFO] [stdout]   |
[INFO] [stdout] 4 | let magnet_1 = Rectangle::default();
[INFO] [stdout]   |                ^^^^^^^^^ not found in this scope
[INFO] [stdout]   |
[INFO] [stdout] help: consider importing this struct
[INFO] [stdout]   |
[INFO] [stdout] 2 | use magnet_rs::magnets::sheets::Rectangle;
[INFO] [stdout]   |
[INFO] [stdout] 
[INFO] [stdout] error[E0433]: failed to resolve: use of undeclared type `Rectangle`
[INFO] [stdout]  --> src/magnets/sheets.rs:31:16
[INFO] [stdout]   |
[INFO] [stdout] 6 | let magnet_2 = Rectangle::new(1.0, 1.0, (0.0, -1.0 / 2.0), 0.0, 1.0, 90);
[INFO] [stdout]   |                ^^^^^^^^^ not found in this scope
[INFO] [stdout]   |
[INFO] [stdout] help: consider importing this struct
[INFO] [stdout]   |
[INFO] [stdout] 2 | use magnet_rs::magnets::sheets::Rectangle;
[INFO] [stdout]   |
[INFO] [stdout] 
[INFO] [stdout] error: aborting due to 3 previous errors
[INFO] [stdout] 
[INFO] [stdout] For more information about this error, try `rustc --explain E0433`.
[INFO] [stdout] Couldn't compile the test.
[INFO] [stdout] 
[INFO] [stdout] failures:
[INFO] [stdout]     src/magnets/burlisch.rs - magnets::burlisch::cel (line 35)
[INFO] [stdout]     src/magnets/sheets.rs - magnets::sheets::Rectangle::width (line 27)
[INFO] [stdout] 
[INFO] [stdout] test result: FAILED. 0 passed; 2 failed; 0 ignored; 0 measured; 0 filtered out; finished in 0.26s
[INFO] [stdout] 
[INFO] [stderr] error: test failed, to rerun pass '--doc'
[INFO] running `Command { std: "docker" "inspect" "730c0656885783d06aed07bfb73858b7f53eeed452aaa35469dfe1f2576dc497", kill_on_drop: false }`
[INFO] running `Command { std: "docker" "rm" "-f" "730c0656885783d06aed07bfb73858b7f53eeed452aaa35469dfe1f2576dc497", kill_on_drop: false }`
[INFO] [stdout] 730c0656885783d06aed07bfb73858b7f53eeed452aaa35469dfe1f2576dc497
