[INFO] fetching crate machinery 0.10.3...
[INFO] testing machinery-0.10.3 against beta-2021-08-01 for beta-1.55-1
[INFO] extracting crate machinery 0.10.3 into /workspace/builds/worker-1/source
[INFO] validating manifest of crates.io crate machinery 0.10.3 on toolchain beta-2021-08-01
[INFO] running `Command { std: "/workspace/cargo-home/bin/cargo" "+beta-2021-08-01" "metadata" "--manifest-path" "Cargo.toml" "--no-deps", kill_on_drop: false }`
[INFO] started tweaking crates.io crate machinery 0.10.3
[INFO] finished tweaking crates.io crate machinery 0.10.3
[INFO] tweaked toml for crates.io crate machinery 0.10.3 written to /workspace/builds/worker-1/source/Cargo.toml
[INFO] running `Command { std: "/workspace/cargo-home/bin/cargo" "+beta-2021-08-01" "generate-lockfile" "--manifest-path" "Cargo.toml" "-Zno-index-update", kill_on_drop: false }`
[INFO] running `Command { std: "/workspace/cargo-home/bin/cargo" "+beta-2021-08-01" "fetch" "--manifest-path" "Cargo.toml", kill_on_drop: false }`
[INFO] [stderr]  Downloading crates ...
[INFO] [stderr]   Downloaded machinery-macros v0.5.1
[INFO] [stderr]   Downloaded machinery-api v0.3.1
[INFO] running `Command { std: "docker" "create" "-v" "/var/lib/crater-agent-workspace/builds/worker-1/target:/opt/rustwide/target:rw,Z" "-v" "/var/lib/crater-agent-workspace/builds/worker-1/source:/opt/rustwide/workdir:ro,Z" "-v" "/var/lib/crater-agent-workspace/cargo-home:/opt/rustwide/cargo-home:ro,Z" "-v" "/var/lib/crater-agent-workspace/rustup-home:/opt/rustwide/rustup-home:ro,Z" "-e" "SOURCE_DIR=/opt/rustwide/workdir" "-e" "CARGO_TARGET_DIR=/opt/rustwide/target" "-e" "CARGO_HOME=/opt/rustwide/cargo-home" "-e" "RUSTUP_HOME=/opt/rustwide/rustup-home" "-w" "/opt/rustwide/workdir" "-m" "1610612736" "--user" "0:0" "--network" "none" "ghcr.io/rust-lang/crates-build-env/linux@sha256:34b6a614d2c27851fe6cbf88fbd1137609cefab8b10d0615aaeb6fd47975d74e" "/opt/rustwide/cargo-home/bin/cargo" "+beta-2021-08-01" "metadata" "--no-deps" "--format-version=1", kill_on_drop: false }`
[INFO] [stdout] 86e7a4855d68715f632903f67a68c5cf46f272892382aab5a91fb69a94432204
[INFO] [stderr] WARNING: Your kernel does not support swap limit capabilities or the cgroup is not mounted. Memory limited without swap.
[INFO] running `Command { std: "docker" "start" "-a" "86e7a4855d68715f632903f67a68c5cf46f272892382aab5a91fb69a94432204", kill_on_drop: false }`
[INFO] running `Command { std: "docker" "inspect" "86e7a4855d68715f632903f67a68c5cf46f272892382aab5a91fb69a94432204", kill_on_drop: false }`
[INFO] running `Command { std: "docker" "rm" "-f" "86e7a4855d68715f632903f67a68c5cf46f272892382aab5a91fb69a94432204", kill_on_drop: false }`
[INFO] [stdout] 86e7a4855d68715f632903f67a68c5cf46f272892382aab5a91fb69a94432204
[INFO] running `Command { std: "docker" "create" "-v" "/var/lib/crater-agent-workspace/builds/worker-1/target:/opt/rustwide/target:rw,Z" "-v" "/var/lib/crater-agent-workspace/builds/worker-1/source:/opt/rustwide/workdir:ro,Z" "-v" "/var/lib/crater-agent-workspace/cargo-home:/opt/rustwide/cargo-home:ro,Z" "-v" "/var/lib/crater-agent-workspace/rustup-home:/opt/rustwide/rustup-home:ro,Z" "-e" "SOURCE_DIR=/opt/rustwide/workdir" "-e" "CARGO_TARGET_DIR=/opt/rustwide/target" "-e" "CARGO_INCREMENTAL=0" "-e" "RUST_BACKTRACE=full" "-e" "RUSTFLAGS=--cap-lints=warn" "-e" "CARGO_HOME=/opt/rustwide/cargo-home" "-e" "RUSTUP_HOME=/opt/rustwide/rustup-home" "-w" "/opt/rustwide/workdir" "-m" "1610612736" "--user" "0:0" "--network" "none" "ghcr.io/rust-lang/crates-build-env/linux@sha256:34b6a614d2c27851fe6cbf88fbd1137609cefab8b10d0615aaeb6fd47975d74e" "/opt/rustwide/cargo-home/bin/cargo" "+beta-2021-08-01" "build" "--frozen" "--message-format=json", kill_on_drop: false }`
[INFO] [stdout] e4712ce12d1a97c43e9a91ca1f0263761feb1d8217883bd2e754ea7e2a12a096
[INFO] [stderr] WARNING: Your kernel does not support swap limit capabilities or the cgroup is not mounted. Memory limited without swap.
[INFO] running `Command { std: "docker" "start" "-a" "e4712ce12d1a97c43e9a91ca1f0263761feb1d8217883bd2e754ea7e2a12a096", kill_on_drop: false }`
[INFO] [stderr]     Blocking waiting for file lock on package cache
[INFO] [stderr]     Blocking waiting for file lock on package cache
[INFO] [stderr]    Compiling syn v1.0.74
[INFO] [stderr]    Compiling const-cstr v0.3.0
[INFO] [stderr]    Compiling rand v0.4.6
[INFO] [stderr]    Compiling machinery-api v0.3.1
[INFO] [stderr]    Compiling rand v0.3.23
[INFO] [stderr]    Compiling murmurhash64 v0.3.1
[INFO] [stderr]    Compiling tracing-attributes v0.1.15
[INFO] [stderr]    Compiling machinery-macros v0.5.1
[INFO] [stderr]    Compiling tracing v0.1.26
[INFO] [stderr]    Compiling machinery v0.10.3 (/opt/rustwide/workdir)
[INFO] [stderr]     Finished dev [unoptimized + debuginfo] target(s) in 26.94s
[INFO] running `Command { std: "docker" "inspect" "e4712ce12d1a97c43e9a91ca1f0263761feb1d8217883bd2e754ea7e2a12a096", kill_on_drop: false }`
[INFO] running `Command { std: "docker" "rm" "-f" "e4712ce12d1a97c43e9a91ca1f0263761feb1d8217883bd2e754ea7e2a12a096", kill_on_drop: false }`
[INFO] [stdout] e4712ce12d1a97c43e9a91ca1f0263761feb1d8217883bd2e754ea7e2a12a096
[INFO] running `Command { std: "docker" "create" "-v" "/var/lib/crater-agent-workspace/builds/worker-1/target:/opt/rustwide/target:rw,Z" "-v" "/var/lib/crater-agent-workspace/builds/worker-1/source:/opt/rustwide/workdir:ro,Z" "-v" "/var/lib/crater-agent-workspace/cargo-home:/opt/rustwide/cargo-home:ro,Z" "-v" "/var/lib/crater-agent-workspace/rustup-home:/opt/rustwide/rustup-home:ro,Z" "-e" "SOURCE_DIR=/opt/rustwide/workdir" "-e" "CARGO_TARGET_DIR=/opt/rustwide/target" "-e" "CARGO_INCREMENTAL=0" "-e" "RUST_BACKTRACE=full" "-e" "RUSTFLAGS=--cap-lints=warn" "-e" "CARGO_HOME=/opt/rustwide/cargo-home" "-e" "RUSTUP_HOME=/opt/rustwide/rustup-home" "-w" "/opt/rustwide/workdir" "-m" "1610612736" "--user" "0:0" "--network" "none" "ghcr.io/rust-lang/crates-build-env/linux@sha256:34b6a614d2c27851fe6cbf88fbd1137609cefab8b10d0615aaeb6fd47975d74e" "/opt/rustwide/cargo-home/bin/cargo" "+beta-2021-08-01" "test" "--frozen" "--no-run" "--message-format=json", kill_on_drop: false }`
[INFO] [stderr] WARNING: Your kernel does not support swap limit capabilities or the cgroup is not mounted. Memory limited without swap.
[INFO] [stdout] 8326fd38698109901d6ad47aa0f9004862e217bca7f90dc2cc53d83934a5de78
[INFO] running `Command { std: "docker" "start" "-a" "8326fd38698109901d6ad47aa0f9004862e217bca7f90dc2cc53d83934a5de78", kill_on_drop: false }`
[INFO] [stderr]    Compiling machinery v0.10.3 (/opt/rustwide/workdir)
[INFO] [stderr]     Finished test [unoptimized + debuginfo] target(s) in 0.66s
[INFO] running `Command { std: "docker" "inspect" "8326fd38698109901d6ad47aa0f9004862e217bca7f90dc2cc53d83934a5de78", kill_on_drop: false }`
[INFO] running `Command { std: "docker" "rm" "-f" "8326fd38698109901d6ad47aa0f9004862e217bca7f90dc2cc53d83934a5de78", kill_on_drop: false }`
[INFO] [stdout] 8326fd38698109901d6ad47aa0f9004862e217bca7f90dc2cc53d83934a5de78
[INFO] running `Command { std: "docker" "create" "-v" "/var/lib/crater-agent-workspace/builds/worker-1/target:/opt/rustwide/target:rw,Z" "-v" "/var/lib/crater-agent-workspace/builds/worker-1/source:/opt/rustwide/workdir:ro,Z" "-v" "/var/lib/crater-agent-workspace/cargo-home:/opt/rustwide/cargo-home:ro,Z" "-v" "/var/lib/crater-agent-workspace/rustup-home:/opt/rustwide/rustup-home:ro,Z" "-e" "SOURCE_DIR=/opt/rustwide/workdir" "-e" "CARGO_TARGET_DIR=/opt/rustwide/target" "-e" "CARGO_INCREMENTAL=0" "-e" "RUST_BACKTRACE=full" "-e" "RUSTFLAGS=--cap-lints=warn" "-e" "CARGO_HOME=/opt/rustwide/cargo-home" "-e" "RUSTUP_HOME=/opt/rustwide/rustup-home" "-w" "/opt/rustwide/workdir" "-m" "1610612736" "--user" "0:0" "--network" "none" "ghcr.io/rust-lang/crates-build-env/linux@sha256:34b6a614d2c27851fe6cbf88fbd1137609cefab8b10d0615aaeb6fd47975d74e" "/opt/rustwide/cargo-home/bin/cargo" "+beta-2021-08-01" "test" "--frozen", kill_on_drop: false }`
[INFO] [stderr] WARNING: Your kernel does not support swap limit capabilities or the cgroup is not mounted. Memory limited without swap.
[INFO] [stdout] 2ffb74e89018dc477944c4a09e47b0cfb85f4cdc7825eded44d091fbad815d43
[INFO] running `Command { std: "docker" "start" "-a" "2ffb74e89018dc477944c4a09e47b0cfb85f4cdc7825eded44d091fbad815d43", kill_on_drop: false }`
[INFO] [stdout] 
[INFO] [stderr]     Finished test [unoptimized + debuginfo] target(s) in 0.03s
[INFO] [stdout] running 0 tests
[INFO] [stderr]      Running unittests (/opt/rustwide/target/debug/deps/machinery-eb1768cdc23ad983)
[INFO] [stdout] 
[INFO] [stdout] test result: ok. 0 passed; 0 failed; 0 ignored; 0 measured; 0 filtered out; finished in 0.00s
[INFO] [stdout] 
[INFO] [stderr]    Doc-tests machinery
[INFO] [stdout] 
[INFO] [stdout] running 1 test
[INFO] [stdout] test src/lib.rs - Identifier (line 49) - compile ... FAILED
[INFO] [stdout] 
[INFO] [stdout] failures:
[INFO] [stdout] 
[INFO] [stdout] ---- src/lib.rs - Identifier (line 49) stdout ----
[INFO] [stdout] error: cannot find macro `tm_ident` in this scope
[INFO] [stdout]  --> src/lib.rs:50:25
[INFO] [stdout]   |
[INFO] [stdout] 3 | const FOO: Identifier = tm_ident!("tm_foo");
[INFO] [stdout]   |                         ^^^^^^^^
[INFO] [stdout] 
[INFO] [stdout] error[E0412]: cannot find type `Identifier` in this scope
[INFO] [stdout]  --> src/lib.rs:50:12
[INFO] [stdout]   |
[INFO] [stdout] 3 | const FOO: Identifier = tm_ident!("tm_foo");
[INFO] [stdout]   |            ^^^^^^^^^^ not found in this scope
[INFO] [stdout]   |
[INFO] [stdout] help: consider importing one of these items
[INFO] [stdout]   |
[INFO] [stdout] 2 | use machinery::Identifier;
[INFO] [stdout]   |
[INFO] [stdout] 2 | use tracing::callsite::Identifier;
[INFO] [stdout]   |
[INFO] [stdout] 
[INFO] [stdout] error: aborting due to 2 previous errors
[INFO] [stdout] 
[INFO] [stdout] For more information about this error, try `rustc --explain E0412`.
[INFO] [stdout] Couldn't compile the test.
[INFO] [stdout] 
[INFO] [stdout] failures:
[INFO] [stdout]     src/lib.rs - Identifier (line 49)
[INFO] [stdout] 
[INFO] [stdout] test result: FAILED. 0 passed; 1 failed; 0 ignored; 0 measured; 0 filtered out; finished in 0.19s
[INFO] [stdout] 
[INFO] [stderr] error: test failed, to rerun pass '--doc'
[INFO] running `Command { std: "docker" "inspect" "2ffb74e89018dc477944c4a09e47b0cfb85f4cdc7825eded44d091fbad815d43", kill_on_drop: false }`
[INFO] running `Command { std: "docker" "rm" "-f" "2ffb74e89018dc477944c4a09e47b0cfb85f4cdc7825eded44d091fbad815d43", kill_on_drop: false }`
[INFO] [stdout] 2ffb74e89018dc477944c4a09e47b0cfb85f4cdc7825eded44d091fbad815d43
