[INFO] fetching crate m3u 1.0.0...
[INFO] testing m3u-1.0.0 against beta-2021-08-01 for beta-1.55-1
[INFO] extracting crate m3u 1.0.0 into /workspace/builds/worker-7/source
[INFO] validating manifest of crates.io crate m3u 1.0.0 on toolchain beta-2021-08-01
[INFO] running `Command { std: "/workspace/cargo-home/bin/cargo" "+beta-2021-08-01" "metadata" "--manifest-path" "Cargo.toml" "--no-deps", kill_on_drop: false }`
[INFO] started tweaking crates.io crate m3u 1.0.0
[INFO] finished tweaking crates.io crate m3u 1.0.0
[INFO] tweaked toml for crates.io crate m3u 1.0.0 written to /workspace/builds/worker-7/source/Cargo.toml
[INFO] running `Command { std: "/workspace/cargo-home/bin/cargo" "+beta-2021-08-01" "generate-lockfile" "--manifest-path" "Cargo.toml" "-Zno-index-update", kill_on_drop: false }`
[INFO] running `Command { std: "/workspace/cargo-home/bin/cargo" "+beta-2021-08-01" "fetch" "--manifest-path" "Cargo.toml", kill_on_drop: false }`
[INFO] running `Command { std: "docker" "create" "-v" "/var/lib/crater-agent-workspace/builds/worker-7/target:/opt/rustwide/target:rw,Z" "-v" "/var/lib/crater-agent-workspace/builds/worker-7/source:/opt/rustwide/workdir:ro,Z" "-v" "/var/lib/crater-agent-workspace/cargo-home:/opt/rustwide/cargo-home:ro,Z" "-v" "/var/lib/crater-agent-workspace/rustup-home:/opt/rustwide/rustup-home:ro,Z" "-e" "SOURCE_DIR=/opt/rustwide/workdir" "-e" "CARGO_TARGET_DIR=/opt/rustwide/target" "-e" "CARGO_HOME=/opt/rustwide/cargo-home" "-e" "RUSTUP_HOME=/opt/rustwide/rustup-home" "-w" "/opt/rustwide/workdir" "-m" "1610612736" "--user" "0:0" "--network" "none" "ghcr.io/rust-lang/crates-build-env/linux@sha256:34b6a614d2c27851fe6cbf88fbd1137609cefab8b10d0615aaeb6fd47975d74e" "/opt/rustwide/cargo-home/bin/cargo" "+beta-2021-08-01" "metadata" "--no-deps" "--format-version=1", kill_on_drop: false }`
[INFO] [stdout] 203b3d296ec2f4a7c82d242b997f7efc065f45f4cce781683b1c5e2c530c6981
[INFO] [stderr] WARNING: Your kernel does not support swap limit capabilities or the cgroup is not mounted. Memory limited without swap.
[INFO] running `Command { std: "docker" "start" "-a" "203b3d296ec2f4a7c82d242b997f7efc065f45f4cce781683b1c5e2c530c6981", kill_on_drop: false }`
[INFO] running `Command { std: "docker" "inspect" "203b3d296ec2f4a7c82d242b997f7efc065f45f4cce781683b1c5e2c530c6981", kill_on_drop: false }`
[INFO] running `Command { std: "docker" "rm" "-f" "203b3d296ec2f4a7c82d242b997f7efc065f45f4cce781683b1c5e2c530c6981", kill_on_drop: false }`
[INFO] [stdout] 203b3d296ec2f4a7c82d242b997f7efc065f45f4cce781683b1c5e2c530c6981
[INFO] running `Command { std: "docker" "create" "-v" "/var/lib/crater-agent-workspace/builds/worker-7/target:/opt/rustwide/target:rw,Z" "-v" "/var/lib/crater-agent-workspace/builds/worker-7/source:/opt/rustwide/workdir:ro,Z" "-v" "/var/lib/crater-agent-workspace/cargo-home:/opt/rustwide/cargo-home:ro,Z" "-v" "/var/lib/crater-agent-workspace/rustup-home:/opt/rustwide/rustup-home:ro,Z" "-e" "SOURCE_DIR=/opt/rustwide/workdir" "-e" "CARGO_TARGET_DIR=/opt/rustwide/target" "-e" "CARGO_INCREMENTAL=0" "-e" "RUST_BACKTRACE=full" "-e" "RUSTFLAGS=--cap-lints=warn" "-e" "CARGO_HOME=/opt/rustwide/cargo-home" "-e" "RUSTUP_HOME=/opt/rustwide/rustup-home" "-w" "/opt/rustwide/workdir" "-m" "1610612736" "--user" "0:0" "--network" "none" "ghcr.io/rust-lang/crates-build-env/linux@sha256:34b6a614d2c27851fe6cbf88fbd1137609cefab8b10d0615aaeb6fd47975d74e" "/opt/rustwide/cargo-home/bin/cargo" "+beta-2021-08-01" "build" "--frozen" "--message-format=json", kill_on_drop: false }`
[INFO] [stdout] ece96f38868a717c6909d97680093c605ede7ce71752d3c410298ac679d9f811
[INFO] [stderr] WARNING: Your kernel does not support swap limit capabilities or the cgroup is not mounted. Memory limited without swap.
[INFO] running `Command { std: "docker" "start" "-a" "ece96f38868a717c6909d97680093c605ede7ce71752d3c410298ac679d9f811", kill_on_drop: false }`
[INFO] [stderr]    Compiling m3u v1.0.0 (/opt/rustwide/workdir)
[INFO] [stdout] warning: use of deprecated macro `try`: use the `?` operator instead
[INFO] [stdout]    --> src/read.rs:132:34
[INFO] [stdout]     |
[INFO] [stdout] 132 |             let num_read_bytes = try!(reader.read_line(&mut line_buffer));
[INFO] [stdout]     |                                  ^^^
[INFO] [stdout]     |
[INFO] [stdout]     = note: `#[warn(deprecated)]` on by default
[INFO] [stdout] 
[INFO] [stdout] 
[INFO] [stdout] warning: use of deprecated macro `try`: use the `?` operator instead
[INFO] [stdout]    --> src/read.rs:196:16
[INFO] [stdout]     |
[INFO] [stdout] 196 |             if try!(reader.read_line(line_buffer)) == 0 {
[INFO] [stdout]     |                ^^^
[INFO] [stdout] 
[INFO] [stdout] 
[INFO] [stdout] warning: use of deprecated macro `try`: use the `?` operator instead
[INFO] [stdout]    --> src/read.rs:224:31
[INFO] [stdout]     |
[INFO] [stdout] 224 |             let entry = match try!(read_next_entry(reader, line_buffer)) {
[INFO] [stdout]     |                               ^^^
[INFO] [stdout] 
[INFO] [stdout] 
[INFO] [stdout] warning: use of deprecated macro `try`: use the `?` operator instead
[INFO] [stdout]    --> src/read.rs:257:20
[INFO] [stdout]     |
[INFO] [stdout] 257 |         let file = try!(std::fs::File::open(filename));
[INFO] [stdout]     |                    ^^^
[INFO] [stdout] 
[INFO] [stdout] 
[INFO] [stdout] warning: use of deprecated macro `try`: use the `?` operator instead
[INFO] [stdout]    --> src/read.rs:273:20
[INFO] [stdout]     |
[INFO] [stdout] 273 |         let file = try!(std::fs::File::open(filename));
[INFO] [stdout]     |                    ^^^
[INFO] [stdout] 
[INFO] [stdout] 
[INFO] [stdout] warning: use of deprecated macro `try`: use the `?` operator instead
[INFO] [stdout]    --> src/read.rs:288:12
[INFO] [stdout]     |
[INFO] [stdout] 288 |         if try!(reader.read_line(line_buffer)) == 0 {
[INFO] [stdout]     |            ^^^
[INFO] [stdout] 
[INFO] [stdout] 
[INFO] [stdout] warning: trait objects without an explicit `dyn` are deprecated
[INFO] [stdout]    --> src/read.rs:369:32
[INFO] [stdout]     |
[INFO] [stdout] 369 |     fn cause(&self) -> Option<&std::error::Error> {
[INFO] [stdout]     |                                ^^^^^^^^^^^^^^^^^ help: use `dyn`: `dyn std::error::Error`
[INFO] [stdout]     |
[INFO] [stdout]     = note: `#[warn(bare_trait_objects)]` on by default
[INFO] [stdout]     = warning: this is accepted in the current edition (Rust 2015) but is a hard error in Rust 2021!
[INFO] [stdout]     = note: for more information, see issue #80165 <https://github.com/rust-lang/rust/issues/80165>
[INFO] [stdout] 
[INFO] [stdout] 
[INFO] [stdout] warning: trait objects without an explicit `dyn` are deprecated
[INFO] [stdout]    --> src/read.rs:386:32
[INFO] [stdout]     |
[INFO] [stdout] 386 |     fn cause(&self) -> Option<&std::error::Error> {
[INFO] [stdout]     |                                ^^^^^^^^^^^^^^^^^ help: use `dyn`: `dyn std::error::Error`
[INFO] [stdout]     |
[INFO] [stdout]     = warning: this is accepted in the current edition (Rust 2015) but is a hard error in Rust 2021!
[INFO] [stdout]     = note: for more information, see issue #80165 <https://github.com/rust-lang/rust/issues/80165>
[INFO] [stdout] 
[INFO] [stdout] 
[INFO] [stdout] warning: use of deprecated macro `try`: use the `?` operator instead
[INFO] [stdout]   --> src/write.rs:64:9
[INFO] [stdout]    |
[INFO] [stdout] 64 |         try!(write_entry(line_buffer, entry));
[INFO] [stdout]    |         ^^^
[INFO] [stdout] 
[INFO] [stdout] 
[INFO] [stdout] warning: use of deprecated macro `try`: use the `?` operator instead
[INFO] [stdout]   --> src/write.rs:79:9
[INFO] [stdout]    |
[INFO] [stdout] 79 |         try!(writeln!(&mut line_buffer, "#EXTM3U"));
[INFO] [stdout]    |         ^^^
[INFO] [stdout] 
[INFO] [stdout] 
[INFO] [stdout] warning: use of deprecated macro `try`: use the `?` operator instead
[INFO] [stdout]   --> src/write.rs:80:9
[INFO] [stdout]    |
[INFO] [stdout] 80 |         try!(writer.write_all(&line_buffer));
[INFO] [stdout]    |         ^^^
[INFO] [stdout] 
[INFO] [stdout] 
[INFO] [stdout] warning: use of deprecated macro `try`: use the `?` operator instead
[INFO] [stdout]   --> src/write.rs:91:9
[INFO] [stdout]    |
[INFO] [stdout] 91 |         try!(writeln!(line_buffer, "#EXTINF:{},{}", extinf.duration_secs, &extinf.name));
[INFO] [stdout]    |         ^^^
[INFO] [stdout] 
[INFO] [stdout] 
[INFO] [stdout] warning: use of deprecated macro `try`: use the `?` operator instead
[INFO] [stdout]   --> src/write.rs:92:9
[INFO] [stdout]    |
[INFO] [stdout] 92 |         try!(write_entry(line_buffer, &entry_ext.entry));
[INFO] [stdout]    |         ^^^
[INFO] [stdout] 
[INFO] [stdout] 
[INFO] [stdout] warning: use of deprecated associated function `std::error::Error::description`: use the Display impl or to_string()
[INFO] [stdout]    --> src/read.rs:366:36
[INFO] [stdout]     |
[INFO] [stdout] 366 |                 std::error::Error::description(err),
[INFO] [stdout]     |                                    ^^^^^^^^^^^
[INFO] [stdout] 
[INFO] [stdout] 
[INFO] [stdout] warning: use of deprecated associated function `std::error::Error::description`: use the Display impl or to_string()
[INFO] [stdout]    --> src/read.rs:383:36
[INFO] [stdout]     |
[INFO] [stdout] 383 |                 std::error::Error::description(err),
[INFO] [stdout]     |                                    ^^^^^^^^^^^
[INFO] [stdout] 
[INFO] [stdout] 
[INFO] [stdout] warning: use of deprecated associated function `std::error::Error::description`: use the Display impl or to_string()
[INFO] [stdout]    --> src/read.rs:399:52
[INFO] [stdout]     |
[INFO] [stdout] 399 |                 write!(f, "{}", std::error::Error::description(self)),
[INFO] [stdout]     |                                                    ^^^^^^^^^^^
[INFO] [stdout] 
[INFO] [stdout] 
[INFO] [stdout] warning: use of deprecated associated function `std::error::Error::description`: use the Display impl or to_string()
[INFO] [stdout]    --> src/read.rs:410:52
[INFO] [stdout]     |
[INFO] [stdout] 410 |                 write!(f, "{}", std::error::Error::description(self)),
[INFO] [stdout]     |                                                    ^^^^^^^^^^^
[INFO] [stdout] 
[INFO] [stdout] 
[INFO] [stdout] warning: use of deprecated associated function `core::str::<impl str>::trim_left`: superseded by `trim_start`
[INFO] [stdout]    --> src/read.rs:133:36
[INFO] [stdout]     |
[INFO] [stdout] 133 |             let line = line_buffer.trim_left();
[INFO] [stdout]     |                                    ^^^^^^^^^ help: replace the use of the deprecated associated function: `trim_start`
[INFO] [stdout] 
[INFO] [stdout] 
[INFO] [stdout] warning: use of deprecated associated function `core::str::<impl str>::trim_left`: superseded by `trim_start`
[INFO] [stdout]    --> src/read.rs:201:40
[INFO] [stdout]     |
[INFO] [stdout] 201 |                 let line = line_buffer.trim_left();
[INFO] [stdout]     |                                        ^^^^^^^^^ help: replace the use of the deprecated associated function: `trim_start`
[INFO] [stdout] 
[INFO] [stdout] 
[INFO] [stdout] warning: use of deprecated associated function `core::str::<impl str>::trim_right`: superseded by `trim_end`
[INFO] [stdout]    --> src/read.rs:217:53
[INFO] [stdout]     |
[INFO] [stdout] 217 |                         let entry = read_entry(line.trim_right());
[INFO] [stdout]     |                                                     ^^^^^^^^^^ help: replace the use of the deprecated associated function: `trim_end`
[INFO] [stdout] 
[INFO] [stdout] 
[INFO] [stdout] warning: use of deprecated associated function `core::str::<impl str>::trim_left`: superseded by `trim_start`
[INFO] [stdout]    --> src/read.rs:292:32
[INFO] [stdout]     |
[INFO] [stdout] 292 |         let line = line_buffer.trim_left();
[INFO] [stdout]     |                                ^^^^^^^^^ help: replace the use of the deprecated associated function: `trim_start`
[INFO] [stdout] 
[INFO] [stdout] 
[INFO] [stdout] warning: use of deprecated associated function `core::str::<impl str>::trim_right`: superseded by `trim_end`
[INFO] [stdout]    --> src/read.rs:299:49
[INFO] [stdout]     |
[INFO] [stdout] 299 |             _ => return Ok(Some(read_entry(line.trim_right()))),
[INFO] [stdout]     |                                                 ^^^^^^^^^^ help: replace the use of the deprecated associated function: `trim_end`
[INFO] [stdout] 
[INFO] [stdout] 
[INFO] [stdout] warning: 22 warnings emitted
[INFO] [stdout] 
[INFO] [stdout] 
[INFO] [stderr]     Finished dev [unoptimized + debuginfo] target(s) in 1.21s
[INFO] running `Command { std: "docker" "inspect" "ece96f38868a717c6909d97680093c605ede7ce71752d3c410298ac679d9f811", kill_on_drop: false }`
[INFO] running `Command { std: "docker" "rm" "-f" "ece96f38868a717c6909d97680093c605ede7ce71752d3c410298ac679d9f811", kill_on_drop: false }`
[INFO] [stdout] ece96f38868a717c6909d97680093c605ede7ce71752d3c410298ac679d9f811
[INFO] running `Command { std: "docker" "create" "-v" "/var/lib/crater-agent-workspace/builds/worker-7/target:/opt/rustwide/target:rw,Z" "-v" "/var/lib/crater-agent-workspace/builds/worker-7/source:/opt/rustwide/workdir:ro,Z" "-v" "/var/lib/crater-agent-workspace/cargo-home:/opt/rustwide/cargo-home:ro,Z" "-v" "/var/lib/crater-agent-workspace/rustup-home:/opt/rustwide/rustup-home:ro,Z" "-e" "SOURCE_DIR=/opt/rustwide/workdir" "-e" "CARGO_TARGET_DIR=/opt/rustwide/target" "-e" "CARGO_INCREMENTAL=0" "-e" "RUST_BACKTRACE=full" "-e" "RUSTFLAGS=--cap-lints=warn" "-e" "CARGO_HOME=/opt/rustwide/cargo-home" "-e" "RUSTUP_HOME=/opt/rustwide/rustup-home" "-w" "/opt/rustwide/workdir" "-m" "1610612736" "--user" "0:0" "--network" "none" "ghcr.io/rust-lang/crates-build-env/linux@sha256:34b6a614d2c27851fe6cbf88fbd1137609cefab8b10d0615aaeb6fd47975d74e" "/opt/rustwide/cargo-home/bin/cargo" "+beta-2021-08-01" "test" "--frozen" "--no-run" "--message-format=json", kill_on_drop: false }`
[INFO] [stdout] 2c93acfc86a0ba0a988987d3973fa673e16644296b76bae419044782e91ab12e
[INFO] [stderr] WARNING: Your kernel does not support swap limit capabilities or the cgroup is not mounted. Memory limited without swap.
[INFO] running `Command { std: "docker" "start" "-a" "2c93acfc86a0ba0a988987d3973fa673e16644296b76bae419044782e91ab12e", kill_on_drop: false }`
[INFO] [stderr]    Compiling m3u v1.0.0 (/opt/rustwide/workdir)
[INFO] [stdout] warning: use of deprecated macro `try`: use the `?` operator instead
[INFO] [stdout]    --> src/read.rs:132:34
[INFO] [stdout]     |
[INFO] [stdout] 132 |             let num_read_bytes = try!(reader.read_line(&mut line_buffer));
[INFO] [stdout]     |                                  ^^^
[INFO] [stdout]     |
[INFO] [stdout]     = note: `#[warn(deprecated)]` on by default
[INFO] [stdout] 
[INFO] [stdout] 
[INFO] [stdout] warning: use of deprecated macro `try`: use the `?` operator instead
[INFO] [stdout]    --> src/read.rs:196:16
[INFO] [stdout]     |
[INFO] [stdout] 196 |             if try!(reader.read_line(line_buffer)) == 0 {
[INFO] [stdout]     |                ^^^
[INFO] [stdout] 
[INFO] [stdout] 
[INFO] [stdout] warning: use of deprecated macro `try`: use the `?` operator instead
[INFO] [stdout]    --> src/read.rs:224:31
[INFO] [stdout]     |
[INFO] [stdout] 224 |             let entry = match try!(read_next_entry(reader, line_buffer)) {
[INFO] [stdout]     |                               ^^^
[INFO] [stdout] 
[INFO] [stdout] 
[INFO] [stdout] warning: use of deprecated macro `try`: use the `?` operator instead
[INFO] [stdout]    --> src/read.rs:257:20
[INFO] [stdout]     |
[INFO] [stdout] 257 |         let file = try!(std::fs::File::open(filename));
[INFO] [stdout]     |                    ^^^
[INFO] [stdout] 
[INFO] [stdout] 
[INFO] [stdout] warning: use of deprecated macro `try`: use the `?` operator instead
[INFO] [stdout]    --> src/read.rs:273:20
[INFO] [stdout]     |
[INFO] [stdout] 273 |         let file = try!(std::fs::File::open(filename));
[INFO] [stdout]     |                    ^^^
[INFO] [stdout] 
[INFO] [stdout] 
[INFO] [stdout] warning: use of deprecated macro `try`: use the `?` operator instead
[INFO] [stdout]    --> src/read.rs:288:12
[INFO] [stdout]     |
[INFO] [stdout] 288 |         if try!(reader.read_line(line_buffer)) == 0 {
[INFO] [stdout]     |            ^^^
[INFO] [stdout] 
[INFO] [stdout] 
[INFO] [stdout] warning: trait objects without an explicit `dyn` are deprecated
[INFO] [stdout]    --> src/read.rs:369:32
[INFO] [stdout]     |
[INFO] [stdout] 369 |     fn cause(&self) -> Option<&std::error::Error> {
[INFO] [stdout]     |                                ^^^^^^^^^^^^^^^^^ help: use `dyn`: `dyn std::error::Error`
[INFO] [stdout]     |
[INFO] [stdout]     = note: `#[warn(bare_trait_objects)]` on by default
[INFO] [stdout]     = warning: this is accepted in the current edition (Rust 2015) but is a hard error in Rust 2021!
[INFO] [stdout]     = note: for more information, see issue #80165 <https://github.com/rust-lang/rust/issues/80165>
[INFO] [stdout] 
[INFO] [stdout] 
[INFO] [stdout] warning: trait objects without an explicit `dyn` are deprecated
[INFO] [stdout]    --> src/read.rs:386:32
[INFO] [stdout]     |
[INFO] [stdout] 386 |     fn cause(&self) -> Option<&std::error::Error> {
[INFO] [stdout]     |                                ^^^^^^^^^^^^^^^^^ help: use `dyn`: `dyn std::error::Error`
[INFO] [stdout]     |
[INFO] [stdout]     = warning: this is accepted in the current edition (Rust 2015) but is a hard error in Rust 2021!
[INFO] [stdout]     = note: for more information, see issue #80165 <https://github.com/rust-lang/rust/issues/80165>
[INFO] [stdout] 
[INFO] [stdout] 
[INFO] [stdout] warning: use of deprecated macro `try`: use the `?` operator instead
[INFO] [stdout]   --> src/write.rs:64:9
[INFO] [stdout]    |
[INFO] [stdout] 64 |         try!(write_entry(line_buffer, entry));
[INFO] [stdout]    |         ^^^
[INFO] [stdout] 
[INFO] [stdout] 
[INFO] [stdout] warning: use of deprecated macro `try`: use the `?` operator instead
[INFO] [stdout]   --> src/write.rs:79:9
[INFO] [stdout]    |
[INFO] [stdout] 79 |         try!(writeln!(&mut line_buffer, "#EXTM3U"));
[INFO] [stdout]    |         ^^^
[INFO] [stdout] 
[INFO] [stdout] 
[INFO] [stdout] warning: use of deprecated macro `try`: use the `?` operator instead
[INFO] [stdout]   --> src/write.rs:80:9
[INFO] [stdout]    |
[INFO] [stdout] 80 |         try!(writer.write_all(&line_buffer));
[INFO] [stdout]    |         ^^^
[INFO] [stdout] 
[INFO] [stdout] 
[INFO] [stdout] warning: use of deprecated macro `try`: use the `?` operator instead
[INFO] [stdout]   --> src/write.rs:91:9
[INFO] [stdout]    |
[INFO] [stdout] 91 |         try!(writeln!(line_buffer, "#EXTINF:{},{}", extinf.duration_secs, &extinf.name));
[INFO] [stdout]    |         ^^^
[INFO] [stdout] 
[INFO] [stdout] 
[INFO] [stdout] warning: use of deprecated macro `try`: use the `?` operator instead
[INFO] [stdout]   --> src/write.rs:92:9
[INFO] [stdout]    |
[INFO] [stdout] 92 |         try!(write_entry(line_buffer, &entry_ext.entry));
[INFO] [stdout]    |         ^^^
[INFO] [stdout] 
[INFO] [stdout] 
[INFO] [stdout] warning: use of deprecated associated function `std::error::Error::description`: use the Display impl or to_string()
[INFO] [stdout]    --> src/read.rs:366:36
[INFO] [stdout]     |
[INFO] [stdout] 366 |                 std::error::Error::description(err),
[INFO] [stdout]     |                                    ^^^^^^^^^^^
[INFO] [stdout] 
[INFO] [stdout] 
[INFO] [stdout] warning: use of deprecated associated function `std::error::Error::description`: use the Display impl or to_string()
[INFO] [stdout]    --> src/read.rs:383:36
[INFO] [stdout]     |
[INFO] [stdout] 383 |                 std::error::Error::description(err),
[INFO] [stdout]     |                                    ^^^^^^^^^^^
[INFO] [stdout] 
[INFO] [stdout] 
[INFO] [stdout] warning: use of deprecated associated function `std::error::Error::description`: use the Display impl or to_string()
[INFO] [stdout]    --> src/read.rs:399:52
[INFO] [stdout]     |
[INFO] [stdout] 399 |                 write!(f, "{}", std::error::Error::description(self)),
[INFO] [stdout]     |                                                    ^^^^^^^^^^^
[INFO] [stdout] 
[INFO] [stdout] 
[INFO] [stdout] warning: use of deprecated associated function `std::error::Error::description`: use the Display impl or to_string()
[INFO] [stdout]    --> src/read.rs:410:52
[INFO] [stdout]     |
[INFO] [stdout] 410 |                 write!(f, "{}", std::error::Error::description(self)),
[INFO] [stdout]     |                                                    ^^^^^^^^^^^
[INFO] [stdout] 
[INFO] [stdout] 
[INFO] [stdout] warning: use of deprecated associated function `core::str::<impl str>::trim_left`: superseded by `trim_start`
[INFO] [stdout]    --> src/read.rs:133:36
[INFO] [stdout]     |
[INFO] [stdout] 133 |             let line = line_buffer.trim_left();
[INFO] [stdout]     |                                    ^^^^^^^^^ help: replace the use of the deprecated associated function: `trim_start`
[INFO] [stdout] 
[INFO] [stdout] 
[INFO] [stdout] warning: use of deprecated associated function `core::str::<impl str>::trim_left`: superseded by `trim_start`
[INFO] [stdout]    --> src/read.rs:201:40
[INFO] [stdout]     |
[INFO] [stdout] 201 |                 let line = line_buffer.trim_left();
[INFO] [stdout]     |                                        ^^^^^^^^^ help: replace the use of the deprecated associated function: `trim_start`
[INFO] [stdout] 
[INFO] [stdout] 
[INFO] [stdout] warning: use of deprecated associated function `core::str::<impl str>::trim_right`: superseded by `trim_end`
[INFO] [stdout]    --> src/read.rs:217:53
[INFO] [stdout]     |
[INFO] [stdout] 217 |                         let entry = read_entry(line.trim_right());
[INFO] [stdout]     |                                                     ^^^^^^^^^^ help: replace the use of the deprecated associated function: `trim_end`
[INFO] [stdout] 
[INFO] [stdout] 
[INFO] [stdout] warning: use of deprecated associated function `core::str::<impl str>::trim_left`: superseded by `trim_start`
[INFO] [stdout]    --> src/read.rs:292:32
[INFO] [stdout]     |
[INFO] [stdout] 292 |         let line = line_buffer.trim_left();
[INFO] [stdout]     |                                ^^^^^^^^^ help: replace the use of the deprecated associated function: `trim_start`
[INFO] [stdout] 
[INFO] [stdout] 
[INFO] [stdout] warning: use of deprecated associated function `core::str::<impl str>::trim_right`: superseded by `trim_end`
[INFO] [stdout]    --> src/read.rs:299:49
[INFO] [stdout]     |
[INFO] [stdout] 299 |             _ => return Ok(Some(read_entry(line.trim_right()))),
[INFO] [stdout]     |                                                 ^^^^^^^^^^ help: replace the use of the deprecated associated function: `trim_end`
[INFO] [stdout] 
[INFO] [stdout] 
[INFO] [stdout] warning: 22 warnings emitted
[INFO] [stdout] 
[INFO] [stdout] 
[INFO] [stdout] warning: use of deprecated macro `try`: use the `?` operator instead
[INFO] [stdout]    --> src/read.rs:132:34
[INFO] [stdout]     |
[INFO] [stdout] 132 |             let num_read_bytes = try!(reader.read_line(&mut line_buffer));
[INFO] [stdout]     |                                  ^^^
[INFO] [stdout]     |
[INFO] [stdout]     = note: `#[warn(deprecated)]` on by default
[INFO] [stdout] 
[INFO] [stdout] 
[INFO] [stdout] warning: use of deprecated macro `try`: use the `?` operator instead
[INFO] [stdout]    --> src/read.rs:196:16
[INFO] [stdout]     |
[INFO] [stdout] 196 |             if try!(reader.read_line(line_buffer)) == 0 {
[INFO] [stdout]     |                ^^^
[INFO] [stdout] 
[INFO] [stdout] 
[INFO] [stdout] warning: use of deprecated macro `try`: use the `?` operator instead
[INFO] [stdout]    --> src/read.rs:224:31
[INFO] [stdout]     |
[INFO] [stdout] 224 |             let entry = match try!(read_next_entry(reader, line_buffer)) {
[INFO] [stdout]     |                               ^^^
[INFO] [stdout] 
[INFO] [stdout] 
[INFO] [stdout] warning: use of deprecated macro `try`: use the `?` operator instead
[INFO] [stdout]    --> src/read.rs:257:20
[INFO] [stdout]     |
[INFO] [stdout] 257 |         let file = try!(std::fs::File::open(filename));
[INFO] [stdout]     |                    ^^^
[INFO] [stdout] 
[INFO] [stdout] 
[INFO] [stdout] warning: use of deprecated macro `try`: use the `?` operator instead
[INFO] [stdout]    --> src/read.rs:273:20
[INFO] [stdout]     |
[INFO] [stdout] 273 |         let file = try!(std::fs::File::open(filename));
[INFO] [stdout]     |                    ^^^
[INFO] [stdout] 
[INFO] [stdout] 
[INFO] [stdout] warning: use of deprecated macro `try`: use the `?` operator instead
[INFO] [stdout]    --> src/read.rs:288:12
[INFO] [stdout]     |
[INFO] [stdout] 288 |         if try!(reader.read_line(line_buffer)) == 0 {
[INFO] [stdout]     |            ^^^
[INFO] [stdout] 
[INFO] [stdout] 
[INFO] [stdout] warning: trait objects without an explicit `dyn` are deprecated
[INFO] [stdout]    --> src/read.rs:369:32
[INFO] [stdout]     |
[INFO] [stdout] 369 |     fn cause(&self) -> Option<&std::error::Error> {
[INFO] [stdout]     |                                ^^^^^^^^^^^^^^^^^ help: use `dyn`: `dyn std::error::Error`
[INFO] [stdout]     |
[INFO] [stdout]     = note: `#[warn(bare_trait_objects)]` on by default
[INFO] [stdout]     = warning: this is accepted in the current edition (Rust 2015) but is a hard error in Rust 2021!
[INFO] [stdout]     = note: for more information, see issue #80165 <https://github.com/rust-lang/rust/issues/80165>
[INFO] [stdout] 
[INFO] [stdout] 
[INFO] [stdout] warning: trait objects without an explicit `dyn` are deprecated
[INFO] [stdout]    --> src/read.rs:386:32
[INFO] [stdout]     |
[INFO] [stdout] 386 |     fn cause(&self) -> Option<&std::error::Error> {
[INFO] [stdout]     |                                ^^^^^^^^^^^^^^^^^ help: use `dyn`: `dyn std::error::Error`
[INFO] [stdout]     |
[INFO] [stdout]     = warning: this is accepted in the current edition (Rust 2015) but is a hard error in Rust 2021!
[INFO] [stdout]     = note: for more information, see issue #80165 <https://github.com/rust-lang/rust/issues/80165>
[INFO] [stdout] 
[INFO] [stdout] 
[INFO] [stdout] warning: use of deprecated macro `try`: use the `?` operator instead
[INFO] [stdout]   --> src/write.rs:64:9
[INFO] [stdout]    |
[INFO] [stdout] 64 |         try!(write_entry(line_buffer, entry));
[INFO] [stdout]    |         ^^^
[INFO] [stdout] 
[INFO] [stdout] 
[INFO] [stdout] warning: use of deprecated macro `try`: use the `?` operator instead
[INFO] [stdout]   --> src/write.rs:79:9
[INFO] [stdout]    |
[INFO] [stdout] 79 |         try!(writeln!(&mut line_buffer, "#EXTM3U"));
[INFO] [stdout]    |         ^^^
[INFO] [stdout] 
[INFO] [stdout] 
[INFO] [stdout] warning: use of deprecated macro `try`: use the `?` operator instead
[INFO] [stdout]   --> src/write.rs:80:9
[INFO] [stdout]    |
[INFO] [stdout] 80 |         try!(writer.write_all(&line_buffer));
[INFO] [stdout]    |         ^^^
[INFO] [stdout] 
[INFO] [stdout] 
[INFO] [stdout] warning: use of deprecated macro `try`: use the `?` operator instead
[INFO] [stdout]   --> src/write.rs:91:9
[INFO] [stdout]    |
[INFO] [stdout] 91 |         try!(writeln!(line_buffer, "#EXTINF:{},{}", extinf.duration_secs, &extinf.name));
[INFO] [stdout]    |         ^^^
[INFO] [stdout] 
[INFO] [stdout] 
[INFO] [stdout] warning: use of deprecated macro `try`: use the `?` operator instead
[INFO] [stdout]   --> src/write.rs:92:9
[INFO] [stdout]    |
[INFO] [stdout] 92 |         try!(write_entry(line_buffer, &entry_ext.entry));
[INFO] [stdout]    |         ^^^
[INFO] [stdout] 
[INFO] [stdout] 
[INFO] [stdout] warning: use of deprecated associated function `std::error::Error::description`: use the Display impl or to_string()
[INFO] [stdout]    --> src/read.rs:366:36
[INFO] [stdout]     |
[INFO] [stdout] 366 |                 std::error::Error::description(err),
[INFO] [stdout]     |                                    ^^^^^^^^^^^
[INFO] [stdout] 
[INFO] [stdout] 
[INFO] [stdout] warning: use of deprecated associated function `std::error::Error::description`: use the Display impl or to_string()
[INFO] [stdout]    --> src/read.rs:383:36
[INFO] [stdout]     |
[INFO] [stdout] 383 |                 std::error::Error::description(err),
[INFO] [stdout]     |                                    ^^^^^^^^^^^
[INFO] [stdout] 
[INFO] [stdout] 
[INFO] [stdout] warning: use of deprecated associated function `std::error::Error::description`: use the Display impl or to_string()
[INFO] [stdout]    --> src/read.rs:399:52
[INFO] [stdout]     |
[INFO] [stdout] 399 |                 write!(f, "{}", std::error::Error::description(self)),
[INFO] [stdout]     |                                                    ^^^^^^^^^^^
[INFO] [stdout] 
[INFO] [stdout] 
[INFO] [stdout] warning: use of deprecated associated function `std::error::Error::description`: use the Display impl or to_string()
[INFO] [stdout]    --> src/read.rs:410:52
[INFO] [stdout]     |
[INFO] [stdout] 410 |                 write!(f, "{}", std::error::Error::description(self)),
[INFO] [stdout]     |                                                    ^^^^^^^^^^^
[INFO] [stdout] 
[INFO] [stdout] 
[INFO] [stdout] warning: use of deprecated associated function `core::str::<impl str>::trim_left`: superseded by `trim_start`
[INFO] [stdout]    --> src/read.rs:133:36
[INFO] [stdout]     |
[INFO] [stdout] 133 |             let line = line_buffer.trim_left();
[INFO] [stdout]     |                                    ^^^^^^^^^ help: replace the use of the deprecated associated function: `trim_start`
[INFO] [stdout] 
[INFO] [stdout] 
[INFO] [stdout] warning: use of deprecated associated function `core::str::<impl str>::trim_left`: superseded by `trim_start`
[INFO] [stdout]    --> src/read.rs:201:40
[INFO] [stdout]     |
[INFO] [stdout] 201 |                 let line = line_buffer.trim_left();
[INFO] [stdout]     |                                        ^^^^^^^^^ help: replace the use of the deprecated associated function: `trim_start`
[INFO] [stdout] 
[INFO] [stdout] 
[INFO] [stdout] warning: use of deprecated associated function `core::str::<impl str>::trim_right`: superseded by `trim_end`
[INFO] [stdout]    --> src/read.rs:217:53
[INFO] [stdout]     |
[INFO] [stdout] 217 |                         let entry = read_entry(line.trim_right());
[INFO] [stdout]     |                                                     ^^^^^^^^^^ help: replace the use of the deprecated associated function: `trim_end`
[INFO] [stdout] 
[INFO] [stdout] 
[INFO] [stdout] warning: use of deprecated associated function `core::str::<impl str>::trim_left`: superseded by `trim_start`
[INFO] [stdout]    --> src/read.rs:292:32
[INFO] [stdout]     |
[INFO] [stdout] 292 |         let line = line_buffer.trim_left();
[INFO] [stdout]     |                                ^^^^^^^^^ help: replace the use of the deprecated associated function: `trim_start`
[INFO] [stdout] 
[INFO] [stdout] 
[INFO] [stdout] warning: use of deprecated associated function `core::str::<impl str>::trim_right`: superseded by `trim_end`
[INFO] [stdout]    --> src/read.rs:299:49
[INFO] [stdout]     |
[INFO] [stdout] 299 |             _ => return Ok(Some(read_entry(line.trim_right()))),
[INFO] [stdout]     |                                                 ^^^^^^^^^^ help: replace the use of the deprecated associated function: `trim_end`
[INFO] [stdout] 
[INFO] [stdout] 
[INFO] [stdout] warning: 22 warnings emitted
[INFO] [stdout] 
[INFO] [stdout] 
[INFO] [stderr]     Finished test [unoptimized + debuginfo] target(s) in 1.26s
[INFO] running `Command { std: "docker" "inspect" "2c93acfc86a0ba0a988987d3973fa673e16644296b76bae419044782e91ab12e", kill_on_drop: false }`
[INFO] running `Command { std: "docker" "rm" "-f" "2c93acfc86a0ba0a988987d3973fa673e16644296b76bae419044782e91ab12e", kill_on_drop: false }`
[INFO] [stdout] 2c93acfc86a0ba0a988987d3973fa673e16644296b76bae419044782e91ab12e
[INFO] running `Command { std: "docker" "create" "-v" "/var/lib/crater-agent-workspace/builds/worker-7/target:/opt/rustwide/target:rw,Z" "-v" "/var/lib/crater-agent-workspace/builds/worker-7/source:/opt/rustwide/workdir:ro,Z" "-v" "/var/lib/crater-agent-workspace/cargo-home:/opt/rustwide/cargo-home:ro,Z" "-v" "/var/lib/crater-agent-workspace/rustup-home:/opt/rustwide/rustup-home:ro,Z" "-e" "SOURCE_DIR=/opt/rustwide/workdir" "-e" "CARGO_TARGET_DIR=/opt/rustwide/target" "-e" "CARGO_INCREMENTAL=0" "-e" "RUST_BACKTRACE=full" "-e" "RUSTFLAGS=--cap-lints=warn" "-e" "CARGO_HOME=/opt/rustwide/cargo-home" "-e" "RUSTUP_HOME=/opt/rustwide/rustup-home" "-w" "/opt/rustwide/workdir" "-m" "1610612736" "--user" "0:0" "--network" "none" "ghcr.io/rust-lang/crates-build-env/linux@sha256:34b6a614d2c27851fe6cbf88fbd1137609cefab8b10d0615aaeb6fd47975d74e" "/opt/rustwide/cargo-home/bin/cargo" "+beta-2021-08-01" "test" "--frozen", kill_on_drop: false }`
[INFO] [stdout] 4ff1d7292a546e29f5a85cc6170ca66f69298d2635ce328e42374ebfdea4a344
[INFO] [stderr] WARNING: Your kernel does not support swap limit capabilities or the cgroup is not mounted. Memory limited without swap.
[INFO] running `Command { std: "docker" "start" "-a" "4ff1d7292a546e29f5a85cc6170ca66f69298d2635ce328e42374ebfdea4a344", kill_on_drop: false }`
[INFO] [stdout] 
[INFO] [stderr] warning: use of deprecated macro `try`: use the `?` operator instead
[INFO] [stdout] running 0 tests
[INFO] [stderr]    --> src/read.rs:132:34
[INFO] [stdout] 
[INFO] [stderr]     |
[INFO] [stdout] test result: ok. 0 passed; 0 failed; 0 ignored; 0 measured; 0 filtered out; finished in 0.00s
[INFO] [stderr] 132 |             let num_read_bytes = try!(reader.read_line(&mut line_buffer));
[INFO] [stdout] 
[INFO] [stderr]     |                                  ^^^
[INFO] [stdout] 
[INFO] [stderr]     |
[INFO] [stdout] running 2 tests
[INFO] [stderr]     = note: `#[warn(deprecated)]` on by default
[INFO] [stdout] test ext ... ok
[INFO] [stderr] 
[INFO] [stdout] test mixed ... ok
[INFO] [stderr] warning: use of deprecated macro `try`: use the `?` operator instead
[INFO] [stdout] 
[INFO] [stderr]    --> src/read.rs:196:16
[INFO] [stdout] test result: ok. 2 passed; 0 failed; 0 ignored; 0 measured; 0 filtered out; finished in 0.01s
[INFO] [stderr]     |
[INFO] [stdout] 
[INFO] [stderr] 196 |             if try!(reader.read_line(line_buffer)) == 0 {
[INFO] [stdout] 
[INFO] [stderr]     |                ^^^
[INFO] [stdout] running 2 tests
[INFO] [stderr] 
[INFO] [stderr] warning: use of deprecated macro `try`: use the `?` operator instead
[INFO] [stderr]    --> src/read.rs:224:31
[INFO] [stderr]     |
[INFO] [stderr] 224 |             let entry = match try!(read_next_entry(reader, line_buffer)) {
[INFO] [stderr]     |                               ^^^
[INFO] [stderr] 
[INFO] [stderr] warning: use of deprecated macro `try`: use the `?` operator instead
[INFO] [stderr]    --> src/read.rs:257:20
[INFO] [stderr]     |
[INFO] [stderr] 257 |         let file = try!(std::fs::File::open(filename));
[INFO] [stderr]     |                    ^^^
[INFO] [stderr] 
[INFO] [stderr] warning: use of deprecated macro `try`: use the `?` operator instead
[INFO] [stderr]    --> src/read.rs:273:20
[INFO] [stderr]     |
[INFO] [stderr] 273 |         let file = try!(std::fs::File::open(filename));
[INFO] [stderr]     |                    ^^^
[INFO] [stderr] 
[INFO] [stderr] warning: use of deprecated macro `try`: use the `?` operator instead
[INFO] [stderr]    --> src/read.rs:288:12
[INFO] [stderr]     |
[INFO] [stderr] 288 |         if try!(reader.read_line(line_buffer)) == 0 {
[INFO] [stderr]     |            ^^^
[INFO] [stderr] 
[INFO] [stderr] warning: trait objects without an explicit `dyn` are deprecated
[INFO] [stderr]    --> src/read.rs:369:32
[INFO] [stderr]     |
[INFO] [stderr] 369 |     fn cause(&self) -> Option<&std::error::Error> {
[INFO] [stderr]     |                                ^^^^^^^^^^^^^^^^^ help: use `dyn`: `dyn std::error::Error`
[INFO] [stderr]     |
[INFO] [stderr]     = note: `#[warn(bare_trait_objects)]` on by default
[INFO] [stderr]     = warning: this is accepted in the current edition (Rust 2015) but is a hard error in Rust 2021!
[INFO] [stderr]     = note: for more information, see issue #80165 <https://github.com/rust-lang/rust/issues/80165>
[INFO] [stderr] 
[INFO] [stderr] warning: trait objects without an explicit `dyn` are deprecated
[INFO] [stderr]    --> src/read.rs:386:32
[INFO] [stderr]     |
[INFO] [stderr] 386 |     fn cause(&self) -> Option<&std::error::Error> {
[INFO] [stderr]     |                                ^^^^^^^^^^^^^^^^^ help: use `dyn`: `dyn std::error::Error`
[INFO] [stderr]     |
[INFO] [stderr]     = warning: this is accepted in the current edition (Rust 2015) but is a hard error in Rust 2021!
[INFO] [stderr]     = note: for more information, see issue #80165 <https://github.com/rust-lang/rust/issues/80165>
[INFO] [stderr] 
[INFO] [stderr] warning: use of deprecated macro `try`: use the `?` operator instead
[INFO] [stderr]   --> src/write.rs:64:9
[INFO] [stderr]    |
[INFO] [stderr] 64 |         try!(write_entry(line_buffer, entry));
[INFO] [stderr]    |         ^^^
[INFO] [stderr] 
[INFO] [stderr] warning: use of deprecated macro `try`: use the `?` operator instead
[INFO] [stderr]   --> src/write.rs:79:9
[INFO] [stderr]    |
[INFO] [stderr] 79 |         try!(writeln!(&mut line_buffer, "#EXTM3U"));
[INFO] [stderr]    |         ^^^
[INFO] [stderr] 
[INFO] [stderr] warning: use of deprecated macro `try`: use the `?` operator instead
[INFO] [stderr]   --> src/write.rs:80:9
[INFO] [stderr]    |
[INFO] [stderr] 80 |         try!(writer.write_all(&line_buffer));
[INFO] [stderr]    |         ^^^
[INFO] [stderr] 
[INFO] [stderr] warning: use of deprecated macro `try`: use the `?` operator instead
[INFO] [stderr]   --> src/write.rs:91:9
[INFO] [stderr]    |
[INFO] [stderr] 91 |         try!(writeln!(line_buffer, "#EXTINF:{},{}", extinf.duration_secs, &extinf.name));
[INFO] [stderr]    |         ^^^
[INFO] [stderr] 
[INFO] [stderr] warning: use of deprecated macro `try`: use the `?` operator instead
[INFO] [stderr]   --> src/write.rs:92:9
[INFO] [stderr]    |
[INFO] [stderr] 92 |         try!(write_entry(line_buffer, &entry_ext.entry));
[INFO] [stderr]    |         ^^^
[INFO] [stderr] 
[INFO] [stderr] warning: use of deprecated associated function `std::error::Error::description`: use the Display impl or to_string()
[INFO] [stderr]    --> src/read.rs:366:36
[INFO] [stderr]     |
[INFO] [stderr] 366 |                 std::error::Error::description(err),
[INFO] [stderr]     |                                    ^^^^^^^^^^^
[INFO] [stderr] 
[INFO] [stderr] warning: use of deprecated associated function `std::error::Error::description`: use the Display impl or to_string()
[INFO] [stderr]    --> src/read.rs:383:36
[INFO] [stderr]     |
[INFO] [stderr] 383 |                 std::error::Error::description(err),
[INFO] [stderr]     |                                    ^^^^^^^^^^^
[INFO] [stderr] 
[INFO] [stderr] warning: use of deprecated associated function `std::error::Error::description`: use the Display impl or to_string()
[INFO] [stderr]    --> src/read.rs:399:52
[INFO] [stderr]     |
[INFO] [stderr] 399 |                 write!(f, "{}", std::error::Error::description(self)),
[INFO] [stderr]     |                                                    ^^^^^^^^^^^
[INFO] [stderr] 
[INFO] [stderr] warning: use of deprecated associated function `std::error::Error::description`: use the Display impl or to_string()
[INFO] [stderr]    --> src/read.rs:410:52
[INFO] [stderr]     |
[INFO] [stderr] 410 |                 write!(f, "{}", std::error::Error::description(self)),
[INFO] [stderr]     |                                                    ^^^^^^^^^^^
[INFO] [stderr] 
[INFO] [stderr] warning: use of deprecated associated function `core::str::<impl str>::trim_left`: superseded by `trim_start`
[INFO] [stderr]    --> src/read.rs:133:36
[INFO] [stderr]     |
[INFO] [stderr] 133 |             let line = line_buffer.trim_left();
[INFO] [stderr]     |                                    ^^^^^^^^^ help: replace the use of the deprecated associated function: `trim_start`
[INFO] [stderr] 
[INFO] [stderr] warning: use of deprecated associated function `core::str::<impl str>::trim_left`: superseded by `trim_start`
[INFO] [stderr]    --> src/read.rs:201:40
[INFO] [stderr]     |
[INFO] [stderr] 201 |                 let line = line_buffer.trim_left();
[INFO] [stderr]     |                                        ^^^^^^^^^ help: replace the use of the deprecated associated function: `trim_start`
[INFO] [stderr] 
[INFO] [stderr] warning: use of deprecated associated function `core::str::<impl str>::trim_right`: superseded by `trim_end`
[INFO] [stderr]    --> src/read.rs:217:53
[INFO] [stderr]     |
[INFO] [stderr] 217 |                         let entry = read_entry(line.trim_right());
[INFO] [stderr]     |                                                     ^^^^^^^^^^ help: replace the use of the deprecated associated function: `trim_end`
[INFO] [stderr] 
[INFO] [stderr] warning: use of deprecated associated function `core::str::<impl str>::trim_left`: superseded by `trim_start`
[INFO] [stderr]    --> src/read.rs:292:32
[INFO] [stderr]     |
[INFO] [stderr] 292 |         let line = line_buffer.trim_left();
[INFO] [stderr]     |                                ^^^^^^^^^ help: replace the use of the deprecated associated function: `trim_start`
[INFO] [stderr] 
[INFO] [stderr] warning: use of deprecated associated function `core::str::<impl str>::trim_right`: superseded by `trim_end`
[INFO] [stderr]    --> src/read.rs:299:49
[INFO] [stderr]     |
[INFO] [stderr] 299 |             _ => return Ok(Some(read_entry(line.trim_right()))),
[INFO] [stderr]     |                                                 ^^^^^^^^^^ help: replace the use of the deprecated associated function: `trim_end`
[INFO] [stderr] 
[INFO] [stderr] warning: `m3u` (lib) generated 22 warnings
[INFO] [stderr] warning: `m3u` (lib test) generated 22 warnings (22 duplicates)
[INFO] [stderr]     Finished test [unoptimized + debuginfo] target(s) in 0.02s
[INFO] [stderr]      Running unittests (/opt/rustwide/target/debug/deps/m3u-487b8009046b91fb)
[INFO] [stderr]      Running tests/read.rs (/opt/rustwide/target/debug/deps/read-3f83edefbe4a89c5)
[INFO] [stderr]      Running tests/write.rs (/opt/rustwide/target/debug/deps/write-67992295958e723a)
[INFO] [stdout] test entry_ext ... FAILED
[INFO] [stderr] error: test failed, to rerun pass '--test write'
[INFO] [stdout] test entry ... FAILED
[INFO] [stdout] 
[INFO] [stdout] failures:
[INFO] [stdout] 
[INFO] [stdout] ---- entry_ext stdout ----
[INFO] [stdout] thread 'entry_ext' panicked at 'called `Result::unwrap()` on an `Err` value: Os { code: 30, kind: ReadOnlyFilesystem, message: "Read-only file system" }', tests/write.rs:66:56
[INFO] [stdout] stack backtrace:
[INFO] [stdout]    0:     0x55ff43600f90 - std::backtrace_rs::backtrace::libunwind::trace::hff4d1766e93f64f1
[INFO] [stdout]                                at /rustc/53fd98ca776cb875bc9e5514f56b52eb74f9e7a9/library/std/src/../../backtrace/src/backtrace/libunwind.rs:90:5
[INFO] [stdout]    1:     0x55ff43600f90 - std::backtrace_rs::backtrace::trace_unsynchronized::h56bbc8eb78770bcb
[INFO] [stdout]                                at /rustc/53fd98ca776cb875bc9e5514f56b52eb74f9e7a9/library/std/src/../../backtrace/src/backtrace/mod.rs:66:5
[INFO] [stdout]    2:     0x55ff43600f90 - std::sys_common::backtrace::_print_fmt::h5c8e75464faca780
[INFO] [stdout]                                at /rustc/53fd98ca776cb875bc9e5514f56b52eb74f9e7a9/library/std/src/sys_common/backtrace.rs:67:5
[INFO] [stdout]    3:     0x55ff43600f90 - <std::sys_common::backtrace::_print::DisplayBacktrace as core::fmt::Display>::fmt::h48b88277def8b362
[INFO] [stdout]                                at /rustc/53fd98ca776cb875bc9e5514f56b52eb74f9e7a9/library/std/src/sys_common/backtrace.rs:46:22
[INFO] [stdout]    4:     0x55ff4362479c - core::fmt::write::h3381b3176fe2b3d3
[INFO] [stdout]                                at /rustc/53fd98ca776cb875bc9e5514f56b52eb74f9e7a9/library/core/src/fmt/mod.rs:1115:17
[INFO] [stdout]    5:     0x55ff435fda55 - std::io::Write::write_fmt::h5f34a676f60246b5
[INFO] [stdout]                                at /rustc/53fd98ca776cb875bc9e5514f56b52eb74f9e7a9/library/std/src/io/mod.rs:1665:15
[INFO] [stdout]    6:     0x55ff4360310b - std::sys_common::backtrace::_print::ha537687d6c17dd0d
[INFO] [stdout]                                at /rustc/53fd98ca776cb875bc9e5514f56b52eb74f9e7a9/library/std/src/sys_common/backtrace.rs:49:5
[INFO] [stdout]    7:     0x55ff4360310b - std::sys_common::backtrace::print::h61376ae57d131d72
[INFO] [stdout]                                at /rustc/53fd98ca776cb875bc9e5514f56b52eb74f9e7a9/library/std/src/sys_common/backtrace.rs:36:9
[INFO] [stdout]    8:     0x55ff4360310b - std::panicking::default_hook::{{closure}}::h0f7208c0b9644a54
[INFO] [stdout]                                at /rustc/53fd98ca776cb875bc9e5514f56b52eb74f9e7a9/library/std/src/panicking.rs:208:50
[INFO] [stdout]    9:     0x55ff43602c1c - std::panicking::default_hook::hdac7fc06578c14ce
[INFO] [stdout]                                at /rustc/53fd98ca776cb875bc9e5514f56b52eb74f9e7a9/library/std/src/panicking.rs:222:9
[INFO] [stdout]   10:     0x55ff436037d4 - std::panicking::rust_panic_with_hook::h72b21c283da3d1ef
[INFO] [stdout]                                at /rustc/53fd98ca776cb875bc9e5514f56b52eb74f9e7a9/library/std/src/panicking.rs:622:17
[INFO] [stdout]   11:     0x55ff436032b7 - std::panicking::begin_panic_handler::{{closure}}::he5778f1729cff84a
[INFO] [stdout]                                at /rustc/53fd98ca776cb875bc9e5514f56b52eb74f9e7a9/library/std/src/panicking.rs:519:13
[INFO] [stdout]   12:     0x55ff4360146c - std::sys_common::backtrace::__rust_end_short_backtrace::h2d11ca8b453b4b1d
[INFO] [stdout]                                at /rustc/53fd98ca776cb875bc9e5514f56b52eb74f9e7a9/library/std/src/sys_common/backtrace.rs:141:18
[INFO] [stdout]   13:     0x55ff43603219 - rust_begin_unwind
[INFO] [stdout]                                at /rustc/53fd98ca776cb875bc9e5514f56b52eb74f9e7a9/library/std/src/panicking.rs:515:5
[INFO] [stdout]   14:     0x55ff435524b1 - core::panicking::panic_fmt::hf9de31d4acbce4db
[INFO] [stdout]                                at /rustc/53fd98ca776cb875bc9e5514f56b52eb74f9e7a9/library/core/src/panicking.rs:92:14
[INFO] [stdout]   15:     0x55ff435525a3 - core::result::unwrap_failed::ha0c84e81219e5878
[INFO] [stdout]                                at /rustc/53fd98ca776cb875bc9e5514f56b52eb74f9e7a9/library/core/src/result.rs:1599:5
[INFO] [stdout]   16:     0x55ff4355d05e - core::result::Result<T,E>::unwrap::h895fd85935083cef
[INFO] [stdout]                                at /rustc/53fd98ca776cb875bc9e5514f56b52eb74f9e7a9/library/core/src/result.rs:1281:23
[INFO] [stdout]   17:     0x55ff43562daf - write::entry_ext::hb2bb4bf7a56bf6a0
[INFO] [stdout]                                at /opt/rustwide/workdir/tests/write.rs:66:24
[INFO] [stdout]   18:     0x55ff435629fa - write::entry_ext::{{closure}}::h2413c8c22b57c5aa
[INFO] [stdout]                                at /opt/rustwide/workdir/tests/write.rs:44:1
[INFO] [stdout]   19:     0x55ff4355931e - core::ops::function::FnOnce::call_once::h09250933d346d49c
[INFO] [stdout]                                at /rustc/53fd98ca776cb875bc9e5514f56b52eb74f9e7a9/library/core/src/ops/function.rs:227:5
[INFO] [stdout]   20:     0x55ff43596453 - core::ops::function::FnOnce::call_once::hbb52c4519d3137b0
[INFO] [stdout]                                at /rustc/53fd98ca776cb875bc9e5514f56b52eb74f9e7a9/library/core/src/ops/function.rs:227:5
[INFO] [stdout]   21:     0x55ff43596453 - test::__rust_begin_short_backtrace::h86fe3a2a5a5121af
[INFO] [stdout]                                at /rustc/53fd98ca776cb875bc9e5514f56b52eb74f9e7a9/library/test/src/lib.rs:578:5
[INFO] [stdout]   22:     0x55ff43594f08 - <alloc::boxed::Box<F,A> as core::ops::function::FnOnce<Args>>::call_once::hfd956bc3d57399be
[INFO] [stdout]                                at /rustc/53fd98ca776cb875bc9e5514f56b52eb74f9e7a9/library/alloc/src/boxed.rs:1572:9
[INFO] [stdout]   23:     0x55ff43594f08 - <std::panic::AssertUnwindSafe<F> as core::ops::function::FnOnce<()>>::call_once::h40dc93e0ddb5938a
[INFO] [stdout]                                at /rustc/53fd98ca776cb875bc9e5514f56b52eb74f9e7a9/library/std/src/panic.rs:347:9
[INFO] [stdout]   24:     0x55ff43594f08 - std::panicking::try::do_call::h90d07750cb47c562
[INFO] [stdout]                                at /rustc/53fd98ca776cb875bc9e5514f56b52eb74f9e7a9/library/std/src/panicking.rs:401:40
[INFO] [stdout]   25:     0x55ff43594f08 - std::panicking::try::h063c84733ad2a629
[INFO] [stdout]                                at /rustc/53fd98ca776cb875bc9e5514f56b52eb74f9e7a9/library/std/src/panicking.rs:365:19
[INFO] [stdout]   26:     0x55ff43594f08 - std::panic::catch_unwind::h0c464836a84e7c08
[INFO] [stdout]                                at /rustc/53fd98ca776cb875bc9e5514f56b52eb74f9e7a9/library/std/src/panic.rs:434:14
[INFO] [stdout]   27:     0x55ff43594f08 - test::run_test_in_process::h5cb06ef620b157fc
[INFO] [stdout]                                at /rustc/53fd98ca776cb875bc9e5514f56b52eb74f9e7a9/library/test/src/lib.rs:601:18
[INFO] [stdout]   28:     0x55ff43594f08 - test::run_test::run_test_inner::{{closure}}::h76f677f4b93f9828
[INFO] [stdout]                                at /rustc/53fd98ca776cb875bc9e5514f56b52eb74f9e7a9/library/test/src/lib.rs:493:39
[INFO] [stdout]   29:     0x55ff4356369d - test::run_test::run_test_inner::{{closure}}::h366d01fe04f4d67a
[INFO] [stdout]                                at /rustc/53fd98ca776cb875bc9e5514f56b52eb74f9e7a9/library/test/src/lib.rs:520:37
[INFO] [stdout]   30:     0x55ff4356369d - std::sys_common::backtrace::__rust_begin_short_backtrace::h7dfa0de4eb395af2
[INFO] [stdout]                                at /rustc/53fd98ca776cb875bc9e5514f56b52eb74f9e7a9/library/std/src/sys_common/backtrace.rs:125:18
[INFO] [stdout]   31:     0x55ff43567e68 - std::thread::Builder::spawn_unchecked::{{closure}}::{{closure}}::hf0a74bb58798037f
[INFO] [stdout]                                at /rustc/53fd98ca776cb875bc9e5514f56b52eb74f9e7a9/library/std/src/thread/mod.rs:476:17
[INFO] [stdout]   32:     0x55ff43567e68 - <std::panic::AssertUnwindSafe<F> as core::ops::function::FnOnce<()>>::call_once::hb024e854818586ac
[INFO] [stdout]                                at /rustc/53fd98ca776cb875bc9e5514f56b52eb74f9e7a9/library/std/src/panic.rs:347:9
[INFO] [stdout]   33:     0x55ff43567e68 - std::panicking::try::do_call::hb2dd9f1d0d48e41d
[INFO] [stdout]                                at /rustc/53fd98ca776cb875bc9e5514f56b52eb74f9e7a9/library/std/src/panicking.rs:401:40
[INFO] [stdout]   34:     0x55ff43567e68 - std::panicking::try::h4717ae7bac8b2bf3
[INFO] [stdout]                                at /rustc/53fd98ca776cb875bc9e5514f56b52eb74f9e7a9/library/std/src/panicking.rs:365:19
[INFO] [stdout]   35:     0x55ff43567e68 - std::panic::catch_unwind::h0dc8a061326ce8d8
[INFO] [stdout]                                at /rustc/53fd98ca776cb875bc9e5514f56b52eb74f9e7a9/library/std/src/panic.rs:434:14
[INFO] [stdout]   36:     0x55ff43567e68 - std::thread::Builder::spawn_unchecked::{{closure}}::haa369e2d6fd00aa1
[INFO] [stdout]                                at /rustc/53fd98ca776cb875bc9e5514f56b52eb74f9e7a9/library/std/src/thread/mod.rs:475:30
[INFO] [stdout]   37:     0x55ff43567e68 - core::ops::function::FnOnce::call_once{{vtable.shim}}::h36dcf3de8b056f17
[INFO] [stdout]                                at /rustc/53fd98ca776cb875bc9e5514f56b52eb74f9e7a9/library/core/src/ops/function.rs:227:5
[INFO] [stdout]   38:     0x55ff43608527 - <alloc::boxed::Box<F,A> as core::ops::function::FnOnce<Args>>::call_once::h65c29e4642be2358
[INFO] [stdout]                                at /rustc/53fd98ca776cb875bc9e5514f56b52eb74f9e7a9/library/alloc/src/boxed.rs:1572:9
[INFO] [stdout]   39:     0x55ff43608527 - <alloc::boxed::Box<F,A> as core::ops::function::FnOnce<Args>>::call_once::hd0f8f7fbbd9fffbf
[INFO] [stdout]                                at /rustc/53fd98ca776cb875bc9e5514f56b52eb74f9e7a9/library/alloc/src/boxed.rs:1572:9
[INFO] [stdout]   40:     0x55ff43608527 - std::sys::unix::thread::Thread::new::thread_start::h2fd22fee3ca77b65
[INFO] [stdout]                                at /rustc/53fd98ca776cb875bc9e5514f56b52eb74f9e7a9/library/std/src/sys/unix/thread.rs:74:17
[INFO] [stdout]   41:     0x7f22cbbf5609 - start_thread
[INFO] [stdout]   42:     0x7f22cb9c7293 - clone
[INFO] [stdout]   43:                0x0 - <unknown>
[INFO] [stdout] 
[INFO] [stdout] ---- entry stdout ----
[INFO] [stdout] thread 'entry' panicked at 'called `Result::unwrap()` on an `Err` value: Os { code: 30, kind: ReadOnlyFilesystem, message: "Read-only file system" }', tests/write.rs:25:56
[INFO] [stdout] stack backtrace:
[INFO] [stdout]    0:     0x55ff43600f90 - std::backtrace_rs::backtrace::libunwind::trace::hff4d1766e93f64f1
[INFO] [stdout]                                at /rustc/53fd98ca776cb875bc9e5514f56b52eb74f9e7a9/library/std/src/../../backtrace/src/backtrace/libunwind.rs:90:5
[INFO] [stdout]    1:     0x55ff43600f90 - std::backtrace_rs::backtrace::trace_unsynchronized::h56bbc8eb78770bcb
[INFO] [stdout]                                at /rustc/53fd98ca776cb875bc9e5514f56b52eb74f9e7a9/library/std/src/../../backtrace/src/backtrace/mod.rs:66:5
[INFO] [stdout]    2:     0x55ff43600f90 - std::sys_common::backtrace::_print_fmt::h5c8e75464faca780
[INFO] [stdout]                                at /rustc/53fd98ca776cb875bc9e5514f56b52eb74f9e7a9/library/std/src/sys_common/backtrace.rs:67:5
[INFO] [stdout]    3:     0x55ff43600f90 - <std::sys_common::backtrace::_print::DisplayBacktrace as core::fmt::Display>::fmt::h48b88277def8b362
[INFO] [stdout]                                at /rustc/53fd98ca776cb875bc9e5514f56b52eb74f9e7a9/library/std/src/sys_common/backtrace.rs:46:22
[INFO] [stdout]    4:     0x55ff4362479c - core::fmt::write::h3381b3176fe2b3d3
[INFO] [stdout]                                at /rustc/53fd98ca776cb875bc9e5514f56b52eb74f9e7a9/library/core/src/fmt/mod.rs:1115:17
[INFO] [stdout]    5:     0x55ff435fda55 - std::io::Write::write_fmt::h5f34a676f60246b5
[INFO] [stdout]                                at /rustc/53fd98ca776cb875bc9e5514f56b52eb74f9e7a9/library/std/src/io/mod.rs:1665:15
[INFO] [stdout]    6:     0x55ff4360310b - std::sys_common::backtrace::_print::ha537687d6c17dd0d
[INFO] [stdout]                                at /rustc/53fd98ca776cb875bc9e5514f56b52eb74f9e7a9/library/std/src/sys_common/backtrace.rs:49:5
[INFO] [stdout]    7:     0x55ff4360310b - std::sys_common::backtrace::print::h61376ae57d131d72
[INFO] [stdout]                                at /rustc/53fd98ca776cb875bc9e5514f56b52eb74f9e7a9/library/std/src/sys_common/backtrace.rs:36:9
[INFO] [stdout]    8:     0x55ff4360310b - std::panicking::default_hook::{{closure}}::h0f7208c0b9644a54
[INFO] [stdout]                                at /rustc/53fd98ca776cb875bc9e5514f56b52eb74f9e7a9/library/std/src/panicking.rs:208:50
[INFO] [stdout]    9:     0x55ff43602c1c - std::panicking::default_hook::hdac7fc06578c14ce
[INFO] [stdout]                                at /rustc/53fd98ca776cb875bc9e5514f56b52eb74f9e7a9/library/std/src/panicking.rs:222:9
[INFO] [stdout]   10:     0x55ff436037d4 - std::panicking::rust_panic_with_hook::h72b21c283da3d1ef
[INFO] [stdout]                                at /rustc/53fd98ca776cb875bc9e5514f56b52eb74f9e7a9/library/std/src/panicking.rs:622:17
[INFO] [stdout]   11:     0x55ff436032b7 - std::panicking::begin_panic_handler::{{closure}}::he5778f1729cff84a
[INFO] [stdout]                                at /rustc/53fd98ca776cb875bc9e5514f56b52eb74f9e7a9/library/std/src/panicking.rs:519:13
[INFO] [stdout]   12:     0x55ff4360146c - std::sys_common::backtrace::__rust_end_short_backtrace::h2d11ca8b453b4b1d
[INFO] [stdout]                                at /rustc/53fd98ca776cb875bc9e5514f56b52eb74f9e7a9/library/std/src/sys_common/backtrace.rs:141:18
[INFO] [stdout]   13:     0x55ff43603219 - rust_begin_unwind
[INFO] [stdout]                                at /rustc/53fd98ca776cb875bc9e5514f56b52eb74f9e7a9/library/std/src/panicking.rs:515:5
[INFO] [stdout]   14:     0x55ff435524b1 - core::panicking::panic_fmt::hf9de31d4acbce4db
[INFO] [stdout]                                at /rustc/53fd98ca776cb875bc9e5514f56b52eb74f9e7a9/library/core/src/panicking.rs:92:14
[INFO] [stdout]   15:     0x55ff435525a3 - core::result::unwrap_failed::ha0c84e81219e5878
[INFO] [stdout]                                at /rustc/53fd98ca776cb875bc9e5514f56b52eb74f9e7a9/library/core/src/result.rs:1599:5
[INFO] [stdout]   16:     0x55ff4355d05e - core::result::Result<T,E>::unwrap::h895fd85935083cef
[INFO] [stdout]                                at /rustc/53fd98ca776cb875bc9e5514f56b52eb74f9e7a9/library/core/src/result.rs:1281:23
[INFO] [stdout]   17:     0x55ff43562527 - write::entry::h37c21fdd32408c4c
[INFO] [stdout]                                at /opt/rustwide/workdir/tests/write.rs:25:24
[INFO] [stdout]   18:     0x55ff435620ba - write::entry::{{closure}}::hdb437ffe15efacc1
[INFO] [stdout]                                at /opt/rustwide/workdir/tests/write.rs:4:1
[INFO] [stdout]   19:     0x55ff435593be - core::ops::function::FnOnce::call_once::hb31c6ee4eac9e9f8
[INFO] [stdout]                                at /rustc/53fd98ca776cb875bc9e5514f56b52eb74f9e7a9/library/core/src/ops/function.rs:227:5
[INFO] [stdout]   20:     0x55ff43596453 - core::ops::function::FnOnce::call_once::hbb52c4519d3137b0
[INFO] [stdout]                                at /rustc/53fd98ca776cb875bc9e5514f56b52eb74f9e7a9/library/core/src/ops/function.rs:227:5
[INFO] [stdout]   21:     0x55ff43596453 - test::__rust_begin_short_backtrace::h86fe3a2a5a5121af
[INFO] [stdout]                                at /rustc/53fd98ca776cb875bc9e5514f56b52eb74f9e7a9/library/test/src/lib.rs:578:5
[INFO] [stdout]   22:     0x55ff43594f08 - <alloc::boxed::Box<F,A> as core::ops::function::FnOnce<Args>>::call_once::hfd956bc3d57399be
[INFO] [stdout]                                at /rustc/53fd98ca776cb875bc9e5514f56b52eb74f9e7a9/library/alloc/src/boxed.rs:1572:9
[INFO] [stdout]   23:     0x55ff43594f08 - <std::panic::AssertUnwindSafe<F> as core::ops::function::FnOnce<()>>::call_once::h40dc93e0ddb5938a
[INFO] [stdout]                                at /rustc/53fd98ca776cb875bc9e5514f56b52eb74f9e7a9/library/std/src/panic.rs:347:9
[INFO] [stdout]   24:     0x55ff43594f08 - std::panicking::try::do_call::h90d07750cb47c562
[INFO] [stdout]                                at /rustc/53fd98ca776cb875bc9e5514f56b52eb74f9e7a9/library/std/src/panicking.rs:401:40
[INFO] [stdout]   25:     0x55ff43594f08 - std::panicking::try::h063c84733ad2a629
[INFO] [stdout]                                at /rustc/53fd98ca776cb875bc9e5514f56b52eb74f9e7a9/library/std/src/panicking.rs:365:19
[INFO] [stdout]   26:     0x55ff43594f08 - std::panic::catch_unwind::h0c464836a84e7c08
[INFO] [stdout]                                at /rustc/53fd98ca776cb875bc9e5514f56b52eb74f9e7a9/library/std/src/panic.rs:434:14
[INFO] [stdout]   27:     0x55ff43594f08 - test::run_test_in_process::h5cb06ef620b157fc
[INFO] [stdout]                                at /rustc/53fd98ca776cb875bc9e5514f56b52eb74f9e7a9/library/test/src/lib.rs:601:18
[INFO] [stdout]   28:     0x55ff43594f08 - test::run_test::run_test_inner::{{closure}}::h76f677f4b93f9828
[INFO] [stdout]                                at /rustc/53fd98ca776cb875bc9e5514f56b52eb74f9e7a9/library/test/src/lib.rs:493:39
[INFO] [stdout]   29:     0x55ff4356369d - test::run_test::run_test_inner::{{closure}}::h366d01fe04f4d67a
[INFO] [stdout]                                at /rustc/53fd98ca776cb875bc9e5514f56b52eb74f9e7a9/library/test/src/lib.rs:520:37
[INFO] [stdout]   30:     0x55ff4356369d - std::sys_common::backtrace::__rust_begin_short_backtrace::h7dfa0de4eb395af2
[INFO] [stdout]                                at /rustc/53fd98ca776cb875bc9e5514f56b52eb74f9e7a9/library/std/src/sys_common/backtrace.rs:125:18
[INFO] [stdout]   31:     0x55ff43567e68 - std::thread::Builder::spawn_unchecked::{{closure}}::{{closure}}::hf0a74bb58798037f
[INFO] [stdout]                                at /rustc/53fd98ca776cb875bc9e5514f56b52eb74f9e7a9/library/std/src/thread/mod.rs:476:17
[INFO] [stdout]   32:     0x55ff43567e68 - <std::panic::AssertUnwindSafe<F> as core::ops::function::FnOnce<()>>::call_once::hb024e854818586ac
[INFO] [stdout]                                at /rustc/53fd98ca776cb875bc9e5514f56b52eb74f9e7a9/library/std/src/panic.rs:347:9
[INFO] [stdout]   33:     0x55ff43567e68 - std::panicking::try::do_call::hb2dd9f1d0d48e41d
[INFO] [stdout]                                at /rustc/53fd98ca776cb875bc9e5514f56b52eb74f9e7a9/library/std/src/panicking.rs:401:40
[INFO] [stdout]   34:     0x55ff43567e68 - std::panicking::try::h4717ae7bac8b2bf3
[INFO] [stdout]                                at /rustc/53fd98ca776cb875bc9e5514f56b52eb74f9e7a9/library/std/src/panicking.rs:365:19
[INFO] [stdout]   35:     0x55ff43567e68 - std::panic::catch_unwind::h0dc8a061326ce8d8
[INFO] [stdout]                                at /rustc/53fd98ca776cb875bc9e5514f56b52eb74f9e7a9/library/std/src/panic.rs:434:14
[INFO] [stdout]   36:     0x55ff43567e68 - std::thread::Builder::spawn_unchecked::{{closure}}::haa369e2d6fd00aa1
[INFO] [stdout]                                at /rustc/53fd98ca776cb875bc9e5514f56b52eb74f9e7a9/library/std/src/thread/mod.rs:475:30
[INFO] [stdout]   37:     0x55ff43567e68 - core::ops::function::FnOnce::call_once{{vtable.shim}}::h36dcf3de8b056f17
[INFO] [stdout]                                at /rustc/53fd98ca776cb875bc9e5514f56b52eb74f9e7a9/library/core/src/ops/function.rs:227:5
[INFO] [stdout]   38:     0x55ff43608527 - <alloc::boxed::Box<F,A> as core::ops::function::FnOnce<Args>>::call_once::h65c29e4642be2358
[INFO] [stdout]                                at /rustc/53fd98ca776cb875bc9e5514f56b52eb74f9e7a9/library/alloc/src/boxed.rs:1572:9
[INFO] [stdout]   39:     0x55ff43608527 - <alloc::boxed::Box<F,A> as core::ops::function::FnOnce<Args>>::call_once::hd0f8f7fbbd9fffbf
[INFO] [stdout]                                at /rustc/53fd98ca776cb875bc9e5514f56b52eb74f9e7a9/library/alloc/src/boxed.rs:1572:9
[INFO] [stdout]   40:     0x55ff43608527 - std::sys::unix::thread::Thread::new::thread_start::h2fd22fee3ca77b65
[INFO] [stdout]                                at /rustc/53fd98ca776cb875bc9e5514f56b52eb74f9e7a9/library/std/src/sys/unix/thread.rs:74:17
[INFO] [stdout]   41:     0x7f22cbbf5609 - start_thread
[INFO] [stdout]   42:     0x7f22cb9c7293 - clone
[INFO] [stdout]   43:                0x0 - <unknown>
[INFO] [stdout] 
[INFO] [stdout] 
[INFO] [stdout] failures:
[INFO] [stdout]     entry
[INFO] [stdout]     entry_ext
[INFO] [stdout] 
[INFO] [stdout] test result: FAILED. 0 passed; 2 failed; 0 ignored; 0 measured; 0 filtered out; finished in 0.04s
[INFO] [stdout] 
[INFO] running `Command { std: "docker" "inspect" "4ff1d7292a546e29f5a85cc6170ca66f69298d2635ce328e42374ebfdea4a344", kill_on_drop: false }`
[INFO] running `Command { std: "docker" "rm" "-f" "4ff1d7292a546e29f5a85cc6170ca66f69298d2635ce328e42374ebfdea4a344", kill_on_drop: false }`
[INFO] [stdout] 4ff1d7292a546e29f5a85cc6170ca66f69298d2635ce328e42374ebfdea4a344
