[INFO] fetching crate lv2-midi 1.2.0...
[INFO] testing lv2-midi-1.2.0 against beta-2021-08-01 for beta-1.55-1
[INFO] extracting crate lv2-midi 1.2.0 into /workspace/builds/worker-8/source
[INFO] validating manifest of crates.io crate lv2-midi 1.2.0 on toolchain beta-2021-08-01
[INFO] running `Command { std: "/workspace/cargo-home/bin/cargo" "+beta-2021-08-01" "metadata" "--manifest-path" "Cargo.toml" "--no-deps", kill_on_drop: false }`
[INFO] started tweaking crates.io crate lv2-midi 1.2.0
[INFO] finished tweaking crates.io crate lv2-midi 1.2.0
[INFO] tweaked toml for crates.io crate lv2-midi 1.2.0 written to /workspace/builds/worker-8/source/Cargo.toml
[INFO] running `Command { std: "/workspace/cargo-home/bin/cargo" "+beta-2021-08-01" "generate-lockfile" "--manifest-path" "Cargo.toml" "-Zno-index-update", kill_on_drop: false }`
[INFO] running `Command { std: "/workspace/cargo-home/bin/cargo" "+beta-2021-08-01" "fetch" "--manifest-path" "Cargo.toml", kill_on_drop: false }`
[INFO] [stderr]  Downloading crates ...
[INFO] [stderr]   Downloaded wmidi v3.1.0
[INFO] running `Command { std: "docker" "create" "-v" "/var/lib/crater-agent-workspace/builds/worker-8/target:/opt/rustwide/target:rw,Z" "-v" "/var/lib/crater-agent-workspace/builds/worker-8/source:/opt/rustwide/workdir:ro,Z" "-v" "/var/lib/crater-agent-workspace/cargo-home:/opt/rustwide/cargo-home:ro,Z" "-v" "/var/lib/crater-agent-workspace/rustup-home:/opt/rustwide/rustup-home:ro,Z" "-e" "SOURCE_DIR=/opt/rustwide/workdir" "-e" "CARGO_TARGET_DIR=/opt/rustwide/target" "-e" "CARGO_HOME=/opt/rustwide/cargo-home" "-e" "RUSTUP_HOME=/opt/rustwide/rustup-home" "-w" "/opt/rustwide/workdir" "-m" "1610612736" "--user" "0:0" "--network" "none" "ghcr.io/rust-lang/crates-build-env/linux@sha256:34b6a614d2c27851fe6cbf88fbd1137609cefab8b10d0615aaeb6fd47975d74e" "/opt/rustwide/cargo-home/bin/cargo" "+beta-2021-08-01" "metadata" "--no-deps" "--format-version=1", kill_on_drop: false }`
[INFO] [stdout] bfb920ecfa166ed430c670d96c30d3222624d8b7fe127397ec55ded9020c1985
[INFO] [stderr] WARNING: Your kernel does not support swap limit capabilities or the cgroup is not mounted. Memory limited without swap.
[INFO] running `Command { std: "docker" "start" "-a" "bfb920ecfa166ed430c670d96c30d3222624d8b7fe127397ec55ded9020c1985", kill_on_drop: false }`
[INFO] running `Command { std: "docker" "inspect" "bfb920ecfa166ed430c670d96c30d3222624d8b7fe127397ec55ded9020c1985", kill_on_drop: false }`
[INFO] running `Command { std: "docker" "rm" "-f" "bfb920ecfa166ed430c670d96c30d3222624d8b7fe127397ec55ded9020c1985", kill_on_drop: false }`
[INFO] [stdout] bfb920ecfa166ed430c670d96c30d3222624d8b7fe127397ec55ded9020c1985
[INFO] running `Command { std: "docker" "create" "-v" "/var/lib/crater-agent-workspace/builds/worker-8/target:/opt/rustwide/target:rw,Z" "-v" "/var/lib/crater-agent-workspace/builds/worker-8/source:/opt/rustwide/workdir:ro,Z" "-v" "/var/lib/crater-agent-workspace/cargo-home:/opt/rustwide/cargo-home:ro,Z" "-v" "/var/lib/crater-agent-workspace/rustup-home:/opt/rustwide/rustup-home:ro,Z" "-e" "SOURCE_DIR=/opt/rustwide/workdir" "-e" "CARGO_TARGET_DIR=/opt/rustwide/target" "-e" "CARGO_INCREMENTAL=0" "-e" "RUST_BACKTRACE=full" "-e" "RUSTFLAGS=--cap-lints=warn" "-e" "CARGO_HOME=/opt/rustwide/cargo-home" "-e" "RUSTUP_HOME=/opt/rustwide/rustup-home" "-w" "/opt/rustwide/workdir" "-m" "1610612736" "--user" "0:0" "--network" "none" "ghcr.io/rust-lang/crates-build-env/linux@sha256:34b6a614d2c27851fe6cbf88fbd1137609cefab8b10d0615aaeb6fd47975d74e" "/opt/rustwide/cargo-home/bin/cargo" "+beta-2021-08-01" "build" "--frozen" "--message-format=json", kill_on_drop: false }`
[INFO] [stdout] ee195f39649210d73cd429d75dba6941a54048288786533011f96e3035cd88e3
[INFO] [stderr] WARNING: Your kernel does not support swap limit capabilities or the cgroup is not mounted. Memory limited without swap.
[INFO] running `Command { std: "docker" "start" "-a" "ee195f39649210d73cd429d75dba6941a54048288786533011f96e3035cd88e3", kill_on_drop: false }`
[INFO] [stderr]    Compiling lv2-sys v2.0.0
[INFO] [stderr]    Compiling urid-derive v0.1.1
[INFO] [stderr]    Compiling lv2-core-derive v2.1.1
[INFO] [stderr]    Compiling urid v0.1.0
[INFO] [stderr]    Compiling lv2-core v3.0.0
[INFO] [stderr]    Compiling lv2-units v0.1.3
[INFO] [stderr]    Compiling lv2-atom v2.0.0
[INFO] [stderr]    Compiling lv2-midi v1.2.0 (/opt/rustwide/workdir)
[INFO] [stderr]     Finished dev [unoptimized + debuginfo] target(s) in 4.65s
[INFO] running `Command { std: "docker" "inspect" "ee195f39649210d73cd429d75dba6941a54048288786533011f96e3035cd88e3", kill_on_drop: false }`
[INFO] running `Command { std: "docker" "rm" "-f" "ee195f39649210d73cd429d75dba6941a54048288786533011f96e3035cd88e3", kill_on_drop: false }`
[INFO] [stdout] ee195f39649210d73cd429d75dba6941a54048288786533011f96e3035cd88e3
[INFO] running `Command { std: "docker" "create" "-v" "/var/lib/crater-agent-workspace/builds/worker-8/target:/opt/rustwide/target:rw,Z" "-v" "/var/lib/crater-agent-workspace/builds/worker-8/source:/opt/rustwide/workdir:ro,Z" "-v" "/var/lib/crater-agent-workspace/cargo-home:/opt/rustwide/cargo-home:ro,Z" "-v" "/var/lib/crater-agent-workspace/rustup-home:/opt/rustwide/rustup-home:ro,Z" "-e" "SOURCE_DIR=/opt/rustwide/workdir" "-e" "CARGO_TARGET_DIR=/opt/rustwide/target" "-e" "CARGO_INCREMENTAL=0" "-e" "RUST_BACKTRACE=full" "-e" "RUSTFLAGS=--cap-lints=warn" "-e" "CARGO_HOME=/opt/rustwide/cargo-home" "-e" "RUSTUP_HOME=/opt/rustwide/rustup-home" "-w" "/opt/rustwide/workdir" "-m" "1610612736" "--user" "0:0" "--network" "none" "ghcr.io/rust-lang/crates-build-env/linux@sha256:34b6a614d2c27851fe6cbf88fbd1137609cefab8b10d0615aaeb6fd47975d74e" "/opt/rustwide/cargo-home/bin/cargo" "+beta-2021-08-01" "test" "--frozen" "--no-run" "--message-format=json", kill_on_drop: false }`
[INFO] [stdout] a4a3cb21717d888eabcaeb69e02ce8b1cb21cc7c8f088de966b529918493e5e4
[INFO] [stderr] WARNING: Your kernel does not support swap limit capabilities or the cgroup is not mounted. Memory limited without swap.
[INFO] running `Command { std: "docker" "start" "-a" "a4a3cb21717d888eabcaeb69e02ce8b1cb21cc7c8f088de966b529918493e5e4", kill_on_drop: false }`
[INFO] [stderr]    Compiling lv2-midi v1.2.0 (/opt/rustwide/workdir)
[INFO] [stderr]     Finished test [unoptimized + debuginfo] target(s) in 0.67s
[INFO] running `Command { std: "docker" "inspect" "a4a3cb21717d888eabcaeb69e02ce8b1cb21cc7c8f088de966b529918493e5e4", kill_on_drop: false }`
[INFO] running `Command { std: "docker" "rm" "-f" "a4a3cb21717d888eabcaeb69e02ce8b1cb21cc7c8f088de966b529918493e5e4", kill_on_drop: false }`
[INFO] [stdout] a4a3cb21717d888eabcaeb69e02ce8b1cb21cc7c8f088de966b529918493e5e4
[INFO] running `Command { std: "docker" "create" "-v" "/var/lib/crater-agent-workspace/builds/worker-8/target:/opt/rustwide/target:rw,Z" "-v" "/var/lib/crater-agent-workspace/builds/worker-8/source:/opt/rustwide/workdir:ro,Z" "-v" "/var/lib/crater-agent-workspace/cargo-home:/opt/rustwide/cargo-home:ro,Z" "-v" "/var/lib/crater-agent-workspace/rustup-home:/opt/rustwide/rustup-home:ro,Z" "-e" "SOURCE_DIR=/opt/rustwide/workdir" "-e" "CARGO_TARGET_DIR=/opt/rustwide/target" "-e" "CARGO_INCREMENTAL=0" "-e" "RUST_BACKTRACE=full" "-e" "RUSTFLAGS=--cap-lints=warn" "-e" "CARGO_HOME=/opt/rustwide/cargo-home" "-e" "RUSTUP_HOME=/opt/rustwide/rustup-home" "-w" "/opt/rustwide/workdir" "-m" "1610612736" "--user" "0:0" "--network" "none" "ghcr.io/rust-lang/crates-build-env/linux@sha256:34b6a614d2c27851fe6cbf88fbd1137609cefab8b10d0615aaeb6fd47975d74e" "/opt/rustwide/cargo-home/bin/cargo" "+beta-2021-08-01" "test" "--frozen", kill_on_drop: false }`
[INFO] [stdout] c76a2b7aa1bcb0bf6683e039992265bea578e562c7ed63e8362607e7ebba1101
[INFO] [stderr] WARNING: Your kernel does not support swap limit capabilities or the cgroup is not mounted. Memory limited without swap.
[INFO] running `Command { std: "docker" "start" "-a" "c76a2b7aa1bcb0bf6683e039992265bea578e562c7ed63e8362607e7ebba1101", kill_on_drop: false }`
[INFO] [stdout] 
[INFO] [stderr]     Finished test [unoptimized + debuginfo] target(s) in 0.02s
[INFO] [stdout] running 0 tests
[INFO] [stderr]      Running unittests (/opt/rustwide/target/debug/deps/lv2_midi-ed7e729a13b32fab)
[INFO] [stdout] 
[INFO] [stdout] test result: ok. 0 passed; 0 failed; 0 ignored; 0 measured; 0 filtered out; finished in 0.00s
[INFO] [stdout] 
[INFO] [stderr]    Doc-tests lv2-midi
[INFO] [stdout] 
[INFO] [stdout] running 1 test
[INFO] [stderr] error: test failed, to rerun pass '--doc'
[INFO] [stdout] test src/lib.rs - (line 11) ... FAILED
[INFO] [stdout] 
[INFO] [stdout] failures:
[INFO] [stdout] 
[INFO] [stdout] ---- src/lib.rs - (line 11) stdout ----
[INFO] [stdout] error[E0432]: unresolved import `wmidi`
[INFO] [stdout]  --> src/lib.rs:16:5
[INFO] [stdout]   |
[INFO] [stdout] 8 | use wmidi::*;
[INFO] [stdout]   |     ^^^^^ use of undeclared crate or module `wmidi`
[INFO] [stdout] 
[INFO] [stdout] error[E0433]: failed to resolve: use of undeclared type `MidiMessage`
[INFO] [stdout]   --> src/lib.rs:46:17
[INFO] [stdout]    |
[INFO] [stdout] 38 |                 MidiMessage::NoteOn(channel, note, velocity) => {
[INFO] [stdout]    |                 ^^^^^^^^^^^ use of undeclared type `MidiMessage`
[INFO] [stdout] 
[INFO] [stdout] error[E0433]: failed to resolve: use of undeclared type `MidiMessage`
[INFO] [stdout]   --> src/lib.rs:48:21
[INFO] [stdout]    |
[INFO] [stdout] 40 |                     MidiMessage::NoteOn(channel, note, velocity)
[INFO] [stdout]    |                     ^^^^^^^^^^^ use of undeclared type `MidiMessage`
[INFO] [stdout] 
[INFO] [stdout] error[E0433]: failed to resolve: use of undeclared type `MidiMessage`
[INFO] [stdout]   --> src/lib.rs:50:17
[INFO] [stdout]    |
[INFO] [stdout] 42 |                 MidiMessage::NoteOff(channel, note, velocity) => {
[INFO] [stdout]    |                 ^^^^^^^^^^^ use of undeclared type `MidiMessage`
[INFO] [stdout] 
[INFO] [stdout] error[E0433]: failed to resolve: use of undeclared type `MidiMessage`
[INFO] [stdout]   --> src/lib.rs:52:21
[INFO] [stdout]    |
[INFO] [stdout] 44 |                     MidiMessage::NoteOff(channel, note, velocity)
[INFO] [stdout]    |                     ^^^^^^^^^^^ use of undeclared type `MidiMessage`
[INFO] [stdout] 
[INFO] [stdout] error[E0609]: no field `wmidi` on type `lv2_midi::MidiURIDCollection`
[INFO] [stdout]   --> src/lib.rs:43:53
[INFO] [stdout]    |
[INFO] [stdout] 35 |         if let Some(message) = atom.read(urids.midi.wmidi, ()) {
[INFO] [stdout]    |                                                     ^^^^^ unknown field
[INFO] [stdout]    |
[INFO] [stdout]    = note: available fields are: `raw`
[INFO] [stdout] 
[INFO] [stdout] error[E0609]: no field `wmidi` on type `lv2_midi::MidiURIDCollection`
[INFO] [stdout]   --> src/lib.rs:57:56
[INFO] [stdout]    |
[INFO] [stdout] 49 |             output_sequence.init(timestamp, urids.midi.wmidi, message_to_send);
[INFO] [stdout]    |                                                        ^^^^^ unknown field
[INFO] [stdout]    |
[INFO] [stdout]    = note: available fields are: `raw`
[INFO] [stdout] 
[INFO] [stdout] error: aborting due to 7 previous errors
[INFO] [stdout] 
[INFO] [stdout] Some errors have detailed explanations: E0432, E0433, E0609.
[INFO] [stdout] For more information about an error, try `rustc --explain E0432`.
[INFO] [stdout] Couldn't compile the test.
[INFO] [stdout] 
[INFO] [stdout] failures:
[INFO] [stdout]     src/lib.rs - (line 11)
[INFO] [stdout] 
[INFO] [stdout] test result: FAILED. 0 passed; 1 failed; 0 ignored; 0 measured; 0 filtered out; finished in 0.29s
[INFO] [stdout] 
[INFO] running `Command { std: "docker" "inspect" "c76a2b7aa1bcb0bf6683e039992265bea578e562c7ed63e8362607e7ebba1101", kill_on_drop: false }`
[INFO] running `Command { std: "docker" "rm" "-f" "c76a2b7aa1bcb0bf6683e039992265bea578e562c7ed63e8362607e7ebba1101", kill_on_drop: false }`
[INFO] [stdout] c76a2b7aa1bcb0bf6683e039992265bea578e562c7ed63e8362607e7ebba1101
