[INFO] fetching crate lunatic_message_derive 0.1.0...
[INFO] testing lunatic_message_derive-0.1.0 against 1.54.0 for beta-1.55-1
[INFO] extracting crate lunatic_message_derive 0.1.0 into /workspace/builds/worker-10/source
[INFO] validating manifest of crates.io crate lunatic_message_derive 0.1.0 on toolchain 1.54.0
[INFO] running `Command { std: "/workspace/cargo-home/bin/cargo" "+1.54.0" "metadata" "--manifest-path" "Cargo.toml" "--no-deps", kill_on_drop: false }`
[INFO] started tweaking crates.io crate lunatic_message_derive 0.1.0
[INFO] finished tweaking crates.io crate lunatic_message_derive 0.1.0
[INFO] tweaked toml for crates.io crate lunatic_message_derive 0.1.0 written to /workspace/builds/worker-10/source/Cargo.toml
[INFO] running `Command { std: "/workspace/cargo-home/bin/cargo" "+1.54.0" "generate-lockfile" "--manifest-path" "Cargo.toml" "-Zno-index-update", kill_on_drop: false }`
[INFO] running `Command { std: "/workspace/cargo-home/bin/cargo" "+1.54.0" "fetch" "--manifest-path" "Cargo.toml", kill_on_drop: false }`
[INFO] running `Command { std: "docker" "create" "-v" "/var/lib/crater-agent-workspace/builds/worker-10/target:/opt/rustwide/target:rw,Z" "-v" "/var/lib/crater-agent-workspace/builds/worker-10/source:/opt/rustwide/workdir:ro,Z" "-v" "/var/lib/crater-agent-workspace/cargo-home:/opt/rustwide/cargo-home:ro,Z" "-v" "/var/lib/crater-agent-workspace/rustup-home:/opt/rustwide/rustup-home:ro,Z" "-e" "SOURCE_DIR=/opt/rustwide/workdir" "-e" "CARGO_TARGET_DIR=/opt/rustwide/target" "-e" "CARGO_HOME=/opt/rustwide/cargo-home" "-e" "RUSTUP_HOME=/opt/rustwide/rustup-home" "-w" "/opt/rustwide/workdir" "-m" "1610612736" "--user" "0:0" "--network" "none" "ghcr.io/rust-lang/crates-build-env/linux@sha256:34b6a614d2c27851fe6cbf88fbd1137609cefab8b10d0615aaeb6fd47975d74e" "/opt/rustwide/cargo-home/bin/cargo" "+1.54.0" "metadata" "--no-deps" "--format-version=1", kill_on_drop: false }`
[INFO] [stdout] 9319b9a9670e5fc5036dc0defff962b487f25a215ddd910033fef2b2eec7ca89
[INFO] [stderr] WARNING: Your kernel does not support swap limit capabilities or the cgroup is not mounted. Memory limited without swap.
[INFO] running `Command { std: "docker" "start" "-a" "9319b9a9670e5fc5036dc0defff962b487f25a215ddd910033fef2b2eec7ca89", kill_on_drop: false }`
[INFO] running `Command { std: "docker" "inspect" "9319b9a9670e5fc5036dc0defff962b487f25a215ddd910033fef2b2eec7ca89", kill_on_drop: false }`
[INFO] running `Command { std: "docker" "rm" "-f" "9319b9a9670e5fc5036dc0defff962b487f25a215ddd910033fef2b2eec7ca89", kill_on_drop: false }`
[INFO] [stdout] 9319b9a9670e5fc5036dc0defff962b487f25a215ddd910033fef2b2eec7ca89
[INFO] running `Command { std: "docker" "create" "-v" "/var/lib/crater-agent-workspace/builds/worker-10/target:/opt/rustwide/target:rw,Z" "-v" "/var/lib/crater-agent-workspace/builds/worker-10/source:/opt/rustwide/workdir:ro,Z" "-v" "/var/lib/crater-agent-workspace/cargo-home:/opt/rustwide/cargo-home:ro,Z" "-v" "/var/lib/crater-agent-workspace/rustup-home:/opt/rustwide/rustup-home:ro,Z" "-e" "SOURCE_DIR=/opt/rustwide/workdir" "-e" "CARGO_TARGET_DIR=/opt/rustwide/target" "-e" "CARGO_INCREMENTAL=0" "-e" "RUST_BACKTRACE=full" "-e" "RUSTFLAGS=--cap-lints=warn" "-e" "CARGO_HOME=/opt/rustwide/cargo-home" "-e" "RUSTUP_HOME=/opt/rustwide/rustup-home" "-w" "/opt/rustwide/workdir" "-m" "1610612736" "--user" "0:0" "--network" "none" "ghcr.io/rust-lang/crates-build-env/linux@sha256:34b6a614d2c27851fe6cbf88fbd1137609cefab8b10d0615aaeb6fd47975d74e" "/opt/rustwide/cargo-home/bin/cargo" "+1.54.0" "build" "--frozen" "--message-format=json", kill_on_drop: false }`
[INFO] [stdout] dd19600c65b6bc239ad6b53a712bc41c1dec3cf486da184a9201649a5dd35ad0
[INFO] [stderr] WARNING: Your kernel does not support swap limit capabilities or the cgroup is not mounted. Memory limited without swap.
[INFO] running `Command { std: "docker" "start" "-a" "dd19600c65b6bc239ad6b53a712bc41c1dec3cf486da184a9201649a5dd35ad0", kill_on_drop: false }`
[INFO] [stderr]    Compiling lunatic_message_derive v0.1.0 (/opt/rustwide/workdir)
[INFO] [stderr]     Finished dev [unoptimized + debuginfo] target(s) in 2.11s
[INFO] running `Command { std: "docker" "inspect" "dd19600c65b6bc239ad6b53a712bc41c1dec3cf486da184a9201649a5dd35ad0", kill_on_drop: false }`
[INFO] running `Command { std: "docker" "rm" "-f" "dd19600c65b6bc239ad6b53a712bc41c1dec3cf486da184a9201649a5dd35ad0", kill_on_drop: false }`
[INFO] [stdout] dd19600c65b6bc239ad6b53a712bc41c1dec3cf486da184a9201649a5dd35ad0
[INFO] running `Command { std: "docker" "create" "-v" "/var/lib/crater-agent-workspace/builds/worker-10/target:/opt/rustwide/target:rw,Z" "-v" "/var/lib/crater-agent-workspace/builds/worker-10/source:/opt/rustwide/workdir:ro,Z" "-v" "/var/lib/crater-agent-workspace/cargo-home:/opt/rustwide/cargo-home:ro,Z" "-v" "/var/lib/crater-agent-workspace/rustup-home:/opt/rustwide/rustup-home:ro,Z" "-e" "SOURCE_DIR=/opt/rustwide/workdir" "-e" "CARGO_TARGET_DIR=/opt/rustwide/target" "-e" "CARGO_INCREMENTAL=0" "-e" "RUST_BACKTRACE=full" "-e" "RUSTFLAGS=--cap-lints=warn" "-e" "CARGO_HOME=/opt/rustwide/cargo-home" "-e" "RUSTUP_HOME=/opt/rustwide/rustup-home" "-w" "/opt/rustwide/workdir" "-m" "1610612736" "--user" "0:0" "--network" "none" "ghcr.io/rust-lang/crates-build-env/linux@sha256:34b6a614d2c27851fe6cbf88fbd1137609cefab8b10d0615aaeb6fd47975d74e" "/opt/rustwide/cargo-home/bin/cargo" "+1.54.0" "test" "--frozen" "--no-run" "--message-format=json", kill_on_drop: false }`
[INFO] [stderr] WARNING: Your kernel does not support swap limit capabilities or the cgroup is not mounted. Memory limited without swap.
[INFO] [stdout] 0c220e3188cf0275bb5d5636c2606321b2e1075e192fcfbeb534b32e7eef3ff3
[INFO] running `Command { std: "docker" "start" "-a" "0c220e3188cf0275bb5d5636c2606321b2e1075e192fcfbeb534b32e7eef3ff3", kill_on_drop: false }`
[INFO] [stderr]    Compiling lunatic_message_derive v0.1.0 (/opt/rustwide/workdir)
[INFO] [stderr]     Finished test [unoptimized + debuginfo] target(s) in 0.78s
[INFO] running `Command { std: "docker" "inspect" "0c220e3188cf0275bb5d5636c2606321b2e1075e192fcfbeb534b32e7eef3ff3", kill_on_drop: false }`
[INFO] running `Command { std: "docker" "rm" "-f" "0c220e3188cf0275bb5d5636c2606321b2e1075e192fcfbeb534b32e7eef3ff3", kill_on_drop: false }`
[INFO] [stdout] 0c220e3188cf0275bb5d5636c2606321b2e1075e192fcfbeb534b32e7eef3ff3
[INFO] running `Command { std: "docker" "create" "-v" "/var/lib/crater-agent-workspace/builds/worker-10/target:/opt/rustwide/target:rw,Z" "-v" "/var/lib/crater-agent-workspace/builds/worker-10/source:/opt/rustwide/workdir:ro,Z" "-v" "/var/lib/crater-agent-workspace/cargo-home:/opt/rustwide/cargo-home:ro,Z" "-v" "/var/lib/crater-agent-workspace/rustup-home:/opt/rustwide/rustup-home:ro,Z" "-e" "SOURCE_DIR=/opt/rustwide/workdir" "-e" "CARGO_TARGET_DIR=/opt/rustwide/target" "-e" "CARGO_INCREMENTAL=0" "-e" "RUST_BACKTRACE=full" "-e" "RUSTFLAGS=--cap-lints=warn" "-e" "CARGO_HOME=/opt/rustwide/cargo-home" "-e" "RUSTUP_HOME=/opt/rustwide/rustup-home" "-w" "/opt/rustwide/workdir" "-m" "1610612736" "--user" "0:0" "--network" "none" "ghcr.io/rust-lang/crates-build-env/linux@sha256:34b6a614d2c27851fe6cbf88fbd1137609cefab8b10d0615aaeb6fd47975d74e" "/opt/rustwide/cargo-home/bin/cargo" "+1.54.0" "test" "--frozen", kill_on_drop: false }`
[INFO] [stdout] ca77aa3ab6ad2f4a0bc78939af5a1ea916b02b35d5a81ad4efbdece499ff82be
[INFO] [stderr] WARNING: Your kernel does not support swap limit capabilities or the cgroup is not mounted. Memory limited without swap.
[INFO] running `Command { std: "docker" "start" "-a" "ca77aa3ab6ad2f4a0bc78939af5a1ea916b02b35d5a81ad4efbdece499ff82be", kill_on_drop: false }`
[INFO] [stderr]     Finished test [unoptimized + debuginfo] target(s) in 0.03s
[INFO] [stderr]      Running unittests (/opt/rustwide/target/debug/deps/lunatic_message_derive-fb0c0f0a804a46de)
[INFO] [stdout] 
[INFO] [stderr]    Doc-tests lunatic_message_derive
[INFO] [stdout] running 0 tests
[INFO] [stdout] 
[INFO] [stdout] test result: ok. 0 passed; 0 failed; 0 ignored; 0 measured; 0 filtered out; finished in 0.00s
[INFO] [stdout] 
[INFO] [stdout] 
[INFO] [stdout] running 1 test
[INFO] [stdout] test src/lib.rs - message_derive (line 11) ... FAILED
[INFO] [stdout] 
[INFO] [stdout] failures:
[INFO] [stdout] 
[INFO] [stdout] ---- src/lib.rs - message_derive (line 11) stdout ----
[INFO] [stdout] error: cannot find derive macro `Message` in this scope
[INFO] [stdout]  --> src/lib.rs:12:10
[INFO] [stdout]   |
[INFO] [stdout] 3 | #[derive(Message)]
[INFO] [stdout]   |          ^^^^^^^
[INFO] [stdout] 
[INFO] [stdout] error[E0433]: failed to resolve: use of undeclared crate or module `lunatic`
[INFO] [stdout]  --> src/lib.rs:14:11
[INFO] [stdout]   |
[INFO] [stdout] 5 |     proc: lunatic::process::Process,
[INFO] [stdout]   |           ^^^^^^^ use of undeclared crate or module `lunatic`
[INFO] [stdout] 
[INFO] [stdout] error: aborting due to 2 previous errors
[INFO] [stdout] 
[INFO] [stdout] For more information about this error, try `rustc --explain E0433`.
[INFO] [stdout] Couldn't compile the test.
[INFO] [stdout] 
[INFO] [stdout] failures:
[INFO] [stdout]     src/lib.rs - message_derive (line 11)
[INFO] [stdout] 
[INFO] [stdout] test result: FAILED. 0 passed; 1 failed; 0 ignored; 0 measured; 0 filtered out; finished in 0.21s
[INFO] [stdout] 
[INFO] [stderr] error: test failed, to rerun pass '--doc'
[INFO] running `Command { std: "docker" "inspect" "ca77aa3ab6ad2f4a0bc78939af5a1ea916b02b35d5a81ad4efbdece499ff82be", kill_on_drop: false }`
[INFO] running `Command { std: "docker" "rm" "-f" "ca77aa3ab6ad2f4a0bc78939af5a1ea916b02b35d5a81ad4efbdece499ff82be", kill_on_drop: false }`
[INFO] [stdout] ca77aa3ab6ad2f4a0bc78939af5a1ea916b02b35d5a81ad4efbdece499ff82be
