[INFO] fetching crate lugnut 0.0.5...
[INFO] testing lugnut-0.0.5 against beta-2021-08-01 for beta-1.55-1
[INFO] extracting crate lugnut 0.0.5 into /workspace/builds/worker-3/source
[INFO] validating manifest of crates.io crate lugnut 0.0.5 on toolchain beta-2021-08-01
[INFO] running `Command { std: "/workspace/cargo-home/bin/cargo" "+beta-2021-08-01" "metadata" "--manifest-path" "Cargo.toml" "--no-deps", kill_on_drop: false }`
[INFO] started tweaking crates.io crate lugnut 0.0.5
[INFO] finished tweaking crates.io crate lugnut 0.0.5
[INFO] tweaked toml for crates.io crate lugnut 0.0.5 written to /workspace/builds/worker-3/source/Cargo.toml
[INFO] running `Command { std: "/workspace/cargo-home/bin/cargo" "+beta-2021-08-01" "generate-lockfile" "--manifest-path" "Cargo.toml" "-Zno-index-update", kill_on_drop: false }`
[INFO] running `Command { std: "/workspace/cargo-home/bin/cargo" "+beta-2021-08-01" "fetch" "--manifest-path" "Cargo.toml", kill_on_drop: false }`
[INFO] [stderr]  Downloading crates ...
[INFO] [stderr]   Downloaded sha-1 v0.9.7
[INFO] running `Command { std: "docker" "create" "-v" "/var/lib/crater-agent-workspace/builds/worker-3/target:/opt/rustwide/target:rw,Z" "-v" "/var/lib/crater-agent-workspace/builds/worker-3/source:/opt/rustwide/workdir:ro,Z" "-v" "/var/lib/crater-agent-workspace/cargo-home:/opt/rustwide/cargo-home:ro,Z" "-v" "/var/lib/crater-agent-workspace/rustup-home:/opt/rustwide/rustup-home:ro,Z" "-e" "SOURCE_DIR=/opt/rustwide/workdir" "-e" "CARGO_TARGET_DIR=/opt/rustwide/target" "-e" "CARGO_HOME=/opt/rustwide/cargo-home" "-e" "RUSTUP_HOME=/opt/rustwide/rustup-home" "-w" "/opt/rustwide/workdir" "-m" "1610612736" "--user" "0:0" "--network" "none" "ghcr.io/rust-lang/crates-build-env/linux@sha256:34b6a614d2c27851fe6cbf88fbd1137609cefab8b10d0615aaeb6fd47975d74e" "/opt/rustwide/cargo-home/bin/cargo" "+beta-2021-08-01" "metadata" "--no-deps" "--format-version=1", kill_on_drop: false }`
[INFO] [stdout] d26f85144b73a9963143bc86f979c904be9a9859df75c5c39b6684415111c2b4
[INFO] [stderr] WARNING: Your kernel does not support swap limit capabilities or the cgroup is not mounted. Memory limited without swap.
[INFO] running `Command { std: "docker" "start" "-a" "d26f85144b73a9963143bc86f979c904be9a9859df75c5c39b6684415111c2b4", kill_on_drop: false }`
[INFO] running `Command { std: "docker" "inspect" "d26f85144b73a9963143bc86f979c904be9a9859df75c5c39b6684415111c2b4", kill_on_drop: false }`
[INFO] running `Command { std: "docker" "rm" "-f" "d26f85144b73a9963143bc86f979c904be9a9859df75c5c39b6684415111c2b4", kill_on_drop: false }`
[INFO] [stdout] d26f85144b73a9963143bc86f979c904be9a9859df75c5c39b6684415111c2b4
[INFO] running `Command { std: "docker" "create" "-v" "/var/lib/crater-agent-workspace/builds/worker-3/target:/opt/rustwide/target:rw,Z" "-v" "/var/lib/crater-agent-workspace/builds/worker-3/source:/opt/rustwide/workdir:ro,Z" "-v" "/var/lib/crater-agent-workspace/cargo-home:/opt/rustwide/cargo-home:ro,Z" "-v" "/var/lib/crater-agent-workspace/rustup-home:/opt/rustwide/rustup-home:ro,Z" "-e" "SOURCE_DIR=/opt/rustwide/workdir" "-e" "CARGO_TARGET_DIR=/opt/rustwide/target" "-e" "CARGO_INCREMENTAL=0" "-e" "RUST_BACKTRACE=full" "-e" "RUSTFLAGS=--cap-lints=warn" "-e" "CARGO_HOME=/opt/rustwide/cargo-home" "-e" "RUSTUP_HOME=/opt/rustwide/rustup-home" "-w" "/opt/rustwide/workdir" "-m" "1610612736" "--user" "0:0" "--network" "none" "ghcr.io/rust-lang/crates-build-env/linux@sha256:34b6a614d2c27851fe6cbf88fbd1137609cefab8b10d0615aaeb6fd47975d74e" "/opt/rustwide/cargo-home/bin/cargo" "+beta-2021-08-01" "build" "--frozen" "--message-format=json", kill_on_drop: false }`
[INFO] [stderr] WARNING: Your kernel does not support swap limit capabilities or the cgroup is not mounted. Memory limited without swap.
[INFO] [stdout] 7ccb20d7f9660f17743d954cc9f9c3704b39e1ecb4370780081196870748cdc8
[INFO] running `Command { std: "docker" "start" "-a" "7ccb20d7f9660f17743d954cc9f9c3704b39e1ecb4370780081196870748cdc8", kill_on_drop: false }`
[INFO] [stderr]    Compiling block-padding v0.2.1
[INFO] [stderr]    Compiling opaque-debug v0.3.0
[INFO] [stderr]    Compiling cpufeatures v0.1.5
[INFO] [stderr]    Compiling keccak v0.1.0
[INFO] [stderr]    Compiling form_urlencoded v1.0.1
[INFO] [stderr]    Compiling idna v0.2.3
[INFO] [stderr]    Compiling crypto-mac v0.10.1
[INFO] [stderr]    Compiling block-buffer v0.9.0
[INFO] [stderr]    Compiling hmac v0.10.1
[INFO] [stderr]    Compiling sha-1 v0.9.7
[INFO] [stderr]    Compiling sha2 v0.9.5
[INFO] [stderr]    Compiling sha3 v0.9.1
[INFO] [stderr]    Compiling url v2.2.2
[INFO] [stderr]    Compiling lugnut v0.0.5 (/opt/rustwide/workdir)
[INFO] [stdout] warning: function is never used: `encode_uri_component`
[INFO] [stdout]    --> src/lib.rs:262:4
[INFO] [stdout]     |
[INFO] [stdout] 262 | fn encode_uri_component(string: String) -> String {
[INFO] [stdout]     |    ^^^^^^^^^^^^^^^^^^^^
[INFO] [stdout]     |
[INFO] [stdout]     = note: `#[warn(dead_code)]` on by default
[INFO] [stdout] 
[INFO] [stdout] 
[INFO] [stdout] warning: function is never used: `generate_otpauth_url`
[INFO] [stdout]    --> src/lib.rs:267:4
[INFO] [stdout]     |
[INFO] [stdout] 267 | fn generate_otpauth_url() {}
[INFO] [stdout]     |    ^^^^^^^^^^^^^^^^^^^^
[INFO] [stdout] 
[INFO] [stdout] 
[INFO] [stdout] warning: 2 warnings emitted
[INFO] [stdout] 
[INFO] [stdout] 
[INFO] [stderr]     Finished dev [unoptimized + debuginfo] target(s) in 5.61s
[INFO] running `Command { std: "docker" "inspect" "7ccb20d7f9660f17743d954cc9f9c3704b39e1ecb4370780081196870748cdc8", kill_on_drop: false }`
[INFO] running `Command { std: "docker" "rm" "-f" "7ccb20d7f9660f17743d954cc9f9c3704b39e1ecb4370780081196870748cdc8", kill_on_drop: false }`
[INFO] [stdout] 7ccb20d7f9660f17743d954cc9f9c3704b39e1ecb4370780081196870748cdc8
[INFO] running `Command { std: "docker" "create" "-v" "/var/lib/crater-agent-workspace/builds/worker-3/target:/opt/rustwide/target:rw,Z" "-v" "/var/lib/crater-agent-workspace/builds/worker-3/source:/opt/rustwide/workdir:ro,Z" "-v" "/var/lib/crater-agent-workspace/cargo-home:/opt/rustwide/cargo-home:ro,Z" "-v" "/var/lib/crater-agent-workspace/rustup-home:/opt/rustwide/rustup-home:ro,Z" "-e" "SOURCE_DIR=/opt/rustwide/workdir" "-e" "CARGO_TARGET_DIR=/opt/rustwide/target" "-e" "CARGO_INCREMENTAL=0" "-e" "RUST_BACKTRACE=full" "-e" "RUSTFLAGS=--cap-lints=warn" "-e" "CARGO_HOME=/opt/rustwide/cargo-home" "-e" "RUSTUP_HOME=/opt/rustwide/rustup-home" "-w" "/opt/rustwide/workdir" "-m" "1610612736" "--user" "0:0" "--network" "none" "ghcr.io/rust-lang/crates-build-env/linux@sha256:34b6a614d2c27851fe6cbf88fbd1137609cefab8b10d0615aaeb6fd47975d74e" "/opt/rustwide/cargo-home/bin/cargo" "+beta-2021-08-01" "test" "--frozen" "--no-run" "--message-format=json", kill_on_drop: false }`
[INFO] [stderr] WARNING: Your kernel does not support swap limit capabilities or the cgroup is not mounted. Memory limited without swap.
[INFO] [stdout] 5607fc9e5565dc0d245ab425a91899c98c91a7ef9f5f6ca11b4bb6c2a26e0e83
[INFO] running `Command { std: "docker" "start" "-a" "5607fc9e5565dc0d245ab425a91899c98c91a7ef9f5f6ca11b4bb6c2a26e0e83", kill_on_drop: false }`
[INFO] [stderr]    Compiling lugnut v0.0.5 (/opt/rustwide/workdir)
[INFO] [stdout] warning: function is never used: `encode_uri_component`
[INFO] [stdout]    --> src/lib.rs:262:4
[INFO] [stdout]     |
[INFO] [stdout] 262 | fn encode_uri_component(string: String) -> String {
[INFO] [stdout]     |    ^^^^^^^^^^^^^^^^^^^^
[INFO] [stdout]     |
[INFO] [stdout]     = note: `#[warn(dead_code)]` on by default
[INFO] [stdout] 
[INFO] [stdout] 
[INFO] [stdout] warning: function is never used: `generate_otpauth_url`
[INFO] [stdout]    --> src/lib.rs:267:4
[INFO] [stdout]     |
[INFO] [stdout] 267 | fn generate_otpauth_url() {}
[INFO] [stdout]     |    ^^^^^^^^^^^^^^^^^^^^
[INFO] [stdout] 
[INFO] [stdout] 
[INFO] [stdout] warning: 2 warnings emitted
[INFO] [stdout] 
[INFO] [stdout] 
[INFO] [stdout] warning: function is never used: `encode_uri_component`
[INFO] [stdout]    --> src/lib.rs:262:4
[INFO] [stdout]     |
[INFO] [stdout] 262 | fn encode_uri_component(string: String) -> String {
[INFO] [stdout]     |    ^^^^^^^^^^^^^^^^^^^^
[INFO] [stdout]     |
[INFO] [stdout]     = note: `#[warn(dead_code)]` on by default
[INFO] [stdout] 
[INFO] [stdout] 
[INFO] [stdout] warning: function is never used: `generate_otpauth_url`
[INFO] [stdout]    --> src/lib.rs:267:4
[INFO] [stdout]     |
[INFO] [stdout] 267 | fn generate_otpauth_url() {}
[INFO] [stdout]     |    ^^^^^^^^^^^^^^^^^^^^
[INFO] [stdout] 
[INFO] [stdout] 
[INFO] [stdout] warning: 2 warnings emitted
[INFO] [stdout] 
[INFO] [stdout] 
[INFO] [stderr]     Finished test [unoptimized + debuginfo] target(s) in 1.78s
[INFO] running `Command { std: "docker" "inspect" "5607fc9e5565dc0d245ab425a91899c98c91a7ef9f5f6ca11b4bb6c2a26e0e83", kill_on_drop: false }`
[INFO] running `Command { std: "docker" "rm" "-f" "5607fc9e5565dc0d245ab425a91899c98c91a7ef9f5f6ca11b4bb6c2a26e0e83", kill_on_drop: false }`
[INFO] [stdout] 5607fc9e5565dc0d245ab425a91899c98c91a7ef9f5f6ca11b4bb6c2a26e0e83
[INFO] running `Command { std: "docker" "create" "-v" "/var/lib/crater-agent-workspace/builds/worker-3/target:/opt/rustwide/target:rw,Z" "-v" "/var/lib/crater-agent-workspace/builds/worker-3/source:/opt/rustwide/workdir:ro,Z" "-v" "/var/lib/crater-agent-workspace/cargo-home:/opt/rustwide/cargo-home:ro,Z" "-v" "/var/lib/crater-agent-workspace/rustup-home:/opt/rustwide/rustup-home:ro,Z" "-e" "SOURCE_DIR=/opt/rustwide/workdir" "-e" "CARGO_TARGET_DIR=/opt/rustwide/target" "-e" "CARGO_INCREMENTAL=0" "-e" "RUST_BACKTRACE=full" "-e" "RUSTFLAGS=--cap-lints=warn" "-e" "CARGO_HOME=/opt/rustwide/cargo-home" "-e" "RUSTUP_HOME=/opt/rustwide/rustup-home" "-w" "/opt/rustwide/workdir" "-m" "1610612736" "--user" "0:0" "--network" "none" "ghcr.io/rust-lang/crates-build-env/linux@sha256:34b6a614d2c27851fe6cbf88fbd1137609cefab8b10d0615aaeb6fd47975d74e" "/opt/rustwide/cargo-home/bin/cargo" "+beta-2021-08-01" "test" "--frozen", kill_on_drop: false }`
[INFO] [stdout] 2d3ea739176e9797e5e57341498a42aded72d652e2dbcd3c75514b8f725d4833
[INFO] [stderr] WARNING: Your kernel does not support swap limit capabilities or the cgroup is not mounted. Memory limited without swap.
[INFO] running `Command { std: "docker" "start" "-a" "2d3ea739176e9797e5e57341498a42aded72d652e2dbcd3c75514b8f725d4833", kill_on_drop: false }`
[INFO] [stdout] 
[INFO] [stderr] warning: function is never used: `encode_uri_component`
[INFO] [stdout] running 13 tests
[INFO] [stderr]    --> src/lib.rs:262:4
[INFO] [stdout] test digest_tests::it_works ... ok
[INFO] [stderr]     |
[INFO] [stdout] test hotp::test_builder_pattern::test_builder_pattern_verify ... ok
[INFO] [stderr] 262 | fn encode_uri_component(string: String) -> String {
[INFO] [stdout] test generate_secret_tests::test_generate_secret_ascii_symbols ... ok
[INFO] [stderr]     |    ^^^^^^^^^^^^^^^^^^^^
[INFO] [stdout] test generate_secret_tests::test_generate_secret_non_default_symbols ... ok
[INFO] [stderr]     |
[INFO] [stdout] test generate_secret_tests::test_generate_secret_ascii_no_symbols ... ok
[INFO] [stderr]     = note: `#[warn(dead_code)]` on by default
[INFO] [stdout] test generate_secret_tests::test_generate_secret_non_default_length ... ok
[INFO] [stderr] 
[INFO] [stderr] warning: function is never used: `generate_otpauth_url`
[INFO] [stderr]    --> src/lib.rs:267:4
[INFO] [stderr]     |
[INFO] [stderr] 267 | fn generate_otpauth_url() {}
[INFO] [stderr]     |    ^^^^^^^^^^^^^^^^^^^^
[INFO] [stderr] 
[INFO] [stderr] warning: `lugnut` (lib) generated 2 warnings
[INFO] [stderr] warning: `lugnut` (lib test) generated 2 warnings (2 duplicates)
[INFO] [stderr]     Finished test [unoptimized + debuginfo] target(s) in 0.04s
[INFO] [stderr]      Running unittests (/opt/rustwide/target/debug/deps/lugnut-9212245c7bbe287e)
[INFO] [stdout] test hotp::test_builder_pattern::test_builder_pattern_n_length ... ok
[INFO] [stdout] test totp::totp_tests::assert_correct_otp ... ok
[INFO] [stdout] test totp::totp_tests::assert_incorrect_otp ... ok
[INFO] [stdout] test hotp::tests_generate::test_generate_hotp_custom_length ... ok
[INFO] [stdout] test hotp::tests_generate::test_generate_hotp_default ... ok
[INFO] [stderr]    Doc-tests lugnut
[INFO] [stdout] test hotp::tests_verify::test_verify ... ok
[INFO] [stdout] test hotp::test_builder_pattern::test_builder_pattern_default ... ok
[INFO] [stdout] 
[INFO] [stdout] test result: ok. 13 passed; 0 failed; 0 ignored; 0 measured; 0 filtered out; finished in 0.05s
[INFO] [stdout] 
[INFO] [stdout] 
[INFO] [stdout] running 11 tests
[INFO] [stdout] test src/totp.rs - totp::Totp::with_window (line 66) ... FAILED
[INFO] [stdout] test src/totp.rs - totp::Totp::verify (line 118) ... FAILED
[INFO] [stdout] test src/totp.rs - totp::Totp::new (line 22) ... FAILED
[INFO] [stdout] test src/totp.rs - totp::Totp::with_epoch_time_offset (line 45) ... FAILED
[INFO] [stdout] test src/totp.rs - totp::Totp::with_digest (line 84) ... FAILED
[INFO] [stdout] test src/totp.rs - totp::Totp::generate (line 98) ... FAILED
[INFO] [stdout] test src/lib.rs - digest (line 60) ... ok
[INFO] [stdout] test src/lib.rs - generate_secret_without_symbols (line 124) ... ok
[INFO] [stdout] test src/lib.rs - generate_sized_secret (line 112) ... ok
[INFO] [stdout] test src/lib.rs - generate_sized_secret_without_symbols (line 136) ... ok
[INFO] [stdout] test src/lib.rs - generate_secret (line 100) ... ok
[INFO] [stdout] 
[INFO] [stdout] failures:
[INFO] [stdout] 
[INFO] [stdout] ---- src/totp.rs - totp::Totp::with_window (line 66) stdout ----
[INFO] [stdout] error[E0603]: module `totp` is private
[INFO] [stdout]   --> src/totp.rs:67:13
[INFO] [stdout]    |
[INFO] [stdout] 4  | use lugnut::totp::Totp;
[INFO] [stdout]    |             ^^^^ private module
[INFO] [stdout]    |
[INFO] [stdout] note: the module `totp` is defined here
[INFO] [stdout]   --> /opt/rustwide/workdir/src/lib.rs:13:1
[INFO] [stdout]    |
[INFO] [stdout] 13 | mod totp;
[INFO] [stdout]    | ^^^^^^^^^
[INFO] [stdout] 
[INFO] [stdout] error: aborting due to previous error
[INFO] [stdout] 
[INFO] [stdout] For more information about this error, try `rustc --explain E0603`.
[INFO] [stdout] Couldn't compile the test.
[INFO] [stdout] ---- src/totp.rs - totp::Totp::verify (line 118) stdout ----
[INFO] [stdout] error[E0603]: module `totp` is private
[INFO] [stdout]   --> src/totp.rs:119:13
[INFO] [stdout]    |
[INFO] [stdout] 4  | use lugnut::totp::Totp;
[INFO] [stdout]    |             ^^^^ private module
[INFO] [stdout]    |
[INFO] [stdout] note: the module `totp` is defined here
[INFO] [stdout]   --> /opt/rustwide/workdir/src/lib.rs:13:1
[INFO] [stdout]    |
[INFO] [stdout] 13 | mod totp;
[INFO] [stdout]    | ^^^^^^^^^
[INFO] [stdout] 
[INFO] [stdout] error: aborting due to previous error
[INFO] [stdout] 
[INFO] [stdout] For more information about this error, try `rustc --explain E0603`.
[INFO] [stdout] Couldn't compile the test.
[INFO] [stdout] ---- src/totp.rs - totp::Totp::new (line 22) stdout ----
[INFO] [stdout] error[E0603]: module `totp` is private
[INFO] [stdout]   --> src/totp.rs:23:13
[INFO] [stdout]    |
[INFO] [stdout] 4  | use lugnut::totp::Totp;
[INFO] [stdout]    |             ^^^^ private module
[INFO] [stdout]    |
[INFO] [stdout] note: the module `totp` is defined here
[INFO] [stdout]   --> /opt/rustwide/workdir/src/lib.rs:13:1
[INFO] [stdout]    |
[INFO] [stdout] 13 | mod totp;
[INFO] [stdout]    | ^^^^^^^^^
[INFO] [stdout] 
[INFO] [stdout] error: aborting due to previous error
[INFO] [stdout] 
[INFO] [stdout] For more information about this error, try `rustc --explain E0603`.
[INFO] [stdout] Couldn't compile the test.
[INFO] [stdout] ---- src/totp.rs - totp::Totp::with_epoch_time_offset (line 45) stdout ----
[INFO] [stdout] error[E0603]: module `totp` is private
[INFO] [stdout]   --> src/totp.rs:46:13
[INFO] [stdout]    |
[INFO] [stdout] 4  | use lugnut::totp::Totp;
[INFO] [stdout]    |             ^^^^ private module
[INFO] [stdout]    |
[INFO] [stdout] note: the module `totp` is defined here
[INFO] [stdout]   --> /opt/rustwide/workdir/src/lib.rs:13:1
[INFO] [stdout]    |
[INFO] [stdout] 13 | mod totp;
[INFO] [stdout]    | ^^^^^^^^^
[INFO] [stdout] 
[INFO] [stdout] error: aborting due to previous error
[INFO] [stdout] 
[INFO] [stdout] For more information about this error, try `rustc --explain E0603`.
[INFO] [stdout] Couldn't compile the test.
[INFO] [stdout] ---- src/totp.rs - totp::Totp::with_digest (line 84) stdout ----
[INFO] [stdout] error[E0603]: module `totp` is private
[INFO] [stdout]   --> src/totp.rs:85:13
[INFO] [stdout]    |
[INFO] [stdout] 4  | use lugnut::totp::Totp;
[INFO] [stdout]    |             ^^^^ private module
[INFO] [stdout]    |
[INFO] [stdout] note: the module `totp` is defined here
[INFO] [stdout]   --> /opt/rustwide/workdir/src/lib.rs:13:1
[INFO] [stdout]    |
[INFO] [stdout] 13 | mod totp;
[INFO] [stdout]    | ^^^^^^^^^
[INFO] [stdout] 
[INFO] [stdout] error: aborting due to previous error
[INFO] [stdout] 
[INFO] [stdout] For more information about this error, try `rustc --explain E0603`.
[INFO] [stdout] Couldn't compile the test.
[INFO] [stdout] ---- src/totp.rs - totp::Totp::generate (line 98) stdout ----
[INFO] [stdout] error[E0603]: module `totp` is private
[INFO] [stdout]   --> src/totp.rs:99:13
[INFO] [stdout]    |
[INFO] [stdout] 4  | use lugnut::totp::Totp;
[INFO] [stdout]    |             ^^^^ private module
[INFO] [stdout]    |
[INFO] [stdout] note: the module `totp` is defined here
[INFO] [stdout]   --> /opt/rustwide/workdir/src/lib.rs:13:1
[INFO] [stdout]    |
[INFO] [stdout] 13 | mod totp;
[INFO] [stdout]    | ^^^^^^^^^
[INFO] [stdout] 
[INFO] [stdout] error: aborting due to previous error
[INFO] [stdout] 
[INFO] [stdout] For more information about this error, try `rustc --explain E0603`.
[INFO] [stdout] Couldn't compile the test.
[INFO] [stdout] 
[INFO] [stdout] failures:
[INFO] [stdout]     src/totp.rs - totp::Totp::generate (line 98)
[INFO] [stdout]     src/totp.rs - totp::Totp::new (line 22)
[INFO] [stdout]     src/totp.rs - totp::Totp::verify (line 118)
[INFO] [stdout]     src/totp.rs - totp::Totp::with_digest (line 84)
[INFO] [stdout]     src/totp.rs - totp::Totp::with_epoch_time_offset (line 45)
[INFO] [stdout]     src/totp.rs - totp::Totp::with_window (line 66)
[INFO] [stdout] 
[INFO] [stdout] test result: FAILED. 5 passed; 6 failed; 0 ignored; 0 measured; 0 filtered out; finished in 2.96s
[INFO] [stdout] 
[INFO] [stderr] error: test failed, to rerun pass '--doc'
[INFO] running `Command { std: "docker" "inspect" "2d3ea739176e9797e5e57341498a42aded72d652e2dbcd3c75514b8f725d4833", kill_on_drop: false }`
[INFO] running `Command { std: "docker" "rm" "-f" "2d3ea739176e9797e5e57341498a42aded72d652e2dbcd3c75514b8f725d4833", kill_on_drop: false }`
[INFO] [stdout] 2d3ea739176e9797e5e57341498a42aded72d652e2dbcd3c75514b8f725d4833
