[INFO] fetching crate lualexer 0.1.2...
[INFO] testing lualexer-0.1.2 against 1.54.0 for beta-1.55-1
[INFO] extracting crate lualexer 0.1.2 into /workspace/builds/worker-13/source
[INFO] validating manifest of crates.io crate lualexer 0.1.2 on toolchain 1.54.0
[INFO] running `Command { std: "/workspace/cargo-home/bin/cargo" "+1.54.0" "metadata" "--manifest-path" "Cargo.toml" "--no-deps", kill_on_drop: false }`
[INFO] started tweaking crates.io crate lualexer 0.1.2
[INFO] finished tweaking crates.io crate lualexer 0.1.2
[INFO] tweaked toml for crates.io crate lualexer 0.1.2 written to /workspace/builds/worker-13/source/Cargo.toml
[INFO] running `Command { std: "/workspace/cargo-home/bin/cargo" "+1.54.0" "generate-lockfile" "--manifest-path" "Cargo.toml" "-Zno-index-update", kill_on_drop: false }`
[INFO] running `Command { std: "/workspace/cargo-home/bin/cargo" "+1.54.0" "fetch" "--manifest-path" "Cargo.toml", kill_on_drop: false }`
[INFO] [stderr]     Blocking waiting for file lock on package cache
[INFO] [stderr]  Downloading crates ...
[INFO] [stderr]   Downloaded console v0.9.2
[INFO] [stderr]   Downloaded insta v0.13.1
[INFO] running `Command { std: "docker" "create" "-v" "/var/lib/crater-agent-workspace/builds/worker-13/target:/opt/rustwide/target:rw,Z" "-v" "/var/lib/crater-agent-workspace/builds/worker-13/source:/opt/rustwide/workdir:ro,Z" "-v" "/var/lib/crater-agent-workspace/cargo-home:/opt/rustwide/cargo-home:ro,Z" "-v" "/var/lib/crater-agent-workspace/rustup-home:/opt/rustwide/rustup-home:ro,Z" "-e" "SOURCE_DIR=/opt/rustwide/workdir" "-e" "CARGO_TARGET_DIR=/opt/rustwide/target" "-e" "CARGO_HOME=/opt/rustwide/cargo-home" "-e" "RUSTUP_HOME=/opt/rustwide/rustup-home" "-w" "/opt/rustwide/workdir" "-m" "1610612736" "--user" "0:0" "--network" "none" "ghcr.io/rust-lang/crates-build-env/linux@sha256:34b6a614d2c27851fe6cbf88fbd1137609cefab8b10d0615aaeb6fd47975d74e" "/opt/rustwide/cargo-home/bin/cargo" "+1.54.0" "metadata" "--no-deps" "--format-version=1", kill_on_drop: false }`
[INFO] [stdout] 44358973334da15cf8d3fc43e078fc5f14053e1d6f58079b5997895f7d329dfa
[INFO] [stderr] WARNING: Your kernel does not support swap limit capabilities or the cgroup is not mounted. Memory limited without swap.
[INFO] running `Command { std: "docker" "start" "-a" "44358973334da15cf8d3fc43e078fc5f14053e1d6f58079b5997895f7d329dfa", kill_on_drop: false }`
[INFO] running `Command { std: "docker" "inspect" "44358973334da15cf8d3fc43e078fc5f14053e1d6f58079b5997895f7d329dfa", kill_on_drop: false }`
[INFO] running `Command { std: "docker" "rm" "-f" "44358973334da15cf8d3fc43e078fc5f14053e1d6f58079b5997895f7d329dfa", kill_on_drop: false }`
[INFO] [stdout] 44358973334da15cf8d3fc43e078fc5f14053e1d6f58079b5997895f7d329dfa
[INFO] running `Command { std: "docker" "create" "-v" "/var/lib/crater-agent-workspace/builds/worker-13/target:/opt/rustwide/target:rw,Z" "-v" "/var/lib/crater-agent-workspace/builds/worker-13/source:/opt/rustwide/workdir:ro,Z" "-v" "/var/lib/crater-agent-workspace/cargo-home:/opt/rustwide/cargo-home:ro,Z" "-v" "/var/lib/crater-agent-workspace/rustup-home:/opt/rustwide/rustup-home:ro,Z" "-e" "SOURCE_DIR=/opt/rustwide/workdir" "-e" "CARGO_TARGET_DIR=/opt/rustwide/target" "-e" "CARGO_INCREMENTAL=0" "-e" "RUST_BACKTRACE=full" "-e" "RUSTFLAGS=--cap-lints=warn" "-e" "CARGO_HOME=/opt/rustwide/cargo-home" "-e" "RUSTUP_HOME=/opt/rustwide/rustup-home" "-w" "/opt/rustwide/workdir" "-m" "1610612736" "--user" "0:0" "--network" "none" "ghcr.io/rust-lang/crates-build-env/linux@sha256:34b6a614d2c27851fe6cbf88fbd1137609cefab8b10d0615aaeb6fd47975d74e" "/opt/rustwide/cargo-home/bin/cargo" "+1.54.0" "build" "--frozen" "--message-format=json", kill_on_drop: false }`
[INFO] [stdout] 93e69797facccb489ce1ef7b8addb58295c6da25d9643008a0835b083acfe98d
[INFO] [stderr] WARNING: Your kernel does not support swap limit capabilities or the cgroup is not mounted. Memory limited without swap.
[INFO] running `Command { std: "docker" "start" "-a" "93e69797facccb489ce1ef7b8addb58295c6da25d9643008a0835b083acfe98d", kill_on_drop: false }`
[INFO] [stderr]    Compiling lualexer v0.1.2 (/opt/rustwide/workdir)
[INFO] [stderr]     Finished dev [unoptimized + debuginfo] target(s) in 0.88s
[INFO] running `Command { std: "docker" "inspect" "93e69797facccb489ce1ef7b8addb58295c6da25d9643008a0835b083acfe98d", kill_on_drop: false }`
[INFO] running `Command { std: "docker" "rm" "-f" "93e69797facccb489ce1ef7b8addb58295c6da25d9643008a0835b083acfe98d", kill_on_drop: false }`
[INFO] [stdout] 93e69797facccb489ce1ef7b8addb58295c6da25d9643008a0835b083acfe98d
[INFO] running `Command { std: "docker" "create" "-v" "/var/lib/crater-agent-workspace/builds/worker-13/target:/opt/rustwide/target:rw,Z" "-v" "/var/lib/crater-agent-workspace/builds/worker-13/source:/opt/rustwide/workdir:ro,Z" "-v" "/var/lib/crater-agent-workspace/cargo-home:/opt/rustwide/cargo-home:ro,Z" "-v" "/var/lib/crater-agent-workspace/rustup-home:/opt/rustwide/rustup-home:ro,Z" "-e" "SOURCE_DIR=/opt/rustwide/workdir" "-e" "CARGO_TARGET_DIR=/opt/rustwide/target" "-e" "CARGO_INCREMENTAL=0" "-e" "RUST_BACKTRACE=full" "-e" "RUSTFLAGS=--cap-lints=warn" "-e" "CARGO_HOME=/opt/rustwide/cargo-home" "-e" "RUSTUP_HOME=/opt/rustwide/rustup-home" "-w" "/opt/rustwide/workdir" "-m" "1610612736" "--user" "0:0" "--network" "none" "ghcr.io/rust-lang/crates-build-env/linux@sha256:34b6a614d2c27851fe6cbf88fbd1137609cefab8b10d0615aaeb6fd47975d74e" "/opt/rustwide/cargo-home/bin/cargo" "+1.54.0" "test" "--frozen" "--no-run" "--message-format=json", kill_on_drop: false }`
[INFO] [stdout] 1d21a310e20e84e49a7f6fc208eefe2d82d0647c3a9a7f67b500b04ee65f0492
[INFO] [stderr] WARNING: Your kernel does not support swap limit capabilities or the cgroup is not mounted. Memory limited without swap.
[INFO] running `Command { std: "docker" "start" "-a" "1d21a310e20e84e49a7f6fc208eefe2d82d0647c3a9a7f67b500b04ee65f0492", kill_on_drop: false }`
[INFO] [stderr]    Compiling getrandom v0.1.16
[INFO] [stderr]    Compiling linked-hash-map v0.5.4
[INFO] [stderr]    Compiling regex-syntax v0.6.25
[INFO] [stderr]    Compiling difference v2.0.0
[INFO] [stderr]    Compiling termios v0.3.3
[INFO] [stderr]    Compiling clicolors-control v1.0.1
[INFO] [stderr]    Compiling yaml-rust v0.4.5
[INFO] [stderr]    Compiling rand_core v0.5.1
[INFO] [stderr]    Compiling serde_yaml v0.8.17
[INFO] [stderr]    Compiling rand_chacha v0.2.2
[INFO] [stderr]    Compiling rand v0.7.3
[INFO] [stderr]    Compiling regex v1.5.4
[INFO] [stderr]    Compiling console v0.9.2
[INFO] [stderr]    Compiling insta v0.13.1
[INFO] [stderr]    Compiling lualexer v0.1.2 (/opt/rustwide/workdir)
[INFO] [stderr]     Finished test [unoptimized + debuginfo] target(s) in 21.07s
[INFO] running `Command { std: "docker" "inspect" "1d21a310e20e84e49a7f6fc208eefe2d82d0647c3a9a7f67b500b04ee65f0492", kill_on_drop: false }`
[INFO] running `Command { std: "docker" "rm" "-f" "1d21a310e20e84e49a7f6fc208eefe2d82d0647c3a9a7f67b500b04ee65f0492", kill_on_drop: false }`
[INFO] [stdout] 1d21a310e20e84e49a7f6fc208eefe2d82d0647c3a9a7f67b500b04ee65f0492
[INFO] running `Command { std: "docker" "create" "-v" "/var/lib/crater-agent-workspace/builds/worker-13/target:/opt/rustwide/target:rw,Z" "-v" "/var/lib/crater-agent-workspace/builds/worker-13/source:/opt/rustwide/workdir:ro,Z" "-v" "/var/lib/crater-agent-workspace/cargo-home:/opt/rustwide/cargo-home:ro,Z" "-v" "/var/lib/crater-agent-workspace/rustup-home:/opt/rustwide/rustup-home:ro,Z" "-e" "SOURCE_DIR=/opt/rustwide/workdir" "-e" "CARGO_TARGET_DIR=/opt/rustwide/target" "-e" "CARGO_INCREMENTAL=0" "-e" "RUST_BACKTRACE=full" "-e" "RUSTFLAGS=--cap-lints=warn" "-e" "CARGO_HOME=/opt/rustwide/cargo-home" "-e" "RUSTUP_HOME=/opt/rustwide/rustup-home" "-w" "/opt/rustwide/workdir" "-m" "1610612736" "--user" "0:0" "--network" "none" "ghcr.io/rust-lang/crates-build-env/linux@sha256:34b6a614d2c27851fe6cbf88fbd1137609cefab8b10d0615aaeb6fd47975d74e" "/opt/rustwide/cargo-home/bin/cargo" "+1.54.0" "test" "--frozen", kill_on_drop: false }`
[INFO] [stdout] b7f5255f08c2d6321c26d3a7bb402466a00f145db9ed3b5dfcc93ba31bdecd13
[INFO] [stderr] WARNING: Your kernel does not support swap limit capabilities or the cgroup is not mounted. Memory limited without swap.
[INFO] running `Command { std: "docker" "start" "-a" "b7f5255f08c2d6321c26d3a7bb402466a00f145db9ed3b5dfcc93ba31bdecd13", kill_on_drop: false }`
[INFO] [stderr]     Finished test [unoptimized + debuginfo] target(s) in 0.04s
[INFO] [stderr]      Running unittests (/opt/rustwide/target/debug/deps/lualexer-8fa6961db24c2ab2)
[INFO] [stdout] 
[INFO] [stdout] running 99 tests
[INFO] [stdout] test utils::identifier::tests::keyword_false ... ok
[INFO] [stdout] test utils::identifier::tests::keyword_for ... ok
[INFO] [stdout] test utils::identifier::tests::keyword_function ... ok
[INFO] [stdout] test utils::identifier::tests::keyword_if ... ok
[INFO] [stdout] test utils::identifier::tests::keyword_not ... ok
[INFO] [stdout] test utils::identifier::tests::keyword_or ... ok
[INFO] [stdout] test utils::identifier::tests::keyword_nil ... ok
[INFO] [stdout] test utils::identifier::tests::keyword_local ... ok
[INFO] [stdout] test utils::identifier::tests::keyword_repeat ... ok
[INFO] [stdout] test utils::identifier::tests::keyword_then ... ok
[INFO] [stdout] test utils::identifier::tests::keyword_return ... ok
[INFO] [stdout] test utils::identifier::tests::keyword_true ... ok
[INFO] [stdout] test utils::identifier::tests::keyword_until ... ok
[INFO] [stdout] test utils::identifier::tests::keyword_while ... ok
[INFO] [stdout] test utils::identifier::tests::parse_identifiers ... ok
[INFO] [stdout] test utils::number::tests::err::dot_after_decimals ... ok
[INFO] [stdout] test utils::number::tests::err::end_with_letter ... ok
[INFO] [stdout] test utils::number::tests::err::end_with_underscore ... ok
[INFO] [stdout] test utils::number::tests::err::float_after_exponent ... ok
[INFO] [stdout] test utils::number::tests::err::hex_end_with_underscore ... ok
[INFO] [stdout] test utils::number::tests::err::hex_trailing_dot_after_exponent ... ok
[INFO] [stdout] test utils::number::tests::err::hex_with_decimal ... ok
[INFO] [stdout] test utils::number::tests::err::hex_with_float_after_exponent ... ok
[INFO] [stdout] test utils::number::tests::err::hex_with_invalid_exponent ... ok
[INFO] [stdout] test utils::number::tests::err::hex_with_invalid_letter ... ok
[INFO] [stdout] test utils::number::tests::err::hex_with_trailing_dot ... ok
[INFO] [stdout] test utils::number::tests::err::leading_dot_with_other_dot ... ok
[INFO] [stdout] test utils::number::tests::err::multiple_exponent ... ok
[INFO] [stdout] test utils::number::tests::err::multiple_hex_exponent ... ok
[INFO] [stdout] test utils::number::tests::err::trailing_dot_after_exponent ... ok
[INFO] [stdout] test utils::number::tests::err::two_dots ... ok
[INFO] [stdout] test utils::number::tests::err::unfinish_exponent ... ok
[INFO] [stdout] test utils::number::tests::err::unfinish_exponent_uppercase ... ok
[INFO] [stdout] test utils::number::tests::err::unfinish_exponent_with_plus ... ok
[INFO] [stdout] test utils::number::tests::err::unfinish_hex_number ... ok
[INFO] [stdout] test full_tokenizer::tests::preceding_space_is_preserved ... ok
[INFO] [stdout] test utils::number::tests::err::unfinish_hex_number_uppercase ... ok
[INFO] [stdout] test utils::identifier::tests::keyword_and ... ok
[INFO] [stdout] test utils::number::tests::err::unfinish_negative_exponent ... ok
[INFO] [stdout] test utils::number::tests::err::unfinish_negative_exponent_uppercase ... ok
[INFO] [stdout] test utils::number::tests::ok::digit ... ok
[INFO] [stdout] test utils::number::tests::ok::hex_number ... ok
[INFO] [stdout] test utils::number::tests::ok::hex_number_with_lowercase ... ok
[INFO] [stdout] test utils::number::tests::ok::hex_number_with_mixed_case ... ok
[INFO] [stdout] test utils::number::tests::ok::hex_number_with_uppercase ... ok
[INFO] [stdout] test utils::number::tests::ok::hex_with_exponent ... ok
[INFO] [stdout] test utils::number::tests::ok::hex_with_exponent_uppercase ... ok
[INFO] [stdout] test utils::number::tests::ok::integer ... ok
[INFO] [stdout] test utils::number::tests::ok::multiple_decimal ... ok
[INFO] [stdout] test utils::number::tests::ok::number_with_exponent ... ok
[INFO] [stdout] test utils::number::tests::ok::number_with_exponent_with_plus ... ok
[INFO] [stdout] test utils::number::tests::ok::number_with_negative_exponent ... ok
[INFO] [stdout] test utils::number::tests::ok::number_with_upper_exponent ... ok
[INFO] [stdout] test utils::number::tests::ok::single_decimal ... ok
[INFO] [stdout] test utils::number::tests::ok::starting_with_dot ... ok
[INFO] [stdout] test utils::number::tests::ok::trailing_dot ... ok
[INFO] [stdout] test utils::number::tests::ok::trailing_dot_with_exponent ... ok
[INFO] [stdout] test utils::string::tests::err::double_quoted_more_escaped_characters ... ok
[INFO] [stdout] test utils::string::tests::err::double_quoted_with_backslash ... ok
[INFO] [stdout] test utils::string::tests::err::double_quoted_with_single_quote ... ok
[INFO] [stdout] test fast_tokenizer::tests::skip_whitespace::do_test3 ... ok
[INFO] [stdout] test utils::number::tests::err::unfinish_exponent_uppercase_with_plus ... ok
[INFO] [stdout] test fast_tokenizer::tests::skip_whitespace::should_return_moved_slice ... ok
[INFO] [stdout] test utils::string::tests::err::double_quoted_word ... ok
[INFO] [stdout] test utils::identifier::tests::keyword_else ... ok
[INFO] [stdout] test utils::identifier::tests::keyword_break ... ok
[INFO] [stdout] test utils::identifier::tests::keyword_end ... ok
[INFO] [stdout] test utils::number::tests::ok::digit_with_exponent ... ok
[INFO] [stdout] test utils::identifier::tests::keyword_do ... ok
[INFO] [stdout] test utils::identifier::tests::keyword_elseif ... ok
[INFO] [stdout] test utils::number::tests::ok::float_with_exponent ... ok
[INFO] [stdout] test utils::string::tests::ok::escaped_slash_before_single_quote ... ok
[INFO] [stdout] test utils::string::tests::ok::double_quoted_more_escaped_characters ... ok
[INFO] [stdout] test utils::string::tests::err::single_quoted_with_double_quote ... ok
[INFO] [stdout] test utils::string::tests::err::escaped_double_quotes ... ok
[INFO] [stdout] test utils::string::tests::err::single_quote_word ... ok
[INFO] [stdout] test utils::string::tests::err::escaped_slash_before_double_quotes ... ok
[INFO] [stdout] test utils::string::tests::ok::double_quoted_with_backslash ... ok
[INFO] [stdout] test utils::string::tests::ok::double_quoted_with_single_quote ... ok
[INFO] [stdout] test utils::string::tests::ok::multiline_double_quoted ... ok
[INFO] [stdout] test utils::string::tests::ok::multiline_single_quoted ... ok
[INFO] [stdout] test utils::string::tests::ok::single_quote_word ... ok
[INFO] [stdout] test utils::string::tests::ok::single_quoted_more_escaped_characters ... ok
[INFO] [stdout] test utils::string::tests::ok::single_quoted_with_backslash ... ok
[INFO] [stdout] test utils::string::tests::ok::single_quoted_with_double_quote ... ok
[INFO] [stdout] test utils::utils::tests::accumulate_until::returns_beginning_of_string_until_predicate_is_true ... ok
[INFO] [stdout] test utils::utils::tests::accumulate_until::returns_empty_str_if_predicate_is_true_at_first_call ... ok
[INFO] [stdout] test utils::utils::tests::accumulate_until::returns_whole_str_if_predicate_is_always_false ... ok
[INFO] [stdout] test utils::utils::tests::accumulate_while::returns_beginning_of_string_while_predicate_is_true ... ok
[INFO] [stdout] test utils::string::tests::err::multiline_double_quoted ... ok
[INFO] [stdout] test utils::string::tests::ok::double_quoted_word ... ok
[INFO] [stdout] test full_tokenizer::tests::leading_space_is_preserved ... ok
[INFO] [stdout] test utils::string::tests::ok::escaped_slash_before_double_quote ... ok
[INFO] [stdout] test utils::string::tests::ok::escaped_double_quotes ... ok
[INFO] [stdout] test utils::utils::tests::accumulate_while::returns_whole_str_if_predicate_is_always_true ... ok
[INFO] [stdout] test utils::string::tests::ok::escaped_single_quotes ... ok
[INFO] [stdout] test fast_tokenizer::tests::skip_whitespace::should_return_same_slice_if_no_whitespace ... ok
[INFO] [stdout] test utils::identifier::tests::keyword_in ... ok
[INFO] [stdout] test utils::utils::tests::accumulate_while::returns_empty_str_if_predicate_is_false_at_first_call ... ok
[INFO] [stdout] 
[INFO] [stdout] test result: ok. 99 passed; 0 failed; 0 ignored; 0 measured; 0 filtered out; finished in 0.02s
[INFO] [stdout] 
[INFO] [stdout] 
[INFO] [stdout] running 114 tests
[INFO] [stderr]      Running tests/single_token.rs (/opt/rustwide/target/debug/deps/single_token-b46af4bdaeae2c20)
[INFO] [stdout] test fast_tokenizer::numbers::float_with_exponent ... ok
[INFO] [stdout] test fast_tokenizer::numbers::hex_number ... ok
[INFO] [stdout] test fast_tokenizer::numbers::hex_with_exponent_uppercase ... ok
[INFO] [stdout] test fast_tokenizer::comments::comment_with_brackets ... ok
[INFO] [stdout] test fast_tokenizer::comments::comment_with_brackets_and_equals ... ok
[INFO] [stdout] test fast_tokenizer::numbers::hex_number_with_uppercase ... ok
[INFO] [stdout] test fast_tokenizer::numbers::hex_with_exponent ... ok
[INFO] [stdout] test fast_tokenizer::numbers::number_with_exponent ... ok
[INFO] [stdout] test fast_tokenizer::numbers::single_decimal ... ok
[INFO] [stdout] test fast_tokenizer::empty_input_returns_no_token ... ok
[INFO] [stdout] test fast_tokenizer::numbers::digit_with_exponent ... ok
[INFO] [stdout] test fast_tokenizer::numbers::digit ... ok
[INFO] [stdout] test fast_tokenizer::numbers::integer ... ok
[INFO] [stdout] test fast_tokenizer::numbers::trailing_dot ... ok
[INFO] [stdout] test fast_tokenizer::strings::empty_double_quotes ... ok
[INFO] [stdout] test fast_tokenizer::numbers::trailing_dot_with_exponent ... ok
[INFO] [stdout] test fast_tokenizer::strings::empty_bracket_string_with_two_equals ... ok
[INFO] [stdout] test fast_tokenizer::numbers::leading_dot_float ... ok
[INFO] [stdout] test fast_tokenizer::numbers::hex_number_with_lowercase ... ok
[INFO] [stdout] test fast_tokenizer::strings::empty_single_quotes ... ok
[INFO] [stdout] test fast_tokenizer::numbers::hex_number_with_mixed_case ... ok
[INFO] [stdout] test fast_tokenizer::numbers::multiple_decimal ... ok
[INFO] [stdout] test fast_tokenizer::symbols::caret ... ok
[INFO] [stdout] test fast_tokenizer::comments::comment ... ok
[INFO] [stdout] test fast_tokenizer::numbers::number_with_upper_exponent ... ok
[INFO] [stdout] test fast_tokenizer::strings::double_quoted_letters ... ok
[INFO] [stdout] test fast_tokenizer::strings::empty_bracket_string ... ok
[INFO] [stdout] test fast_tokenizer::symbols::comma ... ok
[INFO] [stdout] test fast_tokenizer::symbols::concat_dots ... ok
[INFO] [stdout] test fast_tokenizer::strings::single_quoted_letters ... ok
[INFO] [stdout] test fast_tokenizer::strings::empty_bracket_string_with_one_equal ... ok
[INFO] [stdout] test fast_tokenizer::symbols::closing_bracket ... ok
[INFO] [stdout] test fast_tokenizer::symbols::closing_brace ... ok
[INFO] [stdout] test fast_tokenizer::symbols::hash ... ok
[INFO] [stdout] test fast_tokenizer::symbols::less_than ... ok
[INFO] [stdout] test fast_tokenizer::symbols::dot ... ok
[INFO] [stdout] test fast_tokenizer::symbols::double_equal ... ok
[INFO] [stdout] test fast_tokenizer::symbols::equal ... ok
[INFO] [stdout] test fast_tokenizer::symbols::asterisk ... ok
[INFO] [stdout] test fast_tokenizer::symbols::closing_parenthese ... ok
[INFO] [stdout] test fast_tokenizer::symbols::slash ... ok
[INFO] [stdout] test fast_tokenizer::symbols::tilde_equal ... ok
[INFO] [stdout] test fast_tokenizer::symbols::triple_dots ... ok
[INFO] [stdout] test full_tokenizer::comments::comment ... ok
[INFO] [stdout] test fast_tokenizer::symbols::more_than ... ok
[INFO] [stdout] test fast_tokenizer::symbols::semi_colon ... ok
[INFO] [stdout] test fast_tokenizer::symbols::opening_bracket ... ok
[INFO] [stdout] test fast_tokenizer::symbols::more_than_and_equal ... ok
[INFO] [stdout] test fast_tokenizer::symbols::opening_parenthese ... ok
[INFO] [stdout] test fast_tokenizer::symbols::percent ... ok
[INFO] [stdout] test fast_tokenizer::symbols::opening_brace ... ok
[INFO] [stdout] test full_tokenizer::numbers::float_with_exponent ... ok
[INFO] [stdout] test full_tokenizer::numbers::digit_with_exponent ... ok
[INFO] [stdout] test full_tokenizer::numbers::hex_number ... ok
[INFO] [stdout] test full_tokenizer::numbers::hex_number_with_uppercase ... ok
[INFO] [stdout] test full_tokenizer::numbers::hex_number_with_mixed_case ... ok
[INFO] [stdout] test full_tokenizer::numbers::hex_with_exponent ... ok
[INFO] [stdout] test full_tokenizer::numbers::integer ... ok
[INFO] [stdout] test full_tokenizer::numbers::leading_dot_float ... ok
[INFO] [stdout] test full_tokenizer::numbers::multiple_decimal ... ok
[INFO] [stdout] test full_tokenizer::numbers::number_with_exponent ... ok
[INFO] [stdout] test full_tokenizer::numbers::number_with_upper_exponent ... ok
[INFO] [stdout] test full_tokenizer::numbers::single_decimal ... ok
[INFO] [stdout] test fast_tokenizer::symbols::minus ... ok
[INFO] [stdout] test full_tokenizer::comments::comment_with_brackets ... ok
[INFO] [stdout] test full_tokenizer::numbers::hex_number_with_lowercase ... ok
[INFO] [stdout] test fast_tokenizer::symbols::less_than_and_equal ... ok
[INFO] [stdout] test full_tokenizer::numbers::hex_with_exponent_uppercase ... ok
[INFO] [stdout] test full_tokenizer::numbers::digit ... ok
[INFO] [stdout] test full_tokenizer::comments::comment_with_brackets_and_equals ... ok
[INFO] [stdout] test full_tokenizer::empty_input_returns_no_token ... ok
[INFO] [stdout] test full_tokenizer::strings::double_quoted_letters ... ok
[INFO] [stdout] test full_tokenizer::numbers::trailing_dot_with_exponent ... ok
[INFO] [stdout] test full_tokenizer::strings::empty_double_quotes ... ok
[INFO] [stdout] test full_tokenizer::strings::empty_bracket_string_with_one_equal ... ok
[INFO] [stdout] test full_tokenizer::strings::empty_bracket_string ... ok
[INFO] [stdout] test full_tokenizer::numbers::trailing_dot ... ok
[INFO] [stdout] test fast_tokenizer::symbols::plus ... ok
[INFO] [stdout] test full_tokenizer::symbols::asterisk ... ok
[INFO] [stdout] test full_tokenizer::strings::single_quoted_letters ... ok
[INFO] [stdout] test full_tokenizer::symbols::closing_bracket ... ok
[INFO] [stdout] test full_tokenizer::symbols::closing_parenthese ... ok
[INFO] [stdout] test full_tokenizer::symbols::colon ... ok
[INFO] [stdout] test full_tokenizer::strings::empty_bracket_string_with_two_equals ... ok
[INFO] [stdout] test full_tokenizer::symbols::caret ... ok
[INFO] [stdout] test full_tokenizer::symbols::closing_brace ... ok
[INFO] [stdout] test full_tokenizer::strings::empty_single_quotes ... ok
[INFO] [stdout] test full_tokenizer::symbols::dot ... ok
[INFO] [stdout] test full_tokenizer::symbols::double_equal ... ok
[INFO] [stdout] test full_tokenizer::symbols::equal ... ok
[INFO] [stdout] test full_tokenizer::symbols::less_than_and_equal ... ok
[INFO] [stdout] test full_tokenizer::symbols::minus ... ok
[INFO] [stdout] test full_tokenizer::symbols::more_than ... ok
[INFO] [stdout] test full_tokenizer::symbols::more_than_and_equal ... ok
[INFO] [stdout] test full_tokenizer::symbols::plus ... ok
[INFO] [stdout] test full_tokenizer::symbols::opening_bracket ... ok
[INFO] [stdout] test full_tokenizer::symbols::hash ... ok
[INFO] [stdout] test full_tokenizer::symbols::comma ... ok
[INFO] [stdout] test full_tokenizer::symbols::concat_dots ... ok
[INFO] [stdout] test full_tokenizer::symbols::opening_parenthese ... ok
[INFO] [stdout] test full_tokenizer::symbols::percent ... ok
[INFO] [stdout] test full_tokenizer::symbols::semi_colon ... ok
[INFO] [stdout] test full_tokenizer::symbols::slash ... ok
[INFO] [stdout] test full_tokenizer::symbols::tilde_equal ... ok
[INFO] [stdout] test full_tokenizer::symbols::less_than ... ok
[INFO] [stdout] test full_tokenizer::symbols::opening_brace ... ok
[INFO] [stdout] test full_tokenizer::symbols::triple_dots ... ok
[INFO] [stdout] test fast_tokenizer::symbols::colon ... ok
[INFO] [stdout] test fast_tokenizer::numbers::test_random_integer ... ok
[INFO] [stdout] test fast_tokenizer::numbers::test_random_float ... ok
[INFO] [stdout] test full_tokenizer::numbers::test_random_integer ... ok
[INFO] [stdout] test full_tokenizer::numbers::test_random_float ... ok
[INFO] [stdout] test fast_tokenizer::numbers::test_random_float_with_exponent ... ok
[INFO] [stdout] test full_tokenizer::numbers::test_random_float_with_exponent ... ok
[INFO] [stdout] 
[INFO] [stdout] test result: ok. 114 passed; 0 failed; 0 ignored; 0 measured; 0 filtered out; finished in 0.39s
[INFO] [stdout] 
[INFO] [stderr]      Running tests/snaphost_input_files.rs (/opt/rustwide/target/debug/deps/snaphost_input_files-4cb988d7972545f0)
[INFO] [stdout] 
[INFO] [stdout] running 5 tests
[INFO] [stdout] test for_loop ... ok
[INFO] [stdout] test comments ... ok
[INFO] [stdout] test table ... ok
[INFO] [stdout] test numbers ... ok
[INFO] [stderr] error: test failed, to rerun pass '--test snaphost_input_files'
[INFO] [stdout] test strings ... FAILED
[INFO] [stdout] 
[INFO] [stdout] failures:
[INFO] [stdout] 
[INFO] [stdout] ---- strings stdout ----
[INFO] [stdout] ━━━━━━━━━━━━━━━━━━━━━━━━━━━━━ Snapshot Differences ━━━━━━━━━━━━━━━━━━━━━━━━━━━━━
[INFO] [stdout] Snapshot file: tests/snapshots/snaphost_input_files__strings.snap
[INFO] [stdout] Snapshot: strings
[INFO] [stdout] Source: tests/snaphost_input_files.rs:43
[INFO] [stdout] -old snapshot
[INFO] [stdout] +new results
[INFO] [stdout] ────────────────────────────────────────────────────────────────────────────────
[INFO] [stdout] tokens
[INFO] [stdout] ────────────┬───────────────────────────────────────────────────────────────────
[INFO] [stdout]    40    40 │         slice: "print",
[INFO] [stdout]    41    41 │     },
[INFO] [stdout]    42    42 │     Token {
[INFO] [stdout]    43    43 │         token_type: String,
[INFO] [stdout]    44       │-        slice: "\'multi\\\nline\'",
[INFO] [stdout]          44 │+        slice: "'multi\\\nline'",
[INFO] [stdout]    45    45 │     },
[INFO] [stdout]    46    46 │     Token {
[INFO] [stdout]    47    47 │         token_type: Whitespace,
[INFO] [stdout]    48    48 │         slice: "\n",
[INFO] [stdout]    49    49 │     },
[INFO] [stdout] ────────────┴───────────────────────────────────────────────────────────────────
[INFO] [stdout] To update snapshots run `cargo insta review`
[INFO] [stdout] thread 'strings' panicked at 'called `Result::unwrap()` on an `Err` value: Os { code: 30, kind: Other, message: "Read-only file system" }', tests/snaphost_input_files.rs:43:1
[INFO] [stdout] stack backtrace:
[INFO] [stdout]    0:     0x5594e8665cb0 - std::backtrace_rs::backtrace::libunwind::trace::h34055254b57d8e79
[INFO] [stdout]                                at /rustc/a178d0322ce20e33eac124758e837cbd80a6f633/library/std/src/../../backtrace/src/backtrace/libunwind.rs:90:5
[INFO] [stdout]    1:     0x5594e8665cb0 - std::backtrace_rs::backtrace::trace_unsynchronized::h8f1e3fbd9afff6ec
[INFO] [stdout]                                at /rustc/a178d0322ce20e33eac124758e837cbd80a6f633/library/std/src/../../backtrace/src/backtrace/mod.rs:66:5
[INFO] [stdout]    2:     0x5594e8665cb0 - std::sys_common::backtrace::_print_fmt::h3a99a796b770c360
[INFO] [stdout]                                at /rustc/a178d0322ce20e33eac124758e837cbd80a6f633/library/std/src/sys_common/backtrace.rs:67:5
[INFO] [stdout]    3:     0x5594e8665cb0 - <std::sys_common::backtrace::_print::DisplayBacktrace as core::fmt::Display>::fmt::h32d1f94a80615d18
[INFO] [stdout]                                at /rustc/a178d0322ce20e33eac124758e837cbd80a6f633/library/std/src/sys_common/backtrace.rs:46:22
[INFO] [stdout]    4:     0x5594e868a93c - core::fmt::write::h306731c068f7162c
[INFO] [stdout]                                at /rustc/a178d0322ce20e33eac124758e837cbd80a6f633/library/core/src/fmt/mod.rs:1110:17
[INFO] [stdout]    5:     0x5594e8662275 - std::io::Write::write_fmt::h87f19b0a2cd190bc
[INFO] [stdout]                                at /rustc/a178d0322ce20e33eac124758e837cbd80a6f633/library/std/src/io/mod.rs:1588:15
[INFO] [stdout]    6:     0x5594e8667e4b - std::sys_common::backtrace::_print::h5abaa2601a852287
[INFO] [stdout]                                at /rustc/a178d0322ce20e33eac124758e837cbd80a6f633/library/std/src/sys_common/backtrace.rs:49:5
[INFO] [stdout]    7:     0x5594e8667e4b - std::sys_common::backtrace::print::h8d81445442bb638f
[INFO] [stdout]                                at /rustc/a178d0322ce20e33eac124758e837cbd80a6f633/library/std/src/sys_common/backtrace.rs:36:9
[INFO] [stdout]    8:     0x5594e8667e4b - std::panicking::default_hook::{{closure}}::hcfe804496a9fa747
[INFO] [stdout]                                at /rustc/a178d0322ce20e33eac124758e837cbd80a6f633/library/std/src/panicking.rs:208:50
[INFO] [stdout]    9:     0x5594e866795c - std::panicking::default_hook::hbea8e3ccf2ba8901
[INFO] [stdout]                                at /rustc/a178d0322ce20e33eac124758e837cbd80a6f633/library/std/src/panicking.rs:222:9
[INFO] [stdout]   10:     0x5594e8668514 - std::panicking::rust_panic_with_hook::h7ee9e1a2d0f8975a
[INFO] [stdout]                                at /rustc/a178d0322ce20e33eac124758e837cbd80a6f633/library/std/src/panicking.rs:622:17
[INFO] [stdout]   11:     0x5594e8667ff7 - std::panicking::begin_panic_handler::{{closure}}::h8ab3b4491718b2c7
[INFO] [stdout]                                at /rustc/a178d0322ce20e33eac124758e837cbd80a6f633/library/std/src/panicking.rs:519:13
[INFO] [stdout]   12:     0x5594e86661ac - std::sys_common::backtrace::__rust_end_short_backtrace::hd489062ffa586a9f
[INFO] [stdout]                                at /rustc/a178d0322ce20e33eac124758e837cbd80a6f633/library/std/src/sys_common/backtrace.rs:141:18
[INFO] [stdout]   13:     0x5594e8667f59 - rust_begin_unwind
[INFO] [stdout]                                at /rustc/a178d0322ce20e33eac124758e837cbd80a6f633/library/std/src/panicking.rs:515:5
[INFO] [stdout]   14:     0x5594e850e651 - core::panicking::panic_fmt::hca6330e3e14086b4
[INFO] [stdout]                                at /rustc/a178d0322ce20e33eac124758e837cbd80a6f633/library/core/src/panicking.rs:92:14
[INFO] [stdout]   15:     0x5594e850e743 - core::result::unwrap_failed::h6160d2b4bfbb0e87
[INFO] [stdout]                                at /rustc/a178d0322ce20e33eac124758e837cbd80a6f633/library/core/src/result.rs:1355:5
[INFO] [stdout]   16:     0x5594e8510b09 - core::result::Result<T,E>::unwrap::hf1e14967317a19aa
[INFO] [stdout]                                at /rustc/a178d0322ce20e33eac124758e837cbd80a6f633/library/core/src/result.rs:1037:23
[INFO] [stdout]   17:     0x5594e8510275 - snaphost_input_files::strings::h0804822af30fcda1
[INFO] [stdout]                                at /opt/rustwide/workdir/tests/snaphost_input_files.rs:35:13
[INFO] [stdout]   18:     0x5594e850ff4a - snaphost_input_files::strings::{{closure}}::hadead2ead076c231
[INFO] [stdout]                                at /opt/rustwide/workdir/tests/snaphost_input_files.rs:30:9
[INFO] [stdout]   19:     0x5594e8510d7e - core::ops::function::FnOnce::call_once::h39b1f2885c221eef
[INFO] [stdout]                                at /rustc/a178d0322ce20e33eac124758e837cbd80a6f633/library/core/src/ops/function.rs:227:5
[INFO] [stdout]   20:     0x5594e853a443 - core::ops::function::FnOnce::call_once::h152e7e439ff59e19
[INFO] [stdout]                                at /rustc/a178d0322ce20e33eac124758e837cbd80a6f633/library/core/src/ops/function.rs:227:5
[INFO] [stdout]   21:     0x5594e853a443 - test::__rust_begin_short_backtrace::h0908f3b1fdbb72ab
[INFO] [stdout]                                at /rustc/a178d0322ce20e33eac124758e837cbd80a6f633/library/test/src/lib.rs:577:5
[INFO] [stdout]   22:     0x5594e8538f00 - <alloc::boxed::Box<F,A> as core::ops::function::FnOnce<Args>>::call_once::hf6d2a51e5587546c
[INFO] [stdout]                                at /rustc/a178d0322ce20e33eac124758e837cbd80a6f633/library/alloc/src/boxed.rs:1575:9
[INFO] [stdout]   23:     0x5594e8538f00 - <std::panic::AssertUnwindSafe<F> as core::ops::function::FnOnce<()>>::call_once::h8af660f3a89ef593
[INFO] [stdout]                                at /rustc/a178d0322ce20e33eac124758e837cbd80a6f633/library/std/src/panic.rs:347:9
[INFO] [stdout]   24:     0x5594e8538f00 - std::panicking::try::do_call::hd36aef60f84b6d36
[INFO] [stdout]                                at /rustc/a178d0322ce20e33eac124758e837cbd80a6f633/library/std/src/panicking.rs:401:40
[INFO] [stdout]   25:     0x5594e8538f00 - std::panicking::try::h9932b4480e69817c
[INFO] [stdout]                                at /rustc/a178d0322ce20e33eac124758e837cbd80a6f633/library/std/src/panicking.rs:365:19
[INFO] [stdout]   26:     0x5594e8538f00 - std::panic::catch_unwind::h6aa177099cfff5f8
[INFO] [stdout]                                at /rustc/a178d0322ce20e33eac124758e837cbd80a6f633/library/std/src/panic.rs:434:14
[INFO] [stdout]   27:     0x5594e8538f00 - test::run_test_in_process::h5884d6f2d99e20c3
[INFO] [stdout]                                at /rustc/a178d0322ce20e33eac124758e837cbd80a6f633/library/test/src/lib.rs:600:18
[INFO] [stdout]   28:     0x5594e8538f00 - test::run_test::run_test_inner::{{closure}}::h6fdc58c6d5f5b6e3
[INFO] [stdout]                                at /rustc/a178d0322ce20e33eac124758e837cbd80a6f633/library/test/src/lib.rs:492:39
[INFO] [stdout]   29:     0x5594e85125b2 - test::run_test::run_test_inner::{{closure}}::h408365d67a78ade8
[INFO] [stdout]                                at /rustc/a178d0322ce20e33eac124758e837cbd80a6f633/library/test/src/lib.rs:519:37
[INFO] [stdout]   30:     0x5594e85125b2 - std::sys_common::backtrace::__rust_begin_short_backtrace::hb560b77c4f701523
[INFO] [stdout]                                at /rustc/a178d0322ce20e33eac124758e837cbd80a6f633/library/std/src/sys_common/backtrace.rs:125:18
[INFO] [stdout]   31:     0x5594e8516168 - std::thread::Builder::spawn_unchecked::{{closure}}::{{closure}}::hf2e7831dad93c597
[INFO] [stdout]                                at /rustc/a178d0322ce20e33eac124758e837cbd80a6f633/library/std/src/thread/mod.rs:481:17
[INFO] [stdout]   32:     0x5594e8516168 - <std::panic::AssertUnwindSafe<F> as core::ops::function::FnOnce<()>>::call_once::hd2e08783d8be4d02
[INFO] [stdout]                                at /rustc/a178d0322ce20e33eac124758e837cbd80a6f633/library/std/src/panic.rs:347:9
[INFO] [stdout]   33:     0x5594e8516168 - std::panicking::try::do_call::h062597b7acfd6b82
[INFO] [stdout]                                at /rustc/a178d0322ce20e33eac124758e837cbd80a6f633/library/std/src/panicking.rs:401:40
[INFO] [stdout]   34:     0x5594e8516168 - std::panicking::try::h0d7b79db04c14552
[INFO] [stdout]                                at /rustc/a178d0322ce20e33eac124758e837cbd80a6f633/library/std/src/panicking.rs:365:19
[INFO] [stdout]   35:     0x5594e8516168 - std::panic::catch_unwind::hb01a0b5e7c8cd43b
[INFO] [stdout]                                at /rustc/a178d0322ce20e33eac124758e837cbd80a6f633/library/std/src/panic.rs:434:14
[INFO] [stdout]   36:     0x5594e8516168 - std::thread::Builder::spawn_unchecked::{{closure}}::h5bde48cc887e0d1e
[INFO] [stdout]                                at /rustc/a178d0322ce20e33eac124758e837cbd80a6f633/library/std/src/thread/mod.rs:480:30
[INFO] [stdout]   37:     0x5594e8516168 - core::ops::function::FnOnce::call_once{{vtable.shim}}::h745ea30807a29e55
[INFO] [stdout]                                at /rustc/a178d0322ce20e33eac124758e837cbd80a6f633/library/core/src/ops/function.rs:227:5
[INFO] [stdout]   38:     0x5594e866d767 - <alloc::boxed::Box<F,A> as core::ops::function::FnOnce<Args>>::call_once::h7ece6cfefaff1005
[INFO] [stdout]                                at /rustc/a178d0322ce20e33eac124758e837cbd80a6f633/library/alloc/src/boxed.rs:1575:9
[INFO] [stdout]   39:     0x5594e866d767 - <alloc::boxed::Box<F,A> as core::ops::function::FnOnce<Args>>::call_once::hb8b48e55c21f193e
[INFO] [stdout]                                at /rustc/a178d0322ce20e33eac124758e837cbd80a6f633/library/alloc/src/boxed.rs:1575:9
[INFO] [stdout]   40:     0x5594e866d767 - std::sys::unix::thread::Thread::new::thread_start::h8c7c4450dba62914
[INFO] [stdout]                                at /rustc/a178d0322ce20e33eac124758e837cbd80a6f633/library/std/src/sys/unix/thread.rs:71:17
[INFO] [stdout]   41:     0x7f67622b4609 - start_thread
[INFO] [stdout]   42:     0x7f676240b293 - clone
[INFO] [stdout]   43:                0x0 - <unknown>
[INFO] [stdout] 
[INFO] [stdout] 
[INFO] [stdout] failures:
[INFO] [stdout]     strings
[INFO] [stdout] 
[INFO] [stdout] test result: FAILED. 4 passed; 1 failed; 0 ignored; 0 measured; 0 filtered out; finished in 0.86s
[INFO] [stdout] 
[INFO] running `Command { std: "docker" "inspect" "b7f5255f08c2d6321c26d3a7bb402466a00f145db9ed3b5dfcc93ba31bdecd13", kill_on_drop: false }`
[INFO] running `Command { std: "docker" "rm" "-f" "b7f5255f08c2d6321c26d3a7bb402466a00f145db9ed3b5dfcc93ba31bdecd13", kill_on_drop: false }`
[INFO] [stdout] b7f5255f08c2d6321c26d3a7bb402466a00f145db9ed3b5dfcc93ba31bdecd13
