[INFO] fetching crate lpsettings 0.2.3...
[INFO] testing lpsettings-0.2.3 against beta-2021-08-01 for beta-1.55-1
[INFO] extracting crate lpsettings 0.2.3 into /workspace/builds/worker-3/source
[INFO] validating manifest of crates.io crate lpsettings 0.2.3 on toolchain beta-2021-08-01
[INFO] running `Command { std: "/workspace/cargo-home/bin/cargo" "+beta-2021-08-01" "metadata" "--manifest-path" "Cargo.toml" "--no-deps", kill_on_drop: false }`
[INFO] started tweaking crates.io crate lpsettings 0.2.3
[INFO] finished tweaking crates.io crate lpsettings 0.2.3
[INFO] tweaked toml for crates.io crate lpsettings 0.2.3 written to /workspace/builds/worker-3/source/Cargo.toml
[INFO] running `Command { std: "/workspace/cargo-home/bin/cargo" "+beta-2021-08-01" "generate-lockfile" "--manifest-path" "Cargo.toml" "-Zno-index-update", kill_on_drop: false }`
[INFO] running `Command { std: "/workspace/cargo-home/bin/cargo" "+beta-2021-08-01" "fetch" "--manifest-path" "Cargo.toml", kill_on_drop: false }`
[INFO] [stderr]     Blocking waiting for file lock on package cache
[INFO] [stderr]  Downloading crates ...
[INFO] [stderr]   Downloaded settingsfile v0.2.8
[INFO] [stderr]   Downloaded version-lp v0.2.1
[INFO] running `Command { std: "docker" "create" "-v" "/var/lib/crater-agent-workspace/builds/worker-3/target:/opt/rustwide/target:rw,Z" "-v" "/var/lib/crater-agent-workspace/builds/worker-3/source:/opt/rustwide/workdir:ro,Z" "-v" "/var/lib/crater-agent-workspace/cargo-home:/opt/rustwide/cargo-home:ro,Z" "-v" "/var/lib/crater-agent-workspace/rustup-home:/opt/rustwide/rustup-home:ro,Z" "-e" "SOURCE_DIR=/opt/rustwide/workdir" "-e" "CARGO_TARGET_DIR=/opt/rustwide/target" "-e" "CARGO_HOME=/opt/rustwide/cargo-home" "-e" "RUSTUP_HOME=/opt/rustwide/rustup-home" "-w" "/opt/rustwide/workdir" "-m" "1610612736" "--user" "0:0" "--network" "none" "ghcr.io/rust-lang/crates-build-env/linux@sha256:34b6a614d2c27851fe6cbf88fbd1137609cefab8b10d0615aaeb6fd47975d74e" "/opt/rustwide/cargo-home/bin/cargo" "+beta-2021-08-01" "metadata" "--no-deps" "--format-version=1", kill_on_drop: false }`
[INFO] [stdout] 23bbc5ec2d86ba9df5cce555e25e24008ac070b25c1b341350156ba8e9362150
[INFO] running `Command { std: "docker" "start" "-a" "23bbc5ec2d86ba9df5cce555e25e24008ac070b25c1b341350156ba8e9362150", kill_on_drop: false }`
[INFO] running `Command { std: "docker" "inspect" "23bbc5ec2d86ba9df5cce555e25e24008ac070b25c1b341350156ba8e9362150", kill_on_drop: false }`
[INFO] running `Command { std: "docker" "rm" "-f" "23bbc5ec2d86ba9df5cce555e25e24008ac070b25c1b341350156ba8e9362150", kill_on_drop: false }`
[INFO] [stdout] 23bbc5ec2d86ba9df5cce555e25e24008ac070b25c1b341350156ba8e9362150
[INFO] running `Command { std: "docker" "create" "-v" "/var/lib/crater-agent-workspace/builds/worker-3/target:/opt/rustwide/target:rw,Z" "-v" "/var/lib/crater-agent-workspace/builds/worker-3/source:/opt/rustwide/workdir:ro,Z" "-v" "/var/lib/crater-agent-workspace/cargo-home:/opt/rustwide/cargo-home:ro,Z" "-v" "/var/lib/crater-agent-workspace/rustup-home:/opt/rustwide/rustup-home:ro,Z" "-e" "SOURCE_DIR=/opt/rustwide/workdir" "-e" "CARGO_TARGET_DIR=/opt/rustwide/target" "-e" "CARGO_INCREMENTAL=0" "-e" "RUST_BACKTRACE=full" "-e" "RUSTFLAGS=--cap-lints=warn" "-e" "CARGO_HOME=/opt/rustwide/cargo-home" "-e" "RUSTUP_HOME=/opt/rustwide/rustup-home" "-w" "/opt/rustwide/workdir" "-m" "1610612736" "--user" "0:0" "--network" "none" "ghcr.io/rust-lang/crates-build-env/linux@sha256:34b6a614d2c27851fe6cbf88fbd1137609cefab8b10d0615aaeb6fd47975d74e" "/opt/rustwide/cargo-home/bin/cargo" "+beta-2021-08-01" "build" "--frozen" "--message-format=json", kill_on_drop: false }`
[INFO] [stdout] d87b03f08f6991458b30bfa51896bb91aca304472d574c961c43755816c2a399
[INFO] running `Command { std: "docker" "start" "-a" "d87b03f08f6991458b30bfa51896bb91aca304472d574c961c43755816c2a399", kill_on_drop: false }`
[INFO] [stderr]     Blocking waiting for file lock on package cache
[INFO] [stderr]    Compiling autocfg v1.0.1
[INFO] [stderr]    Compiling syn v1.0.74
[INFO] [stderr]    Compiling cc v1.0.69
[INFO] [stderr]    Compiling serde_derive v1.0.127
[INFO] [stderr]    Compiling gimli v0.25.0
[INFO] [stderr]    Compiling adler v1.0.2
[INFO] [stderr]    Compiling failure_derive v0.1.8
[INFO] [stderr]    Compiling rustc-demangle v0.1.20
[INFO] [stderr]    Compiling log v0.4.14
[INFO] [stderr]    Compiling object v0.26.0
[INFO] [stderr]    Compiling time v0.1.44
[INFO] [stderr]    Compiling dirs v1.0.5
[INFO] [stderr]    Compiling serde_test v1.0.127
[INFO] [stderr]    Compiling toml v0.4.10
[INFO] [stderr]    Compiling miniz_oxide v0.4.4
[INFO] [stderr]    Compiling num-traits v0.2.14
[INFO] [stderr]    Compiling num-integer v0.1.44
[INFO] [stderr]    Compiling backtrace v0.3.61
[INFO] [stderr]    Compiling chrono v0.4.19
[INFO] [stderr]    Compiling synstructure v0.12.5
[INFO] [stderr]    Compiling addr2line v0.16.0
[INFO] [stderr]    Compiling failure v0.1.8
[INFO] [stderr]    Compiling settingsfile v0.2.8
[INFO] [stderr]    Compiling version-lp v0.2.1
[INFO] [stderr]    Compiling lpsettings v0.2.3 (/opt/rustwide/workdir)
[INFO] [stdout] warning: variant is never constructed: `Best`
[INFO] [stdout]  --> src/location.rs:9:5
[INFO] [stdout]   |
[INFO] [stdout] 9 |     Best,
[INFO] [stdout]   |     ^^^^
[INFO] [stdout]   |
[INFO] [stdout]   = note: `#[warn(dead_code)]` on by default
[INFO] [stdout] 
[INFO] [stdout] 
[INFO] [stdout] warning: variant is never constructed: `Local`
[INFO] [stdout]   --> src/location.rs:11:5
[INFO] [stdout]    |
[INFO] [stdout] 11 |     Local,
[INFO] [stdout]    |     ^^^^^
[INFO] [stdout] 
[INFO] [stdout] 
[INFO] [stdout] warning: variant is never constructed: `Global`
[INFO] [stdout]   --> src/location.rs:13:5
[INFO] [stdout]    |
[INFO] [stdout] 13 |     Global
[INFO] [stdout]    |     ^^^^^^
[INFO] [stdout] 
[INFO] [stdout] 
[INFO] [stdout] warning: associated function is never used: `get_location`
[INFO] [stdout]   --> src/location.rs:17:12
[INFO] [stdout]    |
[INFO] [stdout] 17 |     pub fn get_location() -> Location {
[INFO] [stdout]    |            ^^^^^^^^^^^^
[INFO] [stdout] 
[INFO] [stdout] 
[INFO] [stdout] warning: associated function is never used: `to_string_cap`
[INFO] [stdout]   --> src/location.rs:27:12
[INFO] [stdout]    |
[INFO] [stdout] 27 |     pub fn to_string_cap(&self) -> String {
[INFO] [stdout]    |            ^^^^^^^^^^^^^
[INFO] [stdout] 
[INFO] [stdout] 
[INFO] [stdout] warning: function is never used: `key_value_set`
[INFO] [stdout]   --> src/theme.rs:19:8
[INFO] [stdout]    |
[INFO] [stdout] 19 | pub fn key_value_set<T: AsRef<str>>(text : T) -> String {
[INFO] [stdout]    |        ^^^^^^^^^^^^^
[INFO] [stdout] 
[INFO] [stdout] 
[INFO] [stdout] warning: function is never used: `error`
[INFO] [stdout]   --> src/theme.rs:23:8
[INFO] [stdout]    |
[INFO] [stdout] 23 | pub fn error<T: AsRef<str>>(text : T) -> String {
[INFO] [stdout]    |        ^^^^^
[INFO] [stdout] 
[INFO] [stdout] 
[INFO] [stdout] warning: function is never used: `error_message`
[INFO] [stdout]   --> src/theme.rs:26:8
[INFO] [stdout]    |
[INFO] [stdout] 26 | pub fn error_message<T: AsRef<str>>(text : T) -> String {
[INFO] [stdout]    |        ^^^^^^^^^^^^^
[INFO] [stdout] 
[INFO] [stdout] 
[INFO] [stdout] warning: 8 warnings emitted
[INFO] [stdout] 
[INFO] [stdout] 
[INFO] [stderr]     Finished dev [unoptimized + debuginfo] target(s) in 23.82s
[INFO] running `Command { std: "docker" "inspect" "d87b03f08f6991458b30bfa51896bb91aca304472d574c961c43755816c2a399", kill_on_drop: false }`
[INFO] running `Command { std: "docker" "rm" "-f" "d87b03f08f6991458b30bfa51896bb91aca304472d574c961c43755816c2a399", kill_on_drop: false }`
[INFO] [stdout] d87b03f08f6991458b30bfa51896bb91aca304472d574c961c43755816c2a399
[INFO] running `Command { std: "docker" "create" "-v" "/var/lib/crater-agent-workspace/builds/worker-3/target:/opt/rustwide/target:rw,Z" "-v" "/var/lib/crater-agent-workspace/builds/worker-3/source:/opt/rustwide/workdir:ro,Z" "-v" "/var/lib/crater-agent-workspace/cargo-home:/opt/rustwide/cargo-home:ro,Z" "-v" "/var/lib/crater-agent-workspace/rustup-home:/opt/rustwide/rustup-home:ro,Z" "-e" "SOURCE_DIR=/opt/rustwide/workdir" "-e" "CARGO_TARGET_DIR=/opt/rustwide/target" "-e" "CARGO_INCREMENTAL=0" "-e" "RUST_BACKTRACE=full" "-e" "RUSTFLAGS=--cap-lints=warn" "-e" "CARGO_HOME=/opt/rustwide/cargo-home" "-e" "RUSTUP_HOME=/opt/rustwide/rustup-home" "-w" "/opt/rustwide/workdir" "-m" "1610612736" "--user" "0:0" "--network" "none" "ghcr.io/rust-lang/crates-build-env/linux@sha256:34b6a614d2c27851fe6cbf88fbd1137609cefab8b10d0615aaeb6fd47975d74e" "/opt/rustwide/cargo-home/bin/cargo" "+beta-2021-08-01" "test" "--frozen" "--no-run" "--message-format=json", kill_on_drop: false }`
[INFO] [stdout] 50eb0d90ee2f89450b57419bdb6f1b8048777d6b9922bdc2520adbae16d40e2a
[INFO] running `Command { std: "docker" "start" "-a" "50eb0d90ee2f89450b57419bdb6f1b8048777d6b9922bdc2520adbae16d40e2a", kill_on_drop: false }`
[INFO] [stdout] warning: variant is never constructed: `Best`
[INFO] [stdout]  --> src/location.rs:9:5
[INFO] [stdout]   |
[INFO] [stdout] 9 |     Best,
[INFO] [stdout]   |     ^^^^
[INFO] [stdout]   |
[INFO] [stdout]   = note: `#[warn(dead_code)]` on by default
[INFO] [stdout] 
[INFO] [stdout] 
[INFO] [stdout] warning: variant is never constructed: `Local`
[INFO] [stdout]   --> src/location.rs:11:5
[INFO] [stdout]    |
[INFO] [stdout] 11 |     Local,
[INFO] [stdout]    |     ^^^^^
[INFO] [stdout] 
[INFO] [stdout] 
[INFO] [stdout] warning: variant is never constructed: `Global`
[INFO] [stdout]   --> src/location.rs:13:5
[INFO] [stdout]    |
[INFO] [stdout] 13 |     Global
[INFO] [stdout]    |     ^^^^^^
[INFO] [stdout] 
[INFO] [stdout] 
[INFO] [stderr]    Compiling lpsettings v0.2.3 (/opt/rustwide/workdir)
[INFO] [stdout] warning: associated function is never used: `get_location`
[INFO] [stdout]   --> src/location.rs:17:12
[INFO] [stdout]    |
[INFO] [stdout] 17 |     pub fn get_location() -> Location {
[INFO] [stdout]    |            ^^^^^^^^^^^^
[INFO] [stdout] 
[INFO] [stdout] 
[INFO] [stdout] warning: associated function is never used: `to_string_cap`
[INFO] [stdout]   --> src/location.rs:27:12
[INFO] [stdout]    |
[INFO] [stdout] 27 |     pub fn to_string_cap(&self) -> String {
[INFO] [stdout]    |            ^^^^^^^^^^^^^
[INFO] [stdout] 
[INFO] [stdout] 
[INFO] [stdout] warning: function is never used: `key_value_set`
[INFO] [stdout]   --> src/theme.rs:19:8
[INFO] [stdout]    |
[INFO] [stdout] 19 | pub fn key_value_set<T: AsRef<str>>(text : T) -> String {
[INFO] [stdout]    |        ^^^^^^^^^^^^^
[INFO] [stdout] 
[INFO] [stdout] 
[INFO] [stdout] warning: function is never used: `error`
[INFO] [stdout]   --> src/theme.rs:23:8
[INFO] [stdout]    |
[INFO] [stdout] 23 | pub fn error<T: AsRef<str>>(text : T) -> String {
[INFO] [stdout]    |        ^^^^^
[INFO] [stdout] 
[INFO] [stdout] 
[INFO] [stdout] warning: function is never used: `error_message`
[INFO] [stdout]   --> src/theme.rs:26:8
[INFO] [stdout]    |
[INFO] [stdout] 26 | pub fn error_message<T: AsRef<str>>(text : T) -> String {
[INFO] [stdout]    |        ^^^^^^^^^^^^^
[INFO] [stdout] 
[INFO] [stdout] 
[INFO] [stdout] warning: 8 warnings emitted
[INFO] [stdout] 
[INFO] [stdout] 
[INFO] [stdout] warning: variant is never constructed: `Best`
[INFO] [stdout]  --> src/location.rs:9:5
[INFO] [stdout]   |
[INFO] [stdout] 9 |     Best,
[INFO] [stdout]   |     ^^^^
[INFO] [stdout]   |
[INFO] [stdout]   = note: `#[warn(dead_code)]` on by default
[INFO] [stdout] 
[INFO] [stdout] 
[INFO] [stdout] warning: variant is never constructed: `Local`
[INFO] [stdout]   --> src/location.rs:11:5
[INFO] [stdout]    |
[INFO] [stdout] 11 |     Local,
[INFO] [stdout]    |     ^^^^^
[INFO] [stdout] 
[INFO] [stdout] 
[INFO] [stdout] warning: variant is never constructed: `Global`
[INFO] [stdout]   --> src/location.rs:13:5
[INFO] [stdout]    |
[INFO] [stdout] 13 |     Global
[INFO] [stdout]    |     ^^^^^^
[INFO] [stdout] 
[INFO] [stdout] 
[INFO] [stdout] warning: associated function is never used: `get_location`
[INFO] [stdout]   --> src/location.rs:17:12
[INFO] [stdout]    |
[INFO] [stdout] 17 |     pub fn get_location() -> Location {
[INFO] [stdout]    |            ^^^^^^^^^^^^
[INFO] [stdout] 
[INFO] [stdout] 
[INFO] [stdout] warning: associated function is never used: `to_string_cap`
[INFO] [stdout]   --> src/location.rs:27:12
[INFO] [stdout]    |
[INFO] [stdout] 27 |     pub fn to_string_cap(&self) -> String {
[INFO] [stdout]    |            ^^^^^^^^^^^^^
[INFO] [stdout] 
[INFO] [stdout] 
[INFO] [stdout] warning: function is never used: `key_value_set`
[INFO] [stdout]   --> src/theme.rs:19:8
[INFO] [stdout]    |
[INFO] [stdout] 19 | pub fn key_value_set<T: AsRef<str>>(text : T) -> String {
[INFO] [stdout]    |        ^^^^^^^^^^^^^
[INFO] [stdout] 
[INFO] [stdout] 
[INFO] [stdout] warning: function is never used: `error`
[INFO] [stdout]   --> src/theme.rs:23:8
[INFO] [stdout]    |
[INFO] [stdout] 23 | pub fn error<T: AsRef<str>>(text : T) -> String {
[INFO] [stdout]    |        ^^^^^
[INFO] [stdout] 
[INFO] [stdout] 
[INFO] [stdout] warning: function is never used: `error_message`
[INFO] [stdout]   --> src/theme.rs:26:8
[INFO] [stdout]    |
[INFO] [stdout] 26 | pub fn error_message<T: AsRef<str>>(text : T) -> String {
[INFO] [stdout]    |        ^^^^^^^^^^^^^
[INFO] [stdout] 
[INFO] [stdout] 
[INFO] [stdout] warning: 8 warnings emitted
[INFO] [stdout] 
[INFO] [stdout] 
[INFO] [stderr]     Finished test [unoptimized + debuginfo] target(s) in 0.95s
[INFO] running `Command { std: "docker" "inspect" "50eb0d90ee2f89450b57419bdb6f1b8048777d6b9922bdc2520adbae16d40e2a", kill_on_drop: false }`
[INFO] running `Command { std: "docker" "rm" "-f" "50eb0d90ee2f89450b57419bdb6f1b8048777d6b9922bdc2520adbae16d40e2a", kill_on_drop: false }`
[INFO] [stdout] 50eb0d90ee2f89450b57419bdb6f1b8048777d6b9922bdc2520adbae16d40e2a
[INFO] running `Command { std: "docker" "create" "-v" "/var/lib/crater-agent-workspace/builds/worker-3/target:/opt/rustwide/target:rw,Z" "-v" "/var/lib/crater-agent-workspace/builds/worker-3/source:/opt/rustwide/workdir:ro,Z" "-v" "/var/lib/crater-agent-workspace/cargo-home:/opt/rustwide/cargo-home:ro,Z" "-v" "/var/lib/crater-agent-workspace/rustup-home:/opt/rustwide/rustup-home:ro,Z" "-e" "SOURCE_DIR=/opt/rustwide/workdir" "-e" "CARGO_TARGET_DIR=/opt/rustwide/target" "-e" "CARGO_INCREMENTAL=0" "-e" "RUST_BACKTRACE=full" "-e" "RUSTFLAGS=--cap-lints=warn" "-e" "CARGO_HOME=/opt/rustwide/cargo-home" "-e" "RUSTUP_HOME=/opt/rustwide/rustup-home" "-w" "/opt/rustwide/workdir" "-m" "1610612736" "--user" "0:0" "--network" "none" "ghcr.io/rust-lang/crates-build-env/linux@sha256:34b6a614d2c27851fe6cbf88fbd1137609cefab8b10d0615aaeb6fd47975d74e" "/opt/rustwide/cargo-home/bin/cargo" "+beta-2021-08-01" "test" "--frozen", kill_on_drop: false }`
[INFO] [stdout] 20be67f83472f8dd7b000ad83e869a7dccf240ae0d0462d0966af29b348d98f3
[INFO] running `Command { std: "docker" "start" "-a" "20be67f83472f8dd7b000ad83e869a7dccf240ae0d0462d0966af29b348d98f3", kill_on_drop: false }`
[INFO] [stderr] warning: variant is never constructed: `Best`
[INFO] [stderr]  --> src/location.rs:9:5
[INFO] [stderr]   |
[INFO] [stderr] 9 |     Best,
[INFO] [stderr]   |     ^^^^
[INFO] [stderr]   |
[INFO] [stderr]   = note: `#[warn(dead_code)]` on by default
[INFO] [stderr] 
[INFO] [stderr] warning: variant is never constructed: `Local`
[INFO] [stderr]   --> src/location.rs:11:5
[INFO] [stderr]    |
[INFO] [stderr] 11 |     Local,
[INFO] [stderr]    |     ^^^^^
[INFO] [stderr] 
[INFO] [stderr] warning: variant is never constructed: `Global`
[INFO] [stderr]   --> src/location.rs:13:5
[INFO] [stderr]    |
[INFO] [stderr] 13 |     Global
[INFO] [stderr]    |     ^^^^^^
[INFO] [stderr] 
[INFO] [stderr] warning: associated function is never used: `get_location`
[INFO] [stderr]   --> src/location.rs:17:12
[INFO] [stderr]    |
[INFO] [stderr] 17 |     pub fn get_location() -> Location {
[INFO] [stderr]    |            ^^^^^^^^^^^^
[INFO] [stderr] 
[INFO] [stderr] warning: associated function is never used: `to_string_cap`
[INFO] [stderr]   --> src/location.rs:27:12
[INFO] [stderr]    |
[INFO] [stderr] 27 |     pub fn to_string_cap(&self) -> String {
[INFO] [stderr]    |            ^^^^^^^^^^^^^
[INFO] [stderr] 
[INFO] [stderr] warning: function is never used: `key_value_set`
[INFO] [stderr]   --> src/theme.rs:19:8
[INFO] [stderr]    |
[INFO] [stderr] 19 | pub fn key_value_set<T: AsRef<str>>(text : T) -> String {
[INFO] [stderr]    |        ^^^^^^^^^^^^^
[INFO] [stderr] 
[INFO] [stderr] warning: function is never used: `error`
[INFO] [stderr]   --> src/theme.rs:23:8
[INFO] [stderr]    |
[INFO] [stderr] 23 | pub fn error<T: AsRef<str>>(text : T) -> String {
[INFO] [stderr]    |        ^^^^^
[INFO] [stderr] 
[INFO] [stderr] warning: function is never used: `error_message`
[INFO] [stderr]   --> src/theme.rs:26:8
[INFO] [stderr]    |
[INFO] [stderr] 26 | pub fn error_message<T: AsRef<str>>(text : T) -> String {
[INFO] [stderr]    |        ^^^^^^^^^^^^^
[INFO] [stderr] 
[INFO] [stderr] warning: `lpsettings` (lib) generated 8 warnings
[INFO] [stderr] warning: `lpsettings` (lib test) generated 8 warnings (8 duplicates)
[INFO] [stderr]     Finished test [unoptimized + debuginfo] target(s) in 0.04s
[INFO] [stdout] 
[INFO] [stderr]      Running unittests (/opt/rustwide/target/debug/deps/lpsettings-16cafdcd1b93b6e4)
[INFO] [stdout] running 0 tests
[INFO] [stderr]    Doc-tests lpsettings
[INFO] [stdout] 
[INFO] [stdout] test result: ok. 0 passed; 0 failed; 0 ignored; 0 measured; 0 filtered out; finished in 0.00s
[INFO] [stdout] 
[INFO] [stdout] 
[INFO] [stdout] running 1 test
[INFO] [stdout] test src/map.rs - map::get_user_input (line 35) ... FAILED
[INFO] [stdout] 
[INFO] [stdout] failures:
[INFO] [stdout] 
[INFO] [stdout] ---- src/map.rs - map::get_user_input (line 35) stdout ----
[INFO] [stdout] error[E0425]: cannot find function `get_user_input` in this scope
[INFO] [stdout]  --> src/map.rs:36:1
[INFO] [stdout]   |
[INFO] [stdout] 3 | get_user_input("Some question for the user");
[INFO] [stdout]   | ^^^^^^^^^^^^^^ not found in this scope
[INFO] [stdout] 
[INFO] [stdout] error: aborting due to previous error
[INFO] [stdout] 
[INFO] [stdout] For more information about this error, try `rustc --explain E0425`.
[INFO] [stdout] Couldn't compile the test.
[INFO] [stdout] 
[INFO] [stdout] failures:
[INFO] [stdout]     src/map.rs - map::get_user_input (line 35)
[INFO] [stdout] 
[INFO] [stdout] test result: FAILED. 0 passed; 1 failed; 0 ignored; 0 measured; 0 filtered out; finished in 0.11s
[INFO] [stdout] 
[INFO] [stderr] error: test failed, to rerun pass '--doc'
[INFO] running `Command { std: "docker" "inspect" "20be67f83472f8dd7b000ad83e869a7dccf240ae0d0462d0966af29b348d98f3", kill_on_drop: false }`
[INFO] running `Command { std: "docker" "rm" "-f" "20be67f83472f8dd7b000ad83e869a7dccf240ae0d0462d0966af29b348d98f3", kill_on_drop: false }`
[INFO] [stdout] 20be67f83472f8dd7b000ad83e869a7dccf240ae0d0462d0966af29b348d98f3
