[INFO] fetching crate loop_unwrap 0.2.0...
[INFO] testing loop_unwrap-0.2.0 against beta-2021-08-01 for beta-1.55-1
[INFO] extracting crate loop_unwrap 0.2.0 into /workspace/builds/worker-11/source
[INFO] validating manifest of crates.io crate loop_unwrap 0.2.0 on toolchain beta-2021-08-01
[INFO] running `Command { std: "/workspace/cargo-home/bin/cargo" "+beta-2021-08-01" "metadata" "--manifest-path" "Cargo.toml" "--no-deps", kill_on_drop: false }`
[INFO] started tweaking crates.io crate loop_unwrap 0.2.0
[INFO] finished tweaking crates.io crate loop_unwrap 0.2.0
[INFO] tweaked toml for crates.io crate loop_unwrap 0.2.0 written to /workspace/builds/worker-11/source/Cargo.toml
[INFO] running `Command { std: "/workspace/cargo-home/bin/cargo" "+beta-2021-08-01" "generate-lockfile" "--manifest-path" "Cargo.toml" "-Zno-index-update", kill_on_drop: false }`
[INFO] running `Command { std: "/workspace/cargo-home/bin/cargo" "+beta-2021-08-01" "fetch" "--manifest-path" "Cargo.toml", kill_on_drop: false }`
[INFO] running `Command { std: "docker" "create" "-v" "/var/lib/crater-agent-workspace/builds/worker-11/target:/opt/rustwide/target:rw,Z" "-v" "/var/lib/crater-agent-workspace/builds/worker-11/source:/opt/rustwide/workdir:ro,Z" "-v" "/var/lib/crater-agent-workspace/cargo-home:/opt/rustwide/cargo-home:ro,Z" "-v" "/var/lib/crater-agent-workspace/rustup-home:/opt/rustwide/rustup-home:ro,Z" "-e" "SOURCE_DIR=/opt/rustwide/workdir" "-e" "CARGO_TARGET_DIR=/opt/rustwide/target" "-e" "CARGO_HOME=/opt/rustwide/cargo-home" "-e" "RUSTUP_HOME=/opt/rustwide/rustup-home" "-w" "/opt/rustwide/workdir" "-m" "1610612736" "--user" "0:0" "--network" "none" "ghcr.io/rust-lang/crates-build-env/linux@sha256:34b6a614d2c27851fe6cbf88fbd1137609cefab8b10d0615aaeb6fd47975d74e" "/opt/rustwide/cargo-home/bin/cargo" "+beta-2021-08-01" "metadata" "--no-deps" "--format-version=1", kill_on_drop: false }`
[INFO] [stdout] 9ff2b7b9dd19fccbb1c529eef2de6fe11f4ec066262e985fecc690d564a58353
[INFO] running `Command { std: "docker" "start" "-a" "9ff2b7b9dd19fccbb1c529eef2de6fe11f4ec066262e985fecc690d564a58353", kill_on_drop: false }`
[INFO] running `Command { std: "docker" "inspect" "9ff2b7b9dd19fccbb1c529eef2de6fe11f4ec066262e985fecc690d564a58353", kill_on_drop: false }`
[INFO] running `Command { std: "docker" "rm" "-f" "9ff2b7b9dd19fccbb1c529eef2de6fe11f4ec066262e985fecc690d564a58353", kill_on_drop: false }`
[INFO] [stdout] 9ff2b7b9dd19fccbb1c529eef2de6fe11f4ec066262e985fecc690d564a58353
[INFO] running `Command { std: "docker" "create" "-v" "/var/lib/crater-agent-workspace/builds/worker-11/target:/opt/rustwide/target:rw,Z" "-v" "/var/lib/crater-agent-workspace/builds/worker-11/source:/opt/rustwide/workdir:ro,Z" "-v" "/var/lib/crater-agent-workspace/cargo-home:/opt/rustwide/cargo-home:ro,Z" "-v" "/var/lib/crater-agent-workspace/rustup-home:/opt/rustwide/rustup-home:ro,Z" "-e" "SOURCE_DIR=/opt/rustwide/workdir" "-e" "CARGO_TARGET_DIR=/opt/rustwide/target" "-e" "CARGO_INCREMENTAL=0" "-e" "RUST_BACKTRACE=full" "-e" "RUSTFLAGS=--cap-lints=warn" "-e" "CARGO_HOME=/opt/rustwide/cargo-home" "-e" "RUSTUP_HOME=/opt/rustwide/rustup-home" "-w" "/opt/rustwide/workdir" "-m" "1610612736" "--user" "0:0" "--network" "none" "ghcr.io/rust-lang/crates-build-env/linux@sha256:34b6a614d2c27851fe6cbf88fbd1137609cefab8b10d0615aaeb6fd47975d74e" "/opt/rustwide/cargo-home/bin/cargo" "+beta-2021-08-01" "build" "--frozen" "--message-format=json", kill_on_drop: false }`
[INFO] [stdout] 873c0550c1bc8d592574e03e9229d1cebb0a0404205b44b9205ab34ae29d29ca
[INFO] running `Command { std: "docker" "start" "-a" "873c0550c1bc8d592574e03e9229d1cebb0a0404205b44b9205ab34ae29d29ca", kill_on_drop: false }`
[INFO] [stderr]    Compiling loop_unwrap v0.2.0 (/opt/rustwide/workdir)
[INFO] [stderr]     Finished dev [unoptimized + debuginfo] target(s) in 0.79s
[INFO] running `Command { std: "docker" "inspect" "873c0550c1bc8d592574e03e9229d1cebb0a0404205b44b9205ab34ae29d29ca", kill_on_drop: false }`
[INFO] running `Command { std: "docker" "rm" "-f" "873c0550c1bc8d592574e03e9229d1cebb0a0404205b44b9205ab34ae29d29ca", kill_on_drop: false }`
[INFO] [stdout] 873c0550c1bc8d592574e03e9229d1cebb0a0404205b44b9205ab34ae29d29ca
[INFO] running `Command { std: "docker" "create" "-v" "/var/lib/crater-agent-workspace/builds/worker-11/target:/opt/rustwide/target:rw,Z" "-v" "/var/lib/crater-agent-workspace/builds/worker-11/source:/opt/rustwide/workdir:ro,Z" "-v" "/var/lib/crater-agent-workspace/cargo-home:/opt/rustwide/cargo-home:ro,Z" "-v" "/var/lib/crater-agent-workspace/rustup-home:/opt/rustwide/rustup-home:ro,Z" "-e" "SOURCE_DIR=/opt/rustwide/workdir" "-e" "CARGO_TARGET_DIR=/opt/rustwide/target" "-e" "CARGO_INCREMENTAL=0" "-e" "RUST_BACKTRACE=full" "-e" "RUSTFLAGS=--cap-lints=warn" "-e" "CARGO_HOME=/opt/rustwide/cargo-home" "-e" "RUSTUP_HOME=/opt/rustwide/rustup-home" "-w" "/opt/rustwide/workdir" "-m" "1610612736" "--user" "0:0" "--network" "none" "ghcr.io/rust-lang/crates-build-env/linux@sha256:34b6a614d2c27851fe6cbf88fbd1137609cefab8b10d0615aaeb6fd47975d74e" "/opt/rustwide/cargo-home/bin/cargo" "+beta-2021-08-01" "test" "--frozen" "--no-run" "--message-format=json", kill_on_drop: false }`
[INFO] [stdout] 858aec06826f2cd42d0b890e377e18deff99c6976df33d289622a4038e63b3bb
[INFO] running `Command { std: "docker" "start" "-a" "858aec06826f2cd42d0b890e377e18deff99c6976df33d289622a4038e63b3bb", kill_on_drop: false }`
[INFO] [stderr]    Compiling loop_unwrap v0.2.0 (/opt/rustwide/workdir)
[INFO] [stderr]     Finished test [unoptimized + debuginfo] target(s) in 0.57s
[INFO] running `Command { std: "docker" "inspect" "858aec06826f2cd42d0b890e377e18deff99c6976df33d289622a4038e63b3bb", kill_on_drop: false }`
[INFO] running `Command { std: "docker" "rm" "-f" "858aec06826f2cd42d0b890e377e18deff99c6976df33d289622a4038e63b3bb", kill_on_drop: false }`
[INFO] [stdout] 858aec06826f2cd42d0b890e377e18deff99c6976df33d289622a4038e63b3bb
[INFO] running `Command { std: "docker" "create" "-v" "/var/lib/crater-agent-workspace/builds/worker-11/target:/opt/rustwide/target:rw,Z" "-v" "/var/lib/crater-agent-workspace/builds/worker-11/source:/opt/rustwide/workdir:ro,Z" "-v" "/var/lib/crater-agent-workspace/cargo-home:/opt/rustwide/cargo-home:ro,Z" "-v" "/var/lib/crater-agent-workspace/rustup-home:/opt/rustwide/rustup-home:ro,Z" "-e" "SOURCE_DIR=/opt/rustwide/workdir" "-e" "CARGO_TARGET_DIR=/opt/rustwide/target" "-e" "CARGO_INCREMENTAL=0" "-e" "RUST_BACKTRACE=full" "-e" "RUSTFLAGS=--cap-lints=warn" "-e" "CARGO_HOME=/opt/rustwide/cargo-home" "-e" "RUSTUP_HOME=/opt/rustwide/rustup-home" "-w" "/opt/rustwide/workdir" "-m" "1610612736" "--user" "0:0" "--network" "none" "ghcr.io/rust-lang/crates-build-env/linux@sha256:34b6a614d2c27851fe6cbf88fbd1137609cefab8b10d0615aaeb6fd47975d74e" "/opt/rustwide/cargo-home/bin/cargo" "+beta-2021-08-01" "test" "--frozen", kill_on_drop: false }`
[INFO] [stdout] 39f99bf531a47eda25a17d36cfb61044feebe90d38403dcc72c9fc1a0089eb20
[INFO] running `Command { std: "docker" "start" "-a" "39f99bf531a47eda25a17d36cfb61044feebe90d38403dcc72c9fc1a0089eb20", kill_on_drop: false }`
[INFO] [stdout] 
[INFO] [stderr]     Finished test [unoptimized + debuginfo] target(s) in 0.01s
[INFO] [stdout] running 0 tests
[INFO] [stderr]      Running unittests (/opt/rustwide/target/debug/deps/loop_unwrap-0b0b3f54d5a47287)
[INFO] [stdout] 
[INFO] [stdout] test result: ok. 0 passed; 0 failed; 0 ignored; 0 measured; 0 filtered out; finished in 0.00s
[INFO] [stdout] 
[INFO] [stderr]    Doc-tests loop_unwrap
[INFO] [stdout] 
[INFO] [stdout] running 10 tests
[INFO] [stdout] test src/lib.rs - unwrap_continue (line 16) ... FAILED
[INFO] [stdout] test src/lib.rs - unwrap_break_err (line 177) ... FAILED
[INFO] [stdout] test src/lib.rs - unwrap_break (line 110) ... FAILED
[INFO] [stdout] test src/lib.rs - unwrap_continue (line 24) ... FAILED
[INFO] [stdout] test src/lib.rs - unwrap_continue (line 9) ... FAILED
[INFO] [stdout] test src/lib.rs - unwrap_break_err (line 185) ... FAILED
[INFO] [stdout] test src/lib.rs - unwrap_break (line 95) ... FAILED
[INFO] [stdout] test src/lib.rs - unwrap_continue (line 30) ... FAILED
[INFO] [stdout] test src/lib.rs - unwrap_break (line 102) ... FAILED
[INFO] [stdout] test src/lib.rs - unwrap_break (line 117) ... FAILED
[INFO] [stdout] 
[INFO] [stdout] failures:
[INFO] [stdout] 
[INFO] [stdout] ---- src/lib.rs - unwrap_continue (line 16) stdout ----
[INFO] [stdout] error: cannot find macro `unwrap_continue` in this scope
[INFO] [stdout]  --> src/lib.rs:19:33
[INFO] [stdout]   |
[INFO] [stdout] 5 |         let parsed_input: i32 = unwrap_continue!(input.parse(), "Please Enter a Number!");
[INFO] [stdout]   |                                 ^^^^^^^^^^^^^^^
[INFO] [stdout]   |
[INFO] [stdout]   = note: consider importing this macro:
[INFO] [stdout]           loop_unwrap::unwrap_continue
[INFO] [stdout] 
[INFO] [stdout] error: aborting due to previous error
[INFO] [stdout] 
[INFO] [stdout] Couldn't compile the test.
[INFO] [stdout] ---- src/lib.rs - unwrap_break_err (line 177) stdout ----
[INFO] [stdout] error: cannot find macro `unwrap_break_err` in this scope
[INFO] [stdout]  --> src/lib.rs:180:16
[INFO] [stdout]   |
[INFO] [stdout] 5 |        let n = unwrap_break_err!(s.parse::<i32>(), "Couldn't parse number."); // breaks with error value
[INFO] [stdout]   |                ^^^^^^^^^^^^^^^^
[INFO] [stdout]   |
[INFO] [stdout]   = note: consider importing this macro:
[INFO] [stdout]           loop_unwrap::unwrap_break_err
[INFO] [stdout] 
[INFO] [stdout] error: aborting due to previous error
[INFO] [stdout] 
[INFO] [stdout] Couldn't compile the test.
[INFO] [stdout] ---- src/lib.rs - unwrap_break (line 110) stdout ----
[INFO] [stdout] error: cannot find macro `unwrap_break` in this scope
[INFO] [stdout]  --> src/lib.rs:112:31
[INFO] [stdout]   |
[INFO] [stdout] 4 |         let some_value: i32 = unwrap_break!(Some(32), "Please Enter a Number!");
[INFO] [stdout]   |                               ^^^^^^^^^^^^
[INFO] [stdout]   |
[INFO] [stdout]   = note: consider importing this macro:
[INFO] [stdout]           loop_unwrap::unwrap_break
[INFO] [stdout] 
[INFO] [stdout] error: aborting due to previous error
[INFO] [stdout] 
[INFO] [stdout] Couldn't compile the test.
[INFO] [stdout] ---- src/lib.rs - unwrap_continue (line 24) stdout ----
[INFO] [stdout] error: cannot find macro `unwrap_continue` in this scope
[INFO] [stdout]  --> src/lib.rs:26:31
[INFO] [stdout]   |
[INFO] [stdout] 4 |         let some_value: i32 = unwrap_continue!(Some(32), "Please Enter a Number!");
[INFO] [stdout]   |                               ^^^^^^^^^^^^^^^
[INFO] [stdout]   |
[INFO] [stdout]   = note: consider importing this macro:
[INFO] [stdout]           loop_unwrap::unwrap_continue
[INFO] [stdout] 
[INFO] [stdout] error: aborting due to previous error
[INFO] [stdout] 
[INFO] [stdout] Couldn't compile the test.
[INFO] [stdout] ---- src/lib.rs - unwrap_continue (line 9) stdout ----
[INFO] [stdout] error: cannot find macro `unwrap_continue` in this scope
[INFO] [stdout]  --> src/lib.rs:12:33
[INFO] [stdout]   |
[INFO] [stdout] 5 |         let parsed_input: i32 = unwrap_continue!(input.parse()); //parse returns Err for this input
[INFO] [stdout]   |                                 ^^^^^^^^^^^^^^^
[INFO] [stdout]   |
[INFO] [stdout]   = note: consider importing this macro:
[INFO] [stdout]           loop_unwrap::unwrap_continue
[INFO] [stdout] 
[INFO] [stdout] error: aborting due to previous error
[INFO] [stdout] 
[INFO] [stdout] Couldn't compile the test.
[INFO] [stdout] ---- src/lib.rs - unwrap_break_err (line 185) stdout ----
[INFO] [stdout] error: cannot find macro `unwrap_break_err` in this scope
[INFO] [stdout]  --> src/lib.rs:188:21
[INFO] [stdout]   |
[INFO] [stdout] 5 |             let n = unwrap_break_err!("t".parse::<i32>(), 'main);
[INFO] [stdout]   |                     ^^^^^^^^^^^^^^^^
[INFO] [stdout]   |
[INFO] [stdout]   = note: consider importing this macro:
[INFO] [stdout]           loop_unwrap::unwrap_break_err
[INFO] [stdout] 
[INFO] [stdout] error: aborting due to previous error
[INFO] [stdout] 
[INFO] [stdout] Couldn't compile the test.
[INFO] [stdout] ---- src/lib.rs - unwrap_break (line 95) stdout ----
[INFO] [stdout] error: cannot find macro `unwrap_break` in this scope
[INFO] [stdout]  --> src/lib.rs:98:33
[INFO] [stdout]   |
[INFO] [stdout] 5 |         let parsed_input: i32 = unwrap_break!(input.parse()); //parse returns Err for this input
[INFO] [stdout]   |                                 ^^^^^^^^^^^^
[INFO] [stdout]   |
[INFO] [stdout]   = note: consider importing this macro:
[INFO] [stdout]           loop_unwrap::unwrap_break
[INFO] [stdout] 
[INFO] [stdout] error: aborting due to previous error
[INFO] [stdout] 
[INFO] [stdout] Couldn't compile the test.
[INFO] [stdout] ---- src/lib.rs - unwrap_continue (line 30) stdout ----
[INFO] [stdout] error: cannot find macro `unwrap_continue` in this scope
[INFO] [stdout]  --> src/lib.rs:34:17
[INFO] [stdout]   |
[INFO] [stdout] 6 |                 unwrap_continue!("t".parse::<i32>(), "Couldn't parse, retrying main loop", 'main);
[INFO] [stdout]   |                 ^^^^^^^^^^^^^^^
[INFO] [stdout]   |
[INFO] [stdout]   = note: consider importing this macro:
[INFO] [stdout]           loop_unwrap::unwrap_continue
[INFO] [stdout] 
[INFO] [stdout] error: aborting due to previous error
[INFO] [stdout] 
[INFO] [stdout] Couldn't compile the test.
[INFO] [stdout] ---- src/lib.rs - unwrap_break (line 102) stdout ----
[INFO] [stdout] error: cannot find macro `unwrap_break` in this scope
[INFO] [stdout]  --> src/lib.rs:105:33
[INFO] [stdout]   |
[INFO] [stdout] 5 |         let parsed_input: i32 = unwrap_break!(input.parse(), "Please Enter a Number!");
[INFO] [stdout]   |                                 ^^^^^^^^^^^^
[INFO] [stdout]   |
[INFO] [stdout]   = note: consider importing this macro:
[INFO] [stdout]           loop_unwrap::unwrap_break
[INFO] [stdout] 
[INFO] [stdout] error: aborting due to previous error
[INFO] [stdout] 
[INFO] [stdout] Couldn't compile the test.
[INFO] [stdout] ---- src/lib.rs - unwrap_break (line 117) stdout ----
[INFO] [stdout] error: cannot find macro `unwrap_break` in this scope
[INFO] [stdout]  --> src/lib.rs:120:20
[INFO] [stdout]   |
[INFO] [stdout] 5 |            let n = unwrap_break!("t".parse::<i32>(), "Couldn't parse, exiting main loop", 'main);
[INFO] [stdout]   |                    ^^^^^^^^^^^^
[INFO] [stdout]   |
[INFO] [stdout]   = note: consider importing this macro:
[INFO] [stdout]           loop_unwrap::unwrap_break
[INFO] [stdout] 
[INFO] [stdout] error: aborting due to previous error
[INFO] [stdout] 
[INFO] [stdout] Couldn't compile the test.
[INFO] [stdout] 
[INFO] [stdout] failures:
[INFO] [stdout]     src/lib.rs - unwrap_break (line 102)
[INFO] [stdout]     src/lib.rs - unwrap_break (line 110)
[INFO] [stdout]     src/lib.rs - unwrap_break (line 117)
[INFO] [stdout]     src/lib.rs - unwrap_break (line 95)
[INFO] [stdout]     src/lib.rs - unwrap_break_err (line 177)
[INFO] [stdout]     src/lib.rs - unwrap_break_err (line 185)
[INFO] [stdout]     src/lib.rs - unwrap_continue (line 16)
[INFO] [stdout]     src/lib.rs - unwrap_continue (line 24)
[INFO] [stdout]     src/lib.rs - unwrap_continue (line 30)
[INFO] [stdout]     src/lib.rs - unwrap_continue (line 9)
[INFO] [stdout] 
[INFO] [stdout] test result: FAILED. 0 passed; 10 failed; 0 ignored; 0 measured; 0 filtered out; finished in 0.30s
[INFO] [stdout] 
[INFO] [stderr] error: test failed, to rerun pass '--doc'
[INFO] running `Command { std: "docker" "inspect" "39f99bf531a47eda25a17d36cfb61044feebe90d38403dcc72c9fc1a0089eb20", kill_on_drop: false }`
[INFO] running `Command { std: "docker" "rm" "-f" "39f99bf531a47eda25a17d36cfb61044feebe90d38403dcc72c9fc1a0089eb20", kill_on_drop: false }`
[INFO] [stdout] 39f99bf531a47eda25a17d36cfb61044feebe90d38403dcc72c9fc1a0089eb20
