[INFO] fetching crate lnk_parser 0.1.0...
[INFO] testing lnk_parser-0.1.0 against beta-2021-08-01 for beta-1.55-1
[INFO] extracting crate lnk_parser 0.1.0 into /workspace/builds/worker-9/source
[INFO] validating manifest of crates.io crate lnk_parser 0.1.0 on toolchain beta-2021-08-01
[INFO] running `Command { std: "/workspace/cargo-home/bin/cargo" "+beta-2021-08-01" "metadata" "--manifest-path" "Cargo.toml" "--no-deps", kill_on_drop: false }`
[INFO] started tweaking crates.io crate lnk_parser 0.1.0
[INFO] finished tweaking crates.io crate lnk_parser 0.1.0
[INFO] tweaked toml for crates.io crate lnk_parser 0.1.0 written to /workspace/builds/worker-9/source/Cargo.toml
[INFO] crate crates.io crate lnk_parser 0.1.0 already has a lockfile, it will not be regenerated
[INFO] running `Command { std: "/workspace/cargo-home/bin/cargo" "+beta-2021-08-01" "fetch" "--manifest-path" "Cargo.toml", kill_on_drop: false }`
[INFO] [stderr]  Downloading crates ...
[INFO] [stderr]   Downloaded bitreader v0.3.3
[INFO] [stderr]   Downloaded winparsingtools v1.1.0
[INFO] running `Command { std: "docker" "create" "-v" "/var/lib/crater-agent-workspace/builds/worker-9/target:/opt/rustwide/target:rw,Z" "-v" "/var/lib/crater-agent-workspace/builds/worker-9/source:/opt/rustwide/workdir:ro,Z" "-v" "/var/lib/crater-agent-workspace/cargo-home:/opt/rustwide/cargo-home:ro,Z" "-v" "/var/lib/crater-agent-workspace/rustup-home:/opt/rustwide/rustup-home:ro,Z" "-e" "SOURCE_DIR=/opt/rustwide/workdir" "-e" "CARGO_TARGET_DIR=/opt/rustwide/target" "-e" "CARGO_HOME=/opt/rustwide/cargo-home" "-e" "RUSTUP_HOME=/opt/rustwide/rustup-home" "-w" "/opt/rustwide/workdir" "-m" "1610612736" "--user" "0:0" "--network" "none" "ghcr.io/rust-lang/crates-build-env/linux@sha256:34b6a614d2c27851fe6cbf88fbd1137609cefab8b10d0615aaeb6fd47975d74e" "/opt/rustwide/cargo-home/bin/cargo" "+beta-2021-08-01" "metadata" "--no-deps" "--format-version=1", kill_on_drop: false }`
[INFO] [stdout] 1aea2e5eb69e0b796152e4407963d4f0d4c40c6e2bb1b88e8e9bdae37de91f60
[INFO] running `Command { std: "docker" "start" "-a" "1aea2e5eb69e0b796152e4407963d4f0d4c40c6e2bb1b88e8e9bdae37de91f60", kill_on_drop: false }`
[INFO] running `Command { std: "docker" "inspect" "1aea2e5eb69e0b796152e4407963d4f0d4c40c6e2bb1b88e8e9bdae37de91f60", kill_on_drop: false }`
[INFO] running `Command { std: "docker" "rm" "-f" "1aea2e5eb69e0b796152e4407963d4f0d4c40c6e2bb1b88e8e9bdae37de91f60", kill_on_drop: false }`
[INFO] [stdout] 1aea2e5eb69e0b796152e4407963d4f0d4c40c6e2bb1b88e8e9bdae37de91f60
[INFO] running `Command { std: "docker" "create" "-v" "/var/lib/crater-agent-workspace/builds/worker-9/target:/opt/rustwide/target:rw,Z" "-v" "/var/lib/crater-agent-workspace/builds/worker-9/source:/opt/rustwide/workdir:ro,Z" "-v" "/var/lib/crater-agent-workspace/cargo-home:/opt/rustwide/cargo-home:ro,Z" "-v" "/var/lib/crater-agent-workspace/rustup-home:/opt/rustwide/rustup-home:ro,Z" "-e" "SOURCE_DIR=/opt/rustwide/workdir" "-e" "CARGO_TARGET_DIR=/opt/rustwide/target" "-e" "CARGO_INCREMENTAL=0" "-e" "RUST_BACKTRACE=full" "-e" "RUSTFLAGS=--cap-lints=warn" "-e" "CARGO_HOME=/opt/rustwide/cargo-home" "-e" "RUSTUP_HOME=/opt/rustwide/rustup-home" "-w" "/opt/rustwide/workdir" "-m" "1610612736" "--user" "0:0" "--network" "none" "ghcr.io/rust-lang/crates-build-env/linux@sha256:34b6a614d2c27851fe6cbf88fbd1137609cefab8b10d0615aaeb6fd47975d74e" "/opt/rustwide/cargo-home/bin/cargo" "+beta-2021-08-01" "build" "--frozen" "--message-format=json", kill_on_drop: false }`
[INFO] [stdout] 80a531e4ef77b82bafd841ae885b501b5cce8279ef69c07e56c1998af372d205
[INFO] running `Command { std: "docker" "start" "-a" "80a531e4ef77b82bafd841ae885b501b5cce8279ef69c07e56c1998af372d205", kill_on_drop: false }`
[INFO] [stderr]    Compiling libc v0.2.80
[INFO] [stderr]    Compiling serde_json v1.0.61
[INFO] [stderr]    Compiling itoa v0.4.6
[INFO] [stderr]    Compiling byteorder v1.4.2
[INFO] [stderr]    Compiling bitreader v0.3.3
[INFO] [stderr]    Compiling syn v1.0.60
[INFO] [stderr]    Compiling time v0.1.44
[INFO] [stderr]    Compiling atty v0.2.14
[INFO] [stderr]    Compiling clap v2.33.3
[INFO] [stderr]    Compiling chrono v0.4.19
[INFO] [stderr]    Compiling serde_derive v1.0.123
[INFO] [stderr]    Compiling serde v1.0.123
[INFO] [stderr]    Compiling winparsingtools v1.1.0
[INFO] [stderr]    Compiling lnk_parser v0.1.0 (/opt/rustwide/workdir)
[INFO] [stderr]     Finished dev [unoptimized + debuginfo] target(s) in 34.70s
[INFO] running `Command { std: "docker" "inspect" "80a531e4ef77b82bafd841ae885b501b5cce8279ef69c07e56c1998af372d205", kill_on_drop: false }`
[INFO] running `Command { std: "docker" "rm" "-f" "80a531e4ef77b82bafd841ae885b501b5cce8279ef69c07e56c1998af372d205", kill_on_drop: false }`
[INFO] [stdout] 80a531e4ef77b82bafd841ae885b501b5cce8279ef69c07e56c1998af372d205
[INFO] running `Command { std: "docker" "create" "-v" "/var/lib/crater-agent-workspace/builds/worker-9/target:/opt/rustwide/target:rw,Z" "-v" "/var/lib/crater-agent-workspace/builds/worker-9/source:/opt/rustwide/workdir:ro,Z" "-v" "/var/lib/crater-agent-workspace/cargo-home:/opt/rustwide/cargo-home:ro,Z" "-v" "/var/lib/crater-agent-workspace/rustup-home:/opt/rustwide/rustup-home:ro,Z" "-e" "SOURCE_DIR=/opt/rustwide/workdir" "-e" "CARGO_TARGET_DIR=/opt/rustwide/target" "-e" "CARGO_INCREMENTAL=0" "-e" "RUST_BACKTRACE=full" "-e" "RUSTFLAGS=--cap-lints=warn" "-e" "CARGO_HOME=/opt/rustwide/cargo-home" "-e" "RUSTUP_HOME=/opt/rustwide/rustup-home" "-w" "/opt/rustwide/workdir" "-m" "1610612736" "--user" "0:0" "--network" "none" "ghcr.io/rust-lang/crates-build-env/linux@sha256:34b6a614d2c27851fe6cbf88fbd1137609cefab8b10d0615aaeb6fd47975d74e" "/opt/rustwide/cargo-home/bin/cargo" "+beta-2021-08-01" "test" "--frozen" "--no-run" "--message-format=json", kill_on_drop: false }`
[INFO] [stdout] fd51f20b42bae70f8f4af201a46da995759982a6ed5d3ac9be152ad791f65d47
[INFO] running `Command { std: "docker" "start" "-a" "fd51f20b42bae70f8f4af201a46da995759982a6ed5d3ac9be152ad791f65d47", kill_on_drop: false }`
[INFO] [stderr]    Compiling lnk_parser v0.1.0 (/opt/rustwide/workdir)
[INFO] [stderr]     Finished test [unoptimized + debuginfo] target(s) in 1.86s
[INFO] running `Command { std: "docker" "inspect" "fd51f20b42bae70f8f4af201a46da995759982a6ed5d3ac9be152ad791f65d47", kill_on_drop: false }`
[INFO] running `Command { std: "docker" "rm" "-f" "fd51f20b42bae70f8f4af201a46da995759982a6ed5d3ac9be152ad791f65d47", kill_on_drop: false }`
[INFO] [stdout] fd51f20b42bae70f8f4af201a46da995759982a6ed5d3ac9be152ad791f65d47
[INFO] running `Command { std: "docker" "create" "-v" "/var/lib/crater-agent-workspace/builds/worker-9/target:/opt/rustwide/target:rw,Z" "-v" "/var/lib/crater-agent-workspace/builds/worker-9/source:/opt/rustwide/workdir:ro,Z" "-v" "/var/lib/crater-agent-workspace/cargo-home:/opt/rustwide/cargo-home:ro,Z" "-v" "/var/lib/crater-agent-workspace/rustup-home:/opt/rustwide/rustup-home:ro,Z" "-e" "SOURCE_DIR=/opt/rustwide/workdir" "-e" "CARGO_TARGET_DIR=/opt/rustwide/target" "-e" "CARGO_INCREMENTAL=0" "-e" "RUST_BACKTRACE=full" "-e" "RUSTFLAGS=--cap-lints=warn" "-e" "CARGO_HOME=/opt/rustwide/cargo-home" "-e" "RUSTUP_HOME=/opt/rustwide/rustup-home" "-w" "/opt/rustwide/workdir" "-m" "1610612736" "--user" "0:0" "--network" "none" "ghcr.io/rust-lang/crates-build-env/linux@sha256:34b6a614d2c27851fe6cbf88fbd1137609cefab8b10d0615aaeb6fd47975d74e" "/opt/rustwide/cargo-home/bin/cargo" "+beta-2021-08-01" "test" "--frozen", kill_on_drop: false }`
[INFO] [stdout] 6ce3a207d0f4af6d20587f51a4b766b59a846da7be0b57c1174ff5d68ef6fb93
[INFO] running `Command { std: "docker" "start" "-a" "6ce3a207d0f4af6d20587f51a4b766b59a846da7be0b57c1174ff5d68ef6fb93", kill_on_drop: false }`
[INFO] [stderr]     Finished test [unoptimized + debuginfo] target(s) in 0.06s
[INFO] [stderr]      Running unittests (/opt/rustwide/target/debug/deps/lnk_parser-0fe9f3d2ccca7791)
[INFO] [stdout] 
[INFO] [stderr]      Running unittests (/opt/rustwide/target/debug/deps/lnk_parser-4b799b7a4bcb84c8)
[INFO] [stdout] running 0 tests
[INFO] [stderr]      Running tests/lnk_parser_tests.rs (/opt/rustwide/target/debug/deps/lnk_parser_tests-707d94d7068bdbfb)
[INFO] [stdout] 
[INFO] [stdout] test result: ok. 0 passed; 0 failed; 0 ignored; 0 measured; 0 filtered out; finished in 0.00s
[INFO] [stdout] 
[INFO] [stdout] 
[INFO] [stdout] running 0 tests
[INFO] [stdout] 
[INFO] [stdout] test result: ok. 0 passed; 0 failed; 0 ignored; 0 measured; 0 filtered out; finished in 0.00s
[INFO] [stdout] 
[INFO] [stdout] 
[INFO] [stdout] running 3 tests
[INFO] [stderr]    Doc-tests lnk_parser
[INFO] [stdout] test test_win10 ... ok
[INFO] [stdout] test test_win7 ... ok
[INFO] [stdout] test test_ws12r2 ... ok
[INFO] [stdout] 
[INFO] [stdout] test result: ok. 3 passed; 0 failed; 0 ignored; 0 measured; 0 filtered out; finished in 0.01s
[INFO] [stdout] 
[INFO] [stdout] 
[INFO] [stdout] running 2 tests
[INFO] [stdout] test src/lib.rs - LNKParser::from_path (line 95) ... FAILED
[INFO] [stdout] test src/lib.rs - LNKParser::from_reader (line 114) ... FAILED
[INFO] [stdout] 
[INFO] [stdout] failures:
[INFO] [stdout] 
[INFO] [stdout] ---- src/lib.rs - LNKParser::from_path (line 95) stdout ----
[INFO] [stdout] error[E0433]: failed to resolve: use of undeclared type `LNKParser`
[INFO] [stdout]  --> src/lib.rs:97:20
[INFO] [stdout]   |
[INFO] [stdout] 3 |     let lnk_file = LNKParser::from_path("sample.lnk");
[INFO] [stdout]   |                    ^^^^^^^^^ not found in this scope
[INFO] [stdout]   |
[INFO] [stdout] help: consider importing this struct
[INFO] [stdout]   |
[INFO] [stdout] 2 | use lnk_parser::LNKParser;
[INFO] [stdout]   |
[INFO] [stdout] 
[INFO] [stdout] error: aborting due to previous error
[INFO] [stdout] 
[INFO] [stdout] For more information about this error, try `rustc --explain E0433`.
[INFO] [stdout] Couldn't compile the test.
[INFO] [stdout] ---- src/lib.rs - LNKParser::from_reader (line 114) stdout ----
[INFO] [stdout] error[E0433]: failed to resolve: use of undeclared type `LNKParser`
[INFO] [stdout]  --> src/lib.rs:121:20
[INFO] [stdout]   |
[INFO] [stdout] 8 |     let lnk_file = LNKParser::from_reader(file);
[INFO] [stdout]   |                    ^^^^^^^^^ not found in this scope
[INFO] [stdout]   |
[INFO] [stdout] help: consider importing this struct
[INFO] [stdout]   |
[INFO] [stdout] 2 | use lnk_parser::LNKParser;
[INFO] [stdout]   |
[INFO] [stdout] 
[INFO] [stdout] error: aborting due to previous error
[INFO] [stdout] 
[INFO] [stdout] For more information about this error, try `rustc --explain E0433`.
[INFO] [stdout] Couldn't compile the test.
[INFO] [stdout] 
[INFO] [stdout] failures:
[INFO] [stdout]     src/lib.rs - LNKParser::from_path (line 95)
[INFO] [stdout]     src/lib.rs - LNKParser::from_reader (line 114)
[INFO] [stdout] 
[INFO] [stdout] test result: FAILED. 0 passed; 2 failed; 0 ignored; 0 measured; 0 filtered out; finished in 0.22s
[INFO] [stdout] 
[INFO] [stderr] error: test failed, to rerun pass '--doc'
[INFO] running `Command { std: "docker" "inspect" "6ce3a207d0f4af6d20587f51a4b766b59a846da7be0b57c1174ff5d68ef6fb93", kill_on_drop: false }`
[INFO] running `Command { std: "docker" "rm" "-f" "6ce3a207d0f4af6d20587f51a4b766b59a846da7be0b57c1174ff5d68ef6fb93", kill_on_drop: false }`
[INFO] [stdout] 6ce3a207d0f4af6d20587f51a4b766b59a846da7be0b57c1174ff5d68ef6fb93
