[INFO] fetching crate lmake_lines_of_code 1.1.7...
[INFO] testing lmake_lines_of_code-1.1.7 against 1.54.0 for beta-1.55-1
[INFO] extracting crate lmake_lines_of_code 1.1.7 into /workspace/builds/worker-11/source
[INFO] validating manifest of crates.io crate lmake_lines_of_code 1.1.7 on toolchain 1.54.0
[INFO] running `Command { std: "/workspace/cargo-home/bin/cargo" "+1.54.0" "metadata" "--manifest-path" "Cargo.toml" "--no-deps", kill_on_drop: false }`
[INFO] started tweaking crates.io crate lmake_lines_of_code 1.1.7
[INFO] finished tweaking crates.io crate lmake_lines_of_code 1.1.7
[INFO] tweaked toml for crates.io crate lmake_lines_of_code 1.1.7 written to /workspace/builds/worker-11/source/Cargo.toml
[INFO] crate crates.io crate lmake_lines_of_code 1.1.7 already has a lockfile, it will not be regenerated
[INFO] running `Command { std: "/workspace/cargo-home/bin/cargo" "+1.54.0" "fetch" "--manifest-path" "Cargo.toml", kill_on_drop: false }`
[INFO] running `Command { std: "docker" "create" "-v" "/var/lib/crater-agent-workspace/builds/worker-11/target:/opt/rustwide/target:rw,Z" "-v" "/var/lib/crater-agent-workspace/builds/worker-11/source:/opt/rustwide/workdir:ro,Z" "-v" "/var/lib/crater-agent-workspace/cargo-home:/opt/rustwide/cargo-home:ro,Z" "-v" "/var/lib/crater-agent-workspace/rustup-home:/opt/rustwide/rustup-home:ro,Z" "-e" "SOURCE_DIR=/opt/rustwide/workdir" "-e" "CARGO_TARGET_DIR=/opt/rustwide/target" "-e" "CARGO_HOME=/opt/rustwide/cargo-home" "-e" "RUSTUP_HOME=/opt/rustwide/rustup-home" "-w" "/opt/rustwide/workdir" "-m" "1610612736" "--user" "0:0" "--network" "none" "ghcr.io/rust-lang/crates-build-env/linux@sha256:34b6a614d2c27851fe6cbf88fbd1137609cefab8b10d0615aaeb6fd47975d74e" "/opt/rustwide/cargo-home/bin/cargo" "+1.54.0" "metadata" "--no-deps" "--format-version=1", kill_on_drop: false }`
[INFO] [stdout] ac85cb4f4aa62212681cb889022feb648bb6b0c8d055c1fed6b6aa6e0ec370c7
[INFO] running `Command { std: "docker" "start" "-a" "ac85cb4f4aa62212681cb889022feb648bb6b0c8d055c1fed6b6aa6e0ec370c7", kill_on_drop: false }`
[INFO] running `Command { std: "docker" "inspect" "ac85cb4f4aa62212681cb889022feb648bb6b0c8d055c1fed6b6aa6e0ec370c7", kill_on_drop: false }`
[INFO] running `Command { std: "docker" "rm" "-f" "ac85cb4f4aa62212681cb889022feb648bb6b0c8d055c1fed6b6aa6e0ec370c7", kill_on_drop: false }`
[INFO] [stdout] ac85cb4f4aa62212681cb889022feb648bb6b0c8d055c1fed6b6aa6e0ec370c7
[INFO] running `Command { std: "docker" "create" "-v" "/var/lib/crater-agent-workspace/builds/worker-11/target:/opt/rustwide/target:rw,Z" "-v" "/var/lib/crater-agent-workspace/builds/worker-11/source:/opt/rustwide/workdir:ro,Z" "-v" "/var/lib/crater-agent-workspace/cargo-home:/opt/rustwide/cargo-home:ro,Z" "-v" "/var/lib/crater-agent-workspace/rustup-home:/opt/rustwide/rustup-home:ro,Z" "-e" "SOURCE_DIR=/opt/rustwide/workdir" "-e" "CARGO_TARGET_DIR=/opt/rustwide/target" "-e" "CARGO_INCREMENTAL=0" "-e" "RUST_BACKTRACE=full" "-e" "RUSTFLAGS=--cap-lints=warn" "-e" "CARGO_HOME=/opt/rustwide/cargo-home" "-e" "RUSTUP_HOME=/opt/rustwide/rustup-home" "-w" "/opt/rustwide/workdir" "-m" "1610612736" "--user" "0:0" "--network" "none" "ghcr.io/rust-lang/crates-build-env/linux@sha256:34b6a614d2c27851fe6cbf88fbd1137609cefab8b10d0615aaeb6fd47975d74e" "/opt/rustwide/cargo-home/bin/cargo" "+1.54.0" "build" "--frozen" "--message-format=json", kill_on_drop: false }`
[INFO] [stdout] 96f2c4e04e4c31cfb0e4024a4e80b8235b3ea4189cd44a81c99229903bfbc12f
[INFO] running `Command { std: "docker" "start" "-a" "96f2c4e04e4c31cfb0e4024a4e80b8235b3ea4189cd44a81c99229903bfbc12f", kill_on_drop: false }`
[INFO] [stderr]    Compiling proc-macro2 v1.0.18
[INFO] [stderr]    Compiling syn v1.0.30
[INFO] [stderr]    Compiling libc v0.2.71
[INFO] [stderr]    Compiling serde v1.0.111
[INFO] [stderr]    Compiling regex-syntax v0.6.18
[INFO] [stderr]    Compiling predicates-core v1.0.0
[INFO] [stderr]    Compiling anyhow v1.0.32
[INFO] [stderr]    Compiling treeline v0.1.0
[INFO] [stderr]    Compiling difference v2.0.0
[INFO] [stderr]    Compiling normalize-line-endings v0.3.0
[INFO] [stderr]    Compiling fragile v1.0.0
[INFO] [stderr]    Compiling downcast v0.10.0
[INFO] [stderr]    Compiling ansi_term v0.12.1
[INFO] [stderr]    Compiling unwrap v1.2.1
[INFO] [stderr]    Compiling num-traits v0.2.12
[INFO] [stderr]    Compiling predicates-tree v1.0.0
[INFO] [stderr]    Compiling quote v1.0.6
[INFO] [stderr]    Compiling atty v0.2.14
[INFO] [stderr]    Compiling clap v2.33.1
[INFO] [stderr]    Compiling float-cmp v0.8.0
[INFO] [stderr]    Compiling regex v1.3.9
[INFO] [stderr]    Compiling toml v0.5.6
[INFO] [stderr]    Compiling predicates v1.0.5
[INFO] [stderr]    Compiling mockall_derive v0.7.1
[INFO] [stderr]    Compiling serde_derive v1.0.111
[INFO] [stderr]    Compiling mockall v0.7.1
[INFO] [stderr]    Compiling lmake_lines_of_code v1.1.7 (/opt/rustwide/workdir)
[INFO] [stderr]     Finished dev [unoptimized + debuginfo] target(s) in 30.39s
[INFO] running `Command { std: "docker" "inspect" "96f2c4e04e4c31cfb0e4024a4e80b8235b3ea4189cd44a81c99229903bfbc12f", kill_on_drop: false }`
[INFO] running `Command { std: "docker" "rm" "-f" "96f2c4e04e4c31cfb0e4024a4e80b8235b3ea4189cd44a81c99229903bfbc12f", kill_on_drop: false }`
[INFO] [stdout] 96f2c4e04e4c31cfb0e4024a4e80b8235b3ea4189cd44a81c99229903bfbc12f
[INFO] running `Command { std: "docker" "create" "-v" "/var/lib/crater-agent-workspace/builds/worker-11/target:/opt/rustwide/target:rw,Z" "-v" "/var/lib/crater-agent-workspace/builds/worker-11/source:/opt/rustwide/workdir:ro,Z" "-v" "/var/lib/crater-agent-workspace/cargo-home:/opt/rustwide/cargo-home:ro,Z" "-v" "/var/lib/crater-agent-workspace/rustup-home:/opt/rustwide/rustup-home:ro,Z" "-e" "SOURCE_DIR=/opt/rustwide/workdir" "-e" "CARGO_TARGET_DIR=/opt/rustwide/target" "-e" "CARGO_INCREMENTAL=0" "-e" "RUST_BACKTRACE=full" "-e" "RUSTFLAGS=--cap-lints=warn" "-e" "CARGO_HOME=/opt/rustwide/cargo-home" "-e" "RUSTUP_HOME=/opt/rustwide/rustup-home" "-w" "/opt/rustwide/workdir" "-m" "1610612736" "--user" "0:0" "--network" "none" "ghcr.io/rust-lang/crates-build-env/linux@sha256:34b6a614d2c27851fe6cbf88fbd1137609cefab8b10d0615aaeb6fd47975d74e" "/opt/rustwide/cargo-home/bin/cargo" "+1.54.0" "test" "--frozen" "--no-run" "--message-format=json", kill_on_drop: false }`
[INFO] [stdout] c913d1119e6cefdd295299c96a5fc4db984559c0e9d7a67a41c7ad4fbccef71a
[INFO] running `Command { std: "docker" "start" "-a" "c913d1119e6cefdd295299c96a5fc4db984559c0e9d7a67a41c7ad4fbccef71a", kill_on_drop: false }`
[INFO] [stderr]    Compiling lmake_lines_of_code v1.1.7 (/opt/rustwide/workdir)
[INFO] [stderr]     Finished test [unoptimized + debuginfo] target(s) in 1.19s
[INFO] running `Command { std: "docker" "inspect" "c913d1119e6cefdd295299c96a5fc4db984559c0e9d7a67a41c7ad4fbccef71a", kill_on_drop: false }`
[INFO] running `Command { std: "docker" "rm" "-f" "c913d1119e6cefdd295299c96a5fc4db984559c0e9d7a67a41c7ad4fbccef71a", kill_on_drop: false }`
[INFO] [stdout] c913d1119e6cefdd295299c96a5fc4db984559c0e9d7a67a41c7ad4fbccef71a
[INFO] running `Command { std: "docker" "create" "-v" "/var/lib/crater-agent-workspace/builds/worker-11/target:/opt/rustwide/target:rw,Z" "-v" "/var/lib/crater-agent-workspace/builds/worker-11/source:/opt/rustwide/workdir:ro,Z" "-v" "/var/lib/crater-agent-workspace/cargo-home:/opt/rustwide/cargo-home:ro,Z" "-v" "/var/lib/crater-agent-workspace/rustup-home:/opt/rustwide/rustup-home:ro,Z" "-e" "SOURCE_DIR=/opt/rustwide/workdir" "-e" "CARGO_TARGET_DIR=/opt/rustwide/target" "-e" "CARGO_INCREMENTAL=0" "-e" "RUST_BACKTRACE=full" "-e" "RUSTFLAGS=--cap-lints=warn" "-e" "CARGO_HOME=/opt/rustwide/cargo-home" "-e" "RUSTUP_HOME=/opt/rustwide/rustup-home" "-w" "/opt/rustwide/workdir" "-m" "1610612736" "--user" "0:0" "--network" "none" "ghcr.io/rust-lang/crates-build-env/linux@sha256:34b6a614d2c27851fe6cbf88fbd1137609cefab8b10d0615aaeb6fd47975d74e" "/opt/rustwide/cargo-home/bin/cargo" "+1.54.0" "test" "--frozen", kill_on_drop: false }`
[INFO] [stdout] 017959a573a1c1e5401deb284d02a669dcbe6d23cf127bffbcf1d879f0b7f328
[INFO] running `Command { std: "docker" "start" "-a" "017959a573a1c1e5401deb284d02a669dcbe6d23cf127bffbcf1d879f0b7f328", kill_on_drop: false }`
[INFO] [stderr]     Finished test [unoptimized + debuginfo] target(s) in 0.05s
[INFO] [stderr]      Running unittests (/opt/rustwide/target/debug/deps/lmake_lines_of_code-545a1da5f36ab82f)
[INFO] [stdout] 
[INFO] [stdout] running 0 tests
[INFO] [stdout] 
[INFO] [stdout] test result: ok. 0 passed; 0 failed; 0 ignored; 0 measured; 0 filtered out; finished in 0.00s
[INFO] [stdout] 
[INFO] [stderr]      Running unittests (/opt/rustwide/target/debug/deps/lmake_lines_of_code-6bb1f37689dabbfa)
[INFO] [stdout] 
[INFO] [stdout] running 0 tests
[INFO] [stdout] 
[INFO] [stdout] test result: ok. 0 passed; 0 failed; 0 ignored; 0 measured; 0 filtered out; finished in 0.00s
[INFO] [stdout] 
[INFO] [stderr]    Doc-tests lmake_lines_of_code
[INFO] [stdout] 
[INFO] [stdout] running 5 tests
[INFO] [stdout] test src/count_lines_mod.rs - count_lines_mod::AppObject::to_string_as_shield_badges (line 271) ... ok
[INFO] [stdout] test src/count_lines_mod.rs - count_lines_mod::AppObject::to_string_as_md_table (line 238) ... ok
[INFO] [stdout] test src/utilsmod.rs - utilsmod::traverse_dir_with_exclude_dir (line 12) ... ok
[INFO] [stdout] test src/count_lines_mod.rs - count_lines_mod::AppObject::workspace_or_project_count_lines (line 51) ... ok
[INFO] [stdout] test src/readme_include_mod.rs - readme_include_mod::include_into_readme_md (line 13) ... FAILED
[INFO] [stdout] 
[INFO] [stdout] failures:
[INFO] [stdout] 
[INFO] [stdout] ---- src/readme_include_mod.rs - readme_include_mod::include_into_readme_md (line 13) stdout ----
[INFO] [stdout] Test executable failed (exit code 101).
[INFO] [stdout] 
[INFO] [stdout] stdout:
[INFO] [stdout] current_dir: [33m/opt/rustwide/workdir[0m
[INFO] [stdout] 
[INFO] [stdout] | src code | doc comments | comments | examples | tests |
[INFO] [stdout] | :------: | :----------: | :------: | :------: | :---: |
[INFO] [stdout] |  lines   |     lines    |   lines  |   lines  | lines |
[INFO] [stdout] |   379    |     269      |    56    |    0     |   0   |
[INFO] [stdout] 
[INFO] [stdout] 
[INFO] [stdout] output: 
[INFO] [stdout] 
[INFO] [stdout] Error: reg.captures is None
[INFO] [stdout] to_string_as_shield_badges() start
[INFO] [stdout] [![Lines in Rust code](https://img.shields.io/badge/Lines_in_Rust-379-green.svg)]()
[INFO] [stdout] [![Lines in Doc comments](https://img.shields.io/badge/Lines_in_Doc_comments-269-blue.svg)]()
[INFO] [stdout] [![Lines in Comments](https://img.shields.io/badge/Lines_in_comments-56-purple.svg)]()
[INFO] [stdout] [![Lines in examples](https://img.shields.io/badge/Lines_in_examples-0-yellow.svg)]()
[INFO] [stdout] [![Lines in tests](https://img.shields.io/badge/Lines_in_tests-0-orange.svg)]()
[INFO] [stdout] 
[INFO] [stdout] include_into_readme_md write file: [32mREADME.md[0m
[INFO] [stdout] 
[INFO] [stdout] stderr:
[INFO] [stdout] thread 'main' panicked at '
[INFO] [stdout] 
[INFO] [stdout] !!!!!!!!!!!!!!!!!!!!!!!!!!!!!!!!!!!!!!!!!!!!!!!!!!!!!!!!!!!!!!!!!!!!!!!!!!!!!!!!
[INFO] [stdout] !   unwrap! called on Result::Err                                              !
[INFO] [stdout] !!!!!!!!!!!!!!!!!!!!!!!!!!!!!!!!!!!!!!!!!!!!!!!!!!!!!!!!!!!!!!!!!!!!!!!!!!!!!!!!
[INFO] [stdout] src/readme_include_mod.rs:38,17 in lmake_lines_of_code::readme_include_mod
[INFO] [stdout] 
[INFO] [stdout] Err(Os { code: 30, kind: Other, message: "Read-only file system" })
[INFO] [stdout] 
[INFO] [stdout] ', /opt/rustwide/cargo-home/registry/src/github.com-1ecc6299db9ec823/unwrap-1.2.1/src/lib.rs:67:25
[INFO] [stdout] stack backtrace:
[INFO] [stdout]    0:     0x562e9e677ea0 - std::backtrace_rs::backtrace::libunwind::trace::h34055254b57d8e79
[INFO] [stdout]                                at /rustc/a178d0322ce20e33eac124758e837cbd80a6f633/library/std/src/../../backtrace/src/backtrace/libunwind.rs:90:5
[INFO] [stdout]    1:     0x562e9e677ea0 - std::backtrace_rs::backtrace::trace_unsynchronized::h8f1e3fbd9afff6ec
[INFO] [stdout]                                at /rustc/a178d0322ce20e33eac124758e837cbd80a6f633/library/std/src/../../backtrace/src/backtrace/mod.rs:66:5
[INFO] [stdout]    2:     0x562e9e677ea0 - std::sys_common::backtrace::_print_fmt::h3a99a796b770c360
[INFO] [stdout]                                at /rustc/a178d0322ce20e33eac124758e837cbd80a6f633/library/std/src/sys_common/backtrace.rs:67:5
[INFO] [stdout]    3:     0x562e9e677ea0 - <std::sys_common::backtrace::_print::DisplayBacktrace as core::fmt::Display>::fmt::h32d1f94a80615d18
[INFO] [stdout]                                at /rustc/a178d0322ce20e33eac124758e837cbd80a6f633/library/std/src/sys_common/backtrace.rs:46:22
[INFO] [stdout]    4:     0x562e9e69b4bc - core::fmt::write::h306731c068f7162c
[INFO] [stdout]                                at /rustc/a178d0322ce20e33eac124758e837cbd80a6f633/library/core/src/fmt/mod.rs:1110:17
[INFO] [stdout]    5:     0x562e9e675c45 - std::io::Write::write_fmt::hd2fa90334eee2a21
[INFO] [stdout]                                at /rustc/a178d0322ce20e33eac124758e837cbd80a6f633/library/std/src/io/mod.rs:1588:15
[INFO] [stdout]    6:     0x562e9e679d2b - std::sys_common::backtrace::_print::h5abaa2601a852287
[INFO] [stdout]                                at /rustc/a178d0322ce20e33eac124758e837cbd80a6f633/library/std/src/sys_common/backtrace.rs:49:5
[INFO] [stdout]    7:     0x562e9e679d2b - std::sys_common::backtrace::print::h8d81445442bb638f
[INFO] [stdout]                                at /rustc/a178d0322ce20e33eac124758e837cbd80a6f633/library/std/src/sys_common/backtrace.rs:36:9
[INFO] [stdout]    8:     0x562e9e679d2b - std::panicking::default_hook::{{closure}}::hcfe804496a9fa747
[INFO] [stdout]                                at /rustc/a178d0322ce20e33eac124758e837cbd80a6f633/library/std/src/panicking.rs:208:50
[INFO] [stdout]    9:     0x562e9e679801 - std::panicking::default_hook::hbea8e3ccf2ba8901
[INFO] [stdout]                                at /rustc/a178d0322ce20e33eac124758e837cbd80a6f633/library/std/src/panicking.rs:225:9
[INFO] [stdout]   10:     0x562e9e67a3f4 - std::panicking::rust_panic_with_hook::h7ee9e1a2d0f8975a
[INFO] [stdout]                                at /rustc/a178d0322ce20e33eac124758e837cbd80a6f633/library/std/src/panicking.rs:622:17
[INFO] [stdout]   11:     0x562e9e679ed7 - std::panicking::begin_panic_handler::{{closure}}::h8ab3b4491718b2c7
[INFO] [stdout]                                at /rustc/a178d0322ce20e33eac124758e837cbd80a6f633/library/std/src/panicking.rs:519:13
[INFO] [stdout]   12:     0x562e9e67839c - std::sys_common::backtrace::__rust_end_short_backtrace::hd489062ffa586a9f
[INFO] [stdout]                                at /rustc/a178d0322ce20e33eac124758e837cbd80a6f633/library/std/src/sys_common/backtrace.rs:141:18
[INFO] [stdout]   13:     0x562e9e679e39 - rust_begin_unwind
[INFO] [stdout]                                at /rustc/a178d0322ce20e33eac124758e837cbd80a6f633/library/std/src/panicking.rs:515:5
[INFO] [stdout]   14:     0x562e9e424bdb - std::panicking::begin_panic_fmt::h5479575e112541f8
[INFO] [stdout]                                at /rustc/a178d0322ce20e33eac124758e837cbd80a6f633/library/std/src/panicking.rs:457:5
[INFO] [stdout]   15:     0x562e9e45e3f4 - <core::result::Result<T,E> as unwrap::VerboseUnwrap>::verbose_unwrap::h4440c6b8bcddcbcd
[INFO] [stdout]                                at /opt/rustwide/cargo-home/registry/src/github.com-1ecc6299db9ec823/unwrap-1.2.1/src/lib.rs:67:25
[INFO] [stdout]   16:     0x562e9e42880a - lmake_lines_of_code::readme_include_mod::include_into_readme_md::h8c5cb593d102b4ad
[INFO] [stdout]                                at /opt/rustwide/workdir/src/readme_include_mod.rs:38:17
[INFO] [stdout]   17:     0x562e9e426274 - rust_out::main::_doctest_main_src_readme_include_mod_rs_13_0::hfed9a97c73343e7a
[INFO] [stdout]   18:     0x562e9e426216 - rust_out::main::h2a38bb51b9580a7d
[INFO] [stdout]   19:     0x562e9e426143 - core::ops::function::FnOnce::call_once::hb73b95e6982fd3f0
[INFO] [stdout]   20:     0x562e9e426039 - std::sys_common::backtrace::__rust_begin_short_backtrace::h8371d112165838d3
[INFO] [stdout]   21:     0x562e9e4260a9 - std::rt::lang_start::{{closure}}::h783adf50233ec5ec
[INFO] [stdout]   22:     0x562e9e67a8f9 - core::ops::function::impls::<impl core::ops::function::FnOnce<A> for &F>::call_once::h2aabc384aab89b7b
[INFO] [stdout]                                at /rustc/a178d0322ce20e33eac124758e837cbd80a6f633/library/core/src/ops/function.rs:259:13
[INFO] [stdout]   23:     0x562e9e67a8f9 - std::panicking::try::do_call::hc5fcacb7a85fc7b1
[INFO] [stdout]                                at /rustc/a178d0322ce20e33eac124758e837cbd80a6f633/library/std/src/panicking.rs:401:40
[INFO] [stdout]   24:     0x562e9e67a8f9 - std::panicking::try::hb5d9603af3abbe3a
[INFO] [stdout]                                at /rustc/a178d0322ce20e33eac124758e837cbd80a6f633/library/std/src/panicking.rs:365:19
[INFO] [stdout]   25:     0x562e9e67a8f9 - std::panic::catch_unwind::h98fe6ac3925e64b4
[INFO] [stdout]                                at /rustc/a178d0322ce20e33eac124758e837cbd80a6f633/library/std/src/panic.rs:434:14
[INFO] [stdout]   26:     0x562e9e67a8f9 - std::rt::lang_start_internal::h22ac7383c516f93e
[INFO] [stdout]                                at /rustc/a178d0322ce20e33eac124758e837cbd80a6f633/library/std/src/rt.rs:34:21
[INFO] [stdout]   27:     0x562e9e426091 - std::rt::lang_start::h11b9716471e37ff8
[INFO] [stdout]   28:     0x562e9e4262d3 - main
[INFO] [stdout]   29:     0x7f2dc0a090b3 - __libc_start_main
[INFO] [stdout]   30:     0x562e9e425f6e - _start
[INFO] [stdout]   31:                0x0 - <unknown>
[INFO] [stdout] 
[INFO] [stdout] 
[INFO] [stdout] 
[INFO] [stdout] failures:
[INFO] [stdout]     src/readme_include_mod.rs - readme_include_mod::include_into_readme_md (line 13)
[INFO] [stdout] 
[INFO] [stdout] test result: FAILED. 4 passed; 1 failed; 0 ignored; 0 measured; 0 filtered out; finished in 1.49s
[INFO] [stdout] 
[INFO] [stderr] error: test failed, to rerun pass '--doc'
[INFO] running `Command { std: "docker" "inspect" "017959a573a1c1e5401deb284d02a669dcbe6d23cf127bffbcf1d879f0b7f328", kill_on_drop: false }`
[INFO] running `Command { std: "docker" "rm" "-f" "017959a573a1c1e5401deb284d02a669dcbe6d23cf127bffbcf1d879f0b7f328", kill_on_drop: false }`
[INFO] [stdout] 017959a573a1c1e5401deb284d02a669dcbe6d23cf127bffbcf1d879f0b7f328
