[INFO] fetching crate linfa 0.4.0...
[INFO] testing linfa-0.4.0 against 1.54.0 for beta-1.55-1
[INFO] extracting crate linfa 0.4.0 into /workspace/builds/worker-6/source
[INFO] validating manifest of crates.io crate linfa 0.4.0 on toolchain 1.54.0
[INFO] running `Command { std: "/workspace/cargo-home/bin/cargo" "+1.54.0" "metadata" "--manifest-path" "Cargo.toml" "--no-deps", kill_on_drop: false }`
[INFO] started tweaking crates.io crate linfa 0.4.0
[INFO] finished tweaking crates.io crate linfa 0.4.0
[INFO] tweaked toml for crates.io crate linfa 0.4.0 written to /workspace/builds/worker-6/source/Cargo.toml
[INFO] running `Command { std: "/workspace/cargo-home/bin/cargo" "+1.54.0" "generate-lockfile" "--manifest-path" "Cargo.toml" "-Zno-index-update", kill_on_drop: false }`
[INFO] [stderr]     Blocking waiting for file lock on package cache
[INFO] running `Command { std: "/workspace/cargo-home/bin/cargo" "+1.54.0" "fetch" "--manifest-path" "Cargo.toml", kill_on_drop: false }`
[INFO] running `Command { std: "docker" "create" "-v" "/var/lib/crater-agent-workspace/builds/worker-6/target:/opt/rustwide/target:rw,Z" "-v" "/var/lib/crater-agent-workspace/builds/worker-6/source:/opt/rustwide/workdir:ro,Z" "-v" "/var/lib/crater-agent-workspace/cargo-home:/opt/rustwide/cargo-home:ro,Z" "-v" "/var/lib/crater-agent-workspace/rustup-home:/opt/rustwide/rustup-home:ro,Z" "-e" "SOURCE_DIR=/opt/rustwide/workdir" "-e" "CARGO_TARGET_DIR=/opt/rustwide/target" "-e" "CARGO_HOME=/opt/rustwide/cargo-home" "-e" "RUSTUP_HOME=/opt/rustwide/rustup-home" "-w" "/opt/rustwide/workdir" "-m" "1610612736" "--user" "0:0" "--network" "none" "ghcr.io/rust-lang/crates-build-env/linux@sha256:34b6a614d2c27851fe6cbf88fbd1137609cefab8b10d0615aaeb6fd47975d74e" "/opt/rustwide/cargo-home/bin/cargo" "+1.54.0" "metadata" "--no-deps" "--format-version=1", kill_on_drop: false }`
[INFO] [stdout] b1f603e5c9e14d2af3a562fb6bb9368e219358d32ca50f61b4fa1cbd1136c61c
[INFO] running `Command { std: "docker" "start" "-a" "b1f603e5c9e14d2af3a562fb6bb9368e219358d32ca50f61b4fa1cbd1136c61c", kill_on_drop: false }`
[INFO] running `Command { std: "docker" "inspect" "b1f603e5c9e14d2af3a562fb6bb9368e219358d32ca50f61b4fa1cbd1136c61c", kill_on_drop: false }`
[INFO] running `Command { std: "docker" "rm" "-f" "b1f603e5c9e14d2af3a562fb6bb9368e219358d32ca50f61b4fa1cbd1136c61c", kill_on_drop: false }`
[INFO] [stdout] b1f603e5c9e14d2af3a562fb6bb9368e219358d32ca50f61b4fa1cbd1136c61c
[INFO] running `Command { std: "docker" "create" "-v" "/var/lib/crater-agent-workspace/builds/worker-6/target:/opt/rustwide/target:rw,Z" "-v" "/var/lib/crater-agent-workspace/builds/worker-6/source:/opt/rustwide/workdir:ro,Z" "-v" "/var/lib/crater-agent-workspace/cargo-home:/opt/rustwide/cargo-home:ro,Z" "-v" "/var/lib/crater-agent-workspace/rustup-home:/opt/rustwide/rustup-home:ro,Z" "-e" "SOURCE_DIR=/opt/rustwide/workdir" "-e" "CARGO_TARGET_DIR=/opt/rustwide/target" "-e" "CARGO_INCREMENTAL=0" "-e" "RUST_BACKTRACE=full" "-e" "RUSTFLAGS=--cap-lints=warn" "-e" "CARGO_HOME=/opt/rustwide/cargo-home" "-e" "RUSTUP_HOME=/opt/rustwide/rustup-home" "-w" "/opt/rustwide/workdir" "-m" "1610612736" "--user" "0:0" "--network" "none" "ghcr.io/rust-lang/crates-build-env/linux@sha256:34b6a614d2c27851fe6cbf88fbd1137609cefab8b10d0615aaeb6fd47975d74e" "/opt/rustwide/cargo-home/bin/cargo" "+1.54.0" "build" "--frozen" "--message-format=json", kill_on_drop: false }`
[INFO] [stdout] a1112d858a78fb2fc3adc143b1d964a2d7a527f99a6377636f77be825d3694b0
[INFO] running `Command { std: "docker" "start" "-a" "a1112d858a78fb2fc3adc143b1d964a2d7a527f99a6377636f77be825d3694b0", kill_on_drop: false }`
[INFO] [stderr]    Compiling linfa v0.4.0 (/opt/rustwide/workdir)
[INFO] [stderr]    Compiling getrandom v0.2.3
[INFO] [stderr]    Compiling thiserror-impl v1.0.26
[INFO] [stderr]    Compiling rand_core v0.6.3
[INFO] [stderr]    Compiling rand_chacha v0.3.1
[INFO] [stderr]    Compiling rand v0.8.4
[INFO] [stderr]    Compiling thiserror v1.0.26
[INFO] [stderr]     Finished dev [unoptimized + debuginfo] target(s) in 5.85s
[INFO] running `Command { std: "docker" "inspect" "a1112d858a78fb2fc3adc143b1d964a2d7a527f99a6377636f77be825d3694b0", kill_on_drop: false }`
[INFO] running `Command { std: "docker" "rm" "-f" "a1112d858a78fb2fc3adc143b1d964a2d7a527f99a6377636f77be825d3694b0", kill_on_drop: false }`
[INFO] [stdout] a1112d858a78fb2fc3adc143b1d964a2d7a527f99a6377636f77be825d3694b0
[INFO] running `Command { std: "docker" "create" "-v" "/var/lib/crater-agent-workspace/builds/worker-6/target:/opt/rustwide/target:rw,Z" "-v" "/var/lib/crater-agent-workspace/builds/worker-6/source:/opt/rustwide/workdir:ro,Z" "-v" "/var/lib/crater-agent-workspace/cargo-home:/opt/rustwide/cargo-home:ro,Z" "-v" "/var/lib/crater-agent-workspace/rustup-home:/opt/rustwide/rustup-home:ro,Z" "-e" "SOURCE_DIR=/opt/rustwide/workdir" "-e" "CARGO_TARGET_DIR=/opt/rustwide/target" "-e" "CARGO_INCREMENTAL=0" "-e" "RUST_BACKTRACE=full" "-e" "RUSTFLAGS=--cap-lints=warn" "-e" "CARGO_HOME=/opt/rustwide/cargo-home" "-e" "RUSTUP_HOME=/opt/rustwide/rustup-home" "-w" "/opt/rustwide/workdir" "-m" "1610612736" "--user" "0:0" "--network" "none" "ghcr.io/rust-lang/crates-build-env/linux@sha256:34b6a614d2c27851fe6cbf88fbd1137609cefab8b10d0615aaeb6fd47975d74e" "/opt/rustwide/cargo-home/bin/cargo" "+1.54.0" "test" "--frozen" "--no-run" "--message-format=json", kill_on_drop: false }`
[INFO] [stdout] 933ca452aad1f15af9014d4804dc4cee2c6014f41dfe6830d6499c47faad1b66
[INFO] running `Command { std: "docker" "start" "-a" "933ca452aad1f15af9014d4804dc4cee2c6014f41dfe6830d6499c47faad1b66", kill_on_drop: false }`
[INFO] [stderr]    Compiling rand_distr v0.4.1
[INFO] [stderr]    Compiling ndarray-rand v0.13.0
[INFO] [stderr]    Compiling linfa v0.4.0 (/opt/rustwide/workdir)
[INFO] [stderr]     Finished test [unoptimized + debuginfo] target(s) in 9.19s
[INFO] running `Command { std: "docker" "inspect" "933ca452aad1f15af9014d4804dc4cee2c6014f41dfe6830d6499c47faad1b66", kill_on_drop: false }`
[INFO] running `Command { std: "docker" "rm" "-f" "933ca452aad1f15af9014d4804dc4cee2c6014f41dfe6830d6499c47faad1b66", kill_on_drop: false }`
[INFO] [stdout] 933ca452aad1f15af9014d4804dc4cee2c6014f41dfe6830d6499c47faad1b66
[INFO] running `Command { std: "docker" "create" "-v" "/var/lib/crater-agent-workspace/builds/worker-6/target:/opt/rustwide/target:rw,Z" "-v" "/var/lib/crater-agent-workspace/builds/worker-6/source:/opt/rustwide/workdir:ro,Z" "-v" "/var/lib/crater-agent-workspace/cargo-home:/opt/rustwide/cargo-home:ro,Z" "-v" "/var/lib/crater-agent-workspace/rustup-home:/opt/rustwide/rustup-home:ro,Z" "-e" "SOURCE_DIR=/opt/rustwide/workdir" "-e" "CARGO_TARGET_DIR=/opt/rustwide/target" "-e" "CARGO_INCREMENTAL=0" "-e" "RUST_BACKTRACE=full" "-e" "RUSTFLAGS=--cap-lints=warn" "-e" "CARGO_HOME=/opt/rustwide/cargo-home" "-e" "RUSTUP_HOME=/opt/rustwide/rustup-home" "-w" "/opt/rustwide/workdir" "-m" "1610612736" "--user" "0:0" "--network" "none" "ghcr.io/rust-lang/crates-build-env/linux@sha256:34b6a614d2c27851fe6cbf88fbd1137609cefab8b10d0615aaeb6fd47975d74e" "/opt/rustwide/cargo-home/bin/cargo" "+1.54.0" "test" "--frozen", kill_on_drop: false }`
[INFO] [stdout] 9352c7170c12fb1955d32dfd189de1fb575301c59509bb1bcd506e64fccc739f
[INFO] running `Command { std: "docker" "start" "-a" "9352c7170c12fb1955d32dfd189de1fb575301c59509bb1bcd506e64fccc739f", kill_on_drop: false }`
[INFO] [stdout] 
[INFO] [stderr]     Finished test [unoptimized + debuginfo] target(s) in 0.04s
[INFO] [stdout] running 49 tests
[INFO] [stderr]      Running unittests (/opt/rustwide/target/debug/deps/linfa-18f479e8d68459fd)
[INFO] [stdout] test composing::multi_target_model::tests::dummy_constant ... ok
[INFO] [stdout] test composing::multi_class_model::tests::correct_dummies ... ok
[INFO] [stdout] test composing::multi_target_model::tests::different_dummys ... ok
[INFO] [stdout] test dataset::tests::test_st_cv_mt_incorrect_eval ... ok
[INFO] [stdout] test dataset::tests::test_st_cv_mt_all_correct ... ok
[INFO] [stdout] test composing::multi_class_model::tests::choose_correct ... ok
[INFO] [stdout] test dataset::tests::dataset_view_implements_required_methods ... ok
[INFO] [stdout] test dataset::tests::test_st_cv_mt_one_incorrect ... ok
[INFO] [stdout] test metrics_classification::tests::test_confusion_matrix ... ok
[INFO] [stdout] test dataset::tests::test_with_labels_mt ... ok
[INFO] [stdout] test metrics_classification::tests::split_one_vs_all ... ok
[INFO] [stdout] test metrics_classification::tests::test_roc_auc ... ok
[INFO] [stdout] test dataset::tests::dataset_implements_required_methods ... ok
[INFO] [stdout] test metrics_classification::tests::test_cm_metrices ... ok
[INFO] [stdout] test composing::platt_scaling::tests::ordered_probabilities ... ok
[INFO] [stdout] test dataset::lapack_bounds::tests::memory_check ... ok
[INFO] [stdout] test dataset::tests::datasets_have_k_fold ... ok
[INFO] [stdout] test dataset::tests::test_iter_fold ... ok
[INFO] [stdout] test dataset::tests::test_st_cv_all_correct ... ok
[INFO] [stdout] test dataset::tests::test_iter_fold_uneven_folds ... ok
[INFO] [stdout] test metrics_regression::tests::test_max_error ... ok
[INFO] [stdout] test metrics_regression::tests::test_max_error_for_single_targets ... ok
[INFO] [stdout] test metrics_regression::tests::test_mean_squared_error ... ok
[INFO] [stdout] test metrics_regression::tests::test_mean_squared_error_for_single_targets ... ok
[INFO] [stdout] test metrics_classification::tests::test_roc_curve ... ok
[INFO] [stdout] test dataset::tests::test_with_labels_st ... ok
[INFO] [stdout] test composing::platt_scaling::tests::newton_solver_1 ... ok
[INFO] [stdout] test metrics_regression::tests::test_mean_absolute_error_for_single_targets ... ok
[INFO] [stdout] test metrics_regression::tests::test_explained_variance_for_single_targets ... ok
[INFO] [stdout] test correlation::tests::uniform_random ... ok
[INFO] [stdout] test dataset::tests::check_iteration ... ok
[INFO] [stdout] test metrics_clustering::tests::test_empty_labels_as_single_label ... ok
[INFO] [stdout] test metrics_regression::tests::test_median_absolute_error_for_single_targets ... ok
[INFO] [stdout] test metrics_regression::tests::test_same ... ok
[INFO] [stdout] test metrics_regression::tests::test_median_absolute_error ... ok
[INFO] [stdout] test metrics_clustering::tests::test_fail_on_multi_target ... ok
[INFO] [stdout] test metrics_regression::tests::test_r2_for_single_targets ... ok
[INFO] [stdout] test metrics_regression::tests::test_mean_squared_log_error_for_single_targets ... ok
[INFO] [stdout] test composing::platt_scaling::tests::panic_minstep_negative - should panic ... ok
[INFO] [stdout] test composing::platt_scaling::tests::panic_maxiter_zero - should panic ... ok
[INFO] [stdout] test dataset::tests::test_st_cv_one_incorrect - should panic ... ok
[INFO] [stdout] test composing::platt_scaling::tests::panic_sigma_negative - should panic ... ok
[INFO] [stdout] test dataset::tests::iter_fold_panics_k_0 - should panic ... ok
[INFO] [stdout] test dataset::tests::iter_fold_panics_k_more_than_samples - should panic ... ok
[INFO] [stdout] test dataset::tests::test_st_cv_incorrect_eval - should panic ... ok
[INFO] [stdout] test composing::platt_scaling::tests::newton_solver_2 ... ok
[INFO] [stdout] test composing::platt_scaling::tests::newton_solver_5 ... ok
[INFO] [stdout] test metrics_clustering::tests::test_silhouette_score ... ok
[INFO] [stderr]    Doc-tests linfa
[INFO] [stdout] test correlation::tests::perfectly_correlated ... ok
[INFO] [stdout] 
[INFO] [stdout] test result: ok. 49 passed; 0 failed; 0 ignored; 0 measured; 0 filtered out; finished in 40.56s
[INFO] [stdout] 
[INFO] [stdout] 
[INFO] [stdout] running 18 tests
[INFO] [stdout] test src/composing/platt_scaling.rs - composing::platt_scaling (line 9) ... ignored
[INFO] [stdout] test src/correlation.rs - correlation::PearsonCorrelation<F>::from_dataset (line 143) ... ignored
[INFO] [stdout] test src/dataset/impl_dataset.rs - dataset::impl_dataset::DatasetBase<ArrayBase<D, Ix2>, ArrayBase<S, Ix2>>::cross_validate (line 899) ... ignored
[INFO] [stdout] test src/dataset/impl_dataset.rs - dataset::impl_dataset::DatasetBase<ArrayBase<D, Ix2>, ArrayBase<S, Ix2>>::cross_validate_multi (line 814) ... ignored
[INFO] [stdout] test src/dataset/impl_dataset.rs - dataset::impl_dataset::DatasetBase<R, S>::new (line 25) ... ignored
[INFO] [stdout] test src/metrics_classification.rs - metrics_classification::ConfusionMatrix<A>::f_score (line 145) ... ignored
[INFO] [stdout] test src/metrics_classification.rs - metrics_classification::ConfusionMatrix<A>::precision (line 58) ... ignored
[INFO] [stdout] test src/metrics_classification.rs - metrics_classification::ConfusionMatrix<A>::precision (line 68) ... ignored
[INFO] [stdout] test src/metrics_classification.rs - metrics_classification::ConfusionMatrix<A>::recall (line 110) ... ignored
[INFO] [stdout] test src/metrics_classification.rs - metrics_classification::ConfusionMatrix<A>::recall (line 99) ... ignored
[INFO] [stdout] test src/dataset/impl_dataset.rs - dataset::impl_dataset::DatasetBase<ArrayBase<D, Ix2>, T>::sample_iter (line 189) ... FAILED
[INFO] [stdout] test src/correlation.rs - correlation::DatasetBase<ArrayBase<D, Ix2>, T>::pearson_correlation_with_p_value (line 238) ... FAILED
[INFO] [stdout] test src/dataset/impl_dataset.rs - dataset::impl_dataset::DatasetBase<R, T>::map_targets (line 131) ... FAILED
[INFO] [stdout] test src/dataset/impl_dataset.rs - dataset::impl_dataset::DatasetBase<R, T>::ntargets (line 166) ... FAILED
[INFO] [stdout] test src/correlation.rs - correlation::PearsonCorrelation<F>::from_dataset (line 134) ... FAILED
[INFO] [stdout] test src/correlation.rs - correlation::DatasetBase<ArrayBase<D, Ix2>, T>::pearson_correlation (line 210) ... FAILED
[INFO] [stdout] test src/dataset/impl_dataset.rs - dataset::impl_dataset::DatasetBase<ArrayBase<D, Ix2>, ArrayBase<S, Ix2>>::iter_fold (line 706) ... ok
[INFO] [stdout] test src/dataset/impl_dataset.rs - dataset::impl_dataset::DatasetBase<ArrayBase<D, Ix2>, T>::fold (line 587) ... ok
[INFO] [stdout] 
[INFO] [stdout] failures:
[INFO] [stdout] 
[INFO] [stdout] ---- src/dataset/impl_dataset.rs - dataset::impl_dataset::DatasetBase<ArrayBase<D, Ix2>, T>::sample_iter (line 189) stdout ----
[INFO] [stdout] error[E0433]: failed to resolve: use of undeclared crate or module `linfa_datasets`
[INFO] [stdout]  --> src/dataset/impl_dataset.rs:190:15
[INFO] [stdout]   |
[INFO] [stdout] 4 | let dataset = linfa_datasets::iris();
[INFO] [stdout]   |               ^^^^^^^^^^^^^^ use of undeclared crate or module `linfa_datasets`
[INFO] [stdout] 
[INFO] [stdout] error: aborting due to previous error
[INFO] [stdout] 
[INFO] [stdout] For more information about this error, try `rustc --explain E0433`.
[INFO] [stdout] Couldn't compile the test.
[INFO] [stdout] ---- src/correlation.rs - correlation::DatasetBase<ArrayBase<D, Ix2>, T>::pearson_correlation_with_p_value (line 238) stdout ----
[INFO] [stdout] error[E0433]: failed to resolve: use of undeclared crate or module `linfa_datasets`
[INFO] [stdout]  --> src/correlation.rs:239:12
[INFO] [stdout]   |
[INFO] [stdout] 4 | let corr = linfa_datasets::diabetes()
[INFO] [stdout]   |            ^^^^^^^^^^^^^^ use of undeclared crate or module `linfa_datasets`
[INFO] [stdout] 
[INFO] [stdout] error: aborting due to previous error
[INFO] [stdout] 
[INFO] [stdout] For more information about this error, try `rustc --explain E0433`.
[INFO] [stdout] Couldn't compile the test.
[INFO] [stdout] ---- src/dataset/impl_dataset.rs - dataset::impl_dataset::DatasetBase<R, T>::map_targets (line 131) stdout ----
[INFO] [stdout] error[E0433]: failed to resolve: use of undeclared crate or module `linfa_datasets`
[INFO] [stdout]  --> src/dataset/impl_dataset.rs:132:15
[INFO] [stdout]   |
[INFO] [stdout] 4 | let dataset = linfa_datasets::winequality()
[INFO] [stdout]   |               ^^^^^^^^^^^^^^ use of undeclared crate or module `linfa_datasets`
[INFO] [stdout] 
[INFO] [stdout] error: aborting due to previous error
[INFO] [stdout] 
[INFO] [stdout] For more information about this error, try `rustc --explain E0433`.
[INFO] [stdout] Couldn't compile the test.
[INFO] [stdout] ---- src/dataset/impl_dataset.rs - dataset::impl_dataset::DatasetBase<R, T>::ntargets (line 166) stdout ----
[INFO] [stdout] error[E0433]: failed to resolve: use of undeclared crate or module `linfa_datasets`
[INFO] [stdout]  --> src/dataset/impl_dataset.rs:167:15
[INFO] [stdout]   |
[INFO] [stdout] 4 | let dataset = linfa_datasets::winequality();
[INFO] [stdout]   |               ^^^^^^^^^^^^^^ use of undeclared crate or module `linfa_datasets`
[INFO] [stdout] 
[INFO] [stdout] error: aborting due to previous error
[INFO] [stdout] 
[INFO] [stdout] For more information about this error, try `rustc --explain E0433`.
[INFO] [stdout] Couldn't compile the test.
[INFO] [stdout] ---- src/correlation.rs - correlation::PearsonCorrelation<F>::from_dataset (line 134) stdout ----
[INFO] [stdout] error[E0433]: failed to resolve: use of undeclared crate or module `linfa_datasets`
[INFO] [stdout]  --> src/correlation.rs:135:12
[INFO] [stdout]   |
[INFO] [stdout] 4 | let corr = linfa_datasets::diabetes()
[INFO] [stdout]   |            ^^^^^^^^^^^^^^ use of undeclared crate or module `linfa_datasets`
[INFO] [stdout] 
[INFO] [stdout] error: aborting due to previous error
[INFO] [stdout] 
[INFO] [stdout] For more information about this error, try `rustc --explain E0433`.
[INFO] [stdout] Couldn't compile the test.
[INFO] [stdout] ---- src/correlation.rs - correlation::DatasetBase<ArrayBase<D, Ix2>, T>::pearson_correlation (line 210) stdout ----
[INFO] [stdout] error[E0433]: failed to resolve: use of undeclared crate or module `linfa_datasets`
[INFO] [stdout]  --> src/correlation.rs:211:12
[INFO] [stdout]   |
[INFO] [stdout] 4 | let corr = linfa_datasets::diabetes()
[INFO] [stdout]   |            ^^^^^^^^^^^^^^ use of undeclared crate or module `linfa_datasets`
[INFO] [stdout] 
[INFO] [stdout] error: aborting due to previous error
[INFO] [stdout] 
[INFO] [stdout] For more information about this error, try `rustc --explain E0433`.
[INFO] [stdout] Couldn't compile the test.
[INFO] [stdout] 
[INFO] [stdout] failures:
[INFO] [stdout]     src/correlation.rs - correlation::DatasetBase<ArrayBase<D, Ix2>, T>::pearson_correlation (line 210)
[INFO] [stdout]     src/correlation.rs - correlation::DatasetBase<ArrayBase<D, Ix2>, T>::pearson_correlation_with_p_value (line 238)
[INFO] [stdout]     src/correlation.rs - correlation::PearsonCorrelation<F>::from_dataset (line 134)
[INFO] [stdout]     src/dataset/impl_dataset.rs - dataset::impl_dataset::DatasetBase<ArrayBase<D, Ix2>, T>::sample_iter (line 189)
[INFO] [stdout]     src/dataset/impl_dataset.rs - dataset::impl_dataset::DatasetBase<R, T>::map_targets (line 131)
[INFO] [stdout]     src/dataset/impl_dataset.rs - dataset::impl_dataset::DatasetBase<R, T>::ntargets (line 166)
[INFO] [stdout] 
[INFO] [stdout] test result: FAILED. 2 passed; 6 failed; 10 ignored; 0 measured; 0 filtered out; finished in 1.39s
[INFO] [stdout] 
[INFO] [stderr] error: test failed, to rerun pass '--doc'
[INFO] running `Command { std: "docker" "inspect" "9352c7170c12fb1955d32dfd189de1fb575301c59509bb1bcd506e64fccc739f", kill_on_drop: false }`
[INFO] running `Command { std: "docker" "rm" "-f" "9352c7170c12fb1955d32dfd189de1fb575301c59509bb1bcd506e64fccc739f", kill_on_drop: false }`
[INFO] [stdout] 9352c7170c12fb1955d32dfd189de1fb575301c59509bb1bcd506e64fccc739f
