[INFO] fetching crate linfa-datasets 0.4.0...
[INFO] testing linfa-datasets-0.4.0 against 1.54.0 for beta-1.55-1
[INFO] extracting crate linfa-datasets 0.4.0 into /workspace/builds/worker-7/source
[INFO] validating manifest of crates.io crate linfa-datasets 0.4.0 on toolchain 1.54.0
[INFO] running `Command { std: "/workspace/cargo-home/bin/cargo" "+1.54.0" "metadata" "--manifest-path" "Cargo.toml" "--no-deps", kill_on_drop: false }`
[INFO] started tweaking crates.io crate linfa-datasets 0.4.0
[INFO] finished tweaking crates.io crate linfa-datasets 0.4.0
[INFO] tweaked toml for crates.io crate linfa-datasets 0.4.0 written to /workspace/builds/worker-7/source/Cargo.toml
[INFO] running `Command { std: "/workspace/cargo-home/bin/cargo" "+1.54.0" "generate-lockfile" "--manifest-path" "Cargo.toml" "-Zno-index-update", kill_on_drop: false }`
[INFO] running `Command { std: "/workspace/cargo-home/bin/cargo" "+1.54.0" "fetch" "--manifest-path" "Cargo.toml", kill_on_drop: false }`
[INFO] running `Command { std: "docker" "create" "-v" "/var/lib/crater-agent-workspace/builds/worker-7/target:/opt/rustwide/target:rw,Z" "-v" "/var/lib/crater-agent-workspace/builds/worker-7/source:/opt/rustwide/workdir:ro,Z" "-v" "/var/lib/crater-agent-workspace/cargo-home:/opt/rustwide/cargo-home:ro,Z" "-v" "/var/lib/crater-agent-workspace/rustup-home:/opt/rustwide/rustup-home:ro,Z" "-e" "SOURCE_DIR=/opt/rustwide/workdir" "-e" "CARGO_TARGET_DIR=/opt/rustwide/target" "-e" "CARGO_HOME=/opt/rustwide/cargo-home" "-e" "RUSTUP_HOME=/opt/rustwide/rustup-home" "-w" "/opt/rustwide/workdir" "-m" "1610612736" "--user" "0:0" "--network" "none" "ghcr.io/rust-lang/crates-build-env/linux@sha256:34b6a614d2c27851fe6cbf88fbd1137609cefab8b10d0615aaeb6fd47975d74e" "/opt/rustwide/cargo-home/bin/cargo" "+1.54.0" "metadata" "--no-deps" "--format-version=1", kill_on_drop: false }`
[INFO] [stdout] ce068b6255e113d81b100b2ab2d187e9c7017a99d1de412594b702a7cfa451b9
[INFO] running `Command { std: "docker" "start" "-a" "ce068b6255e113d81b100b2ab2d187e9c7017a99d1de412594b702a7cfa451b9", kill_on_drop: false }`
[INFO] running `Command { std: "docker" "inspect" "ce068b6255e113d81b100b2ab2d187e9c7017a99d1de412594b702a7cfa451b9", kill_on_drop: false }`
[INFO] running `Command { std: "docker" "rm" "-f" "ce068b6255e113d81b100b2ab2d187e9c7017a99d1de412594b702a7cfa451b9", kill_on_drop: false }`
[INFO] [stdout] ce068b6255e113d81b100b2ab2d187e9c7017a99d1de412594b702a7cfa451b9
[INFO] running `Command { std: "docker" "create" "-v" "/var/lib/crater-agent-workspace/builds/worker-7/target:/opt/rustwide/target:rw,Z" "-v" "/var/lib/crater-agent-workspace/builds/worker-7/source:/opt/rustwide/workdir:ro,Z" "-v" "/var/lib/crater-agent-workspace/cargo-home:/opt/rustwide/cargo-home:ro,Z" "-v" "/var/lib/crater-agent-workspace/rustup-home:/opt/rustwide/rustup-home:ro,Z" "-e" "SOURCE_DIR=/opt/rustwide/workdir" "-e" "CARGO_TARGET_DIR=/opt/rustwide/target" "-e" "CARGO_INCREMENTAL=0" "-e" "RUST_BACKTRACE=full" "-e" "RUSTFLAGS=--cap-lints=warn" "-e" "CARGO_HOME=/opt/rustwide/cargo-home" "-e" "RUSTUP_HOME=/opt/rustwide/rustup-home" "-w" "/opt/rustwide/workdir" "-m" "1610612736" "--user" "0:0" "--network" "none" "ghcr.io/rust-lang/crates-build-env/linux@sha256:34b6a614d2c27851fe6cbf88fbd1137609cefab8b10d0615aaeb6fd47975d74e" "/opt/rustwide/cargo-home/bin/cargo" "+1.54.0" "build" "--frozen" "--message-format=json", kill_on_drop: false }`
[INFO] [stdout] d526a753b6e6a44377d4ea67f9b7d638811028f0e838b4948151dbbd0d097636
[INFO] running `Command { std: "docker" "start" "-a" "d526a753b6e6a44377d4ea67f9b7d638811028f0e838b4948151dbbd0d097636", kill_on_drop: false }`
[INFO] [stderr]    Compiling ndarray v0.14.0
[INFO] [stderr]    Compiling linfa v0.4.0
[INFO] [stderr]    Compiling num-traits v0.2.14
[INFO] [stderr]    Compiling getrandom v0.2.3
[INFO] [stderr]    Compiling flate2 v1.0.20
[INFO] [stderr]    Compiling thiserror-impl v1.0.26
[INFO] [stderr]    Compiling rand_core v0.6.3
[INFO] [stderr]    Compiling rand_chacha v0.3.1
[INFO] [stderr]    Compiling rand v0.8.4
[INFO] [stderr]    Compiling num-complex v0.3.1
[INFO] [stderr]    Compiling num-integer v0.1.44
[INFO] [stderr]    Compiling approx v0.4.0
[INFO] [stderr]    Compiling thiserror v1.0.26
[INFO] [stderr]    Compiling ndarray-csv v0.5.0
[INFO] [stderr]    Compiling linfa-datasets v0.4.0 (/opt/rustwide/workdir)
[INFO] [stdout] warning: unused import: `csv::ReaderBuilder`
[INFO] [stdout]   --> src/lib.rs:36:5
[INFO] [stdout]    |
[INFO] [stdout] 36 | use csv::ReaderBuilder;
[INFO] [stdout]    |     ^^^^^^^^^^^^^^^^^^
[INFO] [stdout]    |
[INFO] [stdout]    = note: `#[warn(unused_imports)]` on by default
[INFO] [stdout] 
[INFO] [stdout] 
[INFO] [stdout] warning: unused import: `flate2::read::GzDecoder`
[INFO] [stdout]   --> src/lib.rs:37:5
[INFO] [stdout]    |
[INFO] [stdout] 37 | use flate2::read::GzDecoder;
[INFO] [stdout]    |     ^^^^^^^^^^^^^^^^^^^^^^^
[INFO] [stdout] 
[INFO] [stdout] 
[INFO] [stdout] warning: unused import: `linfa::Dataset`
[INFO] [stdout]   --> src/lib.rs:38:5
[INFO] [stdout]    |
[INFO] [stdout] 38 | use linfa::Dataset;
[INFO] [stdout]    |     ^^^^^^^^^^^^^^
[INFO] [stdout] 
[INFO] [stdout] 
[INFO] [stdout] warning: unused import: `ndarray::prelude::*`
[INFO] [stdout]   --> src/lib.rs:39:5
[INFO] [stdout]    |
[INFO] [stdout] 39 | use ndarray::prelude::*;
[INFO] [stdout]    |     ^^^^^^^^^^^^^^^^^^^
[INFO] [stdout] 
[INFO] [stdout] 
[INFO] [stdout] warning: unused import: `ndarray_csv::Array2Reader`
[INFO] [stdout]   --> src/lib.rs:40:5
[INFO] [stdout]    |
[INFO] [stdout] 40 | use ndarray_csv::Array2Reader;
[INFO] [stdout]    |     ^^^^^^^^^^^^^^^^^^^^^^^^^
[INFO] [stdout] 
[INFO] [stdout] 
[INFO] [stdout] warning: 5 warnings emitted
[INFO] [stdout] 
[INFO] [stdout] 
[INFO] [stderr]     Finished dev [unoptimized + debuginfo] target(s) in 9.21s
[INFO] running `Command { std: "docker" "inspect" "d526a753b6e6a44377d4ea67f9b7d638811028f0e838b4948151dbbd0d097636", kill_on_drop: false }`
[INFO] running `Command { std: "docker" "rm" "-f" "d526a753b6e6a44377d4ea67f9b7d638811028f0e838b4948151dbbd0d097636", kill_on_drop: false }`
[INFO] [stdout] d526a753b6e6a44377d4ea67f9b7d638811028f0e838b4948151dbbd0d097636
[INFO] running `Command { std: "docker" "create" "-v" "/var/lib/crater-agent-workspace/builds/worker-7/target:/opt/rustwide/target:rw,Z" "-v" "/var/lib/crater-agent-workspace/builds/worker-7/source:/opt/rustwide/workdir:ro,Z" "-v" "/var/lib/crater-agent-workspace/cargo-home:/opt/rustwide/cargo-home:ro,Z" "-v" "/var/lib/crater-agent-workspace/rustup-home:/opt/rustwide/rustup-home:ro,Z" "-e" "SOURCE_DIR=/opt/rustwide/workdir" "-e" "CARGO_TARGET_DIR=/opt/rustwide/target" "-e" "CARGO_INCREMENTAL=0" "-e" "RUST_BACKTRACE=full" "-e" "RUSTFLAGS=--cap-lints=warn" "-e" "CARGO_HOME=/opt/rustwide/cargo-home" "-e" "RUSTUP_HOME=/opt/rustwide/rustup-home" "-w" "/opt/rustwide/workdir" "-m" "1610612736" "--user" "0:0" "--network" "none" "ghcr.io/rust-lang/crates-build-env/linux@sha256:34b6a614d2c27851fe6cbf88fbd1137609cefab8b10d0615aaeb6fd47975d74e" "/opt/rustwide/cargo-home/bin/cargo" "+1.54.0" "test" "--frozen" "--no-run" "--message-format=json", kill_on_drop: false }`
[INFO] [stdout] cf6ef4a00a894403d95a0b58040e969925ee0a4134763be8562d8d28563f40d6
[INFO] running `Command { std: "docker" "start" "-a" "cf6ef4a00a894403d95a0b58040e969925ee0a4134763be8562d8d28563f40d6", kill_on_drop: false }`
[INFO] [stderr]    Compiling linfa-datasets v0.4.0 (/opt/rustwide/workdir)
[INFO] [stdout] warning: unused import: `csv::ReaderBuilder`
[INFO] [stdout]   --> src/lib.rs:36:5
[INFO] [stdout]    |
[INFO] [stdout] 36 | use csv::ReaderBuilder;
[INFO] [stdout]    |     ^^^^^^^^^^^^^^^^^^
[INFO] [stdout]    |
[INFO] [stdout]    = note: `#[warn(unused_imports)]` on by default
[INFO] [stdout] 
[INFO] [stdout] 
[INFO] [stdout] warning: unused import: `flate2::read::GzDecoder`
[INFO] [stdout]   --> src/lib.rs:37:5
[INFO] [stdout]    |
[INFO] [stdout] 37 | use flate2::read::GzDecoder;
[INFO] [stdout]    |     ^^^^^^^^^^^^^^^^^^^^^^^
[INFO] [stdout] 
[INFO] [stdout] 
[INFO] [stdout] warning: unused import: `linfa::Dataset`
[INFO] [stdout]   --> src/lib.rs:38:5
[INFO] [stdout]    |
[INFO] [stdout] 38 | use linfa::Dataset;
[INFO] [stdout]    |     ^^^^^^^^^^^^^^
[INFO] [stdout] 
[INFO] [stdout] 
[INFO] [stdout] warning: unused import: `ndarray::prelude::*`
[INFO] [stdout]   --> src/lib.rs:39:5
[INFO] [stdout]    |
[INFO] [stdout] 39 | use ndarray::prelude::*;
[INFO] [stdout]    |     ^^^^^^^^^^^^^^^^^^^
[INFO] [stdout] 
[INFO] [stdout] 
[INFO] [stdout] warning: unused import: `ndarray_csv::Array2Reader`
[INFO] [stdout]   --> src/lib.rs:40:5
[INFO] [stdout]    |
[INFO] [stdout] 40 | use ndarray_csv::Array2Reader;
[INFO] [stdout]    |     ^^^^^^^^^^^^^^^^^^^^^^^^^
[INFO] [stdout] 
[INFO] [stdout] 
[INFO] [stdout] warning: 5 warnings emitted
[INFO] [stdout] 
[INFO] [stdout] 
[INFO] [stdout] warning: unused import: `csv::ReaderBuilder`
[INFO] [stdout]   --> src/lib.rs:36:5
[INFO] [stdout]    |
[INFO] [stdout] 36 | use csv::ReaderBuilder;
[INFO] [stdout]    |     ^^^^^^^^^^^^^^^^^^
[INFO] [stdout]    |
[INFO] [stdout]    = note: `#[warn(unused_imports)]` on by default
[INFO] [stdout] 
[INFO] [stdout] 
[INFO] [stdout] warning: unused import: `flate2::read::GzDecoder`
[INFO] [stdout]   --> src/lib.rs:37:5
[INFO] [stdout]    |
[INFO] [stdout] 37 | use flate2::read::GzDecoder;
[INFO] [stdout]    |     ^^^^^^^^^^^^^^^^^^^^^^^
[INFO] [stdout] 
[INFO] [stdout] 
[INFO] [stdout] warning: unused import: `linfa::Dataset`
[INFO] [stdout]   --> src/lib.rs:38:5
[INFO] [stdout]    |
[INFO] [stdout] 38 | use linfa::Dataset;
[INFO] [stdout]    |     ^^^^^^^^^^^^^^
[INFO] [stdout] 
[INFO] [stdout] 
[INFO] [stdout] warning: unused import: `ndarray::prelude::*`
[INFO] [stdout]   --> src/lib.rs:39:5
[INFO] [stdout]    |
[INFO] [stdout] 39 | use ndarray::prelude::*;
[INFO] [stdout]    |     ^^^^^^^^^^^^^^^^^^^
[INFO] [stdout] 
[INFO] [stdout] 
[INFO] [stdout] warning: unused import: `ndarray_csv::Array2Reader`
[INFO] [stdout]   --> src/lib.rs:40:5
[INFO] [stdout]    |
[INFO] [stdout] 40 | use ndarray_csv::Array2Reader;
[INFO] [stdout]    |     ^^^^^^^^^^^^^^^^^^^^^^^^^
[INFO] [stdout] 
[INFO] [stdout] 
[INFO] [stdout] warning: unused import: `super::*`
[INFO] [stdout]    --> src/lib.rs:162:9
[INFO] [stdout]     |
[INFO] [stdout] 162 |     use super::*;
[INFO] [stdout]     |         ^^^^^^^^
[INFO] [stdout] 
[INFO] [stdout] 
[INFO] [stdout] warning: unused import: `approx::assert_abs_diff_eq`
[INFO] [stdout]    --> src/lib.rs:163:9
[INFO] [stdout]     |
[INFO] [stdout] 163 |     use approx::assert_abs_diff_eq;
[INFO] [stdout]     |         ^^^^^^^^^^^^^^^^^^^^^^^^^^
[INFO] [stdout] 
[INFO] [stdout] 
[INFO] [stdout] warning: unused import: `linfa::prelude::*`
[INFO] [stdout]    --> src/lib.rs:164:9
[INFO] [stdout]     |
[INFO] [stdout] 164 |     use linfa::prelude::*;
[INFO] [stdout]     |         ^^^^^^^^^^^^^^^^^
[INFO] [stdout] 
[INFO] [stdout] 
[INFO] [stderr]     Finished test [unoptimized + debuginfo] target(s) in 0.61s
[INFO] [stdout] warning: 8 warnings emitted
[INFO] [stdout] 
[INFO] [stdout] 
[INFO] running `Command { std: "docker" "inspect" "cf6ef4a00a894403d95a0b58040e969925ee0a4134763be8562d8d28563f40d6", kill_on_drop: false }`
[INFO] running `Command { std: "docker" "rm" "-f" "cf6ef4a00a894403d95a0b58040e969925ee0a4134763be8562d8d28563f40d6", kill_on_drop: false }`
[INFO] [stdout] cf6ef4a00a894403d95a0b58040e969925ee0a4134763be8562d8d28563f40d6
[INFO] running `Command { std: "docker" "create" "-v" "/var/lib/crater-agent-workspace/builds/worker-7/target:/opt/rustwide/target:rw,Z" "-v" "/var/lib/crater-agent-workspace/builds/worker-7/source:/opt/rustwide/workdir:ro,Z" "-v" "/var/lib/crater-agent-workspace/cargo-home:/opt/rustwide/cargo-home:ro,Z" "-v" "/var/lib/crater-agent-workspace/rustup-home:/opt/rustwide/rustup-home:ro,Z" "-e" "SOURCE_DIR=/opt/rustwide/workdir" "-e" "CARGO_TARGET_DIR=/opt/rustwide/target" "-e" "CARGO_INCREMENTAL=0" "-e" "RUST_BACKTRACE=full" "-e" "RUSTFLAGS=--cap-lints=warn" "-e" "CARGO_HOME=/opt/rustwide/cargo-home" "-e" "RUSTUP_HOME=/opt/rustwide/rustup-home" "-w" "/opt/rustwide/workdir" "-m" "1610612736" "--user" "0:0" "--network" "none" "ghcr.io/rust-lang/crates-build-env/linux@sha256:34b6a614d2c27851fe6cbf88fbd1137609cefab8b10d0615aaeb6fd47975d74e" "/opt/rustwide/cargo-home/bin/cargo" "+1.54.0" "test" "--frozen", kill_on_drop: false }`
[INFO] [stdout] d26bec4c176e780e52845571e6a8a8fb356efe57ce8d2ba6ab3ce2631fb99367
[INFO] running `Command { std: "docker" "start" "-a" "d26bec4c176e780e52845571e6a8a8fb356efe57ce8d2ba6ab3ce2631fb99367", kill_on_drop: false }`
[INFO] [stderr]     Blocking waiting for file lock on package cache
[INFO] [stderr]     Blocking waiting for file lock on package cache
[INFO] [stderr] warning: unused import: `csv::ReaderBuilder`
[INFO] [stderr]   --> src/lib.rs:36:5
[INFO] [stderr]    |
[INFO] [stderr] 36 | use csv::ReaderBuilder;
[INFO] [stderr]    |     ^^^^^^^^^^^^^^^^^^
[INFO] [stderr]    |
[INFO] [stderr]    = note: `#[warn(unused_imports)]` on by default
[INFO] [stderr] 
[INFO] [stderr] warning: unused import: `flate2::read::GzDecoder`
[INFO] [stderr]   --> src/lib.rs:37:5
[INFO] [stderr]    |
[INFO] [stderr] 37 | use flate2::read::GzDecoder;
[INFO] [stderr]    |     ^^^^^^^^^^^^^^^^^^^^^^^
[INFO] [stderr] 
[INFO] [stderr] warning: unused import: `linfa::Dataset`
[INFO] [stderr]   --> src/lib.rs:38:5
[INFO] [stderr]    |
[INFO] [stderr] 38 | use linfa::Dataset;
[INFO] [stderr]    |     ^^^^^^^^^^^^^^
[INFO] [stderr] 
[INFO] [stderr] warning: unused import: `ndarray::prelude::*`
[INFO] [stderr]   --> src/lib.rs:39:5
[INFO] [stderr]    |
[INFO] [stderr] 39 | use ndarray::prelude::*;
[INFO] [stderr]    |     ^^^^^^^^^^^^^^^^^^^
[INFO] [stderr] 
[INFO] [stderr] warning: unused import: `ndarray_csv::Array2Reader`
[INFO] [stderr]   --> src/lib.rs:40:5
[INFO] [stderr]    |
[INFO] [stderr] 40 | use ndarray_csv::Array2Reader;
[INFO] [stderr]    |     ^^^^^^^^^^^^^^^^^^^^^^^^^
[INFO] [stderr] 
[INFO] [stderr] warning: 5 warnings emitted
[INFO] [stderr] 
[INFO] [stderr] warning: unused import: `csv::ReaderBuilder`
[INFO] [stderr]   --> src/lib.rs:36:5
[INFO] [stderr]    |
[INFO] [stderr] 36 | use csv::ReaderBuilder;
[INFO] [stderr]    |     ^^^^^^^^^^^^^^^^^^
[INFO] [stderr]    |
[INFO] [stderr]    = note: `#[warn(unused_imports)]` on by default
[INFO] [stderr] 
[INFO] [stderr] warning: unused import: `flate2::read::GzDecoder`
[INFO] [stderr]   --> src/lib.rs:37:5
[INFO] [stderr]    |
[INFO] [stderr] 37 | use flate2::read::GzDecoder;
[INFO] [stderr]    |     ^^^^^^^^^^^^^^^^^^^^^^^
[INFO] [stderr] 
[INFO] [stderr] warning: unused import: `linfa::Dataset`
[INFO] [stderr]   --> src/lib.rs:38:5
[INFO] [stderr]    |
[INFO] [stderr] 38 | use linfa::Dataset;
[INFO] [stderr]    |     ^^^^^^^^^^^^^^
[INFO] [stderr] 
[INFO] [stderr] warning: unused import: `ndarray::prelude::*`
[INFO] [stderr]   --> src/lib.rs:39:5
[INFO] [stderr]    |
[INFO] [stderr] 39 | use ndarray::prelude::*;
[INFO] [stderr]    |     ^^^^^^^^^^^^^^^^^^^
[INFO] [stderr] 
[INFO] [stderr] warning: unused import: `ndarray_csv::Array2Reader`
[INFO] [stderr]   --> src/lib.rs:40:5
[INFO] [stderr]    |
[INFO] [stderr] 40 | use ndarray_csv::Array2Reader;
[INFO] [stderr]    |     ^^^^^^^^^^^^^^^^^^^^^^^^^
[INFO] [stderr] 
[INFO] [stderr] warning: unused import: `super::*`
[INFO] [stderr]    --> src/lib.rs:162:9
[INFO] [stderr]     |
[INFO] [stderr] 162 |     use super::*;
[INFO] [stderr]     |         ^^^^^^^^
[INFO] [stderr] 
[INFO] [stderr] warning: unused import: `approx::assert_abs_diff_eq`
[INFO] [stderr]    --> src/lib.rs:163:9
[INFO] [stderr]     |
[INFO] [stderr] 163 |     use approx::assert_abs_diff_eq;
[INFO] [stderr]     |         ^^^^^^^^^^^^^^^^^^^^^^^^^^
[INFO] [stderr] 
[INFO] [stderr] warning: unused import: `linfa::prelude::*`
[INFO] [stderr]    --> src/lib.rs:164:9
[INFO] [stderr]     |
[INFO] [stderr] 164 |     use linfa::prelude::*;
[INFO] [stderr]     |         ^^^^^^^^^^^^^^^^^
[INFO] [stderr] 
[INFO] [stderr] warning: 8 warnings emitted
[INFO] [stderr] 
[INFO] [stderr]     Finished test [unoptimized + debuginfo] target(s) in 1.87s
[INFO] [stderr]      Running unittests (/opt/rustwide/target/debug/deps/linfa_datasets-616c3d4b5eb26838)
[INFO] [stdout] 
[INFO] [stderr]    Doc-tests linfa-datasets
[INFO] [stdout] running 0 tests
[INFO] [stdout] 
[INFO] [stdout] test result: ok. 0 passed; 0 failed; 0 ignored; 0 measured; 0 filtered out; finished in 0.00s
[INFO] [stdout] 
[INFO] [stdout] 
[INFO] [stdout] running 2 tests
[INFO] [stdout] test src/lib.rs - (line 26) ... ignored
[INFO] [stdout] test src/lib.rs - (line 31) ... FAILED
[INFO] [stdout] 
[INFO] [stdout] failures:
[INFO] [stdout] 
[INFO] [stdout] ---- src/lib.rs - (line 31) stdout ----
[INFO] [stdout] error[E0425]: cannot find function `winequality` in crate `linfa_datasets`
[INFO] [stdout]  --> src/lib.rs:32:38
[INFO] [stdout]   |
[INFO] [stdout] 4 | let (train, valid) = linfa_datasets::winequality()
[INFO] [stdout]   |                                      ^^^^^^^^^^^ not found in `linfa_datasets`
[INFO] [stdout] 
[INFO] [stdout] error: aborting due to previous error
[INFO] [stdout] 
[INFO] [stdout] For more information about this error, try `rustc --explain E0425`.
[INFO] [stdout] Couldn't compile the test.
[INFO] [stdout] 
[INFO] [stdout] failures:
[INFO] [stdout]     src/lib.rs - (line 31)
[INFO] [stdout] 
[INFO] [stdout] test result: FAILED. 0 passed; 1 failed; 1 ignored; 0 measured; 0 filtered out; finished in 0.10s
[INFO] [stdout] 
[INFO] [stderr] error: test failed, to rerun pass '--doc'
[INFO] running `Command { std: "docker" "inspect" "d26bec4c176e780e52845571e6a8a8fb356efe57ce8d2ba6ab3ce2631fb99367", kill_on_drop: false }`
[INFO] running `Command { std: "docker" "rm" "-f" "d26bec4c176e780e52845571e6a8a8fb356efe57ce8d2ba6ab3ce2631fb99367", kill_on_drop: false }`
[INFO] [stdout] d26bec4c176e780e52845571e6a8a8fb356efe57ce8d2ba6ab3ce2631fb99367
