[INFO] fetching crate linestring 0.6.3...
[INFO] testing linestring-0.6.3 against 1.54.0 for beta-1.55-1
[INFO] extracting crate linestring 0.6.3 into /workspace/builds/worker-10/source
[INFO] validating manifest of crates.io crate linestring 0.6.3 on toolchain 1.54.0
[INFO] running `Command { std: "/workspace/cargo-home/bin/cargo" "+1.54.0" "metadata" "--manifest-path" "Cargo.toml" "--no-deps", kill_on_drop: false }`
[INFO] started tweaking crates.io crate linestring 0.6.3
[INFO] removed 0 missing examples
[INFO] finished tweaking crates.io crate linestring 0.6.3
[INFO] tweaked toml for crates.io crate linestring 0.6.3 written to /workspace/builds/worker-10/source/Cargo.toml
[INFO] crate crates.io crate linestring 0.6.3 already has a lockfile, it will not be regenerated
[INFO] running `Command { std: "/workspace/cargo-home/bin/cargo" "+1.54.0" "fetch" "--manifest-path" "Cargo.toml", kill_on_drop: false }`
[INFO] [stderr]     Blocking waiting for file lock on package cache
[INFO] running `Command { std: "docker" "create" "-v" "/var/lib/crater-agent-workspace/builds/worker-10/target:/opt/rustwide/target:rw,Z" "-v" "/var/lib/crater-agent-workspace/builds/worker-10/source:/opt/rustwide/workdir:ro,Z" "-v" "/var/lib/crater-agent-workspace/cargo-home:/opt/rustwide/cargo-home:ro,Z" "-v" "/var/lib/crater-agent-workspace/rustup-home:/opt/rustwide/rustup-home:ro,Z" "-e" "SOURCE_DIR=/opt/rustwide/workdir" "-e" "CARGO_TARGET_DIR=/opt/rustwide/target" "-e" "CARGO_HOME=/opt/rustwide/cargo-home" "-e" "RUSTUP_HOME=/opt/rustwide/rustup-home" "-w" "/opt/rustwide/workdir" "-m" "1610612736" "--user" "0:0" "--network" "none" "ghcr.io/rust-lang/crates-build-env/linux@sha256:34b6a614d2c27851fe6cbf88fbd1137609cefab8b10d0615aaeb6fd47975d74e" "/opt/rustwide/cargo-home/bin/cargo" "+1.54.0" "metadata" "--no-deps" "--format-version=1", kill_on_drop: false }`
[INFO] [stdout] eace4ffd9306b4636bcdb3c6f7e564523be163166f837bde1550086655d84d03
[INFO] running `Command { std: "docker" "start" "-a" "eace4ffd9306b4636bcdb3c6f7e564523be163166f837bde1550086655d84d03", kill_on_drop: false }`
[INFO] running `Command { std: "docker" "inspect" "eace4ffd9306b4636bcdb3c6f7e564523be163166f837bde1550086655d84d03", kill_on_drop: false }`
[INFO] running `Command { std: "docker" "rm" "-f" "eace4ffd9306b4636bcdb3c6f7e564523be163166f837bde1550086655d84d03", kill_on_drop: false }`
[INFO] [stdout] eace4ffd9306b4636bcdb3c6f7e564523be163166f837bde1550086655d84d03
[INFO] running `Command { std: "docker" "create" "-v" "/var/lib/crater-agent-workspace/builds/worker-10/target:/opt/rustwide/target:rw,Z" "-v" "/var/lib/crater-agent-workspace/builds/worker-10/source:/opt/rustwide/workdir:ro,Z" "-v" "/var/lib/crater-agent-workspace/cargo-home:/opt/rustwide/cargo-home:ro,Z" "-v" "/var/lib/crater-agent-workspace/rustup-home:/opt/rustwide/rustup-home:ro,Z" "-e" "SOURCE_DIR=/opt/rustwide/workdir" "-e" "CARGO_TARGET_DIR=/opt/rustwide/target" "-e" "CARGO_INCREMENTAL=0" "-e" "RUST_BACKTRACE=full" "-e" "RUSTFLAGS=--cap-lints=warn" "-e" "CARGO_HOME=/opt/rustwide/cargo-home" "-e" "RUSTUP_HOME=/opt/rustwide/rustup-home" "-w" "/opt/rustwide/workdir" "-m" "1610612736" "--user" "0:0" "--network" "none" "ghcr.io/rust-lang/crates-build-env/linux@sha256:34b6a614d2c27851fe6cbf88fbd1137609cefab8b10d0615aaeb6fd47975d74e" "/opt/rustwide/cargo-home/bin/cargo" "+1.54.0" "build" "--frozen" "--message-format=json", kill_on_drop: false }`
[INFO] [stdout] 6f7692c6cdc665ddf7a09e395aacac35ff57546556282e24d9119b198fcf6375
[INFO] running `Command { std: "docker" "start" "-a" "6f7692c6cdc665ddf7a09e395aacac35ff57546556282e24d9119b198fcf6375", kill_on_drop: false }`
[INFO] [stderr]    Compiling crossbeam-utils v0.8.5
[INFO] [stderr]    Compiling syn v1.0.74
[INFO] [stderr]    Compiling crossbeam-epoch v0.9.5
[INFO] [stderr]    Compiling rayon-core v1.9.1
[INFO] [stderr]    Compiling cgmath v0.18.0
[INFO] [stderr]    Compiling once_cell v1.8.0
[INFO] [stderr]    Compiling piston-float v1.0.0
[INFO] [stderr]    Compiling mint v0.5.6
[INFO] [stderr]    Compiling memoffset v0.6.4
[INFO] [stderr]    Compiling num-rational v0.4.0
[INFO] [stderr]    Compiling rayon v1.5.1
[INFO] [stderr]    Compiling ahash v0.7.4
[INFO] [stderr]    Compiling linestring v0.6.3 (/opt/rustwide/workdir)
[INFO] [stderr]    Compiling itertools v0.10.1
[INFO] [stderr]    Compiling yabf v0.2.0
[INFO] [stderr]    Compiling num-complex v0.4.0
[INFO] [stderr]    Compiling approx v0.5.0
[INFO] [stderr]    Compiling vecmath v1.0.0
[INFO] [stderr]    Compiling simba v0.5.1
[INFO] [stderr]    Compiling crossbeam-channel v0.5.1
[INFO] [stderr]    Compiling crossbeam-deque v0.8.1
[INFO] [stderr]    Compiling thiserror-impl v1.0.26
[INFO] [stderr]    Compiling nalgebra-macros v0.1.0
[INFO] [stderr]    Compiling nalgebra v0.28.0
[INFO] [stderr]    Compiling thiserror v1.0.26
[INFO] [stderr]     Finished dev [unoptimized + debuginfo] target(s) in 33.26s
[INFO] running `Command { std: "docker" "inspect" "6f7692c6cdc665ddf7a09e395aacac35ff57546556282e24d9119b198fcf6375", kill_on_drop: false }`
[INFO] running `Command { std: "docker" "rm" "-f" "6f7692c6cdc665ddf7a09e395aacac35ff57546556282e24d9119b198fcf6375", kill_on_drop: false }`
[INFO] [stdout] 6f7692c6cdc665ddf7a09e395aacac35ff57546556282e24d9119b198fcf6375
[INFO] running `Command { std: "docker" "create" "-v" "/var/lib/crater-agent-workspace/builds/worker-10/target:/opt/rustwide/target:rw,Z" "-v" "/var/lib/crater-agent-workspace/builds/worker-10/source:/opt/rustwide/workdir:ro,Z" "-v" "/var/lib/crater-agent-workspace/cargo-home:/opt/rustwide/cargo-home:ro,Z" "-v" "/var/lib/crater-agent-workspace/rustup-home:/opt/rustwide/rustup-home:ro,Z" "-e" "SOURCE_DIR=/opt/rustwide/workdir" "-e" "CARGO_TARGET_DIR=/opt/rustwide/target" "-e" "CARGO_INCREMENTAL=0" "-e" "RUST_BACKTRACE=full" "-e" "RUSTFLAGS=--cap-lints=warn" "-e" "CARGO_HOME=/opt/rustwide/cargo-home" "-e" "RUSTUP_HOME=/opt/rustwide/rustup-home" "-w" "/opt/rustwide/workdir" "-m" "1610612736" "--user" "0:0" "--network" "none" "ghcr.io/rust-lang/crates-build-env/linux@sha256:34b6a614d2c27851fe6cbf88fbd1137609cefab8b10d0615aaeb6fd47975d74e" "/opt/rustwide/cargo-home/bin/cargo" "+1.54.0" "test" "--frozen" "--no-run" "--message-format=json", kill_on_drop: false }`
[INFO] [stdout] 2cc389bd6b96cc2d018f101193c14ab17959af0d512bf52c95f35540562d9f5a
[INFO] running `Command { std: "docker" "start" "-a" "2cc389bd6b96cc2d018f101193c14ab17959af0d512bf52c95f35540562d9f5a", kill_on_drop: false }`
[INFO] [stderr]    Compiling semver v1.0.4
[INFO] [stderr]    Compiling memchr v2.4.0
[INFO] [stderr]    Compiling plotters-backend v0.3.2
[INFO] [stderr]    Compiling regex-automata v0.1.10
[INFO] [stderr]    Compiling regex-syntax v0.6.25
[INFO] [stderr]    Compiling cmake v0.1.45
[INFO] [stderr]    Compiling raw-window-handle v0.3.3
[INFO] [stderr]    Compiling serde_json v1.0.66
[INFO] [stderr]    Compiling serde_cbor v0.11.1
[INFO] [stderr]    Compiling fltk-derive v1.1.5
[INFO] [stderr]    Compiling rand_chacha v0.3.1
[INFO] [stderr]    Compiling serde_derive v1.0.127
[INFO] [stderr]    Compiling plotters-svg v0.3.1
[INFO] [stderr]    Compiling rand v0.8.4
[INFO] [stderr]    Compiling fltk-sys v1.1.5
[INFO] [stderr]    Compiling plotters v0.3.1
[INFO] [stderr]    Compiling rustc_version v0.4.0
[INFO] [stderr]    Compiling csv-core v0.1.10
[INFO] [stderr]    Compiling bstr v0.2.16
[INFO] [stderr]    Compiling cast v0.2.7
[INFO] [stderr]    Compiling tinytemplate v1.2.1
[INFO] [stderr]    Compiling regex v1.5.4
[INFO] [stderr]    Compiling csv v1.1.6
[INFO] [stderr]    Compiling criterion-plot v0.4.4
[INFO] [stderr]    Compiling criterion v0.3.5
[INFO] [stderr]    Compiling fltk v1.1.5
[INFO] [stderr]    Compiling linestring v0.6.3 (/opt/rustwide/workdir)
[INFO] [stderr]     Finished test [unoptimized + debuginfo] target(s) in 49.62s
[INFO] running `Command { std: "docker" "inspect" "2cc389bd6b96cc2d018f101193c14ab17959af0d512bf52c95f35540562d9f5a", kill_on_drop: false }`
[INFO] running `Command { std: "docker" "rm" "-f" "2cc389bd6b96cc2d018f101193c14ab17959af0d512bf52c95f35540562d9f5a", kill_on_drop: false }`
[INFO] [stdout] 2cc389bd6b96cc2d018f101193c14ab17959af0d512bf52c95f35540562d9f5a
[INFO] running `Command { std: "docker" "create" "-v" "/var/lib/crater-agent-workspace/builds/worker-10/target:/opt/rustwide/target:rw,Z" "-v" "/var/lib/crater-agent-workspace/builds/worker-10/source:/opt/rustwide/workdir:ro,Z" "-v" "/var/lib/crater-agent-workspace/cargo-home:/opt/rustwide/cargo-home:ro,Z" "-v" "/var/lib/crater-agent-workspace/rustup-home:/opt/rustwide/rustup-home:ro,Z" "-e" "SOURCE_DIR=/opt/rustwide/workdir" "-e" "CARGO_TARGET_DIR=/opt/rustwide/target" "-e" "CARGO_INCREMENTAL=0" "-e" "RUST_BACKTRACE=full" "-e" "RUSTFLAGS=--cap-lints=warn" "-e" "CARGO_HOME=/opt/rustwide/cargo-home" "-e" "RUSTUP_HOME=/opt/rustwide/rustup-home" "-w" "/opt/rustwide/workdir" "-m" "1610612736" "--user" "0:0" "--network" "none" "ghcr.io/rust-lang/crates-build-env/linux@sha256:34b6a614d2c27851fe6cbf88fbd1137609cefab8b10d0615aaeb6fd47975d74e" "/opt/rustwide/cargo-home/bin/cargo" "+1.54.0" "test" "--frozen", kill_on_drop: false }`
[INFO] [stdout] ba9d5f0f83829d6f64bd4f46afad8a800922c423afbf142b60f73b07be2a4f88
[INFO] running `Command { std: "docker" "start" "-a" "ba9d5f0f83829d6f64bd4f46afad8a800922c423afbf142b60f73b07be2a4f88", kill_on_drop: false }`
[INFO] [stderr]     Finished test [unoptimized + debuginfo] target(s) in 0.08s
[INFO] [stderr]      Running unittests (/opt/rustwide/target/debug/deps/linestring-908458b8cd8b6e6d)
[INFO] [stdout] 
[INFO] [stdout] running 0 tests
[INFO] [stdout] 
[INFO] [stdout] test result: ok. 0 passed; 0 failed; 0 ignored; 0 measured; 0 filtered out; finished in 0.00s
[INFO] [stdout] 
[INFO] [stderr]      Running tests/cgmath_tests.rs (/opt/rustwide/target/debug/deps/cgmath_tests-77c14ec306681ba1)
[INFO] [stdout] 
[INFO] [stdout] running 31 tests
[INFO] [stdout] test a_test ... ok
[INFO] [stdout] test intersection_10 ... ok
[INFO] [stdout] test intersection_2 ... ok
[INFO] [stdout] test intersection_9 ... ok
[INFO] [stdout] test intersection_3 ... ok
[INFO] [stdout] test linestring3_1 ... ok
[INFO] [stdout] test intersection_5 ... ok
[INFO] [stdout] test simplify_3 ... ok
[INFO] [stdout] test intersection_7 ... ok
[INFO] [stdout] test linestring2_1 ... ok
[INFO] [stdout] test intersection_4 ... ok
[INFO] [stdout] test simplify_2 ... ok
[INFO] [stdout] test line2_1 ... ok
[INFO] [stdout] test line3_1 ... ok
[INFO] [stdout] test intersection_6 ... ok
[INFO] [stdout] test simplify_1 ... ok
[INFO] [stdout] test simplify_vw_1 ... ok
[INFO] [stdout] test simplify_vw_3 ... ok
[INFO] [stdout] test transform_test_1 ... ok
[INFO] [stdout] test simplify_vw_5 ... ok
[INFO] [stdout] test simplify_vw_4 ... ok
[INFO] [stdout] test distance_to_line_squared_01 ... ok
[INFO] [stdout] test voronoi_parabolic_arc_2 ... ok
[INFO] [stdout] test simplify_vw_2 ... ok
[INFO] [stdout] test transform_test_2 ... ok
[INFO] [stdout] test voronoi_parabolic_arc_1 ... ok
[INFO] [stdout] test triangle_area ... ok
[INFO] [stdout] test convex_hull_1 ... ok
[INFO] [stdout] test intersection_1 ... ok
[INFO] [stdout] test convex_hull_2 ... ok
[INFO] [stdout] test convex_hull_3 ... ok
[INFO] [stdout] 
[INFO] [stdout] test result: ok. 31 passed; 0 failed; 0 ignored; 0 measured; 0 filtered out; finished in 0.05s
[INFO] [stdout] 
[INFO] [stderr]      Running tests/mint_tests.rs (/opt/rustwide/target/debug/deps/mint_tests-fbaa316e17b7d346)
[INFO] [stdout] 
[INFO] [stdout] running 10 tests
[INFO] [stdout] test intersection_1 ... ok
[INFO] [stdout] test line2_1 ... ok
[INFO] [stdout] test line3_1 ... ok
[INFO] [stdout] test linestring2_1 ... ok
[INFO] [stdout] test linestring3_1 ... ok
[INFO] [stdout] test point_distance_1 ... ok
[INFO] [stdout] test aabb2_1 ... ok
[INFO] [stdout] test simplify_1 ... ok
[INFO] [stderr]      Running tests/nalgebra_test.rs (/opt/rustwide/target/debug/deps/nalgebra_test-528f130db40f6e5e)
[INFO] [stdout] test simplify_2 ... ok
[INFO] [stdout] test triangle_area ... ok
[INFO] [stdout] 
[INFO] [stdout] test result: ok. 10 passed; 0 failed; 0 ignored; 0 measured; 0 filtered out; finished in 0.00s
[INFO] [stdout] 
[INFO] [stdout] 
[INFO] [stdout] running 12 tests
[INFO] [stdout] test aabb2_1 ... ok
[INFO] [stdout] test d2_to_3d_to_2d_1 ... ok
[INFO] [stdout] test line2_1 ... ok
[INFO] [stdout] test linestring2_1 ... ok
[INFO] [stdout] test linestring3_1 ... ok
[INFO] [stdout] test simplify_1 ... ok
[INFO] [stdout] test simplify_2 ... ok
[INFO] [stdout] test voronoiparabolicarc_2 ... ok
[INFO] [stdout] test voronoiparabolicarc_1 ... ok
[INFO] [stdout] test intersection_1 ... ok
[INFO] [stdout] test line3_1 ... ok
[INFO] [stdout] test triangle_area ... ok
[INFO] [stdout] 
[INFO] [stdout] test result: ok. 12 passed; 0 failed; 0 ignored; 0 measured; 0 filtered out; finished in 0.00s
[INFO] [stdout] 
[INFO] [stderr]      Running tests/vector_tests.rs (/opt/rustwide/target/debug/deps/vector_tests-ea4dab602cfef26e)
[INFO] [stdout] 
[INFO] [stdout] running 11 tests
[INFO] [stdout] test aabb2_1 ... ok
[INFO] [stdout] test line2_1 ... ok
[INFO] [stdout] test line3_1 ... ok
[INFO] [stdout] test linestring3_1 ... ok
[INFO] [stdout] test simplify_2 ... ok
[INFO] [stdout] test simplify_1 ... ok
[INFO] [stdout] test transform_1 ... ok
[INFO] [stdout] test linestring2_1 ... ok
[INFO] [stdout] test intersection_1 ... ok
[INFO] [stdout] test point_distance_1 ... ok
[INFO] [stderr]    Doc-tests linestring
[INFO] [stdout] test triangle_area ... ok
[INFO] [stdout] 
[INFO] [stdout] test result: ok. 11 passed; 0 failed; 0 ignored; 0 measured; 0 filtered out; finished in 0.00s
[INFO] [stdout] 
[INFO] [stdout] 
[INFO] [stdout] running 44 tests
[INFO] [stdout] test src/cgmath_2d/convex_hull.rs - cgmath_2d::convex_hull::ConvexHull<T>::is_point_left (line 33) ... ok
[INFO] [stdout] test src/mint_2d/convex_hull.rs - mint_2d::convex_hull::ConvexHull<T>::is_point_left_allow_collinear_ulps (line 88) ... ok
[INFO] [stdout] test src/cgmath_2d/convex_hull.rs - cgmath_2d::convex_hull::ConvexHull<T>::cross_2d (line 113) ... ok
[INFO] [stdout] test src/mint_2d.rs - mint_2d::SimpleAffine<T>::transform_ab (line 2142) ... ok
[INFO] [stdout] test src/cgmath_2d/convex_hull.rs - cgmath_2d::convex_hull::ConvexHull<T>::gift_wrap (line 130) ... FAILED
[INFO] [stdout] test src/mint_2d/convex_hull.rs - mint_2d::convex_hull::ConvexHull<T>::gift_wrap (line 140) ... FAILED
[INFO] [stdout] test src/mint_2d/convex_hull.rs - mint_2d::convex_hull::ConvexHull<T>::is_point_left_allow_collinear (line 64) ... ok
[INFO] [stdout] test src/mint_2d/convex_hull.rs - mint_2d::convex_hull::ConvexHull<T>::contains (line 377) ... FAILED
[INFO] [stdout] test src/cgmath_2d/convex_hull.rs - cgmath_2d::convex_hull::ConvexHull<T>::contains_point_exclusive (line 431) ... FAILED
[INFO] [stderr] error: test failed, to rerun pass '--doc'
[INFO] [stderr] 
[INFO] [stderr] Caused by:
[INFO] [stderr]   process didn't exit successfully: `rustdoc --edition=2018 --crate-type lib --crate-name linestring --test /opt/rustwide/workdir/src/lib.rs -L dependency=/opt/rustwide/target/debug/deps -L dependency=/opt/rustwide/target/debug/deps -L native=/opt/rustwide/target/debug/build/fltk-sys-4603fc1d9da9cd1c/out/build -L native=/opt/rustwide/target/debug/build/fltk-sys-4603fc1d9da9cd1c/out/build/Release -L native=/opt/rustwide/target/debug/build/fltk-sys-4603fc1d9da9cd1c/out/lib -L native=/opt/rustwide/target/debug/build/fltk-sys-4603fc1d9da9cd1c/out/lib/Release -L native=/opt/rustwide/target/debug/build/fltk-sys-4603fc1d9da9cd1c/out/lib64 -L native=/opt/rustwide/target/debug/build/fltk-sys-4603fc1d9da9cd1c/out/lib64/Release --extern ahash=/opt/rustwide/target/debug/deps/libahash-8973895df80350d0.rlib --extern approx=/opt/rustwide/target/debug/deps/libapprox-532fa4e703b37115.rlib --extern cgmath=/opt/rustwide/target/debug/deps/libcgmath-b25119de592f5443.rlib --extern criterion=/opt/rustwide/target/debug/deps/libcriterion-f09fda728168cf95.rlib --extern fltk=/opt/rustwide/target/debug/deps/libfltk-4247b00282f60765.rlib --extern itertools=/opt/rustwide/target/debug/deps/libitertools-6b844899321ff5c6.rlib --extern linestring=/opt/rustwide/target/debug/deps/liblinestring-edac51179209f674.rlib --extern mint=/opt/rustwide/target/debug/deps/libmint-44ab3211dccc4e31.rlib --extern nalgebra=/opt/rustwide/target/debug/deps/libnalgebra-703c6b371fa7d85d.rlib --extern num_traits=/opt/rustwide/target/debug/deps/libnum_traits-a2639720a0ec4c76.rlib --extern rand=/opt/rustwide/target/debug/deps/librand-2d73142cc4c303de.rlib --extern rand_chacha=/opt/rustwide/target/debug/deps/librand_chacha-7877621123d4ca30.rlib --extern rayon=/opt/rustwide/target/debug/deps/librayon-4c1818fa32cde2c0.rlib --extern thiserror=/opt/rustwide/target/debug/deps/libthiserror-b18e4f16bbd1b898.rlib --extern vecmath=/opt/rustwide/target/debug/deps/libvecmath-ba32c6e85f613d8b.rlib --extern yabf=/opt/rustwide/target/debug/deps/libyabf-e15b81581b5015aa.rlib -C embed-bitcode=no --cfg 'feature="cgmath"' --cfg 'feature="default"' --cfg 'feature="mint"' --cfg 'feature="nalgebra"' --cfg 'feature="rayon"' --cfg 'feature="vecmath"' --cfg 'feature="vector"' --error-format human` (signal: 9, SIGKILL: kill)
[INFO] running `Command { std: "docker" "inspect" "ba9d5f0f83829d6f64bd4f46afad8a800922c423afbf142b60f73b07be2a4f88", kill_on_drop: false }`
[INFO] running `Command { std: "docker" "rm" "-f" "ba9d5f0f83829d6f64bd4f46afad8a800922c423afbf142b60f73b07be2a4f88", kill_on_drop: false }`
[INFO] [stdout] ba9d5f0f83829d6f64bd4f46afad8a800922c423afbf142b60f73b07be2a4f88
