[INFO] fetching crate linecount 0.1.0...
[INFO] testing linecount-0.1.0 against beta-2021-08-01 for beta-1.55-1
[INFO] extracting crate linecount 0.1.0 into /workspace/builds/worker-11/source
[INFO] validating manifest of crates.io crate linecount 0.1.0 on toolchain beta-2021-08-01
[INFO] running `Command { std: "/workspace/cargo-home/bin/cargo" "+beta-2021-08-01" "metadata" "--manifest-path" "Cargo.toml" "--no-deps", kill_on_drop: false }`
[INFO] started tweaking crates.io crate linecount 0.1.0
[INFO] finished tweaking crates.io crate linecount 0.1.0
[INFO] tweaked toml for crates.io crate linecount 0.1.0 written to /workspace/builds/worker-11/source/Cargo.toml
[INFO] running `Command { std: "/workspace/cargo-home/bin/cargo" "+beta-2021-08-01" "generate-lockfile" "--manifest-path" "Cargo.toml" "-Zno-index-update", kill_on_drop: false }`
[INFO] running `Command { std: "/workspace/cargo-home/bin/cargo" "+beta-2021-08-01" "fetch" "--manifest-path" "Cargo.toml", kill_on_drop: false }`
[INFO] running `Command { std: "docker" "create" "-v" "/var/lib/crater-agent-workspace/builds/worker-11/target:/opt/rustwide/target:rw,Z" "-v" "/var/lib/crater-agent-workspace/builds/worker-11/source:/opt/rustwide/workdir:ro,Z" "-v" "/var/lib/crater-agent-workspace/cargo-home:/opt/rustwide/cargo-home:ro,Z" "-v" "/var/lib/crater-agent-workspace/rustup-home:/opt/rustwide/rustup-home:ro,Z" "-e" "SOURCE_DIR=/opt/rustwide/workdir" "-e" "CARGO_TARGET_DIR=/opt/rustwide/target" "-e" "CARGO_HOME=/opt/rustwide/cargo-home" "-e" "RUSTUP_HOME=/opt/rustwide/rustup-home" "-w" "/opt/rustwide/workdir" "-m" "1610612736" "--user" "0:0" "--network" "none" "ghcr.io/rust-lang/crates-build-env/linux@sha256:34b6a614d2c27851fe6cbf88fbd1137609cefab8b10d0615aaeb6fd47975d74e" "/opt/rustwide/cargo-home/bin/cargo" "+beta-2021-08-01" "metadata" "--no-deps" "--format-version=1", kill_on_drop: false }`
[INFO] [stdout] 1c7fb47986cf8fcf5644b072bead470dea85d31d8821b26811a4d68d30c8b934
[INFO] running `Command { std: "docker" "start" "-a" "1c7fb47986cf8fcf5644b072bead470dea85d31d8821b26811a4d68d30c8b934", kill_on_drop: false }`
[INFO] running `Command { std: "docker" "inspect" "1c7fb47986cf8fcf5644b072bead470dea85d31d8821b26811a4d68d30c8b934", kill_on_drop: false }`
[INFO] running `Command { std: "docker" "rm" "-f" "1c7fb47986cf8fcf5644b072bead470dea85d31d8821b26811a4d68d30c8b934", kill_on_drop: false }`
[INFO] [stdout] 1c7fb47986cf8fcf5644b072bead470dea85d31d8821b26811a4d68d30c8b934
[INFO] running `Command { std: "docker" "create" "-v" "/var/lib/crater-agent-workspace/builds/worker-11/target:/opt/rustwide/target:rw,Z" "-v" "/var/lib/crater-agent-workspace/builds/worker-11/source:/opt/rustwide/workdir:ro,Z" "-v" "/var/lib/crater-agent-workspace/cargo-home:/opt/rustwide/cargo-home:ro,Z" "-v" "/var/lib/crater-agent-workspace/rustup-home:/opt/rustwide/rustup-home:ro,Z" "-e" "SOURCE_DIR=/opt/rustwide/workdir" "-e" "CARGO_TARGET_DIR=/opt/rustwide/target" "-e" "CARGO_INCREMENTAL=0" "-e" "RUST_BACKTRACE=full" "-e" "RUSTFLAGS=--cap-lints=warn" "-e" "CARGO_HOME=/opt/rustwide/cargo-home" "-e" "RUSTUP_HOME=/opt/rustwide/rustup-home" "-w" "/opt/rustwide/workdir" "-m" "1610612736" "--user" "0:0" "--network" "none" "ghcr.io/rust-lang/crates-build-env/linux@sha256:34b6a614d2c27851fe6cbf88fbd1137609cefab8b10d0615aaeb6fd47975d74e" "/opt/rustwide/cargo-home/bin/cargo" "+beta-2021-08-01" "build" "--frozen" "--message-format=json", kill_on_drop: false }`
[INFO] [stdout] 9eb55c278e86d90d42ee9493720198e59117a497dfc45b9919ef4166f4867c1a
[INFO] running `Command { std: "docker" "start" "-a" "9eb55c278e86d90d42ee9493720198e59117a497dfc45b9919ef4166f4867c1a", kill_on_drop: false }`
[INFO] [stderr]    Compiling linecount v0.1.0 (/opt/rustwide/workdir)
[INFO] [stderr]     Finished dev [unoptimized + debuginfo] target(s) in 1.33s
[INFO] running `Command { std: "docker" "inspect" "9eb55c278e86d90d42ee9493720198e59117a497dfc45b9919ef4166f4867c1a", kill_on_drop: false }`
[INFO] running `Command { std: "docker" "rm" "-f" "9eb55c278e86d90d42ee9493720198e59117a497dfc45b9919ef4166f4867c1a", kill_on_drop: false }`
[INFO] [stdout] 9eb55c278e86d90d42ee9493720198e59117a497dfc45b9919ef4166f4867c1a
[INFO] running `Command { std: "docker" "create" "-v" "/var/lib/crater-agent-workspace/builds/worker-11/target:/opt/rustwide/target:rw,Z" "-v" "/var/lib/crater-agent-workspace/builds/worker-11/source:/opt/rustwide/workdir:ro,Z" "-v" "/var/lib/crater-agent-workspace/cargo-home:/opt/rustwide/cargo-home:ro,Z" "-v" "/var/lib/crater-agent-workspace/rustup-home:/opt/rustwide/rustup-home:ro,Z" "-e" "SOURCE_DIR=/opt/rustwide/workdir" "-e" "CARGO_TARGET_DIR=/opt/rustwide/target" "-e" "CARGO_INCREMENTAL=0" "-e" "RUST_BACKTRACE=full" "-e" "RUSTFLAGS=--cap-lints=warn" "-e" "CARGO_HOME=/opt/rustwide/cargo-home" "-e" "RUSTUP_HOME=/opt/rustwide/rustup-home" "-w" "/opt/rustwide/workdir" "-m" "1610612736" "--user" "0:0" "--network" "none" "ghcr.io/rust-lang/crates-build-env/linux@sha256:34b6a614d2c27851fe6cbf88fbd1137609cefab8b10d0615aaeb6fd47975d74e" "/opt/rustwide/cargo-home/bin/cargo" "+beta-2021-08-01" "test" "--frozen" "--no-run" "--message-format=json", kill_on_drop: false }`
[INFO] [stdout] e667aef4ada8300768aa0adcb6623759e432891916f3dab712175764f5edacc6
[INFO] running `Command { std: "docker" "start" "-a" "e667aef4ada8300768aa0adcb6623759e432891916f3dab712175764f5edacc6", kill_on_drop: false }`
[INFO] [stderr]    Compiling linecount v0.1.0 (/opt/rustwide/workdir)
[INFO] [stderr]     Finished test [unoptimized + debuginfo] target(s) in 0.81s
[INFO] running `Command { std: "docker" "inspect" "e667aef4ada8300768aa0adcb6623759e432891916f3dab712175764f5edacc6", kill_on_drop: false }`
[INFO] running `Command { std: "docker" "rm" "-f" "e667aef4ada8300768aa0adcb6623759e432891916f3dab712175764f5edacc6", kill_on_drop: false }`
[INFO] [stdout] e667aef4ada8300768aa0adcb6623759e432891916f3dab712175764f5edacc6
[INFO] running `Command { std: "docker" "create" "-v" "/var/lib/crater-agent-workspace/builds/worker-11/target:/opt/rustwide/target:rw,Z" "-v" "/var/lib/crater-agent-workspace/builds/worker-11/source:/opt/rustwide/workdir:ro,Z" "-v" "/var/lib/crater-agent-workspace/cargo-home:/opt/rustwide/cargo-home:ro,Z" "-v" "/var/lib/crater-agent-workspace/rustup-home:/opt/rustwide/rustup-home:ro,Z" "-e" "SOURCE_DIR=/opt/rustwide/workdir" "-e" "CARGO_TARGET_DIR=/opt/rustwide/target" "-e" "CARGO_INCREMENTAL=0" "-e" "RUST_BACKTRACE=full" "-e" "RUSTFLAGS=--cap-lints=warn" "-e" "CARGO_HOME=/opt/rustwide/cargo-home" "-e" "RUSTUP_HOME=/opt/rustwide/rustup-home" "-w" "/opt/rustwide/workdir" "-m" "1610612736" "--user" "0:0" "--network" "none" "ghcr.io/rust-lang/crates-build-env/linux@sha256:34b6a614d2c27851fe6cbf88fbd1137609cefab8b10d0615aaeb6fd47975d74e" "/opt/rustwide/cargo-home/bin/cargo" "+beta-2021-08-01" "test" "--frozen", kill_on_drop: false }`
[INFO] [stdout] 539130d7d29c4b7cfaa98de5e2325801c0416b0d1081c50426f8b52280890f94
[INFO] running `Command { std: "docker" "start" "-a" "539130d7d29c4b7cfaa98de5e2325801c0416b0d1081c50426f8b52280890f94", kill_on_drop: false }`
[INFO] [stdout] 
[INFO] [stderr]     Finished test [unoptimized + debuginfo] target(s) in 0.10s
[INFO] [stdout] running 1 test
[INFO] [stderr]      Running unittests (/opt/rustwide/target/debug/deps/linecount-73ad826af56a9d7d)
[INFO] [stdout] test tests::test_count_lines ... ok
[INFO] [stdout] 
[INFO] [stdout] test result: ok. 1 passed; 0 failed; 0 ignored; 0 measured; 0 filtered out; finished in 0.00s
[INFO] [stdout] 
[INFO] [stderr]      Running unittests (/opt/rustwide/target/debug/deps/lc-cef06d281c459210)
[INFO] [stdout] 
[INFO] [stdout] running 0 tests
[INFO] [stdout] 
[INFO] [stdout] test result: ok. 0 passed; 0 failed; 0 ignored; 0 measured; 0 filtered out; finished in 0.00s
[INFO] [stdout] 
[INFO] [stderr]    Doc-tests linecount
[INFO] [stdout] 
[INFO] [stdout] running 1 test
[INFO] [stdout] test src/lib.rs - count_lines (line 19) ... FAILED
[INFO] [stdout] 
[INFO] [stdout] failures:
[INFO] [stdout] 
[INFO] [stdout] ---- src/lib.rs - count_lines (line 19) stdout ----
[INFO] [stdout] error: expected `;`, found keyword `let`
[INFO] [stdout]  --> src/lib.rs:20:27
[INFO] [stdout]   |
[INFO] [stdout] 4 | use linecount::count_lines
[INFO] [stdout]   |                           ^ help: add `;` here
[INFO] [stdout] 5 | let lines: usize = count_lines(std::fs::File.open("foo.txt").unwrap()).unwrap()
[INFO] [stdout]   | --- unexpected token
[INFO] [stdout] 
[INFO] [stdout] error: expected `;`, found `}`
[INFO] [stdout]  --> src/lib.rs:21:80
[INFO] [stdout]   |
[INFO] [stdout] 5 | let lines: usize = count_lines(std::fs::File.open("foo.txt").unwrap()).unwrap()
[INFO] [stdout]   |                                                                                ^ help: add `;` here
[INFO] [stdout] 6 | } _doctest_main_src_lib_rs_19_0() }
[INFO] [stdout]   | - unexpected token
[INFO] [stdout] 
[INFO] [stdout] error[E0423]: expected value, found struct `std::fs::File`
[INFO] [stdout]  --> src/lib.rs:21:32
[INFO] [stdout]   |
[INFO] [stdout] 5 | let lines: usize = count_lines(std::fs::File.open("foo.txt").unwrap()).unwrap()
[INFO] [stdout]   |                                ^^^^^^^^^^^^^-----
[INFO] [stdout]   |                                |
[INFO] [stdout]   |                                help: use the path separator to refer to an item: `std::fs::File::open`
[INFO] [stdout] 
[INFO] [stdout] error: aborting due to 3 previous errors
[INFO] [stdout] 
[INFO] [stdout] For more information about this error, try `rustc --explain E0423`.
[INFO] [stdout] Couldn't compile the test.
[INFO] [stdout] 
[INFO] [stdout] failures:
[INFO] [stdout]     src/lib.rs - count_lines (line 19)
[INFO] [stdout] 
[INFO] [stdout] test result: FAILED. 0 passed; 1 failed; 0 ignored; 0 measured; 0 filtered out; finished in 0.09s
[INFO] [stdout] 
[INFO] [stderr] error: test failed, to rerun pass '--doc'
[INFO] running `Command { std: "docker" "inspect" "539130d7d29c4b7cfaa98de5e2325801c0416b0d1081c50426f8b52280890f94", kill_on_drop: false }`
[INFO] running `Command { std: "docker" "rm" "-f" "539130d7d29c4b7cfaa98de5e2325801c0416b0d1081c50426f8b52280890f94", kill_on_drop: false }`
[INFO] [stdout] 539130d7d29c4b7cfaa98de5e2325801c0416b0d1081c50426f8b52280890f94
