[INFO] fetching crate lightspeed_email 0.40.0...
[INFO] testing lightspeed_email-0.40.0 against beta-2021-08-01 for beta-1.55-1
[INFO] extracting crate lightspeed_email 0.40.0 into /workspace/builds/worker-5/source
[INFO] validating manifest of crates.io crate lightspeed_email 0.40.0 on toolchain beta-2021-08-01
[INFO] running `Command { std: "/workspace/cargo-home/bin/cargo" "+beta-2021-08-01" "metadata" "--manifest-path" "Cargo.toml" "--no-deps", kill_on_drop: false }`
[INFO] started tweaking crates.io crate lightspeed_email 0.40.0
[INFO] finished tweaking crates.io crate lightspeed_email 0.40.0
[INFO] tweaked toml for crates.io crate lightspeed_email 0.40.0 written to /workspace/builds/worker-5/source/Cargo.toml
[INFO] running `Command { std: "/workspace/cargo-home/bin/cargo" "+beta-2021-08-01" "generate-lockfile" "--manifest-path" "Cargo.toml" "-Zno-index-update", kill_on_drop: false }`
[INFO] running `Command { std: "/workspace/cargo-home/bin/cargo" "+beta-2021-08-01" "fetch" "--manifest-path" "Cargo.toml", kill_on_drop: false }`
[INFO] running `Command { std: "docker" "create" "-v" "/var/lib/crater-agent-workspace/builds/worker-5/target:/opt/rustwide/target:rw,Z" "-v" "/var/lib/crater-agent-workspace/builds/worker-5/source:/opt/rustwide/workdir:ro,Z" "-v" "/var/lib/crater-agent-workspace/cargo-home:/opt/rustwide/cargo-home:ro,Z" "-v" "/var/lib/crater-agent-workspace/rustup-home:/opt/rustwide/rustup-home:ro,Z" "-e" "SOURCE_DIR=/opt/rustwide/workdir" "-e" "CARGO_TARGET_DIR=/opt/rustwide/target" "-e" "CARGO_HOME=/opt/rustwide/cargo-home" "-e" "RUSTUP_HOME=/opt/rustwide/rustup-home" "-w" "/opt/rustwide/workdir" "-m" "1610612736" "--user" "0:0" "--network" "none" "ghcr.io/rust-lang/crates-build-env/linux@sha256:34b6a614d2c27851fe6cbf88fbd1137609cefab8b10d0615aaeb6fd47975d74e" "/opt/rustwide/cargo-home/bin/cargo" "+beta-2021-08-01" "metadata" "--no-deps" "--format-version=1", kill_on_drop: false }`
[INFO] [stdout] 3f9dc53057fa4c3f6c1960f0bbe8f41b8a03ae5adb36bf31585c18916894800e
[INFO] running `Command { std: "docker" "start" "-a" "3f9dc53057fa4c3f6c1960f0bbe8f41b8a03ae5adb36bf31585c18916894800e", kill_on_drop: false }`
[INFO] running `Command { std: "docker" "inspect" "3f9dc53057fa4c3f6c1960f0bbe8f41b8a03ae5adb36bf31585c18916894800e", kill_on_drop: false }`
[INFO] running `Command { std: "docker" "rm" "-f" "3f9dc53057fa4c3f6c1960f0bbe8f41b8a03ae5adb36bf31585c18916894800e", kill_on_drop: false }`
[INFO] [stdout] 3f9dc53057fa4c3f6c1960f0bbe8f41b8a03ae5adb36bf31585c18916894800e
[INFO] running `Command { std: "docker" "create" "-v" "/var/lib/crater-agent-workspace/builds/worker-5/target:/opt/rustwide/target:rw,Z" "-v" "/var/lib/crater-agent-workspace/builds/worker-5/source:/opt/rustwide/workdir:ro,Z" "-v" "/var/lib/crater-agent-workspace/cargo-home:/opt/rustwide/cargo-home:ro,Z" "-v" "/var/lib/crater-agent-workspace/rustup-home:/opt/rustwide/rustup-home:ro,Z" "-e" "SOURCE_DIR=/opt/rustwide/workdir" "-e" "CARGO_TARGET_DIR=/opt/rustwide/target" "-e" "CARGO_INCREMENTAL=0" "-e" "RUST_BACKTRACE=full" "-e" "RUSTFLAGS=--cap-lints=warn" "-e" "CARGO_HOME=/opt/rustwide/cargo-home" "-e" "RUSTUP_HOME=/opt/rustwide/rustup-home" "-w" "/opt/rustwide/workdir" "-m" "1610612736" "--user" "0:0" "--network" "none" "ghcr.io/rust-lang/crates-build-env/linux@sha256:34b6a614d2c27851fe6cbf88fbd1137609cefab8b10d0615aaeb6fd47975d74e" "/opt/rustwide/cargo-home/bin/cargo" "+beta-2021-08-01" "build" "--frozen" "--message-format=json", kill_on_drop: false }`
[INFO] [stdout] 57fcf1d5380dff007b38508fc5990263c9bcbdaa65924edf8b2a73600d535773
[INFO] running `Command { std: "docker" "start" "-a" "57fcf1d5380dff007b38508fc5990263c9bcbdaa65924edf8b2a73600d535773", kill_on_drop: false }`
[INFO] [stderr]    Compiling syn v1.0.74
[INFO] [stderr]    Compiling spin v0.5.2
[INFO] [stderr]    Compiling proc-macro2 v0.4.30
[INFO] [stderr]    Compiling untrusted v0.7.1
[INFO] [stderr]    Compiling serde v1.0.127
[INFO] [stderr]    Compiling syn v0.15.44
[INFO] [stderr]    Compiling radium v0.5.3
[INFO] [stderr]    Compiling async-trait v0.1.51
[INFO] [stderr]    Compiling tap v1.0.1
[INFO] [stderr]    Compiling wyz v0.2.0
[INFO] [stderr]    Compiling funty v1.1.0
[INFO] [stderr]    Compiling match_cfg v0.1.0
[INFO] [stderr]    Compiling quoted_printable v0.4.3
[INFO] [stderr]    Compiling fastrand v1.5.0
[INFO] [stderr]    Compiling httpdate v1.0.1
[INFO] [stderr]    Compiling pin-project-lite v0.2.7
[INFO] [stderr]    Compiling ring v0.16.20
[INFO] [stderr]    Compiling num-integer v0.1.44
[INFO] [stderr]    Compiling instant v0.1.10
[INFO] [stderr]    Compiling num-bigint v0.2.6
[INFO] [stderr]    Compiling lock_api v0.4.4
[INFO] [stderr]    Compiling nom v6.2.1
[INFO] [stderr]    Compiling tokio v1.9.0
[INFO] [stderr]    Compiling regex v1.4.6
[INFO] [stderr]    Compiling uuid v0.8.2
[INFO] [stderr]    Compiling hostname v0.3.1
[INFO] [stderr]    Compiling parking_lot_core v0.8.3
[INFO] [stderr]    Compiling parking_lot v0.11.1
[INFO] [stderr]    Compiling scheduled-thread-pool v0.2.5
[INFO] [stderr]    Compiling r2d2 v0.8.9
[INFO] [stderr]    Compiling bitvec v0.19.5
[INFO] [stderr]    Compiling chrono v0.4.19
[INFO] [stderr]    Compiling quote v0.6.13
[INFO] [stderr]    Compiling pem v0.8.3
[INFO] [stderr]    Compiling simple_asn1 v0.4.1
[INFO] [stderr]    Compiling serde_derive_internals v0.24.1
[INFO] [stderr]    Compiling webpki v0.21.4
[INFO] [stderr]    Compiling sct v0.6.1
[INFO] [stderr]    Compiling rustls v0.19.1
[INFO] [stderr]    Compiling webpki-roots v0.21.1
[INFO] [stderr]    Compiling pest_generator v2.1.3
[INFO] [stderr]    Compiling proc-macro-error v1.0.4
[INFO] [stderr]    Compiling validator_types v0.14.0
[INFO] [stderr]    Compiling serde_derive v1.0.127
[INFO] [stderr]    Compiling thiserror-impl v1.0.26
[INFO] [stderr]    Compiling pest_derive v2.1.0
[INFO] [stderr]    Compiling strum_macros v0.21.1
[INFO] [stderr]    Compiling structopt-derive v0.4.15
[INFO] [stderr]    Compiling tokio-macros v1.3.0
[INFO] [stderr]    Compiling lettre v0.10.0-rc.3
[INFO] [stderr]    Compiling thiserror v1.0.26
[INFO] [stderr]    Compiling strum v0.21.0
[INFO] [stderr]    Compiling typescript-definitions-derive-ufo-patch v0.1.11
[INFO] [stderr]    Compiling structopt v0.3.22
[INFO] [stderr]    Compiling serde_json v1.0.66
[INFO] [stderr]    Compiling typescript-definitions-ufo-patch v0.1.11
[INFO] [stderr]    Compiling c3p0_common v0.63.0
[INFO] [stderr]    Compiling jsonwebtoken v7.2.0
[INFO] [stderr]    Compiling validator v0.14.0
[INFO] [stderr]    Compiling lightspeed_core v0.40.0
[INFO] [stderr]    Compiling lightspeed_email v0.40.0 (/opt/rustwide/workdir)
[INFO] [stderr]     Finished dev [unoptimized + debuginfo] target(s) in 1m 00s
[INFO] running `Command { std: "docker" "inspect" "57fcf1d5380dff007b38508fc5990263c9bcbdaa65924edf8b2a73600d535773", kill_on_drop: false }`
[INFO] running `Command { std: "docker" "rm" "-f" "57fcf1d5380dff007b38508fc5990263c9bcbdaa65924edf8b2a73600d535773", kill_on_drop: false }`
[INFO] [stdout] 57fcf1d5380dff007b38508fc5990263c9bcbdaa65924edf8b2a73600d535773
[INFO] running `Command { std: "docker" "create" "-v" "/var/lib/crater-agent-workspace/builds/worker-5/target:/opt/rustwide/target:rw,Z" "-v" "/var/lib/crater-agent-workspace/builds/worker-5/source:/opt/rustwide/workdir:ro,Z" "-v" "/var/lib/crater-agent-workspace/cargo-home:/opt/rustwide/cargo-home:ro,Z" "-v" "/var/lib/crater-agent-workspace/rustup-home:/opt/rustwide/rustup-home:ro,Z" "-e" "SOURCE_DIR=/opt/rustwide/workdir" "-e" "CARGO_TARGET_DIR=/opt/rustwide/target" "-e" "CARGO_INCREMENTAL=0" "-e" "RUST_BACKTRACE=full" "-e" "RUSTFLAGS=--cap-lints=warn" "-e" "CARGO_HOME=/opt/rustwide/cargo-home" "-e" "RUSTUP_HOME=/opt/rustwide/rustup-home" "-w" "/opt/rustwide/workdir" "-m" "1610612736" "--user" "0:0" "--network" "none" "ghcr.io/rust-lang/crates-build-env/linux@sha256:34b6a614d2c27851fe6cbf88fbd1137609cefab8b10d0615aaeb6fd47975d74e" "/opt/rustwide/cargo-home/bin/cargo" "+beta-2021-08-01" "test" "--frozen" "--no-run" "--message-format=json", kill_on_drop: false }`
[INFO] [stdout] 1f0aba1b72ff6b94f6fb72736d79d8d1a6b14fa72856e8c05971fda82bf96b45
[INFO] running `Command { std: "docker" "start" "-a" "1f0aba1b72ff6b94f6fb72736d79d8d1a6b14fa72856e8c05971fda82bf96b45", kill_on_drop: false }`
[INFO] [stderr]    Compiling subtle v2.4.1
[INFO] [stderr]    Compiling ansi_term v0.12.1
[INFO] [stderr]    Compiling cpufeatures v0.1.5
[INFO] [stderr]    Compiling opaque-debug v0.3.0
[INFO] [stderr]    Compiling hex v0.4.3
[INFO] [stderr]    Compiling tracing-core v0.1.18
[INFO] [stderr]    Compiling regex-automata v0.1.10
[INFO] [stderr]    Compiling sharded-slab v0.1.3
[INFO] [stderr]    Compiling tracing-attributes v0.1.15
[INFO] [stderr]    Compiling digest v0.9.0
[INFO] [stderr]    Compiling pin-project-internal v1.0.8
[INFO] [stderr]    Compiling block-buffer v0.9.0
[INFO] [stderr]    Compiling crypto-mac v0.10.1
[INFO] [stderr]    Compiling sha2 v0.9.5
[INFO] [stderr]    Compiling hmac v0.10.1
[INFO] [stderr]    Compiling tracing-log v0.1.2
[INFO] [stderr]    Compiling tracing-serde v0.1.2
[INFO] [stderr]    Compiling testcontainers v0.12.0
[INFO] [stderr]    Compiling matchers v0.0.1
[INFO] [stderr]    Compiling pin-project v1.0.8
[INFO] [stderr]    Compiling tracing v0.1.26
[INFO] [stderr]    Compiling tracing-subscriber v0.2.19
[INFO] [stderr]    Compiling tracing-futures v0.2.5
[INFO] [stderr]    Compiling tracing-appender v0.1.2
[INFO] [stderr]    Compiling lightspeed_logger v0.40.0
[INFO] [stderr]    Compiling lightspeed_email v0.40.0 (/opt/rustwide/workdir)
[INFO] [stderr]     Finished test [unoptimized + debuginfo] target(s) in 20.97s
[INFO] running `Command { std: "docker" "inspect" "1f0aba1b72ff6b94f6fb72736d79d8d1a6b14fa72856e8c05971fda82bf96b45", kill_on_drop: false }`
[INFO] running `Command { std: "docker" "rm" "-f" "1f0aba1b72ff6b94f6fb72736d79d8d1a6b14fa72856e8c05971fda82bf96b45", kill_on_drop: false }`
[INFO] [stdout] 1f0aba1b72ff6b94f6fb72736d79d8d1a6b14fa72856e8c05971fda82bf96b45
[INFO] running `Command { std: "docker" "create" "-v" "/var/lib/crater-agent-workspace/builds/worker-5/target:/opt/rustwide/target:rw,Z" "-v" "/var/lib/crater-agent-workspace/builds/worker-5/source:/opt/rustwide/workdir:ro,Z" "-v" "/var/lib/crater-agent-workspace/cargo-home:/opt/rustwide/cargo-home:ro,Z" "-v" "/var/lib/crater-agent-workspace/rustup-home:/opt/rustwide/rustup-home:ro,Z" "-e" "SOURCE_DIR=/opt/rustwide/workdir" "-e" "CARGO_TARGET_DIR=/opt/rustwide/target" "-e" "CARGO_INCREMENTAL=0" "-e" "RUST_BACKTRACE=full" "-e" "RUSTFLAGS=--cap-lints=warn" "-e" "CARGO_HOME=/opt/rustwide/cargo-home" "-e" "RUSTUP_HOME=/opt/rustwide/rustup-home" "-w" "/opt/rustwide/workdir" "-m" "1610612736" "--user" "0:0" "--network" "none" "ghcr.io/rust-lang/crates-build-env/linux@sha256:34b6a614d2c27851fe6cbf88fbd1137609cefab8b10d0615aaeb6fd47975d74e" "/opt/rustwide/cargo-home/bin/cargo" "+beta-2021-08-01" "test" "--frozen", kill_on_drop: false }`
[INFO] [stdout] 8653680d79f306d4ca25f2fbda415747fba5327519639ad5184ebe62944b4402
[INFO] running `Command { std: "docker" "start" "-a" "8653680d79f306d4ca25f2fbda415747fba5327519639ad5184ebe62944b4402", kill_on_drop: false }`
[INFO] [stderr]     Finished test [unoptimized + debuginfo] target(s) in 0.08s
[INFO] [stderr]      Running unittests (/opt/rustwide/target/debug/deps/lightspeed_email-c074817ec518cc2f)
[INFO] [stdout] 
[INFO] [stdout] running 15 tests
[INFO] [stdout] test repository::fixed_recipient_email::test::should_build_data_from_recipients ... ok
[INFO] [stdout] test repository::fixed_recipient_email::test::should_build_subject_from_recipients ... ok
[INFO] [stdout] test repository::fixed_recipient_email::test::should_add_original_to_info_to_the_email_subject_even_if_not_present ... ok
[INFO] [stdout] test repository::fixed_recipient_email::test::should_add_original_to_info_to_the_email_subject_if_present ... ok
[INFO] [stdout] test repository::fixed_recipient_email::test::should_add_original_recipients_info_to_the_email_text_if_present ... ok
[INFO] [stdout] test repository::fixed_recipient_email::test::should_add_original_recipients_info_to_the_email_text_if_no_text_or_html_is_present ... ok
[INFO] [stdout] test repository::fixed_recipient_email::test::should_replace_recipients ... ok
[INFO] [stdout] test repository::fixed_recipient_email::test::should_add_original_recipients_info_to_the_email_html_if_present ... ok
[INFO] [stdout] test repository::in_memory_email::test::should_clear_emails ... ok
[INFO] [stdout] test config::test::should_build_config ... ok
[INFO] [stdout] test repository::email::test::should_build_fixed_recipient_client ... ok
[INFO] [stdout] test repository::in_memory_email::test::should_keep_emails_in_memory ... ok
[INFO] [stdout] test repository::email::test::should_fail_if_fixed_recipient_empty ... ok
[INFO] [stdout] test repository::email::test::should_build_in_memory_client ... ok
[INFO] [stdout] test repository::full_email::test::should_parse_address ... ok
[INFO] [stdout] 
[INFO] [stdout] test result: ok. 15 passed; 0 failed; 0 ignored; 0 measured; 0 filtered out; finished in 0.01s
[INFO] [stdout] 
[INFO] [stderr]      Running tests/email_test.rs (/opt/rustwide/target/debug/deps/email_test-78fa3db46429361b)
[INFO] [stdout] 
[INFO] [stdout] running 1 test
[INFO] [stdout] test should_start_the_mailserver ... FAILED
[INFO] [stdout] 
[INFO] [stdout] failures:
[INFO] [stdout] 
[INFO] [stdout] ---- should_start_the_mailserver stdout ----
[INFO] [stdout] thread 'should_start_the_mailserver' panicked at 'failed to start container', /opt/rustwide/cargo-home/registry/src/github.com-1ecc6299db9ec823/testcontainers-0.12.0/src/clients/cli.rs:145:9
[INFO] [stdout] stack backtrace:
[INFO] [stdout]    0:     0x5619d2959170 - std::backtrace_rs::backtrace::libunwind::trace::hff4d1766e93f64f1
[INFO] [stdout]                                at /rustc/53fd98ca776cb875bc9e5514f56b52eb74f9e7a9/library/std/src/../../backtrace/src/backtrace/libunwind.rs:90:5
[INFO] [stdout]    1:     0x5619d2959170 - std::backtrace_rs::backtrace::trace_unsynchronized::h56bbc8eb78770bcb
[INFO] [stdout]                                at /rustc/53fd98ca776cb875bc9e5514f56b52eb74f9e7a9/library/std/src/../../backtrace/src/backtrace/mod.rs:66:5
[INFO] [stdout]    2:     0x5619d2959170 - std::sys_common::backtrace::_print_fmt::h5c8e75464faca780
[INFO] [stdout]                                at /rustc/53fd98ca776cb875bc9e5514f56b52eb74f9e7a9/library/std/src/sys_common/backtrace.rs:67:5
[INFO] [stdout]    3:     0x5619d2959170 - <std::sys_common::backtrace::_print::DisplayBacktrace as core::fmt::Display>::fmt::h48b88277def8b362
[INFO] [stdout]                                at /rustc/53fd98ca776cb875bc9e5514f56b52eb74f9e7a9/library/std/src/sys_common/backtrace.rs:46:22
[INFO] [stdout]    4:     0x5619d297ccbc - core::fmt::write::h3381b3176fe2b3d3
[INFO] [stdout]                                at /rustc/53fd98ca776cb875bc9e5514f56b52eb74f9e7a9/library/core/src/fmt/mod.rs:1115:17
[INFO] [stdout]    5:     0x5619d2952ff5 - std::io::Write::write_fmt::h5f34a676f60246b5
[INFO] [stdout]                                at /rustc/53fd98ca776cb875bc9e5514f56b52eb74f9e7a9/library/std/src/io/mod.rs:1665:15
[INFO] [stdout]    6:     0x5619d295b4ab - std::sys_common::backtrace::_print::ha537687d6c17dd0d
[INFO] [stdout]                                at /rustc/53fd98ca776cb875bc9e5514f56b52eb74f9e7a9/library/std/src/sys_common/backtrace.rs:49:5
[INFO] [stdout]    7:     0x5619d295b4ab - std::sys_common::backtrace::print::h61376ae57d131d72
[INFO] [stdout]                                at /rustc/53fd98ca776cb875bc9e5514f56b52eb74f9e7a9/library/std/src/sys_common/backtrace.rs:36:9
[INFO] [stdout]    8:     0x5619d295b4ab - std::panicking::default_hook::{{closure}}::h0f7208c0b9644a54
[INFO] [stdout]                                at /rustc/53fd98ca776cb875bc9e5514f56b52eb74f9e7a9/library/std/src/panicking.rs:208:50
[INFO] [stdout]    9:     0x5619d295afbc - std::panicking::default_hook::hdac7fc06578c14ce
[INFO] [stdout]                                at /rustc/53fd98ca776cb875bc9e5514f56b52eb74f9e7a9/library/std/src/panicking.rs:222:9
[INFO] [stdout]   10:     0x5619d295bb74 - std::panicking::rust_panic_with_hook::h72b21c283da3d1ef
[INFO] [stdout]                                at /rustc/53fd98ca776cb875bc9e5514f56b52eb74f9e7a9/library/std/src/panicking.rs:622:17
[INFO] [stdout]   11:     0x5619d28be443 - std::panicking::begin_panic::{{closure}}::hea58dcb205ca024d
[INFO] [stdout]                                at /rustc/53fd98ca776cb875bc9e5514f56b52eb74f9e7a9/library/std/src/panicking.rs:542:9
[INFO] [stdout]   12:     0x5619d28be2c9 - std::sys_common::backtrace::__rust_end_short_backtrace::hfe4d64d60df01630
[INFO] [stdout]                                at /rustc/53fd98ca776cb875bc9e5514f56b52eb74f9e7a9/library/std/src/sys_common/backtrace.rs:141:18
[INFO] [stdout]   13:     0x5619d28be379 - std::panicking::begin_panic::h1037eafe24d0bb6d
[INFO] [stdout]                                at /rustc/53fd98ca776cb875bc9e5514f56b52eb74f9e7a9/library/std/src/panicking.rs:541:12
[INFO] [stdout]   14:     0x5619d244c3af - <testcontainers::clients::cli::Cli as testcontainers::core::docker::Docker>::run_with_args::h3e7e69bf6f3bf146
[INFO] [stdout]                                at /opt/rustwide/cargo-home/registry/src/github.com-1ecc6299db9ec823/testcontainers-0.12.0/src/clients/cli.rs:145:9
[INFO] [stdout]   15:     0x5619d244c6f4 - <testcontainers::clients::cli::Cli as testcontainers::core::docker::Docker>::run::hd0dcbef6a769d9c7
[INFO] [stdout]                                at /opt/rustwide/cargo-home/registry/src/github.com-1ecc6299db9ec823/testcontainers-0.12.0/src/clients/cli.rs:122:9
[INFO] [stdout]   16:     0x5619d244745e - email_test::new_mail_server::h9de215c60df335a0
[INFO] [stdout]                                at /opt/rustwide/workdir/tests/email_test.rs:9:16
[INFO] [stdout]   17:     0x5619d2447886 - email_test::should_start_the_mailserver::{{closure}}::he19b3478be3082e7
[INFO] [stdout]                                at /opt/rustwide/workdir/tests/email_test.rs:21:18
[INFO] [stdout]   18:     0x5619d244a99b - <core::future::from_generator::GenFuture<T> as core::future::future::Future>::poll::h26d6d3a87ed3e3fb
[INFO] [stdout]                                at /rustc/53fd98ca776cb875bc9e5514f56b52eb74f9e7a9/library/core/src/future/mod.rs:80:19
[INFO] [stdout]   19:     0x5619d244d0af - <core::pin::Pin<P> as core::future::future::Future>::poll::hf454b69e80538dbd
[INFO] [stdout]                                at /rustc/53fd98ca776cb875bc9e5514f56b52eb74f9e7a9/library/core/src/future/future.rs:119:9
[INFO] [stdout]   20:     0x5619d244fcc0 - tokio::runtime::basic_scheduler::Inner<P>::block_on::{{closure}}::{{closure}}::hf09b3f2c11f707cf
[INFO] [stdout]                                at /opt/rustwide/cargo-home/registry/src/github.com-1ecc6299db9ec823/tokio-1.9.0/src/runtime/basic_scheduler.rs:208:62
[INFO] [stdout]   21:     0x5619d2444a3c - tokio::coop::with_budget::{{closure}}::hada4ce16224fd08f
[INFO] [stdout]                                at /opt/rustwide/cargo-home/registry/src/github.com-1ecc6299db9ec823/tokio-1.9.0/src/coop.rs:106:9
[INFO] [stdout]   22:     0x5619d244a051 - std::thread::local::LocalKey<T>::try_with::h80c432b1e72b3766
[INFO] [stdout]                                at /rustc/53fd98ca776cb875bc9e5514f56b52eb74f9e7a9/library/std/src/thread/local.rs:399:16
[INFO] [stdout]   23:     0x5619d2449afd - std::thread::local::LocalKey<T>::with::h962a09662f2388e1
[INFO] [stdout]                                at /rustc/53fd98ca776cb875bc9e5514f56b52eb74f9e7a9/library/std/src/thread/local.rs:375:9
[INFO] [stdout]   24:     0x5619d244f61c - tokio::coop::with_budget::h93d36bb1749c5ba4
[INFO] [stdout]                                at /opt/rustwide/cargo-home/registry/src/github.com-1ecc6299db9ec823/tokio-1.9.0/src/coop.rs:99:5
[INFO] [stdout]   25:     0x5619d244f61c - tokio::coop::budget::hcf1a04b06cee73e6
[INFO] [stdout]                                at /opt/rustwide/cargo-home/registry/src/github.com-1ecc6299db9ec823/tokio-1.9.0/src/coop.rs:76:5
[INFO] [stdout]   26:     0x5619d244f61c - tokio::runtime::basic_scheduler::Inner<P>::block_on::{{closure}}::h79afcb4097fbc415
[INFO] [stdout]                                at /opt/rustwide/cargo-home/registry/src/github.com-1ecc6299db9ec823/tokio-1.9.0/src/runtime/basic_scheduler.rs:208:39
[INFO] [stdout]   27:     0x5619d2450791 - tokio::runtime::basic_scheduler::enter::{{closure}}::ha274895ffc720922
[INFO] [stdout]                                at /opt/rustwide/cargo-home/registry/src/github.com-1ecc6299db9ec823/tokio-1.9.0/src/runtime/basic_scheduler.rs:299:29
[INFO] [stdout]   28:     0x5619d244cf3d - tokio::macros::scoped_tls::ScopedKey<T>::set::h9346f44aaaa17f2d
[INFO] [stdout]                                at /opt/rustwide/cargo-home/registry/src/github.com-1ecc6299db9ec823/tokio-1.9.0/src/macros/scoped_tls.rs:61:9
[INFO] [stdout]   29:     0x5619d2450716 - tokio::runtime::basic_scheduler::enter::h5e73c8a0ab40a996
[INFO] [stdout]                                at /opt/rustwide/cargo-home/registry/src/github.com-1ecc6299db9ec823/tokio-1.9.0/src/runtime/basic_scheduler.rs:299:5
[INFO] [stdout]   30:     0x5619d244f2fb - tokio::runtime::basic_scheduler::Inner<P>::block_on::hb88e061a57259965
[INFO] [stdout]                                at /opt/rustwide/cargo-home/registry/src/github.com-1ecc6299db9ec823/tokio-1.9.0/src/runtime/basic_scheduler.rs:197:9
[INFO] [stdout]   31:     0x5619d244fd54 - tokio::runtime::basic_scheduler::InnerGuard<P>::block_on::hee84235cb5cc7eef
[INFO] [stdout]                                at /opt/rustwide/cargo-home/registry/src/github.com-1ecc6299db9ec823/tokio-1.9.0/src/runtime/basic_scheduler.rs:452:9
[INFO] [stdout]   32:     0x5619d2450081 - tokio::runtime::basic_scheduler::BasicScheduler<P>::block_on::hc1e4d7dab6d83bf1
[INFO] [stdout]                                at /opt/rustwide/cargo-home/registry/src/github.com-1ecc6299db9ec823/tokio-1.9.0/src/runtime/basic_scheduler.rs:157:24
[INFO] [stdout]   33:     0x5619d244525e - tokio::runtime::Runtime::block_on::h90fc234d07c26c3e
[INFO] [stdout]                                at /opt/rustwide/cargo-home/registry/src/github.com-1ecc6299db9ec823/tokio-1.9.0/src/runtime/mod.rs:450:46
[INFO] [stdout]   34:     0x5619d2447626 - email_test::should_start_the_mailserver::ha51c0e7b3be1b875
[INFO] [stdout]                                at /opt/rustwide/workdir/tests/email_test.rs:54:5
[INFO] [stdout]   35:     0x5619d244754a - email_test::should_start_the_mailserver::{{closure}}::h63f82a48d5a592a2
[INFO] [stdout]                                at /opt/rustwide/workdir/tests/email_test.rs:18:7
[INFO] [stdout]   36:     0x5619d24468ae - core::ops::function::FnOnce::call_once::h938fbce930e2418c
[INFO] [stdout]                                at /rustc/53fd98ca776cb875bc9e5514f56b52eb74f9e7a9/library/core/src/ops/function.rs:227:5
[INFO] [stdout]   37:     0x5619d2484903 - core::ops::function::FnOnce::call_once::hbb52c4519d3137b0
[INFO] [stdout]                                at /rustc/53fd98ca776cb875bc9e5514f56b52eb74f9e7a9/library/core/src/ops/function.rs:227:5
[INFO] [stdout]   38:     0x5619d2484903 - test::__rust_begin_short_backtrace::h86fe3a2a5a5121af
[INFO] [stdout]                                at /rustc/53fd98ca776cb875bc9e5514f56b52eb74f9e7a9/library/test/src/lib.rs:578:5
[INFO] [stdout]   39:     0x5619d24833b8 - <alloc::boxed::Box<F,A> as core::ops::function::FnOnce<Args>>::call_once::hfd956bc3d57399be
[INFO] [stdout]                                at /rustc/53fd98ca776cb875bc9e5514f56b52eb74f9e7a9/library/alloc/src/boxed.rs:1572:9
[INFO] [stdout]   40:     0x5619d24833b8 - <std::panic::AssertUnwindSafe<F> as core::ops::function::FnOnce<()>>::call_once::h40dc93e0ddb5938a
[INFO] [stdout]                                at /rustc/53fd98ca776cb875bc9e5514f56b52eb74f9e7a9/library/std/src/panic.rs:347:9
[INFO] [stdout]   41:     0x5619d24833b8 - std::panicking::try::do_call::h90d07750cb47c562
[INFO] [stdout]                                at /rustc/53fd98ca776cb875bc9e5514f56b52eb74f9e7a9/library/std/src/panicking.rs:401:40
[INFO] [stdout]   42:     0x5619d24833b8 - std::panicking::try::h063c84733ad2a629
[INFO] [stdout]                                at /rustc/53fd98ca776cb875bc9e5514f56b52eb74f9e7a9/library/std/src/panicking.rs:365:19
[INFO] [stdout]   43:     0x5619d24833b8 - std::panic::catch_unwind::h0c464836a84e7c08
[INFO] [stdout]                                at /rustc/53fd98ca776cb875bc9e5514f56b52eb74f9e7a9/library/std/src/panic.rs:434:14
[INFO] [stdout]   44:     0x5619d24833b8 - test::run_test_in_process::h5cb06ef620b157fc
[INFO] [stdout]                                at /rustc/53fd98ca776cb875bc9e5514f56b52eb74f9e7a9/library/test/src/lib.rs:601:18
[INFO] [stdout]   45:     0x5619d24833b8 - test::run_test::run_test_inner::{{closure}}::h76f677f4b93f9828
[INFO] [stdout]                                at /rustc/53fd98ca776cb875bc9e5514f56b52eb74f9e7a9/library/test/src/lib.rs:493:39
[INFO] [stdout]   46:     0x5619d2451b4d - test::run_test::run_test_inner::{{closure}}::h366d01fe04f4d67a
[INFO] [stdout]                                at /rustc/53fd98ca776cb875bc9e5514f56b52eb74f9e7a9/library/test/src/lib.rs:520:37
[INFO] [stdout]   47:     0x5619d2451b4d - std::sys_common::backtrace::__rust_begin_short_backtrace::h7dfa0de4eb395af2
[INFO] [stdout]                                at /rustc/53fd98ca776cb875bc9e5514f56b52eb74f9e7a9/library/std/src/sys_common/backtrace.rs:125:18
[INFO] [stdout]   48:     0x5619d2456318 - std::thread::Builder::spawn_unchecked::{{closure}}::{{closure}}::hf0a74bb58798037f
[INFO] [stdout]                                at /rustc/53fd98ca776cb875bc9e5514f56b52eb74f9e7a9/library/std/src/thread/mod.rs:476:17
[INFO] [stdout]   49:     0x5619d2456318 - <std::panic::AssertUnwindSafe<F> as core::ops::function::FnOnce<()>>::call_once::hb024e854818586ac
[INFO] [stdout]                                at /rustc/53fd98ca776cb875bc9e5514f56b52eb74f9e7a9/library/std/src/panic.rs:347:9
[INFO] [stdout]   50:     0x5619d2456318 - std::panicking::try::do_call::hb2dd9f1d0d48e41d
[INFO] [stdout]                                at /rustc/53fd98ca776cb875bc9e5514f56b52eb74f9e7a9/library/std/src/panicking.rs:401:40
[INFO] [stdout]   51:     0x5619d2456318 - std::panicking::try::h4717ae7bac8b2bf3
[INFO] [stdout]                                at /rustc/53fd98ca776cb875bc9e5514f56b52eb74f9e7a9/library/std/src/panicking.rs:365:19
[INFO] [stdout]   52:     0x5619d2456318 - std::panic::catch_unwind::h0dc8a061326ce8d8
[INFO] [stdout]                                at /rustc/53fd98ca776cb875bc9e5514f56b52eb74f9e7a9/library/std/src/panic.rs:434:14
[INFO] [stdout]   53:     0x5619d2456318 - std::thread::Builder::spawn_unchecked::{{closure}}::haa369e2d6fd00aa1
[INFO] [stdout]                                at /rustc/53fd98ca776cb875bc9e5514f56b52eb74f9e7a9/library/std/src/thread/mod.rs:475:30
[INFO] [stdout]   54:     0x5619d2456318 - core::ops::function::FnOnce::call_once{{vtable.shim}}::h36dcf3de8b056f17
[INFO] [stdout]                                at /rustc/53fd98ca776cb875bc9e5514f56b52eb74f9e7a9/library/core/src/ops/function.rs:227:5
[INFO] [stdout]   55:     0x5619d2961237 - <alloc::boxed::Box<F,A> as core::ops::function::FnOnce<Args>>::call_once::h65c29e4642be2358
[INFO] [stdout]                                at /rustc/53fd98ca776cb875bc9e5514f56b52eb74f9e7a9/library/alloc/src/boxed.rs:1572:9
[INFO] [stdout]   56:     0x5619d2961237 - <alloc::boxed::Box<F,A> as core::ops::function::FnOnce<Args>>::call_once::hd0f8f7fbbd9fffbf
[INFO] [stdout]                                at /rustc/53fd98ca776cb875bc9e5514f56b52eb74f9e7a9/library/alloc/src/boxed.rs:1572:9
[INFO] [stdout]   57:     0x5619d2961237 - std::sys::unix::thread::Thread::new::thread_start::h2fd22fee3ca77b65
[INFO] [stdout]                                at /rustc/53fd98ca776cb875bc9e5514f56b52eb74f9e7a9/library/std/src/sys/unix/thread.rs:74:17
[INFO] [stdout]   58:     0x7f2612cc7609 - start_thread
[INFO] [stdout]   59:     0x7f2612a99293 - clone
[INFO] [stdout]   60:                0x0 - <unknown>
[INFO] [stdout] 
[INFO] [stdout] 
[INFO] [stdout] failures:
[INFO] [stdout]     should_start_the_mailserver
[INFO] [stdout] 
[INFO] [stdout] test result: FAILED. 0 passed; 1 failed; 0 ignored; 0 measured; 0 filtered out; finished in 0.07s
[INFO] [stdout] 
[INFO] [stderr] error: test failed, to rerun pass '--test email_test'
[INFO] running `Command { std: "docker" "inspect" "8653680d79f306d4ca25f2fbda415747fba5327519639ad5184ebe62944b4402", kill_on_drop: false }`
[INFO] running `Command { std: "docker" "rm" "-f" "8653680d79f306d4ca25f2fbda415747fba5327519639ad5184ebe62944b4402", kill_on_drop: false }`
[INFO] [stdout] 8653680d79f306d4ca25f2fbda415747fba5327519639ad5184ebe62944b4402
