[INFO] fetching crate lightning-background-processor 0.0.99...
[INFO] testing lightning-background-processor-0.0.99 against 1.54.0 for beta-1.55-1
[INFO] extracting crate lightning-background-processor 0.0.99 into /workspace/builds/worker-62/source
[INFO] validating manifest of crates.io crate lightning-background-processor 0.0.99 on toolchain 1.54.0
[INFO] running `Command { std: "/workspace/cargo-home/bin/cargo" "+1.54.0" "metadata" "--manifest-path" "Cargo.toml" "--no-deps", kill_on_drop: false }`
[INFO] started tweaking crates.io crate lightning-background-processor 0.0.99
[INFO] finished tweaking crates.io crate lightning-background-processor 0.0.99
[INFO] tweaked toml for crates.io crate lightning-background-processor 0.0.99 written to /workspace/builds/worker-62/source/Cargo.toml
[INFO] running `Command { std: "/workspace/cargo-home/bin/cargo" "+1.54.0" "generate-lockfile" "--manifest-path" "Cargo.toml" "-Zno-index-update", kill_on_drop: false }`
[INFO] [stderr]     Blocking waiting for file lock on package cache
[INFO] running `Command { std: "/workspace/cargo-home/bin/cargo" "+1.54.0" "fetch" "--manifest-path" "Cargo.toml", kill_on_drop: false }`
[INFO] [stderr]     Blocking waiting for file lock on package cache
[INFO] [stderr]     Blocking waiting for file lock on package cache
[INFO] [stderr]  Downloading crates ...
[INFO] [stderr]   Downloaded lightning-persister v0.0.99
[INFO] running `Command { std: "docker" "create" "-v" "/var/lib/crater-agent-workspace/builds/worker-62/target:/opt/rustwide/target:rw,Z" "-v" "/var/lib/crater-agent-workspace/builds/worker-62/source:/opt/rustwide/workdir:ro,Z" "-v" "/var/lib/crater-agent-workspace/cargo-home:/opt/rustwide/cargo-home:ro,Z" "-v" "/var/lib/crater-agent-workspace/rustup-home:/opt/rustwide/rustup-home:ro,Z" "-e" "SOURCE_DIR=/opt/rustwide/workdir" "-e" "CARGO_TARGET_DIR=/opt/rustwide/target" "-e" "CARGO_HOME=/opt/rustwide/cargo-home" "-e" "RUSTUP_HOME=/opt/rustwide/rustup-home" "-w" "/opt/rustwide/workdir" "-m" "1610612736" "--user" "0:0" "--network" "none" "ghcr.io/rust-lang/crates-build-env/linux@sha256:34b6a614d2c27851fe6cbf88fbd1137609cefab8b10d0615aaeb6fd47975d74e" "/opt/rustwide/cargo-home/bin/cargo" "+1.54.0" "metadata" "--no-deps" "--format-version=1", kill_on_drop: false }`
[INFO] [stdout] 3106b2c9e5159f3f0df47ba47624cf33db17c93b2a7887dd231ee0053c40db78
[INFO] running `Command { std: "docker" "start" "-a" "3106b2c9e5159f3f0df47ba47624cf33db17c93b2a7887dd231ee0053c40db78", kill_on_drop: false }`
[INFO] running `Command { std: "docker" "inspect" "3106b2c9e5159f3f0df47ba47624cf33db17c93b2a7887dd231ee0053c40db78", kill_on_drop: false }`
[INFO] running `Command { std: "docker" "rm" "-f" "3106b2c9e5159f3f0df47ba47624cf33db17c93b2a7887dd231ee0053c40db78", kill_on_drop: false }`
[INFO] [stdout] 3106b2c9e5159f3f0df47ba47624cf33db17c93b2a7887dd231ee0053c40db78
[INFO] running `Command { std: "docker" "create" "-v" "/var/lib/crater-agent-workspace/builds/worker-62/target:/opt/rustwide/target:rw,Z" "-v" "/var/lib/crater-agent-workspace/builds/worker-62/source:/opt/rustwide/workdir:ro,Z" "-v" "/var/lib/crater-agent-workspace/cargo-home:/opt/rustwide/cargo-home:ro,Z" "-v" "/var/lib/crater-agent-workspace/rustup-home:/opt/rustwide/rustup-home:ro,Z" "-e" "SOURCE_DIR=/opt/rustwide/workdir" "-e" "CARGO_TARGET_DIR=/opt/rustwide/target" "-e" "CARGO_INCREMENTAL=0" "-e" "RUST_BACKTRACE=full" "-e" "RUSTFLAGS=--cap-lints=warn" "-e" "CARGO_HOME=/opt/rustwide/cargo-home" "-e" "RUSTUP_HOME=/opt/rustwide/rustup-home" "-w" "/opt/rustwide/workdir" "-m" "1610612736" "--user" "0:0" "--network" "none" "ghcr.io/rust-lang/crates-build-env/linux@sha256:34b6a614d2c27851fe6cbf88fbd1137609cefab8b10d0615aaeb6fd47975d74e" "/opt/rustwide/cargo-home/bin/cargo" "+1.54.0" "build" "--frozen" "--message-format=json", kill_on_drop: false }`
[INFO] [stdout] 3375e94e0d7fcb552e855bd25eb385ade70e77f0ed3655442015df1eb4be04bb
[INFO] running `Command { std: "docker" "start" "-a" "3375e94e0d7fcb552e855bd25eb385ade70e77f0ed3655442015df1eb4be04bb", kill_on_drop: false }`
[INFO] [stderr]     Blocking waiting for file lock on package cache
[INFO] [stderr]    Compiling libc v0.2.98
[INFO] [stderr]    Compiling winapi-build v0.1.1
[INFO] [stderr]    Compiling winapi v0.2.8
[INFO] [stderr]    Compiling bitcoin_hashes v0.9.7
[INFO] [stderr]    Compiling utf8-ranges v0.1.3
[INFO] [stderr]    Compiling bech32 v0.7.3
[INFO] [stderr]    Compiling regex-syntax v0.3.9
[INFO] [stderr]    Compiling hex v0.3.2
[INFO] [stderr]    Compiling secp256k1-sys v0.4.1
[INFO] [stderr]    Compiling bitcoinconsensus v0.19.0-3
[INFO] [stderr]    Compiling kernel32-sys v0.2.2
[INFO] [stderr]    Compiling memchr v0.1.11
[INFO] [stderr]    Compiling aho-corasick v0.5.3
[INFO] [stderr]    Compiling thread-id v2.0.0
[INFO] [stderr]    Compiling thread_local v0.2.7
[INFO] [stderr]    Compiling regex v0.1.80
[INFO] [stderr]    Compiling secp256k1 v0.20.3
[INFO] [stderr]    Compiling bitcoin v0.26.2
[INFO] [stderr]    Compiling lightning v0.0.99
[INFO] [stderr]    Compiling lightning-persister v0.0.99
[INFO] [stderr]    Compiling lightning-background-processor v0.0.99 (/opt/rustwide/workdir)
[INFO] [stderr]     Finished dev [unoptimized + debuginfo] target(s) in 1m 01s
[INFO] running `Command { std: "docker" "inspect" "3375e94e0d7fcb552e855bd25eb385ade70e77f0ed3655442015df1eb4be04bb", kill_on_drop: false }`
[INFO] running `Command { std: "docker" "rm" "-f" "3375e94e0d7fcb552e855bd25eb385ade70e77f0ed3655442015df1eb4be04bb", kill_on_drop: false }`
[INFO] [stdout] 3375e94e0d7fcb552e855bd25eb385ade70e77f0ed3655442015df1eb4be04bb
[INFO] running `Command { std: "docker" "create" "-v" "/var/lib/crater-agent-workspace/builds/worker-62/target:/opt/rustwide/target:rw,Z" "-v" "/var/lib/crater-agent-workspace/builds/worker-62/source:/opt/rustwide/workdir:ro,Z" "-v" "/var/lib/crater-agent-workspace/cargo-home:/opt/rustwide/cargo-home:ro,Z" "-v" "/var/lib/crater-agent-workspace/rustup-home:/opt/rustwide/rustup-home:ro,Z" "-e" "SOURCE_DIR=/opt/rustwide/workdir" "-e" "CARGO_TARGET_DIR=/opt/rustwide/target" "-e" "CARGO_INCREMENTAL=0" "-e" "RUST_BACKTRACE=full" "-e" "RUSTFLAGS=--cap-lints=warn" "-e" "CARGO_HOME=/opt/rustwide/cargo-home" "-e" "RUSTUP_HOME=/opt/rustwide/rustup-home" "-w" "/opt/rustwide/workdir" "-m" "1610612736" "--user" "0:0" "--network" "none" "ghcr.io/rust-lang/crates-build-env/linux@sha256:34b6a614d2c27851fe6cbf88fbd1137609cefab8b10d0615aaeb6fd47975d74e" "/opt/rustwide/cargo-home/bin/cargo" "+1.54.0" "test" "--frozen" "--no-run" "--message-format=json", kill_on_drop: false }`
[INFO] [stdout] eddcc854f9296610d438ea8e865e25ea6d50f01c818304731e85f30a4541cad0
[INFO] running `Command { std: "docker" "start" "-a" "eddcc854f9296610d438ea8e865e25ea6d50f01c818304731e85f30a4541cad0", kill_on_drop: false }`
[INFO] [stderr]     Blocking waiting for file lock on package cache
[INFO] [stderr]    Compiling lightning-background-processor v0.0.99 (/opt/rustwide/workdir)
[INFO] [stderr]     Finished test [unoptimized + debuginfo] target(s) in 6.60s
[INFO] running `Command { std: "docker" "inspect" "eddcc854f9296610d438ea8e865e25ea6d50f01c818304731e85f30a4541cad0", kill_on_drop: false }`
[INFO] running `Command { std: "docker" "rm" "-f" "eddcc854f9296610d438ea8e865e25ea6d50f01c818304731e85f30a4541cad0", kill_on_drop: false }`
[INFO] [stdout] eddcc854f9296610d438ea8e865e25ea6d50f01c818304731e85f30a4541cad0
[INFO] running `Command { std: "docker" "create" "-v" "/var/lib/crater-agent-workspace/builds/worker-62/target:/opt/rustwide/target:rw,Z" "-v" "/var/lib/crater-agent-workspace/builds/worker-62/source:/opt/rustwide/workdir:ro,Z" "-v" "/var/lib/crater-agent-workspace/cargo-home:/opt/rustwide/cargo-home:ro,Z" "-v" "/var/lib/crater-agent-workspace/rustup-home:/opt/rustwide/rustup-home:ro,Z" "-e" "SOURCE_DIR=/opt/rustwide/workdir" "-e" "CARGO_TARGET_DIR=/opt/rustwide/target" "-e" "CARGO_INCREMENTAL=0" "-e" "RUST_BACKTRACE=full" "-e" "RUSTFLAGS=--cap-lints=warn" "-e" "CARGO_HOME=/opt/rustwide/cargo-home" "-e" "RUSTUP_HOME=/opt/rustwide/rustup-home" "-w" "/opt/rustwide/workdir" "-m" "1610612736" "--user" "0:0" "--network" "none" "ghcr.io/rust-lang/crates-build-env/linux@sha256:34b6a614d2c27851fe6cbf88fbd1137609cefab8b10d0615aaeb6fd47975d74e" "/opt/rustwide/cargo-home/bin/cargo" "+1.54.0" "test" "--frozen", kill_on_drop: false }`
[INFO] [stdout] 43f7e646349bbfab9de486402879b84cdbfe67f77c6c2a559d171607c35d22c9
[INFO] running `Command { std: "docker" "start" "-a" "43f7e646349bbfab9de486402879b84cdbfe67f77c6c2a559d171607c35d22c9", kill_on_drop: false }`
[INFO] [stderr]     Finished test [unoptimized + debuginfo] target(s) in 0.25s
[INFO] [stderr]      Running unittests (/opt/rustwide/target/debug/deps/lightning_background_processor-89cf20b367153430)
[INFO] [stdout] 
[INFO] [stdout] running 4 tests
[INFO] [stdout] test tests::test_persist_error ... FAILED
[INFO] [stdout] test tests::test_background_processor ... FAILED
[INFO] [stdout] test tests::test_background_event_handling ... FAILED
[INFO] [stdout] test tests::test_timer_tick_called ... ok
[INFO] [stdout] 
[INFO] [stdout] failures:
[INFO] [stdout] 
[INFO] [stdout] ---- tests::test_persist_error stdout ----
[INFO] [stdout] TRACE node 0 [lightning::ln::channel : /opt/rustwide/cargo-home/registry/src/github.com-1ecc6299db9ec823/lightning-0.0.99/src/ln/channel.rs, 925] Building commitment transaction number 281474976710655 (really 0 xor 212379114084449) for channel 1a1d075e0758d262dba5fc6690d7cfceb2cdc4acd92ebcf93886d1d590227246 for remote, generated by remote with fee 253...
[INFO] [stdout] TRACE node 0 [lightning::ln::channel : /opt/rustwide/cargo-home/registry/src/github.com-1ecc6299db9ec823/lightning-0.0.99/src/ln/channel.rs, 1062]    ...including to_local output with value 99816
[INFO] [stdout] TRACE node 1 [lightning::ln::channel : /opt/rustwide/cargo-home/registry/src/github.com-1ecc6299db9ec823/lightning-0.0.99/src/ln/channel.rs, 925] Building commitment transaction number 281474976710655 (really 0 xor 212379114084449) for channel 1a1d075e0758d262dba5fc6690d7cfceb2cdc4acd92ebcf93886d1d590227246 for us, generated by remote with fee 253...
[INFO] [stdout] TRACE node 1 [lightning::ln::channel : /opt/rustwide/cargo-home/registry/src/github.com-1ecc6299db9ec823/lightning-0.0.99/src/ln/channel.rs, 1062]    ...including to_remote output with value 99816
[INFO] [stdout] TRACE node 1 [lightning::ln::channel : /opt/rustwide/cargo-home/registry/src/github.com-1ecc6299db9ec823/lightning-0.0.99/src/ln/channel.rs, 1549] Checking funding_created tx signature d893d447e4167df98a4c3126440d6740174a9e2491e4bb721f4f69b61152dca41d13e2be98bb7ac82fe0296a863fa78eab08a254f6ccc9ab2330054a5c329ca5 by key 029b1e98e92474d571e3f67caceaa4fbd66528e0715b7bcb57afb923eadba003c9 against tx 0200000001d7ced13782e86e9c3ac1a299c11e4c063fe162bef6d6df4137198e32e8e4572600000000005d28c18001e885010000000000160014856b531c4becf9c64a5ac249a87afc25731590556118a720 (sighash 41be9bd09e2c65b1539ef637862bdab47f542bd271c60653922fd7a4b72e26e8) with redeemscript 475221029b1e98e92474d571e3f67caceaa4fbd66528e0715b7bcb57afb923eadba003c92102d6955cef753f9e11b020bf260f8072e8ccbd5cf0568c09f24e35fb862082c36552ae for channel 1a1d075e0758d262dba5fc6690d7cfceb2cdc4acd92ebcf93886d1d590227246.
[INFO] [stdout] TRACE node 1 [lightning::ln::channel : /opt/rustwide/cargo-home/registry/src/github.com-1ecc6299db9ec823/lightning-0.0.99/src/ln/channel.rs, 925] Building commitment transaction number 281474976710655 (really 0 xor 212379114084449) for channel 1a1d075e0758d262dba5fc6690d7cfceb2cdc4acd92ebcf93886d1d590227246 for remote, generated by remote with fee 253...
[INFO] [stdout] TRACE node 1 [lightning::ln::channel : /opt/rustwide/cargo-home/registry/src/github.com-1ecc6299db9ec823/lightning-0.0.99/src/ln/channel.rs, 1056]    ...including to_remote output with value 99816
[INFO] [stdout] TRACE node 1 [lightning::ln::channel : /opt/rustwide/cargo-home/registry/src/github.com-1ecc6299db9ec823/lightning-0.0.99/src/ln/channel.rs, 1561] Initial counterparty tx for channel 1a1d075e0758d262dba5fc6690d7cfceb2cdc4acd92ebcf93886d1d590227246 is: txid 1513b46cdf4db894abd7e83303d38db0da9a97107567fd8fbd28806c475c9abe tx 0200000001d7ced13782e86e9c3ac1a299c11e4c063fe162bef6d6df4137198e32e8e4572600000000005d28c18001e88501000000000022002069e4333fd5a9b56e9888fd1c347bdd4b66ceed0201707e6d5c266fc386ec7e316118a720
[INFO] [stdout] TRACE node 1 [lightning::chain::channelmonitor : /opt/rustwide/cargo-home/registry/src/github.com-1ecc6299db9ec823/lightning-0.0.99/src/chain/channelmonitor.rs, 1261] Tracking new counterparty commitment transaction with txid 1513b46cdf4db894abd7e83303d38db0da9a97107567fd8fbd28806c475c9abe at commitment number 281474976710655 with 0 HTLC outputs
[INFO] [stdout] INFO  node 1 [lightning::ln::channel : /opt/rustwide/cargo-home/registry/src/github.com-1ecc6299db9ec823/lightning-0.0.99/src/ln/channel.rs, 1638] Generated funding_signed for peer for channel d7ced13782e86e9c3ac1a299c11e4c063fe162bef6d6df4137198e32e8e45726
[INFO] [stdout] ERROR node 1 [lightning::chain::chainmonitor : /opt/rustwide/cargo-home/registry/src/github.com-1ecc6299db9ec823/lightning-0.0.99/src/chain/chainmonitor.rs, 249] Failed to persist new channel data
[INFO] [stdout] ERROR node 1 [lightning::ln::channelmanager : /opt/rustwide/cargo-home/registry/src/github.com-1ecc6299db9ec823/lightning-0.0.99/src/ln/channelmanager.rs, 4177] ChannelMonitor storage failure
[INFO] [stdout] thread 'tests::test_persist_error' panicked at 'Unexpected event', src/lib.rs:414:9
[INFO] [stdout] stack backtrace:
[INFO] [stdout]    0:     0x55a1eb44cd30 - std::backtrace_rs::backtrace::libunwind::trace::h34055254b57d8e79
[INFO] [stdout]                                at /rustc/a178d0322ce20e33eac124758e837cbd80a6f633/library/std/src/../../backtrace/src/backtrace/libunwind.rs:90:5
[INFO] [stdout]    1:     0x55a1eb44cd30 - std::backtrace_rs::backtrace::trace_unsynchronized::h8f1e3fbd9afff6ec
[INFO] [stdout]                                at /rustc/a178d0322ce20e33eac124758e837cbd80a6f633/library/std/src/../../backtrace/src/backtrace/mod.rs:66:5
[INFO] [stdout]    2:     0x55a1eb44cd30 - std::sys_common::backtrace::_print_fmt::h3a99a796b770c360
[INFO] [stdout]                                at /rustc/a178d0322ce20e33eac124758e837cbd80a6f633/library/std/src/sys_common/backtrace.rs:67:5
[INFO] [stdout]    3:     0x55a1eb44cd30 - <std::sys_common::backtrace::_print::DisplayBacktrace as core::fmt::Display>::fmt::h32d1f94a80615d18
[INFO] [stdout]                                at /rustc/a178d0322ce20e33eac124758e837cbd80a6f633/library/std/src/sys_common/backtrace.rs:46:22
[INFO] [stdout]    4:     0x55a1eb470a2c - core::fmt::write::h306731c068f7162c
[INFO] [stdout]                                at /rustc/a178d0322ce20e33eac124758e837cbd80a6f633/library/core/src/fmt/mod.rs:1110:17
[INFO] [stdout]    5:     0x55a1eb449745 - std::io::Write::write_fmt::h87f19b0a2cd190bc
[INFO] [stdout]                                at /rustc/a178d0322ce20e33eac124758e837cbd80a6f633/library/std/src/io/mod.rs:1588:15
[INFO] [stdout]    6:     0x55a1eb44f38b - std::sys_common::backtrace::_print::h5abaa2601a852287
[INFO] [stdout]                                at /rustc/a178d0322ce20e33eac124758e837cbd80a6f633/library/std/src/sys_common/backtrace.rs:49:5
[INFO] [stdout]    7:     0x55a1eb44f38b - std::sys_common::backtrace::print::h8d81445442bb638f
[INFO] [stdout]                                at /rustc/a178d0322ce20e33eac124758e837cbd80a6f633/library/std/src/sys_common/backtrace.rs:36:9
[INFO] [stdout]    8:     0x55a1eb44f38b - std::panicking::default_hook::{{closure}}::hcfe804496a9fa747
[INFO] [stdout]                                at /rustc/a178d0322ce20e33eac124758e837cbd80a6f633/library/std/src/panicking.rs:208:50
[INFO] [stdout]    9:     0x55a1eb44ee9c - std::panicking::default_hook::hbea8e3ccf2ba8901
[INFO] [stdout]                                at /rustc/a178d0322ce20e33eac124758e837cbd80a6f633/library/std/src/panicking.rs:222:9
[INFO] [stdout]   10:     0x55a1eb44fa54 - std::panicking::rust_panic_with_hook::h7ee9e1a2d0f8975a
[INFO] [stdout]                                at /rustc/a178d0322ce20e33eac124758e837cbd80a6f633/library/std/src/panicking.rs:622:17
[INFO] [stdout]   11:     0x55a1eb3d12b3 - std::panicking::begin_panic::{{closure}}::h07c1c06647529994
[INFO] [stdout]                                at /rustc/a178d0322ce20e33eac124758e837cbd80a6f633/library/std/src/panicking.rs:542:9
[INFO] [stdout]   12:     0x55a1eb3d23f9 - std::sys_common::backtrace::__rust_end_short_backtrace::h6ee0351005c9a167
[INFO] [stdout]                                at /rustc/a178d0322ce20e33eac124758e837cbd80a6f633/library/std/src/sys_common/backtrace.rs:141:18
[INFO] [stdout]   13:     0x55a1eb3d11e9 - std::panicking::begin_panic::h1862840fee8c50d8
[INFO] [stdout]                                at /rustc/a178d0322ce20e33eac124758e837cbd80a6f633/library/std/src/panicking.rs:541:12
[INFO] [stdout]   14:     0x55a1eb159852 - lightning_background_processor::tests::test_persist_error::he9137cba7f6c4e70
[INFO] [stdout]                                at /opt/rustwide/workdir/src/lib.rs:414:3
[INFO] [stdout]   15:     0x55a1eb15814a - lightning_background_processor::tests::test_persist_error::{{closure}}::h2a3707cf5c0b24db
[INFO] [stdout]                                at /opt/rustwide/workdir/src/lib.rs:411:2
[INFO] [stdout]   16:     0x55a1eb19f94e - core::ops::function::FnOnce::call_once::h6ff216b60d57db7b
[INFO] [stdout]                                at /rustc/a178d0322ce20e33eac124758e837cbd80a6f633/library/core/src/ops/function.rs:227:5
[INFO] [stdout]   17:     0x55a1eb251463 - core::ops::function::FnOnce::call_once::h152e7e439ff59e19
[INFO] [stdout]                                at /rustc/a178d0322ce20e33eac124758e837cbd80a6f633/library/core/src/ops/function.rs:227:5
[INFO] [stdout]   18:     0x55a1eb251463 - test::__rust_begin_short_backtrace::h0908f3b1fdbb72ab
[INFO] [stdout]                                at /rustc/a178d0322ce20e33eac124758e837cbd80a6f633/library/test/src/lib.rs:577:5
[INFO] [stdout]   19:     0x55a1eb24ff20 - <alloc::boxed::Box<F,A> as core::ops::function::FnOnce<Args>>::call_once::hf6d2a51e5587546c
[INFO] [stdout]                                at /rustc/a178d0322ce20e33eac124758e837cbd80a6f633/library/alloc/src/boxed.rs:1575:9
[INFO] [stdout]   20:     0x55a1eb24ff20 - <std::panic::AssertUnwindSafe<F> as core::ops::function::FnOnce<()>>::call_once::h8af660f3a89ef593
[INFO] [stdout]                                at /rustc/a178d0322ce20e33eac124758e837cbd80a6f633/library/std/src/panic.rs:347:9
[INFO] [stdout]   21:     0x55a1eb24ff20 - std::panicking::try::do_call::hd36aef60f84b6d36
[INFO] [stdout]                                at /rustc/a178d0322ce20e33eac124758e837cbd80a6f633/library/std/src/panicking.rs:401:40
[INFO] [stdout]   22:     0x55a1eb24ff20 - std::panicking::try::h9932b4480e69817c
[INFO] [stdout]                                at /rustc/a178d0322ce20e33eac124758e837cbd80a6f633/library/std/src/panicking.rs:365:19
[INFO] [stdout]   23:     0x55a1eb24ff20 - std::panic::catch_unwind::h6aa177099cfff5f8
[INFO] [stdout]                                at /rustc/a178d0322ce20e33eac124758e837cbd80a6f633/library/std/src/panic.rs:434:14
[INFO] [stdout]   24:     0x55a1eb24ff20 - test::run_test_in_process::h5884d6f2d99e20c3
[INFO] [stdout]                                at /rustc/a178d0322ce20e33eac124758e837cbd80a6f633/library/test/src/lib.rs:600:18
[INFO] [stdout]   25:     0x55a1eb24ff20 - test::run_test::run_test_inner::{{closure}}::h6fdc58c6d5f5b6e3
[INFO] [stdout]                                at /rustc/a178d0322ce20e33eac124758e837cbd80a6f633/library/test/src/lib.rs:492:39
[INFO] [stdout]   26:     0x55a1eb2295d2 - test::run_test::run_test_inner::{{closure}}::h408365d67a78ade8
[INFO] [stdout]                                at /rustc/a178d0322ce20e33eac124758e837cbd80a6f633/library/test/src/lib.rs:519:37
[INFO] [stdout]   27:     0x55a1eb2295d2 - std::sys_common::backtrace::__rust_begin_short_backtrace::hb560b77c4f701523
[INFO] [stdout]                                at /rustc/a178d0322ce20e33eac124758e837cbd80a6f633/library/std/src/sys_common/backtrace.rs:125:18
[INFO] [stdout]   28:     0x55a1eb22d188 - std::thread::Builder::spawn_unchecked::{{closure}}::{{closure}}::hf2e7831dad93c597
[INFO] [stdout]                                at /rustc/a178d0322ce20e33eac124758e837cbd80a6f633/library/std/src/thread/mod.rs:481:17
[INFO] [stdout]   29:     0x55a1eb22d188 - <std::panic::AssertUnwindSafe<F> as core::ops::function::FnOnce<()>>::call_once::hd2e08783d8be4d02
[INFO] [stdout]                                at /rustc/a178d0322ce20e33eac124758e837cbd80a6f633/library/std/src/panic.rs:347:9
[INFO] [stdout]   30:     0x55a1eb22d188 - std::panicking::try::do_call::h062597b7acfd6b82
[INFO] [stdout]                                at /rustc/a178d0322ce20e33eac124758e837cbd80a6f633/library/std/src/panicking.rs:401:40
[INFO] [stdout]   31:     0x55a1eb22d188 - std::panicking::try::h0d7b79db04c14552
[INFO] [stdout]                                at /rustc/a178d0322ce20e33eac124758e837cbd80a6f633/library/std/src/panicking.rs:365:19
[INFO] [stdout]   32:     0x55a1eb22d188 - std::panic::catch_unwind::hb01a0b5e7c8cd43b
[INFO] [stdout]                                at /rustc/a178d0322ce20e33eac124758e837cbd80a6f633/library/std/src/panic.rs:434:14
[INFO] [stdout]   33:     0x55a1eb22d188 - std::thread::Builder::spawn_unchecked::{{closure}}::h5bde48cc887e0d1e
[INFO] [stdout]                                at /rustc/a178d0322ce20e33eac124758e837cbd80a6f633/library/std/src/thread/mod.rs:480:30
[INFO] [stdout]   34:     0x55a1eb22d188 - core::ops::function::FnOnce::call_once{{vtable.shim}}::h745ea30807a29e55
[INFO] [stdout]                                at /rustc/a178d0322ce20e33eac124758e837cbd80a6f633/library/core/src/ops/function.rs:227:5
[INFO] [stdout]   35:     0x55a1eb4554c7 - <alloc::boxed::Box<F,A> as core::ops::function::FnOnce<Args>>::call_once::h7ece6cfefaff1005
[INFO] [stdout]                                at /rustc/a178d0322ce20e33eac124758e837cbd80a6f633/library/alloc/src/boxed.rs:1575:9
[INFO] [stdout]   36:     0x55a1eb4554c7 - <alloc::boxed::Box<F,A> as core::ops::function::FnOnce<Args>>::call_once::hb8b48e55c21f193e
[INFO] [stdout]                                at /rustc/a178d0322ce20e33eac124758e837cbd80a6f633/library/alloc/src/boxed.rs:1575:9
[INFO] [stdout]   37:     0x55a1eb4554c7 - std::sys::unix::thread::Thread::new::thread_start::h8c7c4450dba62914
[INFO] [stdout]                                at /rustc/a178d0322ce20e33eac124758e837cbd80a6f633/library/std/src/sys/unix/thread.rs:71:17
[INFO] [stdout]   38:     0x7f95ab714609 - start_thread
[INFO] [stdout]   39:     0x7f95ab4e4293 - clone
[INFO] [stdout]   40:                0x0 - <unknown>
[INFO] [stdout] Failed to remove test persister directory test_persist_error_persister_0: No such file or directory (os error 2)
[INFO] [stdout] Failed to remove test persister directory test_persist_error_persister_1: No such file or directory (os error 2)
[INFO] [stdout] 
[INFO] [stdout] ---- tests::test_background_processor stdout ----
[INFO] [stdout] TRACE node 0 [lightning::ln::channel : /opt/rustwide/cargo-home/registry/src/github.com-1ecc6299db9ec823/lightning-0.0.99/src/ln/channel.rs, 925] Building commitment transaction number 281474976710655 (really 0 xor 212379114084449) for channel 1a1d075e0758d262dba5fc6690d7cfceb2cdc4acd92ebcf93886d1d590227246 for remote, generated by remote with fee 253...
[INFO] [stdout] TRACE node 0 [lightning::ln::channel : /opt/rustwide/cargo-home/registry/src/github.com-1ecc6299db9ec823/lightning-0.0.99/src/ln/channel.rs, 1062]    ...including to_local output with value 99816
[INFO] [stdout] TRACE node 1 [lightning::ln::channel : /opt/rustwide/cargo-home/registry/src/github.com-1ecc6299db9ec823/lightning-0.0.99/src/ln/channel.rs, 925] Building commitment transaction number 281474976710655 (really 0 xor 212379114084449) for channel 1a1d075e0758d262dba5fc6690d7cfceb2cdc4acd92ebcf93886d1d590227246 for us, generated by remote with fee 253...
[INFO] [stdout] TRACE node 1 [lightning::ln::channel : /opt/rustwide/cargo-home/registry/src/github.com-1ecc6299db9ec823/lightning-0.0.99/src/ln/channel.rs, 1062]    ...including to_remote output with value 99816
[INFO] [stdout] TRACE node 1 [lightning::ln::channel : /opt/rustwide/cargo-home/registry/src/github.com-1ecc6299db9ec823/lightning-0.0.99/src/ln/channel.rs, 1549] Checking funding_created tx signature d893d447e4167df98a4c3126440d6740174a9e2491e4bb721f4f69b61152dca41d13e2be98bb7ac82fe0296a863fa78eab08a254f6ccc9ab2330054a5c329ca5 by key 029b1e98e92474d571e3f67caceaa4fbd66528e0715b7bcb57afb923eadba003c9 against tx 0200000001d7ced13782e86e9c3ac1a299c11e4c063fe162bef6d6df4137198e32e8e4572600000000005d28c18001e885010000000000160014856b531c4becf9c64a5ac249a87afc25731590556118a720 (sighash 41be9bd09e2c65b1539ef637862bdab47f542bd271c60653922fd7a4b72e26e8) with redeemscript 475221029b1e98e92474d571e3f67caceaa4fbd66528e0715b7bcb57afb923eadba003c92102d6955cef753f9e11b020bf260f8072e8ccbd5cf0568c09f24e35fb862082c36552ae for channel 1a1d075e0758d262dba5fc6690d7cfceb2cdc4acd92ebcf93886d1d590227246.
[INFO] [stdout] TRACE node 1 [lightning::ln::channel : /opt/rustwide/cargo-home/registry/src/github.com-1ecc6299db9ec823/lightning-0.0.99/src/ln/channel.rs, 925] Building commitment transaction number 281474976710655 (really 0 xor 212379114084449) for channel 1a1d075e0758d262dba5fc6690d7cfceb2cdc4acd92ebcf93886d1d590227246 for remote, generated by remote with fee 253...
[INFO] [stdout] TRACE node 1 [lightning::ln::channel : /opt/rustwide/cargo-home/registry/src/github.com-1ecc6299db9ec823/lightning-0.0.99/src/ln/channel.rs, 1056]    ...including to_remote output with value 99816
[INFO] [stdout] TRACE node 1 [lightning::ln::channel : /opt/rustwide/cargo-home/registry/src/github.com-1ecc6299db9ec823/lightning-0.0.99/src/ln/channel.rs, 1561] Initial counterparty tx for channel 1a1d075e0758d262dba5fc6690d7cfceb2cdc4acd92ebcf93886d1d590227246 is: txid 1513b46cdf4db894abd7e83303d38db0da9a97107567fd8fbd28806c475c9abe tx 0200000001d7ced13782e86e9c3ac1a299c11e4c063fe162bef6d6df4137198e32e8e4572600000000005d28c18001e88501000000000022002069e4333fd5a9b56e9888fd1c347bdd4b66ceed0201707e6d5c266fc386ec7e316118a720
[INFO] [stdout] TRACE node 1 [lightning::chain::channelmonitor : /opt/rustwide/cargo-home/registry/src/github.com-1ecc6299db9ec823/lightning-0.0.99/src/chain/channelmonitor.rs, 1261] Tracking new counterparty commitment transaction with txid 1513b46cdf4db894abd7e83303d38db0da9a97107567fd8fbd28806c475c9abe at commitment number 281474976710655 with 0 HTLC outputs
[INFO] [stdout] INFO  node 1 [lightning::ln::channel : /opt/rustwide/cargo-home/registry/src/github.com-1ecc6299db9ec823/lightning-0.0.99/src/ln/channel.rs, 1638] Generated funding_signed for peer for channel d7ced13782e86e9c3ac1a299c11e4c063fe162bef6d6df4137198e32e8e45726
[INFO] [stdout] ERROR node 1 [lightning::chain::chainmonitor : /opt/rustwide/cargo-home/registry/src/github.com-1ecc6299db9ec823/lightning-0.0.99/src/chain/chainmonitor.rs, 249] Failed to persist new channel data
[INFO] [stdout] ERROR node 1 [lightning::ln::channelmanager : /opt/rustwide/cargo-home/registry/src/github.com-1ecc6299db9ec823/lightning-0.0.99/src/ln/channelmanager.rs, 4177] ChannelMonitor storage failure
[INFO] [stdout] thread 'tests::test_background_processor' panicked at 'Unexpected event', src/lib.rs:339:18
[INFO] [stdout] stack backtrace:
[INFO] [stdout]    0:     0x55a1eb44cd30 - std::backtrace_rs::backtrace::libunwind::trace::h34055254b57d8e79
[INFO] [stdout]                                at /rustc/a178d0322ce20e33eac124758e837cbd80a6f633/library/std/src/../../backtrace/src/backtrace/libunwind.rs:90:5
[INFO] [stdout]    1:     0x55a1eb44cd30 - std::backtrace_rs::backtrace::trace_unsynchronized::h8f1e3fbd9afff6ec
[INFO] [stdout]                                at /rustc/a178d0322ce20e33eac124758e837cbd80a6f633/library/std/src/../../backtrace/src/backtrace/mod.rs:66:5
[INFO] [stdout]    2:     0x55a1eb44cd30 - std::sys_common::backtrace::_print_fmt::h3a99a796b770c360
[INFO] [stdout]                                at /rustc/a178d0322ce20e33eac124758e837cbd80a6f633/library/std/src/sys_common/backtrace.rs:67:5
[INFO] [stdout]    3:     0x55a1eb44cd30 - <std::sys_common::backtrace::_print::DisplayBacktrace as core::fmt::Display>::fmt::h32d1f94a80615d18
[INFO] [stdout]                                at /rustc/a178d0322ce20e33eac124758e837cbd80a6f633/library/std/src/sys_common/backtrace.rs:46:22
[INFO] [stdout]    4:     0x55a1eb470a2c - core::fmt::write::h306731c068f7162c
[INFO] [stdout]                                at /rustc/a178d0322ce20e33eac124758e837cbd80a6f633/library/core/src/fmt/mod.rs:1110:17
[INFO] [stdout]    5:     0x55a1eb449745 - std::io::Write::write_fmt::h87f19b0a2cd190bc
[INFO] [stdout]                                at /rustc/a178d0322ce20e33eac124758e837cbd80a6f633/library/std/src/io/mod.rs:1588:15
[INFO] [stdout]    6:     0x55a1eb44f38b - std::sys_common::backtrace::_print::h5abaa2601a852287
[INFO] [stdout]                                at /rustc/a178d0322ce20e33eac124758e837cbd80a6f633/library/std/src/sys_common/backtrace.rs:49:5
[INFO] [stdout]    7:     0x55a1eb44f38b - std::sys_common::backtrace::print::h8d81445442bb638f
[INFO] [stdout]                                at /rustc/a178d0322ce20e33eac124758e837cbd80a6f633/library/std/src/sys_common/backtrace.rs:36:9
[INFO] [stdout]    8:     0x55a1eb44f38b - std::panicking::default_hook::{{closure}}::hcfe804496a9fa747
[INFO] [stdout]                                at /rustc/a178d0322ce20e33eac124758e837cbd80a6f633/library/std/src/panicking.rs:208:50
[INFO] [stdout]    9:     0x55a1eb44ee9c - std::panicking::default_hook::hbea8e3ccf2ba8901
[INFO] [stdout]                                at /rustc/a178d0322ce20e33eac124758e837cbd80a6f633/library/std/src/panicking.rs:222:9
[INFO] [stdout]   10:     0x55a1eb44fa54 - std::panicking::rust_panic_with_hook::h7ee9e1a2d0f8975a
[INFO] [stdout]                                at /rustc/a178d0322ce20e33eac124758e837cbd80a6f633/library/std/src/panicking.rs:622:17
[INFO] [stdout]   11:     0x55a1eb3d12b3 - std::panicking::begin_panic::{{closure}}::h07c1c06647529994
[INFO] [stdout]                                at /rustc/a178d0322ce20e33eac124758e837cbd80a6f633/library/std/src/panicking.rs:542:9
[INFO] [stdout]   12:     0x55a1eb3d23f9 - std::sys_common::backtrace::__rust_end_short_backtrace::h6ee0351005c9a167
[INFO] [stdout]                                at /rustc/a178d0322ce20e33eac124758e837cbd80a6f633/library/std/src/sys_common/backtrace.rs:141:18
[INFO] [stdout]   13:     0x55a1eb3d11e9 - std::panicking::begin_panic::h1862840fee8c50d8
[INFO] [stdout]                                at /rustc/a178d0322ce20e33eac124758e837cbd80a6f633/library/std/src/panicking.rs:541:12
[INFO] [stdout]   14:     0x55a1eb15689a - lightning_background_processor::tests::test_background_processor::h7bd7fe2c4818acad
[INFO] [stdout]                                at /opt/rustwide/workdir/src/lib.rs:339:12
[INFO] [stdout]   15:     0x55a1eb15517a - lightning_background_processor::tests::test_background_processor::{{closure}}::h460154842eb69313
[INFO] [stdout]                                at /opt/rustwide/workdir/src/lib.rs:330:2
[INFO] [stdout]   16:     0x55a1eb19f8ae - core::ops::function::FnOnce::call_once::h5f20a067fb619449
[INFO] [stdout]                                at /rustc/a178d0322ce20e33eac124758e837cbd80a6f633/library/core/src/ops/function.rs:227:5
[INFO] [stdout]   17:     0x55a1eb251463 - core::ops::function::FnOnce::call_once::h152e7e439ff59e19
[INFO] [stdout]                                at /rustc/a178d0322ce20e33eac124758e837cbd80a6f633/library/core/src/ops/function.rs:227:5
[INFO] [stdout]   18:     0x55a1eb251463 - test::__rust_begin_short_backtrace::h0908f3b1fdbb72ab
[INFO] [stdout]                                at /rustc/a178d0322ce20e33eac124758e837cbd80a6f633/library/test/src/lib.rs:577:5
[INFO] [stdout]   19:     0x55a1eb24ff20 - <alloc::boxed::Box<F,A> as core::ops::function::FnOnce<Args>>::call_once::hf6d2a51e5587546c
[INFO] [stdout]                                at /rustc/a178d0322ce20e33eac124758e837cbd80a6f633/library/alloc/src/boxed.rs:1575:9
[INFO] [stdout]   20:     0x55a1eb24ff20 - <std::panic::AssertUnwindSafe<F> as core::ops::function::FnOnce<()>>::call_once::h8af660f3a89ef593
[INFO] [stdout]                                at /rustc/a178d0322ce20e33eac124758e837cbd80a6f633/library/std/src/panic.rs:347:9
[INFO] [stdout]   21:     0x55a1eb24ff20 - std::panicking::try::do_call::hd36aef60f84b6d36
[INFO] [stdout]                                at /rustc/a178d0322ce20e33eac124758e837cbd80a6f633/library/std/src/panicking.rs:401:40
[INFO] [stdout]   22:     0x55a1eb24ff20 - std::panicking::try::h9932b4480e69817c
[INFO] [stdout]                                at /rustc/a178d0322ce20e33eac124758e837cbd80a6f633/library/std/src/panicking.rs:365:19
[INFO] [stdout]   23:     0x55a1eb24ff20 - std::panic::catch_unwind::h6aa177099cfff5f8
[INFO] [stdout]                                at /rustc/a178d0322ce20e33eac124758e837cbd80a6f633/library/std/src/panic.rs:434:14
[INFO] [stdout]   24:     0x55a1eb24ff20 - test::run_test_in_process::h5884d6f2d99e20c3
[INFO] [stdout]                                at /rustc/a178d0322ce20e33eac124758e837cbd80a6f633/library/test/src/lib.rs:600:18
[INFO] [stdout]   25:     0x55a1eb24ff20 - test::run_test::run_test_inner::{{closure}}::h6fdc58c6d5f5b6e3
[INFO] [stdout]                                at /rustc/a178d0322ce20e33eac124758e837cbd80a6f633/library/test/src/lib.rs:492:39
[INFO] [stdout]   26:     0x55a1eb2295d2 - test::run_test::run_test_inner::{{closure}}::h408365d67a78ade8
[INFO] [stdout]                                at /rustc/a178d0322ce20e33eac124758e837cbd80a6f633/library/test/src/lib.rs:519:37
[INFO] [stdout]   27:     0x55a1eb2295d2 - std::sys_common::backtrace::__rust_begin_short_backtrace::hb560b77c4f701523
[INFO] [stdout]                                at /rustc/a178d0322ce20e33eac124758e837cbd80a6f633/library/std/src/sys_common/backtrace.rs:125:18
[INFO] [stdout]   28:     0x55a1eb22d188 - std::thread::Builder::spawn_unchecked::{{closure}}::{{closure}}::hf2e7831dad93c597
[INFO] [stdout]                                at /rustc/a178d0322ce20e33eac124758e837cbd80a6f633/library/std/src/thread/mod.rs:481:17
[INFO] [stdout]   29:     0x55a1eb22d188 - <std::panic::AssertUnwindSafe<F> as core::ops::function::FnOnce<()>>::call_once::hd2e08783d8be4d02
[INFO] [stdout]                                at /rustc/a178d0322ce20e33eac124758e837cbd80a6f633/library/std/src/panic.rs:347:9
[INFO] [stdout]   30:     0x55a1eb22d188 - std::panicking::try::do_call::h062597b7acfd6b82
[INFO] [stdout]                                at /rustc/a178d0322ce20e33eac124758e837cbd80a6f633/library/std/src/panicking.rs:401:40
[INFO] [stdout]   31:     0x55a1eb22d188 - std::panicking::try::h0d7b79db04c14552
[INFO] [stdout]                                at /rustc/a178d0322ce20e33eac124758e837cbd80a6f633/library/std/src/panicking.rs:365:19
[INFO] [stdout]   32:     0x55a1eb22d188 - std::panic::catch_unwind::hb01a0b5e7c8cd43b
[INFO] [stdout]                                at /rustc/a178d0322ce20e33eac124758e837cbd80a6f633/library/std/src/panic.rs:434:14
[INFO] [stdout]   33:     0x55a1eb22d188 - std::thread::Builder::spawn_unchecked::{{closure}}::h5bde48cc887e0d1e
[INFO] [stdout]                                at /rustc/a178d0322ce20e33eac124758e837cbd80a6f633/library/std/src/thread/mod.rs:480:30
[INFO] [stdout]   34:     0x55a1eb22d188 - core::ops::function::FnOnce::call_once{{vtable.shim}}::h745ea30807a29e55
[INFO] [stdout]                                at /rustc/a178d0322ce20e33eac124758e837cbd80a6f633/library/core/src/ops/function.rs:227:5
[INFO] [stdout]   35:     0x55a1eb4554c7 - <alloc::boxed::Box<F,A> as core::ops::function::FnOnce<Args>>::call_once::h7ece6cfefaff1005
[INFO] [stdout]                                at /rustc/a178d0322ce20e33eac124758e837cbd80a6f633/library/alloc/src/boxed.rs:1575:9
[INFO] [stdout]   36:     0x55a1eb4554c7 - <alloc::boxed::Box<F,A> as core::ops::function::FnOnce<Args>>::call_once::hb8b48e55c21f193e
[INFO] [stdout]                                at /rustc/a178d0322ce20e33eac124758e837cbd80a6f633/library/alloc/src/boxed.rs:1575:9
[INFO] [stdout]   37:     0x55a1eb4554c7 - std::sys::unix::thread::Thread::new::thread_start::h8c7c4450dba62914
[INFO] [stdout]                                at /rustc/a178d0322ce20e33eac124758e837cbd80a6f633/library/std/src/sys/unix/thread.rs:71:17
[INFO] [stdout]   38:     0x7f95ab714609 - start_thread
[INFO] [stdout]   39:     0x7f95ab4e4293 - clone
[INFO] [stdout]   40:                0x0 - <unknown>
[INFO] [stdout] Failed to remove test persister directory test_background_processor_persister_0: No such file or directory (os error 2)
[INFO] [stdout] Failed to remove test persister directory test_background_processor_persister_1: No such file or directory (os error 2)
[INFO] [stdout] 
[INFO] [stdout] ---- tests::test_background_event_handling stdout ----
[INFO] [stdout] thread 'tests::test_background_event_handling' panicked at 'FundingGenerationReady not handled within deadline: Disconnected', src/lib.rs:440:14
[INFO] [stdout] stack backtrace:
[INFO] [stdout]    0:     0x55a1eb44cd30 - std::backtrace_rs::backtrace::libunwind::trace::h34055254b57d8e79
[INFO] [stdout]                                at /rustc/a178d0322ce20e33eac124758e837cbd80a6f633/library/std/src/../../backtrace/src/backtrace/libunwind.rs:90:5
[INFO] [stdout]    1:     0x55a1eb44cd30 - std::backtrace_rs::backtrace::trace_unsynchronized::h8f1e3fbd9afff6ec
[INFO] [stdout]                                at /rustc/a178d0322ce20e33eac124758e837cbd80a6f633/library/std/src/../../backtrace/src/backtrace/mod.rs:66:5
[INFO] [stdout]    2:     0x55a1eb44cd30 - std::sys_common::backtrace::_print_fmt::h3a99a796b770c360
[INFO] [stdout]                                at /rustc/a178d0322ce20e33eac124758e837cbd80a6f633/library/std/src/sys_common/backtrace.rs:67:5
[INFO] [stdout]    3:     0x55a1eb44cd30 - <std::sys_common::backtrace::_print::DisplayBacktrace as core::fmt::Display>::fmt::h32d1f94a80615d18
[INFO] [stdout]                                at /rustc/a178d0322ce20e33eac124758e837cbd80a6f633/library/std/src/sys_common/backtrace.rs:46:22
[INFO] [stdout]    4:     0x55a1eb470a2c - core::fmt::write::h306731c068f7162c
[INFO] [stdout]                                at /rustc/a178d0322ce20e33eac124758e837cbd80a6f633/library/core/src/fmt/mod.rs:1110:17
[INFO] [stdout]    5:     0x55a1eb449745 - std::io::Write::write_fmt::h87f19b0a2cd190bc
[INFO] [stdout]                                at /rustc/a178d0322ce20e33eac124758e837cbd80a6f633/library/std/src/io/mod.rs:1588:15
[INFO] [stdout]    6:     0x55a1eb44f38b - std::sys_common::backtrace::_print::h5abaa2601a852287
[INFO] [stdout]                                at /rustc/a178d0322ce20e33eac124758e837cbd80a6f633/library/std/src/sys_common/backtrace.rs:49:5
[INFO] [stdout]    7:     0x55a1eb44f38b - std::sys_common::backtrace::print::h8d81445442bb638f
[INFO] [stdout]                                at /rustc/a178d0322ce20e33eac124758e837cbd80a6f633/library/std/src/sys_common/backtrace.rs:36:9
[INFO] [stdout]    8:     0x55a1eb44f38b - std::panicking::default_hook::{{closure}}::hcfe804496a9fa747
[INFO] [stdout]                                at /rustc/a178d0322ce20e33eac124758e837cbd80a6f633/library/std/src/panicking.rs:208:50
[INFO] [stdout]    9:     0x55a1eb44ee9c - std::panicking::default_hook::hbea8e3ccf2ba8901
[INFO] [stdout]                                at /rustc/a178d0322ce20e33eac124758e837cbd80a6f633/library/std/src/panicking.rs:222:9
[INFO] [stdout]   10:     0x55a1eb44fa54 - std::panicking::rust_panic_with_hook::h7ee9e1a2d0f8975a
[INFO] [stdout]                                at /rustc/a178d0322ce20e33eac124758e837cbd80a6f633/library/std/src/panicking.rs:622:17
[INFO] [stdout]   11:     0x55a1eb44f537 - std::panicking::begin_panic_handler::{{closure}}::h8ab3b4491718b2c7
[INFO] [stdout]                                at /rustc/a178d0322ce20e33eac124758e837cbd80a6f633/library/std/src/panicking.rs:519:13
[INFO] [stdout]   12:     0x55a1eb44d22c - std::sys_common::backtrace::__rust_end_short_backtrace::hd489062ffa586a9f
[INFO] [stdout]                                at /rustc/a178d0322ce20e33eac124758e837cbd80a6f633/library/std/src/sys_common/backtrace.rs:141:18
[INFO] [stdout]   13:     0x55a1eb44f499 - rust_begin_unwind
[INFO] [stdout]                                at /rustc/a178d0322ce20e33eac124758e837cbd80a6f633/library/std/src/panicking.rs:515:5
[INFO] [stdout]   14:     0x55a1eb06d721 - core::panicking::panic_fmt::hca6330e3e14086b4
[INFO] [stdout]                                at /rustc/a178d0322ce20e33eac124758e837cbd80a6f633/library/core/src/panicking.rs:92:14
[INFO] [stdout]   15:     0x55a1eb06d813 - core::result::unwrap_failed::h6160d2b4bfbb0e87
[INFO] [stdout]                                at /rustc/a178d0322ce20e33eac124758e837cbd80a6f633/library/core/src/result.rs:1355:5
[INFO] [stdout]   16:     0x55a1eb1339fa - core::result::Result<T,E>::expect::hb885ff1594ed47c4
[INFO] [stdout]                                at /rustc/a178d0322ce20e33eac124758e837cbd80a6f633/library/core/src/result.rs:997:23
[INFO] [stdout]   17:     0x55a1eb15adda - lightning_background_processor::tests::test_background_event_handling::h1a1dfc3dcbeb43ee
[INFO] [stdout]                                at /opt/rustwide/workdir/src/lib.rs:438:44
[INFO] [stdout]   18:     0x55a1eb159e1a - lightning_background_processor::tests::test_background_event_handling::{{closure}}::hfee78df120c61488
[INFO] [stdout]                                at /opt/rustwide/workdir/src/lib.rs:423:2
[INFO] [stdout]   19:     0x55a1eb19f86e - core::ops::function::FnOnce::call_once::h5ce5e4acba6df68a
[INFO] [stdout]                                at /rustc/a178d0322ce20e33eac124758e837cbd80a6f633/library/core/src/ops/function.rs:227:5
[INFO] [stdout]   20:     0x55a1eb251463 - core::ops::function::FnOnce::call_once::h152e7e439ff59e19
[INFO] [stdout]                                at /rustc/a178d0322ce20e33eac124758e837cbd80a6f633/library/core/src/ops/function.rs:227:5
[INFO] [stdout]   21:     0x55a1eb251463 - test::__rust_begin_short_backtrace::h0908f3b1fdbb72ab
[INFO] [stdout]                                at /rustc/a178d0322ce20e33eac124758e837cbd80a6f633/library/test/src/lib.rs:577:5
[INFO] [stdout]   22:     0x55a1eb24ff20 - <alloc::boxed::Box<F,A> as core::ops::function::FnOnce<Args>>::call_once::hf6d2a51e5587546c
[INFO] [stdout]                                at /rustc/a178d0322ce20e33eac124758e837cbd80a6f633/library/alloc/src/boxed.rs:1575:9
[INFO] [stdout]   23:     0x55a1eb24ff20 - <std::panic::AssertUnwindSafe<F> as core::ops::function::FnOnce<()>>::call_once::h8af660f3a89ef593
[INFO] [stdout]                                at /rustc/a178d0322ce20e33eac124758e837cbd80a6f633/library/std/src/panic.rs:347:9
[INFO] [stdout]   24:     0x55a1eb24ff20 - std::panicking::try::do_call::hd36aef60f84b6d36
[INFO] [stdout]                                at /rustc/a178d0322ce20e33eac124758e837cbd80a6f633/library/std/src/panicking.rs:401:40
[INFO] [stdout]   25:     0x55a1eb24ff20 - std::panicking::try::h9932b4480e69817c
[INFO] [stdout]                                at /rustc/a178d0322ce20e33eac124758e837cbd80a6f633/library/std/src/panicking.rs:365:19
[INFO] [stdout]   26:     0x55a1eb24ff20 - std::panic::catch_unwind::h6aa177099cfff5f8
[INFO] [stdout]                                at /rustc/a178d0322ce20e33eac124758e837cbd80a6f633/library/std/src/panic.rs:434:14
[INFO] [stdout]   27:     0x55a1eb24ff20 - test::run_test_in_process::h5884d6f2d99e20c3
[INFO] [stdout]                                at /rustc/a178d0322ce20e33eac124758e837cbd80a6f633/library/test/src/lib.rs:600:18
[INFO] [stdout]   28:     0x55a1eb24ff20 - test::run_test::run_test_inner::{{closure}}::h6fdc58c6d5f5b6e3
[INFO] [stdout]                                at /rustc/a178d0322ce20e33eac124758e837cbd80a6f633/library/test/src/lib.rs:492:39
[INFO] [stdout]   29:     0x55a1eb2295d2 - test::run_test::run_test_inner::{{closure}}::h408365d67a78ade8
[INFO] [stdout]                                at /rustc/a178d0322ce20e33eac124758e837cbd80a6f633/library/test/src/lib.rs:519:37
[INFO] [stdout]   30:     0x55a1eb2295d2 - std::sys_common::backtrace::__rust_begin_short_backtrace::hb560b77c4f701523
[INFO] [stdout]                                at /rustc/a178d0322ce20e33eac124758e837cbd80a6f633/library/std/src/sys_common/backtrace.rs:125:18
[INFO] [stdout]   31:     0x55a1eb22d188 - std::thread::Builder::spawn_unchecked::{{closure}}::{{closure}}::hf2e7831dad93c597
[INFO] [stdout]                                at /rustc/a178d0322ce20e33eac124758e837cbd80a6f633/library/std/src/thread/mod.rs:481:17
[INFO] [stdout]   32:     0x55a1eb22d188 - <std::panic::AssertUnwindSafe<F> as core::ops::function::FnOnce<()>>::call_once::hd2e08783d8be4d02
[INFO] [stdout]                                at /rustc/a178d0322ce20e33eac124758e837cbd80a6f633/library/std/src/panic.rs:347:9
[INFO] [stdout]   33:     0x55a1eb22d188 - std::panicking::try::do_call::h062597b7acfd6b82
[INFO] [stdout]                                at /rustc/a178d0322ce20e33eac124758e837cbd80a6f633/library/std/src/panicking.rs:401:40
[INFO] [stdout]   34:     0x55a1eb22d188 - std::panicking::try::h0d7b79db04c14552
[INFO] [stdout]                                at /rustc/a178d0322ce20e33eac124758e837cbd80a6f633/library/std/src/panicking.rs:365:19
[INFO] [stdout]   35:     0x55a1eb22d188 - std::panic::catch_unwind::hb01a0b5e7c8cd43b
[INFO] [stdout]                                at /rustc/a178d0322ce20e33eac124758e837cbd80a6f633/library/std/src/panic.rs:434:14
[INFO] [stdout]   36:     0x55a1eb22d188 - std::thread::Builder::spawn_unchecked::{{closure}}::h5bde48cc887e0d1e
[INFO] [stdout]                                at /rustc/a178d0322ce20e33eac124758e837cbd80a6f633/library/std/src/thread/mod.rs:480:30
[INFO] [stdout]   37:     0x55a1eb22d188 - core::ops::function::FnOnce::call_once{{vtable.shim}}::h745ea30807a29e55
[INFO] [stdout]                                at /rustc/a178d0322ce20e33eac124758e837cbd80a6f633/library/core/src/ops/function.rs:227:5
[INFO] [stdout]   38:     0x55a1eb4554c7 - <alloc::boxed::Box<F,A> as core::ops::function::FnOnce<Args>>::call_once::h7ece6cfefaff1005
[INFO] [stdout]                                at /rustc/a178d0322ce20e33eac124758e837cbd80a6f633/library/alloc/src/boxed.rs:1575:9
[INFO] [stdout]   39:     0x55a1eb4554c7 - <alloc::boxed::Box<F,A> as core::ops::function::FnOnce<Args>>::call_once::hb8b48e55c21f193e
[INFO] [stdout]                                at /rustc/a178d0322ce20e33eac124758e837cbd80a6f633/library/alloc/src/boxed.rs:1575:9
[INFO] [stdout]   40:     0x55a1eb4554c7 - std::sys::unix::thread::Thread::new::thread_start::h8c7c4450dba62914
[INFO] [stdout]                                at /rustc/a178d0322ce20e33eac124758e837cbd80a6f633/library/std/src/sys/unix/thread.rs:71:17
[INFO] [stdout]   41:     0x7f95ab714609 - start_thread
[INFO] [stdout]   42:     0x7f95ab4e4293 - clone
[INFO] [stdout]   43:                0x0 - <unknown>
[INFO] [stdout] Failed to remove test persister directory test_background_event_handling_persister_0: No such file or directory (os error 2)
[INFO] [stdout] Failed to remove test persister directory test_background_event_handling_persister_1: No such file or directory (os error 2)
[INFO] [stdout] 
[INFO] [stdout] 
[INFO] [stdout] failures:
[INFO] [stdout]     tests::test_background_event_handling
[INFO] [stdout]     tests::test_background_processor
[INFO] [stdout]     tests::test_persist_error
[INFO] [stdout] 
[INFO] [stdout] test result: FAILED. 1 passed; 3 failed; 0 ignored; 0 measured; 0 filtered out; finished in 2.29s
[INFO] [stdout] 
[INFO] [stderr] error: test failed, to rerun pass '--lib'
[INFO] running `Command { std: "docker" "inspect" "43f7e646349bbfab9de486402879b84cdbfe67f77c6c2a559d171607c35d22c9", kill_on_drop: false }`
[INFO] running `Command { std: "docker" "rm" "-f" "43f7e646349bbfab9de486402879b84cdbfe67f77c6c2a559d171607c35d22c9", kill_on_drop: false }`
[INFO] [stdout] 43f7e646349bbfab9de486402879b84cdbfe67f77c6c2a559d171607c35d22c9
