[INFO] fetching crate lifxi 0.1.1...
[INFO] testing lifxi-0.1.1 against beta-2021-08-01 for beta-1.55-1
[INFO] extracting crate lifxi 0.1.1 into /workspace/builds/worker-102/source
[INFO] validating manifest of crates.io crate lifxi 0.1.1 on toolchain beta-2021-08-01
[INFO] running `Command { std: "/workspace/cargo-home/bin/cargo" "+beta-2021-08-01" "metadata" "--manifest-path" "Cargo.toml" "--no-deps", kill_on_drop: false }`
[INFO] started tweaking crates.io crate lifxi 0.1.1
[INFO] finished tweaking crates.io crate lifxi 0.1.1
[INFO] tweaked toml for crates.io crate lifxi 0.1.1 written to /workspace/builds/worker-102/source/Cargo.toml
[INFO] running `Command { std: "/workspace/cargo-home/bin/cargo" "+beta-2021-08-01" "generate-lockfile" "--manifest-path" "Cargo.toml" "-Zno-index-update", kill_on_drop: false }`
[INFO] [stderr]     Blocking waiting for file lock on package cache
[INFO] running `Command { std: "/workspace/cargo-home/bin/cargo" "+beta-2021-08-01" "fetch" "--manifest-path" "Cargo.toml", kill_on_drop: false }`
[INFO] [stderr]     Blocking waiting for file lock on package cache
[INFO] [stderr]     Blocking waiting for file lock on package cache
[INFO] running `Command { std: "docker" "create" "-v" "/var/lib/crater-agent-workspace/builds/worker-102/target:/opt/rustwide/target:rw,Z" "-v" "/var/lib/crater-agent-workspace/builds/worker-102/source:/opt/rustwide/workdir:ro,Z" "-v" "/var/lib/crater-agent-workspace/cargo-home:/opt/rustwide/cargo-home:ro,Z" "-v" "/var/lib/crater-agent-workspace/rustup-home:/opt/rustwide/rustup-home:ro,Z" "-e" "SOURCE_DIR=/opt/rustwide/workdir" "-e" "CARGO_TARGET_DIR=/opt/rustwide/target" "-e" "CARGO_HOME=/opt/rustwide/cargo-home" "-e" "RUSTUP_HOME=/opt/rustwide/rustup-home" "-w" "/opt/rustwide/workdir" "-m" "1610612736" "--user" "0:0" "--network" "none" "ghcr.io/rust-lang/crates-build-env/linux@sha256:34b6a614d2c27851fe6cbf88fbd1137609cefab8b10d0615aaeb6fd47975d74e" "/opt/rustwide/cargo-home/bin/cargo" "+beta-2021-08-01" "metadata" "--no-deps" "--format-version=1", kill_on_drop: false }`
[INFO] [stdout] 67722e63ba6b7200bc68447a7b74b207a3c6c4b990a08e8fcad229b2cce19eb4
[INFO] running `Command { std: "docker" "start" "-a" "67722e63ba6b7200bc68447a7b74b207a3c6c4b990a08e8fcad229b2cce19eb4", kill_on_drop: false }`
[INFO] running `Command { std: "docker" "inspect" "67722e63ba6b7200bc68447a7b74b207a3c6c4b990a08e8fcad229b2cce19eb4", kill_on_drop: false }`
[INFO] running `Command { std: "docker" "rm" "-f" "67722e63ba6b7200bc68447a7b74b207a3c6c4b990a08e8fcad229b2cce19eb4", kill_on_drop: false }`
[INFO] [stdout] 67722e63ba6b7200bc68447a7b74b207a3c6c4b990a08e8fcad229b2cce19eb4
[INFO] running `Command { std: "docker" "create" "-v" "/var/lib/crater-agent-workspace/builds/worker-102/target:/opt/rustwide/target:rw,Z" "-v" "/var/lib/crater-agent-workspace/builds/worker-102/source:/opt/rustwide/workdir:ro,Z" "-v" "/var/lib/crater-agent-workspace/cargo-home:/opt/rustwide/cargo-home:ro,Z" "-v" "/var/lib/crater-agent-workspace/rustup-home:/opt/rustwide/rustup-home:ro,Z" "-e" "SOURCE_DIR=/opt/rustwide/workdir" "-e" "CARGO_TARGET_DIR=/opt/rustwide/target" "-e" "CARGO_INCREMENTAL=0" "-e" "RUST_BACKTRACE=full" "-e" "RUSTFLAGS=--cap-lints=warn" "-e" "CARGO_HOME=/opt/rustwide/cargo-home" "-e" "RUSTUP_HOME=/opt/rustwide/rustup-home" "-w" "/opt/rustwide/workdir" "-m" "1610612736" "--user" "0:0" "--network" "none" "ghcr.io/rust-lang/crates-build-env/linux@sha256:34b6a614d2c27851fe6cbf88fbd1137609cefab8b10d0615aaeb6fd47975d74e" "/opt/rustwide/cargo-home/bin/cargo" "+beta-2021-08-01" "build" "--frozen" "--message-format=json", kill_on_drop: false }`
[INFO] [stdout] bd9e869d05f5f68ab397203e76cb1b8180be744cf748067c3697b7b27883aa4b
[INFO] running `Command { std: "docker" "start" "-a" "bd9e869d05f5f68ab397203e76cb1b8180be744cf748067c3697b7b27883aa4b", kill_on_drop: false }`
[INFO] [stderr]    Compiling libc v0.2.98
[INFO] [stderr]    Compiling futures v0.1.31
[INFO] [stderr]    Compiling semver-parser v0.7.0
[INFO] [stderr]    Compiling maybe-uninit v2.0.0
[INFO] [stderr]    Compiling log v0.4.14
[INFO] [stderr]    Compiling byteorder v1.4.3
[INFO] [stderr]    Compiling either v1.6.1
[INFO] [stderr]    Compiling syn v1.0.74
[INFO] [stderr]    Compiling autocfg v0.1.7
[INFO] [stderr]    Compiling rand_core v0.4.2
[INFO] [stderr]    Compiling fnv v1.0.7
[INFO] [stderr]    Compiling slab v0.4.4
[INFO] [stderr]    Compiling itoa v0.4.7
[INFO] [stderr]    Compiling serde_derive v1.0.127
[INFO] [stderr]    Compiling memchr v2.4.0
[INFO] [stderr]    Compiling serde v1.0.127
[INFO] [stderr]    Compiling openssl v0.10.35
[INFO] [stderr]    Compiling httparse v1.4.1
[INFO] [stderr]    Compiling failure_derive v0.1.8
[INFO] [stderr]    Compiling percent-encoding v1.0.1
[INFO] [stderr]    Compiling hashbrown v0.11.2
[INFO] [stderr]    Compiling serde_json v1.0.66
[INFO] [stderr]    Compiling crc32fast v1.2.1
[INFO] [stderr]    Compiling try-lock v0.2.3
[INFO] [stderr]    Compiling native-tls v0.2.7
[INFO] [stderr]    Compiling once_cell v1.8.0
[INFO] [stderr]    Compiling openssl-probe v0.1.4
[INFO] [stderr]    Compiling encoding_rs v0.8.28
[INFO] [stderr]    Compiling mime v0.3.16
[INFO] [stderr]    Compiling dtoa v0.4.8
[INFO] [stderr]    Compiling crossbeam-utils v0.7.2
[INFO] [stderr]    Compiling memoffset v0.5.6
[INFO] [stderr]    Compiling crossbeam-epoch v0.8.2
[INFO] [stderr]    Compiling indexmap v1.7.0
[INFO] [stderr]    Compiling tinyvec v1.3.1
[INFO] [stderr]    Compiling unicode-bidi v0.3.5
[INFO] [stderr]    Compiling openssl-sys v0.9.65
[INFO] [stderr]    Compiling lock_api v0.3.4
[INFO] [stderr]    Compiling unicase v2.6.0
[INFO] [stderr]    Compiling form_urlencoded v1.0.1
[INFO] [stderr]    Compiling try_from v0.3.2
[INFO] [stderr]    Compiling semver v0.9.0
[INFO] [stderr]    Compiling base64 v0.10.1
[INFO] [stderr]    Compiling rand_core v0.3.1
[INFO] [stderr]    Compiling rand_jitter v0.1.4
[INFO] [stderr]    Compiling rand_pcg v0.1.2
[INFO] [stderr]    Compiling rand_chacha v0.1.1
[INFO] [stderr]    Compiling rand v0.6.5
[INFO] [stderr]    Compiling rand_xorshift v0.1.1
[INFO] [stderr]    Compiling rand_isaac v0.1.1
[INFO] [stderr]    Compiling rand_hc v0.1.0
[INFO] [stderr]    Compiling smallvec v0.6.14
[INFO] [stderr]    Compiling rustc_version v0.2.3
[INFO] [stderr]    Compiling mime_guess v2.0.3
[INFO] [stderr]    Compiling tokio-sync v0.1.8
[INFO] [stderr]    Compiling want v0.2.0
[INFO] [stderr]    Compiling parking_lot_core v0.6.2
[INFO] [stderr]    Compiling parking_lot v0.9.0
[INFO] [stderr]    Compiling hyper v0.12.36
[INFO] [stderr]    Compiling unicode-normalization v0.1.19
[INFO] [stderr]    Compiling iovec v0.1.4
[INFO] [stderr]    Compiling num_cpus v1.13.0
[INFO] [stderr]    Compiling net2 v0.2.37
[INFO] [stderr]    Compiling time v0.1.44
[INFO] [stderr]    Compiling rand_os v0.1.3
[INFO] [stderr]    Compiling flate2 v1.0.20
[INFO] [stderr]    Compiling object v0.26.0
[INFO] [stderr]    Compiling futures-cpupool v0.1.8
[INFO] [stderr]    Compiling bytes v0.4.12
[INFO] [stderr]    Compiling tokio-io v0.1.13
[INFO] [stderr]    Compiling http v0.1.21
[INFO] [stderr]    Compiling tokio-buf v0.1.1
[INFO] [stderr]    Compiling string v0.2.1
[INFO] [stderr]    Compiling mio v0.6.23
[INFO] [stderr]    Compiling tokio-executor v0.1.10
[INFO] [stderr]    Compiling crossbeam-queue v0.2.3
[INFO] [stderr]    Compiling tokio-timer v0.2.13
[INFO] [stderr]    Compiling tokio-current-thread v0.1.7
[INFO] [stderr]    Compiling crossbeam-deque v0.7.4
[INFO] [stderr]    Compiling tokio-threadpool v0.1.18
[INFO] [stderr]    Compiling synstructure v0.12.5
[INFO] [stderr]    Compiling idna v0.1.5
[INFO] [stderr]    Compiling idna v0.2.3
[INFO] [stderr]    Compiling tokio-reactor v0.1.12
[INFO] [stderr]    Compiling uuid v0.7.4
[INFO] [stderr]    Compiling url v1.7.2
[INFO] [stderr]    Compiling tokio-tcp v0.1.4
[INFO] [stderr]    Compiling url v2.2.2
[INFO] [stderr]    Compiling tokio v0.1.22
[INFO] [stderr]    Compiling h2 v0.1.26
[INFO] [stderr]    Compiling http-body v0.1.0
[INFO] [stderr]    Compiling cookie v0.12.0
[INFO] [stderr]    Compiling publicsuffix v1.5.6
[INFO] [stderr]    Compiling backtrace v0.3.61
[INFO] [stderr]    Compiling failure v0.1.8
[INFO] [stderr]    Compiling hyper-tls v0.3.2
[INFO] [stderr]    Compiling serde_urlencoded v0.5.5
[INFO] [stderr]    Compiling cookie_store v0.7.0
[INFO] [stderr]    Compiling reqwest v0.9.24
[INFO] [stderr]    Compiling lifxi v0.1.1 (/opt/rustwide/workdir)
[INFO] [stdout] warning: unnecessary parentheses around type
[INFO] [stdout]    --> src/http/selector.rs:203:69
[INFO] [stdout]     |
[INFO] [stdout] 203 |     fn deserialize<D: Deserializer<'de>>(deserializer: D) -> Result<(Self), D::Error> {
[INFO] [stdout]     |                                                                     ^^^^^^ help: remove these parentheses
[INFO] [stdout]     |
[INFO] [stdout]     = note: `#[warn(unused_parens)]` on by default
[INFO] [stdout] 
[INFO] [stdout] 
[INFO] [stdout] warning: unnecessary parentheses around type
[INFO] [stdout]    --> src/http/state.rs:797:69
[INFO] [stdout]     |
[INFO] [stdout] 797 |     fn deserialize<D: Deserializer<'de>>(deserializer: D) -> Result<(Self), D::Error> {
[INFO] [stdout]     |                                                                     ^^^^^^ help: remove these parentheses
[INFO] [stdout] 
[INFO] [stdout] 
[INFO] [stdout] warning: unnecessary parentheses around type
[INFO] [stdout]    --> src/http/state.rs:820:69
[INFO] [stdout]     |
[INFO] [stdout] 820 |     fn deserialize<D: Deserializer<'de>>(deserializer: D) -> Result<(Self), D::Error> {
[INFO] [stdout]     |                                                                     ^^^^^^ help: remove these parentheses
[INFO] [stdout] 
[INFO] [stdout] 
[INFO] [stdout] warning: unnecessary parentheses around type
[INFO] [stdout]    --> src/http/state.rs:836:69
[INFO] [stdout]     |
[INFO] [stdout] 836 |     fn deserialize<D: Deserializer<'de>>(deserializer: D) -> Result<(Self), D::Error> {
[INFO] [stdout]     |                                                                     ^^^^^^ help: remove these parentheses
[INFO] [stdout] 
[INFO] [stdout] 
[INFO] [stdout] warning: this method call resolves to `<&[T; N] as IntoIterator>::into_iter` (due to backwards compatibility), but will resolve to <[T; N] as IntoIterator>::into_iter in Rust 2021.
[INFO] [stdout]   --> src/http/state.rs:99:22
[INFO] [stdout]    |
[INFO] [stdout] 99 |                     .into_iter()
[INFO] [stdout]    |                      ^^^^^^^^^
[INFO] [stdout]    |
[INFO] [stdout]    = note: `#[warn(array_into_iter)]` on by default
[INFO] [stdout]    = warning: this changes meaning in Rust 2021
[INFO] [stdout]    = note: for more information, see issue #66145 <https://github.com/rust-lang/rust/issues/66145>
[INFO] [stdout] help: use `.iter()` instead of `.into_iter()` to avoid ambiguity
[INFO] [stdout]    |
[INFO] [stdout] 99 |                     .iter()
[INFO] [stdout]    |                      ^^^^
[INFO] [stdout] help: or use `IntoIterator::into_iter(..)` instead of `.into_iter()` to explicitly iterate by value
[INFO] [stdout]    |
[INFO] [stdout] 98 |                 let vec: Vec<_> = IntoIterator::into_iter([hue, sat, bright, kelvin])
[INFO] [stdout]    |                                   ^^^^^^^^^^^^^^^^^^^^^^^^                          ^
[INFO] [stdout] 
[INFO] [stdout] 
[INFO] [stdout] warning: 5 warnings emitted
[INFO] [stdout] 
[INFO] [stdout] 
[INFO] [stderr]     Finished dev [unoptimized + debuginfo] target(s) in 35.34s
[INFO] running `Command { std: "docker" "inspect" "bd9e869d05f5f68ab397203e76cb1b8180be744cf748067c3697b7b27883aa4b", kill_on_drop: false }`
[INFO] running `Command { std: "docker" "rm" "-f" "bd9e869d05f5f68ab397203e76cb1b8180be744cf748067c3697b7b27883aa4b", kill_on_drop: false }`
[INFO] [stdout] bd9e869d05f5f68ab397203e76cb1b8180be744cf748067c3697b7b27883aa4b
[INFO] running `Command { std: "docker" "create" "-v" "/var/lib/crater-agent-workspace/builds/worker-102/target:/opt/rustwide/target:rw,Z" "-v" "/var/lib/crater-agent-workspace/builds/worker-102/source:/opt/rustwide/workdir:ro,Z" "-v" "/var/lib/crater-agent-workspace/cargo-home:/opt/rustwide/cargo-home:ro,Z" "-v" "/var/lib/crater-agent-workspace/rustup-home:/opt/rustwide/rustup-home:ro,Z" "-e" "SOURCE_DIR=/opt/rustwide/workdir" "-e" "CARGO_TARGET_DIR=/opt/rustwide/target" "-e" "CARGO_INCREMENTAL=0" "-e" "RUST_BACKTRACE=full" "-e" "RUSTFLAGS=--cap-lints=warn" "-e" "CARGO_HOME=/opt/rustwide/cargo-home" "-e" "RUSTUP_HOME=/opt/rustwide/rustup-home" "-w" "/opt/rustwide/workdir" "-m" "1610612736" "--user" "0:0" "--network" "none" "ghcr.io/rust-lang/crates-build-env/linux@sha256:34b6a614d2c27851fe6cbf88fbd1137609cefab8b10d0615aaeb6fd47975d74e" "/opt/rustwide/cargo-home/bin/cargo" "+beta-2021-08-01" "test" "--frozen" "--no-run" "--message-format=json", kill_on_drop: false }`
[INFO] [stdout] a692ed5441481180edaeb2761725833a2c083572893ab02da3666a02e6a29411
[INFO] running `Command { std: "docker" "start" "-a" "a692ed5441481180edaeb2761725833a2c083572893ab02da3666a02e6a29411", kill_on_drop: false }`
[INFO] [stderr]     Blocking waiting for file lock on package cache
[INFO] [stderr]     Blocking waiting for file lock on package cache
[INFO] [stdout] warning: unnecessary parentheses around type
[INFO] [stdout]    --> src/http/selector.rs:203:69
[INFO] [stdout]     |
[INFO] [stdout] 203 |     fn deserialize<D: Deserializer<'de>>(deserializer: D) -> Result<(Self), D::Error> {
[INFO] [stdout]     |                                                                     ^^^^^^ help: remove these parentheses
[INFO] [stdout]     |
[INFO] [stdout]     = note: `#[warn(unused_parens)]` on by default
[INFO] [stdout] 
[INFO] [stdout] 
[INFO] [stdout] warning: unnecessary parentheses around type
[INFO] [stdout]    --> src/http/state.rs:797:69
[INFO] [stdout]     |
[INFO] [stdout] 797 |     fn deserialize<D: Deserializer<'de>>(deserializer: D) -> Result<(Self), D::Error> {
[INFO] [stdout]     |                                                                     ^^^^^^ help: remove these parentheses
[INFO] [stdout] 
[INFO] [stdout] 
[INFO] [stdout] warning: unnecessary parentheses around type
[INFO] [stdout]    --> src/http/state.rs:820:69
[INFO] [stdout]     |
[INFO] [stdout] 820 |     fn deserialize<D: Deserializer<'de>>(deserializer: D) -> Result<(Self), D::Error> {
[INFO] [stdout]     |                                                                     ^^^^^^ help: remove these parentheses
[INFO] [stdout] 
[INFO] [stdout] 
[INFO] [stdout] warning: unnecessary parentheses around type
[INFO] [stdout]    --> src/http/state.rs:836:69
[INFO] [stdout]     |
[INFO] [stdout] 836 |     fn deserialize<D: Deserializer<'de>>(deserializer: D) -> Result<(Self), D::Error> {
[INFO] [stdout]     |                                                                     ^^^^^^ help: remove these parentheses
[INFO] [stdout] 
[INFO] [stdout] 
[INFO] [stderr]    Compiling lifxi v0.1.1 (/opt/rustwide/workdir)
[INFO] [stdout] warning: this method call resolves to `<&[T; N] as IntoIterator>::into_iter` (due to backwards compatibility), but will resolve to <[T; N] as IntoIterator>::into_iter in Rust 2021.
[INFO] [stdout]   --> src/http/state.rs:99:22
[INFO] [stdout]    |
[INFO] [stdout] 99 |                     .into_iter()
[INFO] [stdout]    |                      ^^^^^^^^^
[INFO] [stdout]    |
[INFO] [stdout]    = note: `#[warn(array_into_iter)]` on by default
[INFO] [stdout]    = warning: this changes meaning in Rust 2021
[INFO] [stdout]    = note: for more information, see issue #66145 <https://github.com/rust-lang/rust/issues/66145>
[INFO] [stdout] help: use `.iter()` instead of `.into_iter()` to avoid ambiguity
[INFO] [stdout]    |
[INFO] [stdout] 99 |                     .iter()
[INFO] [stdout]    |                      ^^^^
[INFO] [stdout] help: or use `IntoIterator::into_iter(..)` instead of `.into_iter()` to explicitly iterate by value
[INFO] [stdout]    |
[INFO] [stdout] 98 |                 let vec: Vec<_> = IntoIterator::into_iter([hue, sat, bright, kelvin])
[INFO] [stdout]    |                                   ^^^^^^^^^^^^^^^^^^^^^^^^                          ^
[INFO] [stdout] 
[INFO] [stdout] 
[INFO] [stdout] warning: 5 warnings emitted
[INFO] [stdout] 
[INFO] [stdout] 
[INFO] [stdout] warning: unnecessary parentheses around type
[INFO] [stdout]    --> src/http/selector.rs:203:69
[INFO] [stdout]     |
[INFO] [stdout] 203 |     fn deserialize<D: Deserializer<'de>>(deserializer: D) -> Result<(Self), D::Error> {
[INFO] [stdout]     |                                                                     ^^^^^^ help: remove these parentheses
[INFO] [stdout]     |
[INFO] [stdout]     = note: `#[warn(unused_parens)]` on by default
[INFO] [stdout] 
[INFO] [stdout] 
[INFO] [stdout] warning: unnecessary parentheses around type
[INFO] [stdout]    --> src/http/state.rs:797:69
[INFO] [stdout]     |
[INFO] [stdout] 797 |     fn deserialize<D: Deserializer<'de>>(deserializer: D) -> Result<(Self), D::Error> {
[INFO] [stdout]     |                                                                     ^^^^^^ help: remove these parentheses
[INFO] [stdout] 
[INFO] [stdout] 
[INFO] [stdout] warning: unnecessary parentheses around type
[INFO] [stdout]    --> src/http/state.rs:820:69
[INFO] [stdout]     |
[INFO] [stdout] 820 |     fn deserialize<D: Deserializer<'de>>(deserializer: D) -> Result<(Self), D::Error> {
[INFO] [stdout]     |                                                                     ^^^^^^ help: remove these parentheses
[INFO] [stdout] 
[INFO] [stdout] 
[INFO] [stdout] warning: unnecessary parentheses around type
[INFO] [stdout]    --> src/http/state.rs:836:69
[INFO] [stdout]     |
[INFO] [stdout] 836 |     fn deserialize<D: Deserializer<'de>>(deserializer: D) -> Result<(Self), D::Error> {
[INFO] [stdout]     |                                                                     ^^^^^^ help: remove these parentheses
[INFO] [stdout] 
[INFO] [stdout] 
[INFO] [stdout] warning: this method call resolves to `<&[T; N] as IntoIterator>::into_iter` (due to backwards compatibility), but will resolve to <[T; N] as IntoIterator>::into_iter in Rust 2021.
[INFO] [stdout]   --> src/http/state.rs:99:22
[INFO] [stdout]    |
[INFO] [stdout] 99 |                     .into_iter()
[INFO] [stdout]    |                      ^^^^^^^^^
[INFO] [stdout]    |
[INFO] [stdout]    = note: `#[warn(array_into_iter)]` on by default
[INFO] [stdout]    = warning: this changes meaning in Rust 2021
[INFO] [stdout]    = note: for more information, see issue #66145 <https://github.com/rust-lang/rust/issues/66145>
[INFO] [stdout] help: use `.iter()` instead of `.into_iter()` to avoid ambiguity
[INFO] [stdout]    |
[INFO] [stdout] 99 |                     .iter()
[INFO] [stdout]    |                      ^^^^
[INFO] [stdout] help: or use `IntoIterator::into_iter(..)` instead of `.into_iter()` to explicitly iterate by value
[INFO] [stdout]    |
[INFO] [stdout] 98 |                 let vec: Vec<_> = IntoIterator::into_iter([hue, sat, bright, kelvin])
[INFO] [stdout]    |                                   ^^^^^^^^^^^^^^^^^^^^^^^^                          ^
[INFO] [stdout] 
[INFO] [stdout] 
[INFO] [stdout] warning: 5 warnings emitted
[INFO] [stdout] 
[INFO] [stdout] 
[INFO] [stderr]     Finished test [unoptimized + debuginfo] target(s) in 6.49s
[INFO] running `Command { std: "docker" "inspect" "a692ed5441481180edaeb2761725833a2c083572893ab02da3666a02e6a29411", kill_on_drop: false }`
[INFO] running `Command { std: "docker" "rm" "-f" "a692ed5441481180edaeb2761725833a2c083572893ab02da3666a02e6a29411", kill_on_drop: false }`
[INFO] [stdout] a692ed5441481180edaeb2761725833a2c083572893ab02da3666a02e6a29411
[INFO] running `Command { std: "docker" "create" "-v" "/var/lib/crater-agent-workspace/builds/worker-102/target:/opt/rustwide/target:rw,Z" "-v" "/var/lib/crater-agent-workspace/builds/worker-102/source:/opt/rustwide/workdir:ro,Z" "-v" "/var/lib/crater-agent-workspace/cargo-home:/opt/rustwide/cargo-home:ro,Z" "-v" "/var/lib/crater-agent-workspace/rustup-home:/opt/rustwide/rustup-home:ro,Z" "-e" "SOURCE_DIR=/opt/rustwide/workdir" "-e" "CARGO_TARGET_DIR=/opt/rustwide/target" "-e" "CARGO_INCREMENTAL=0" "-e" "RUST_BACKTRACE=full" "-e" "RUSTFLAGS=--cap-lints=warn" "-e" "CARGO_HOME=/opt/rustwide/cargo-home" "-e" "RUSTUP_HOME=/opt/rustwide/rustup-home" "-w" "/opt/rustwide/workdir" "-m" "1610612736" "--user" "0:0" "--network" "none" "ghcr.io/rust-lang/crates-build-env/linux@sha256:34b6a614d2c27851fe6cbf88fbd1137609cefab8b10d0615aaeb6fd47975d74e" "/opt/rustwide/cargo-home/bin/cargo" "+beta-2021-08-01" "test" "--frozen", kill_on_drop: false }`
[INFO] [stdout] 30867f49728f57e582e21a5942e57fd8ea1be7e0d834d955adc53097c0ea4983
[INFO] running `Command { std: "docker" "start" "-a" "30867f49728f57e582e21a5942e57fd8ea1be7e0d834d955adc53097c0ea4983", kill_on_drop: false }`
[INFO] [stderr]     Blocking waiting for file lock on package cache
[INFO] [stderr] warning: unnecessary parentheses around type
[INFO] [stderr]    --> src/http/selector.rs:203:69
[INFO] [stderr]     |
[INFO] [stderr] 203 |     fn deserialize<D: Deserializer<'de>>(deserializer: D) -> Result<(Self), D::Error> {
[INFO] [stderr]     |                                                                     ^^^^^^ help: remove these parentheses
[INFO] [stderr]     |
[INFO] [stderr]     = note: `#[warn(unused_parens)]` on by default
[INFO] [stderr] 
[INFO] [stderr] warning: unnecessary parentheses around type
[INFO] [stderr]    --> src/http/state.rs:797:69
[INFO] [stderr]     |
[INFO] [stderr] 797 |     fn deserialize<D: Deserializer<'de>>(deserializer: D) -> Result<(Self), D::Error> {
[INFO] [stderr]     |                                                                     ^^^^^^ help: remove these parentheses
[INFO] [stderr] 
[INFO] [stderr] warning: unnecessary parentheses around type
[INFO] [stderr]    --> src/http/state.rs:820:69
[INFO] [stderr]     |
[INFO] [stderr] 820 |     fn deserialize<D: Deserializer<'de>>(deserializer: D) -> Result<(Self), D::Error> {
[INFO] [stderr]     |                                                                     ^^^^^^ help: remove these parentheses
[INFO] [stderr] 
[INFO] [stderr] warning: unnecessary parentheses around type
[INFO] [stderr]    --> src/http/state.rs:836:69
[INFO] [stderr]     |
[INFO] [stderr] 836 |     fn deserialize<D: Deserializer<'de>>(deserializer: D) -> Result<(Self), D::Error> {
[INFO] [stderr]     |                                                                     ^^^^^^ help: remove these parentheses
[INFO] [stderr] 
[INFO] [stderr] warning: this method call resolves to `<&[T; N] as IntoIterator>::into_iter` (due to backwards compatibility), but will resolve to <[T; N] as IntoIterator>::into_iter in Rust 2021.
[INFO] [stderr]   --> src/http/state.rs:99:22
[INFO] [stderr]    |
[INFO] [stderr] 99 |                     .into_iter()
[INFO] [stderr]    |                      ^^^^^^^^^
[INFO] [stderr]    |
[INFO] [stderr]    = note: `#[warn(array_into_iter)]` on by default
[INFO] [stderr]    = warning: this changes meaning in Rust 2021
[INFO] [stderr]    = note: for more information, see issue #66145 <https://github.com/rust-lang/rust/issues/66145>
[INFO] [stderr] help: use `.iter()` instead of `.into_iter()` to avoid ambiguity
[INFO] [stderr]    |
[INFO] [stderr] 99 |                     .iter()
[INFO] [stderr]    |                      ^^^^
[INFO] [stderr] help: or use `IntoIterator::into_iter(..)` instead of `.into_iter()` to explicitly iterate by value
[INFO] [stderr]    |
[INFO] [stderr] 98 |                 let vec: Vec<_> = IntoIterator::into_iter([hue, sat, bright, kelvin])
[INFO] [stderr]    |                                   ^^^^^^^^^^^^^^^^^^^^^^^^                          ^
[INFO] [stderr] 
[INFO] [stderr] warning: `lifxi` (lib) generated 5 warnings
[INFO] [stderr] warning: `lifxi` (lib test) generated 5 warnings (5 duplicates)
[INFO] [stderr]     Finished test [unoptimized + debuginfo] target(s) in 0.41s
[INFO] [stderr]      Running unittests (/opt/rustwide/target/debug/deps/lifxi-7f7c4111c06f2cdf)
[INFO] [stdout] 
[INFO] [stdout] running 7 tests
[INFO] [stdout] test http::state::tests::color::deserialize ... ok
[INFO] [stdout] test http::state::tests::color::validate ... ok
[INFO] [stdout] test http::state::tests::state::builder ... ok
[INFO] [stdout] test http::state::tests::color::serialize ... ok
[INFO] [stdout] test http::selector::tests::deserialize ... ok
[INFO] [stdout] test http::selector::tests::serialize ... ok
[INFO] [stdout] test http::state::tests::state::change::builder ... ok
[INFO] [stdout] 
[INFO] [stdout] test result: ok. 7 passed; 0 failed; 0 ignored; 0 measured; 0 filtered out; finished in 0.02s
[INFO] [stdout] 
[INFO] [stderr]    Doc-tests lifxi
[INFO] [stderr] warning: unnecessary parentheses around type
[INFO] [stderr]    --> /opt/rustwide/workdir/src/http/selector.rs:203:69
[INFO] [stderr]     |
[INFO] [stderr] 203 |     fn deserialize<D: Deserializer<'de>>(deserializer: D) -> Result<(Self), D::Error> {
[INFO] [stderr]     |                                                                     ^^^^^^ help: remove these parentheses
[INFO] [stderr]     |
[INFO] [stderr]     = note: `#[warn(unused_parens)]` on by default
[INFO] [stderr] 
[INFO] [stderr] warning: unnecessary parentheses around type
[INFO] [stderr]    --> /opt/rustwide/workdir/src/http/state.rs:797:69
[INFO] [stderr]     |
[INFO] [stderr] 797 |     fn deserialize<D: Deserializer<'de>>(deserializer: D) -> Result<(Self), D::Error> {
[INFO] [stderr]     |                                                                     ^^^^^^ help: remove these parentheses
[INFO] [stderr] 
[INFO] [stderr] warning: unnecessary parentheses around type
[INFO] [stderr]    --> /opt/rustwide/workdir/src/http/state.rs:820:69
[INFO] [stderr]     |
[INFO] [stderr] 820 |     fn deserialize<D: Deserializer<'de>>(deserializer: D) -> Result<(Self), D::Error> {
[INFO] [stderr]     |                                                                     ^^^^^^ help: remove these parentheses
[INFO] [stderr] 
[INFO] [stderr] warning: unnecessary parentheses around type
[INFO] [stderr]    --> /opt/rustwide/workdir/src/http/state.rs:836:69
[INFO] [stderr]     |
[INFO] [stderr] 836 |     fn deserialize<D: Deserializer<'de>>(deserializer: D) -> Result<(Self), D::Error> {
[INFO] [stderr]     |                                                                     ^^^^^^ help: remove these parentheses
[INFO] [stderr] 
[INFO] [stderr] warning: 4 warnings emitted
[INFO] [stderr] 
[INFO] [stdout] 
[INFO] [stdout] running 100 tests
[INFO] [stdout] test src/http/selector.rs - http::selector::Combine::combine (line 403) ... FAILED
[INFO] [stdout] test src/http/client/scenes.rs - http::client::scenes::Activate (line 79) ... FAILED
[INFO] [stdout] test src/http/client/mod.rs - http::client::Selected::toggle (line 565) ... FAILED
[INFO] [stdout] test src/http/client/effects.rs - http::client::effects::Pulse::period (line 292) ... FAILED
[INFO] [stdout] test src/http/state.rs - http::state::Error::SaturationHigh (line 525) ... FAILED
[INFO] [stdout] test src/http/client/effects.rs - http::client::effects::Breathe::peak (line 179) ... FAILED
[INFO] [stdout] test src/http/client/mod.rs - http::client::Selected::change_state (line 461) ... FAILED
[INFO] [stdout] test src/http/client/states.rs - http::client::states::ChangeState::power (line 406) ... FAILED
[INFO] [stdout] test src/http/state.rs - http::state::ColorParseError::NoRed (line 243) ... FAILED
[INFO] [stdout] test src/http/state.rs - http::state::Error::HsbkEmpty (line 580) ... FAILED
[INFO] [stdout] test src/http/client/states.rs - http::client::states::ChangeState (line 372) ... FAILED
[INFO] [stdout] test src/http/client/states.rs - http::client::states::ChangeState::infrared (line 518) ... FAILED
[INFO] [stdout] test src/http/state.rs - http::state::ColorParseError::NonNumericRed (line 252) ... FAILED
[INFO] [stdout] test src/http/client/scenes.rs - http::client::scenes::Activate::overwrite (line 152) ... FAILED
[INFO] [stdout] test src/http/client/states.rs - http::client::states::SetState (line 107) ... FAILED
[INFO] [stdout] test src/http/state.rs - http::state::Error::Hue (line 516) ... FAILED
[INFO] [stdout] test src/http/client/effects.rs - http::client::effects::Pulse::power (line 349) ... FAILED
[INFO] [stdout] test src/http/state.rs - http::state::ColorParseError::NoBrightness (line 161) ... FAILED
[INFO] [stdout] test src/http/client/mod.rs - http::client::Selected::breathe (line 484) ... FAILED
[INFO] [stdout] test src/http/state.rs - http::state::ColorParseError::MultipleBrightnesses (line 225) ... FAILED
[INFO] [stdout] test src/http/client/states.rs - http::client::states::ChangeState::saturation (line 463) ... FAILED
[INFO] [stdout] test src/http/state.rs - http::state::ColorParseError::MultipleHues (line 207) ... FAILED
[INFO] [stdout] test src/http/client/mod.rs - http::client::Selected::set_state (line 440) ... FAILED
[INFO] [stdout] test src/http/state.rs - http::state::Error::RgbStrShort (line 588) ... FAILED
[INFO] [stdout] test src/http/state.rs - http::state::State::brightness (line 884) ... FAILED
[INFO] [stdout] test src/http/client/mod.rs - http::client::Selected::cycle (line 531) ... FAILED
[INFO] [stdout] test src/http/client/states.rs - http::client::states::SetState::fast (line 231) ... FAILED
[INFO] [stdout] test src/http/state.rs - http::state::Error::KelvinHigh (line 561) ... FAILED
[INFO] [stdout] test src/http/state.rs - http::state::ColorParseError::NonNumericSaturation (line 152) ... FAILED
[INFO] [stdout] test src/http/state.rs - http::state::State::infrared (line 908) ... FAILED
[INFO] [stdout] test src/http/selector.rs - http::selector::Selectors::combine (line 20) ... FAILED
[INFO] [stdout] test src/http/client/effects.rs - http::client::effects::Pulse::from (line 273) ... FAILED
[INFO] [stdout] test src/http/state.rs - http::state::ColorParseError::NoSaturation (line 143) ... FAILED
[INFO] [stdout] test src/http/client/states.rs - http::client::states::SetState::transition (line 195) ... FAILED
[INFO] [stdout] test src/http/selector.rs - http::selector::SelectorParseError::UnknownLabel (line 142) ... FAILED
[INFO] [stdout] test src/http/state.rs - http::state::StateChange::transition (line 973) ... FAILED
[INFO] [stdout] test src/http/client/states.rs - http::client::states::Toggle (line 13) ... FAILED
[INFO] [stdout] test src/http/client/states.rs - http::client::states::SetState::infrared (line 213) ... FAILED
[INFO] [stdout] test src/http/client/states.rs - http::client::states::SetState::brightness (line 177) ... FAILED
[INFO] [stdout] test src/http/client/states.rs - http::client::states::Cycle (line 563) ... FAILED
[INFO] [stdout] test src/http/state.rs - http::state::State::power (line 860) ... FAILED
[INFO] [stdout] test src/http/client/effects.rs - http::client::effects::Breathe::period (line 103) ... FAILED
[INFO] [stdout] test src/http/client/scenes.rs - http::client::scenes::Scenes::activate (line 42) ... FAILED
[INFO] [stdout] test src/http/client/mod.rs - http::client::Client::new (line 90) ... FAILED
[INFO] [stdout] test src/http/client/scenes.rs - http::client::scenes::Activate::fast (line 170) ... FAILED
[INFO] [stdout] test src/http/state.rs - http::state::Error::KelvinLow (line 570) ... FAILED
[INFO] [stdout] test src/http/state.rs - http::state::Error::RgbStrLong (line 599) ... FAILED
[INFO] [stdout] test src/http/state.rs - http::state::ColorParseError::LongString (line 306) ... FAILED
[INFO] [stdout] test src/http/state.rs - http::state::StateChange::kelvin (line 1017) ... FAILED
[INFO] [stdout] test src/http/client/states.rs - http::client::states::ChangeState::transition (line 425) ... FAILED
[INFO] [stdout] test src/http/state.rs - http::state::ColorParseError::NoKelvin (line 179) ... FAILED
[INFO] [stdout] test src/http/state.rs - http::state::ColorParseError::ShortString (line 297) ... FAILED
[INFO] [stdout] test src/http/state.rs - http::state::ColorParseError::NonNumericKelvin (line 188) ... FAILED
[INFO] [stdout] test src/http/state.rs - http::state::State::transition (line 896) ... FAILED
[INFO] [stdout] test src/http/state.rs - http::state::ColorParseError::NoHue (line 125) ... FAILED
[INFO] [stdout] test src/http/client/states.rs - http::client::states::ChangeState::hue (line 444) ... FAILED
[INFO] [stdout] test src/http/selector.rs - http::selector::Selector::zoned (line 327) ... FAILED
[INFO] [stdout] test src/http/state.rs - http::state::ColorParseError::NonNumericGreen (line 270) ... FAILED
[INFO] [stdout] test src/http/selector.rs - http::selector::SelectorParseError::NoLabel (line 119) ... FAILED
[INFO] [stdout] test src/http/state.rs - http::state::ColorParseError::NoBlue (line 279) ... FAILED
[INFO] [stdout] test src/http/state.rs - http::state::ColorParseError::MultipleSaturations (line 216) ... FAILED
[INFO] [stdout] test src/http/state.rs - http::state::Error::BrightnessHigh (line 543) ... FAILED
[INFO] [stdout] test src/http/client/scenes.rs - http::client::scenes::Scenes::list (line 20) ... FAILED
[INFO] [stdout] test src/http/client/states.rs - http::client::states::ChangeState::brightness (line 482) ... FAILED
[INFO] [stdout] test src/http/selector.rs - http::selector::SelectorParseError::NoValue (line 128) ... FAILED
[INFO] [stdout] test src/http/client/states.rs - http::client::states::Toggle (line 25) ... ok
[INFO] [stdout] test src/http/selector.rs - http::selector::T::random (line 386) ... FAILED
[INFO] [stdout] test src/http/client/effects.rs - http::client::effects::Breathe::cycles (line 122) ... ok
[INFO] [stdout] test src/http/state.rs - http::state::ColorParseError::MultipleKelvins (line 234) ... FAILED
[INFO] [stdout] test src/http/state.rs - http::state::ColorParseError::NoGreen (line 261) ... FAILED
[INFO] [stdout] test src/http/state.rs - http::state::StateChange::saturation (line 995) ... FAILED
[INFO] [stdout] test src/http/state.rs - http::state::ColorParseError::NonNumericBlue (line 288) ... FAILED
[INFO] [stdout] test src/http/state.rs - http::state::ColorParseError::WeirdHsbkComponent (line 198) ... FAILED
[INFO] [stdout] test src/http/client/states.rs - http::client::states::SetState::power (line 141) ... FAILED
[INFO] [stdout] test src/http/client/states.rs - http::client::states::Toggle::transition (line 49) ... FAILED
[INFO] [stdout] test src/http/client/states.rs - http::client::states::ChangeState::kelvin (line 500) ... FAILED
[INFO] [stderr] error: test failed, to rerun pass '--doc'
[INFO] [stderr] 
[INFO] [stderr] Caused by:
[INFO] [stderr]   process didn't exit successfully: `rustdoc --edition=2018 --crate-type lib --crate-name lifxi --test /opt/rustwide/workdir/src/lib.rs -L dependency=/opt/rustwide/target/debug/deps -L dependency=/opt/rustwide/target/debug/deps --extern lifxi=/opt/rustwide/target/debug/deps/liblifxi-c58f5854d5c34aeb.rlib --extern reqwest=/opt/rustwide/target/debug/deps/libreqwest-ceaca9014d89423e.rlib --extern serde=/opt/rustwide/target/debug/deps/libserde-43684e022ed6caba.rlib --extern serde_derive=/opt/rustwide/target/debug/deps/libserde_derive-2799fcdcc706ff71.so -C embed-bitcode=no --error-format human` (signal: 9, SIGKILL: kill)
[INFO] running `Command { std: "docker" "inspect" "30867f49728f57e582e21a5942e57fd8ea1be7e0d834d955adc53097c0ea4983", kill_on_drop: false }`
[INFO] running `Command { std: "docker" "rm" "-f" "30867f49728f57e582e21a5942e57fd8ea1be7e0d834d955adc53097c0ea4983", kill_on_drop: false }`
[INFO] [stdout] 30867f49728f57e582e21a5942e57fd8ea1be7e0d834d955adc53097c0ea4983
