[INFO] fetching crate lies 0.0.3...
[INFO] testing lies-0.0.3 against 1.54.0 for beta-1.55-1
[INFO] extracting crate lies 0.0.3 into /workspace/builds/worker-115/source
[INFO] validating manifest of crates.io crate lies 0.0.3 on toolchain 1.54.0
[INFO] running `Command { std: "/workspace/cargo-home/bin/cargo" "+1.54.0" "metadata" "--manifest-path" "Cargo.toml" "--no-deps", kill_on_drop: false }`
[INFO] started tweaking crates.io crate lies 0.0.3
[INFO] finished tweaking crates.io crate lies 0.0.3
[INFO] tweaked toml for crates.io crate lies 0.0.3 written to /workspace/builds/worker-115/source/Cargo.toml
[INFO] running `Command { std: "/workspace/cargo-home/bin/cargo" "+1.54.0" "generate-lockfile" "--manifest-path" "Cargo.toml" "-Zno-index-update", kill_on_drop: false }`
[INFO] [stderr]     Blocking waiting for file lock on package cache
[INFO] running `Command { std: "/workspace/cargo-home/bin/cargo" "+1.54.0" "fetch" "--manifest-path" "Cargo.toml", kill_on_drop: false }`
[INFO] [stderr]     Blocking waiting for file lock on package cache
[INFO] [stderr]     Blocking waiting for file lock on package cache
[INFO] [stderr]  Downloading crates ...
[INFO] [stderr]   Downloaded lies-impl v0.0.3
[INFO] running `Command { std: "docker" "create" "-v" "/var/lib/crater-agent-workspace/builds/worker-115/target:/opt/rustwide/target:rw,Z" "-v" "/var/lib/crater-agent-workspace/builds/worker-115/source:/opt/rustwide/workdir:ro,Z" "-v" "/var/lib/crater-agent-workspace/cargo-home:/opt/rustwide/cargo-home:ro,Z" "-v" "/var/lib/crater-agent-workspace/rustup-home:/opt/rustwide/rustup-home:ro,Z" "-e" "SOURCE_DIR=/opt/rustwide/workdir" "-e" "CARGO_TARGET_DIR=/opt/rustwide/target" "-e" "CARGO_HOME=/opt/rustwide/cargo-home" "-e" "RUSTUP_HOME=/opt/rustwide/rustup-home" "-w" "/opt/rustwide/workdir" "-m" "1610612736" "--user" "0:0" "--network" "none" "ghcr.io/rust-lang/crates-build-env/linux@sha256:34b6a614d2c27851fe6cbf88fbd1137609cefab8b10d0615aaeb6fd47975d74e" "/opt/rustwide/cargo-home/bin/cargo" "+1.54.0" "metadata" "--no-deps" "--format-version=1", kill_on_drop: false }`
[INFO] [stdout] c3a56ff3c8a4818c583b3a2717b7d0dbb80d576425de9be6494b65b7a8205119
[INFO] running `Command { std: "docker" "start" "-a" "c3a56ff3c8a4818c583b3a2717b7d0dbb80d576425de9be6494b65b7a8205119", kill_on_drop: false }`
[INFO] running `Command { std: "docker" "inspect" "c3a56ff3c8a4818c583b3a2717b7d0dbb80d576425de9be6494b65b7a8205119", kill_on_drop: false }`
[INFO] running `Command { std: "docker" "rm" "-f" "c3a56ff3c8a4818c583b3a2717b7d0dbb80d576425de9be6494b65b7a8205119", kill_on_drop: false }`
[INFO] [stdout] c3a56ff3c8a4818c583b3a2717b7d0dbb80d576425de9be6494b65b7a8205119
[INFO] running `Command { std: "docker" "create" "-v" "/var/lib/crater-agent-workspace/builds/worker-115/target:/opt/rustwide/target:rw,Z" "-v" "/var/lib/crater-agent-workspace/builds/worker-115/source:/opt/rustwide/workdir:ro,Z" "-v" "/var/lib/crater-agent-workspace/cargo-home:/opt/rustwide/cargo-home:ro,Z" "-v" "/var/lib/crater-agent-workspace/rustup-home:/opt/rustwide/rustup-home:ro,Z" "-e" "SOURCE_DIR=/opt/rustwide/workdir" "-e" "CARGO_TARGET_DIR=/opt/rustwide/target" "-e" "CARGO_INCREMENTAL=0" "-e" "RUST_BACKTRACE=full" "-e" "RUSTFLAGS=--cap-lints=warn" "-e" "CARGO_HOME=/opt/rustwide/cargo-home" "-e" "RUSTUP_HOME=/opt/rustwide/rustup-home" "-w" "/opt/rustwide/workdir" "-m" "1610612736" "--user" "0:0" "--network" "none" "ghcr.io/rust-lang/crates-build-env/linux@sha256:34b6a614d2c27851fe6cbf88fbd1137609cefab8b10d0615aaeb6fd47975d74e" "/opt/rustwide/cargo-home/bin/cargo" "+1.54.0" "build" "--frozen" "--message-format=json", kill_on_drop: false }`
[INFO] [stdout] 3a014eb196065cbeeb97a9d44879c1f3cd742be4b1740b5792a79d832475225d
[INFO] running `Command { std: "docker" "start" "-a" "3a014eb196065cbeeb97a9d44879c1f3cd742be4b1740b5792a79d832475225d", kill_on_drop: false }`
[INFO] [stderr]    Compiling serde v1.0.127
[INFO] [stderr]    Compiling semver v0.9.0
[INFO] [stderr]    Compiling serde_json v1.0.66
[INFO] [stderr]    Compiling cargo_metadata v0.8.2
[INFO] [stderr]    Compiling lies-impl v0.0.3
[INFO] [stderr]    Compiling lies v0.0.3 (/opt/rustwide/workdir)
[INFO] [stderr]     Finished dev [unoptimized + debuginfo] target(s) in 12.55s
[INFO] running `Command { std: "docker" "inspect" "3a014eb196065cbeeb97a9d44879c1f3cd742be4b1740b5792a79d832475225d", kill_on_drop: false }`
[INFO] running `Command { std: "docker" "rm" "-f" "3a014eb196065cbeeb97a9d44879c1f3cd742be4b1740b5792a79d832475225d", kill_on_drop: false }`
[INFO] [stdout] 3a014eb196065cbeeb97a9d44879c1f3cd742be4b1740b5792a79d832475225d
[INFO] running `Command { std: "docker" "create" "-v" "/var/lib/crater-agent-workspace/builds/worker-115/target:/opt/rustwide/target:rw,Z" "-v" "/var/lib/crater-agent-workspace/builds/worker-115/source:/opt/rustwide/workdir:ro,Z" "-v" "/var/lib/crater-agent-workspace/cargo-home:/opt/rustwide/cargo-home:ro,Z" "-v" "/var/lib/crater-agent-workspace/rustup-home:/opt/rustwide/rustup-home:ro,Z" "-e" "SOURCE_DIR=/opt/rustwide/workdir" "-e" "CARGO_TARGET_DIR=/opt/rustwide/target" "-e" "CARGO_INCREMENTAL=0" "-e" "RUST_BACKTRACE=full" "-e" "RUSTFLAGS=--cap-lints=warn" "-e" "CARGO_HOME=/opt/rustwide/cargo-home" "-e" "RUSTUP_HOME=/opt/rustwide/rustup-home" "-w" "/opt/rustwide/workdir" "-m" "1610612736" "--user" "0:0" "--network" "none" "ghcr.io/rust-lang/crates-build-env/linux@sha256:34b6a614d2c27851fe6cbf88fbd1137609cefab8b10d0615aaeb6fd47975d74e" "/opt/rustwide/cargo-home/bin/cargo" "+1.54.0" "test" "--frozen" "--no-run" "--message-format=json", kill_on_drop: false }`
[INFO] [stdout] 03de0be412cd7fd24a5de874d2f0cce0ec00167d1ebc92df3b90d34e232b13f2
[INFO] running `Command { std: "docker" "start" "-a" "03de0be412cd7fd24a5de874d2f0cce0ec00167d1ebc92df3b90d34e232b13f2", kill_on_drop: false }`
[INFO] [stderr]     Blocking waiting for file lock on package cache
[INFO] [stderr]    Compiling lies v0.0.3 (/opt/rustwide/workdir)
[INFO] [stderr]     Finished test [unoptimized + debuginfo] target(s) in 0.94s
[INFO] running `Command { std: "docker" "inspect" "03de0be412cd7fd24a5de874d2f0cce0ec00167d1ebc92df3b90d34e232b13f2", kill_on_drop: false }`
[INFO] running `Command { std: "docker" "rm" "-f" "03de0be412cd7fd24a5de874d2f0cce0ec00167d1ebc92df3b90d34e232b13f2", kill_on_drop: false }`
[INFO] [stdout] 03de0be412cd7fd24a5de874d2f0cce0ec00167d1ebc92df3b90d34e232b13f2
[INFO] running `Command { std: "docker" "create" "-v" "/var/lib/crater-agent-workspace/builds/worker-115/target:/opt/rustwide/target:rw,Z" "-v" "/var/lib/crater-agent-workspace/builds/worker-115/source:/opt/rustwide/workdir:ro,Z" "-v" "/var/lib/crater-agent-workspace/cargo-home:/opt/rustwide/cargo-home:ro,Z" "-v" "/var/lib/crater-agent-workspace/rustup-home:/opt/rustwide/rustup-home:ro,Z" "-e" "SOURCE_DIR=/opt/rustwide/workdir" "-e" "CARGO_TARGET_DIR=/opt/rustwide/target" "-e" "CARGO_INCREMENTAL=0" "-e" "RUST_BACKTRACE=full" "-e" "RUSTFLAGS=--cap-lints=warn" "-e" "CARGO_HOME=/opt/rustwide/cargo-home" "-e" "RUSTUP_HOME=/opt/rustwide/rustup-home" "-w" "/opt/rustwide/workdir" "-m" "1610612736" "--user" "0:0" "--network" "none" "ghcr.io/rust-lang/crates-build-env/linux@sha256:34b6a614d2c27851fe6cbf88fbd1137609cefab8b10d0615aaeb6fd47975d74e" "/opt/rustwide/cargo-home/bin/cargo" "+1.54.0" "test" "--frozen", kill_on_drop: false }`
[INFO] [stdout] 0c01d8de668f83aa2dd494bb2204089a53ce9ab523dc8c7d401894ac44a5748a
[INFO] running `Command { std: "docker" "start" "-a" "0c01d8de668f83aa2dd494bb2204089a53ce9ab523dc8c7d401894ac44a5748a", kill_on_drop: false }`
[INFO] [stderr]     Finished test [unoptimized + debuginfo] target(s) in 0.06s
[INFO] [stderr]      Running unittests (/opt/rustwide/target/debug/deps/lies-c81791d24a36ed72)
[INFO] [stdout] 
[INFO] [stderr]    Doc-tests lies
[INFO] [stdout] running 0 tests
[INFO] [stdout] 
[INFO] [stdout] test result: ok. 0 passed; 0 failed; 0 ignored; 0 measured; 0 filtered out; finished in 0.00s
[INFO] [stdout] 
[INFO] [stdout] 
[INFO] [stdout] running 3 tests
[INFO] [stdout] test src/lib.rs - licenses_ansi (line 31) ... FAILED
[INFO] [stdout] test src/lib.rs - licenses_text (line 21) ... FAILED
[INFO] [stdout] test src/lib.rs - (line 8) ... FAILED
[INFO] [stdout] 
[INFO] [stdout] failures:
[INFO] [stdout] 
[INFO] [stdout] ---- src/lib.rs - licenses_ansi (line 31) stdout ----
[INFO] [stdout] about.toml does not exist, and cannot be opened for writing: Read-only file system (os error 30)
[INFO] [stdout] Couldn't compile the test.
[INFO] [stdout] ---- src/lib.rs - licenses_text (line 21) stdout ----
[INFO] [stdout] about.toml does not exist, and cannot be opened for writing: Read-only file system (os error 30)
[INFO] [stdout] Couldn't compile the test.
[INFO] [stdout] ---- src/lib.rs - (line 8) stdout ----
[INFO] [stdout] about.toml does not exist, and cannot be opened for writing: Read-only file system (os error 30)
[INFO] [stdout] Couldn't compile the test.
[INFO] [stdout] 
[INFO] [stdout] failures:
[INFO] [stdout]     src/lib.rs - (line 8)
[INFO] [stdout]     src/lib.rs - licenses_ansi (line 31)
[INFO] [stdout]     src/lib.rs - licenses_text (line 21)
[INFO] [stdout] 
[INFO] [stdout] test result: FAILED. 0 passed; 3 failed; 0 ignored; 0 measured; 0 filtered out; finished in 0.17s
[INFO] [stdout] 
[INFO] [stderr] error: test failed, to rerun pass '--doc'
[INFO] running `Command { std: "docker" "inspect" "0c01d8de668f83aa2dd494bb2204089a53ce9ab523dc8c7d401894ac44a5748a", kill_on_drop: false }`
[INFO] running `Command { std: "docker" "rm" "-f" "0c01d8de668f83aa2dd494bb2204089a53ce9ab523dc8c7d401894ac44a5748a", kill_on_drop: false }`
[INFO] [stdout] 0c01d8de668f83aa2dd494bb2204089a53ce9ab523dc8c7d401894ac44a5748a
