[INFO] fetching crate lichessbot 0.1.36...
[INFO] testing lichessbot-0.1.36 against 1.54.0 for beta-1.55-1
[INFO] extracting crate lichessbot 0.1.36 into /workspace/builds/worker-63/source
[INFO] validating manifest of crates.io crate lichessbot 0.1.36 on toolchain 1.54.0
[INFO] running `Command { std: "/workspace/cargo-home/bin/cargo" "+1.54.0" "metadata" "--manifest-path" "Cargo.toml" "--no-deps", kill_on_drop: false }`
[INFO] started tweaking crates.io crate lichessbot 0.1.36
[INFO] finished tweaking crates.io crate lichessbot 0.1.36
[INFO] tweaked toml for crates.io crate lichessbot 0.1.36 written to /workspace/builds/worker-63/source/Cargo.toml
[INFO] crate crates.io crate lichessbot 0.1.36 already has a lockfile, it will not be regenerated
[INFO] running `Command { std: "/workspace/cargo-home/bin/cargo" "+1.54.0" "fetch" "--manifest-path" "Cargo.toml", kill_on_drop: false }`
[INFO] [stderr]     Blocking waiting for file lock on package cache
[INFO] [stderr]     Blocking waiting for file lock on package cache
[INFO] running `Command { std: "docker" "create" "-v" "/var/lib/crater-agent-workspace/builds/worker-63/target:/opt/rustwide/target:rw,Z" "-v" "/var/lib/crater-agent-workspace/builds/worker-63/source:/opt/rustwide/workdir:ro,Z" "-v" "/var/lib/crater-agent-workspace/cargo-home:/opt/rustwide/cargo-home:ro,Z" "-v" "/var/lib/crater-agent-workspace/rustup-home:/opt/rustwide/rustup-home:ro,Z" "-e" "SOURCE_DIR=/opt/rustwide/workdir" "-e" "CARGO_TARGET_DIR=/opt/rustwide/target" "-e" "CARGO_HOME=/opt/rustwide/cargo-home" "-e" "RUSTUP_HOME=/opt/rustwide/rustup-home" "-w" "/opt/rustwide/workdir" "-m" "1610612736" "--user" "0:0" "--network" "none" "ghcr.io/rust-lang/crates-build-env/linux@sha256:34b6a614d2c27851fe6cbf88fbd1137609cefab8b10d0615aaeb6fd47975d74e" "/opt/rustwide/cargo-home/bin/cargo" "+1.54.0" "metadata" "--no-deps" "--format-version=1", kill_on_drop: false }`
[INFO] [stdout] da44a538e115130101b33b372d8b91b326c30b0b8ec5d09d25617421ffcb1682
[INFO] running `Command { std: "docker" "start" "-a" "da44a538e115130101b33b372d8b91b326c30b0b8ec5d09d25617421ffcb1682", kill_on_drop: false }`
[INFO] running `Command { std: "docker" "inspect" "da44a538e115130101b33b372d8b91b326c30b0b8ec5d09d25617421ffcb1682", kill_on_drop: false }`
[INFO] running `Command { std: "docker" "rm" "-f" "da44a538e115130101b33b372d8b91b326c30b0b8ec5d09d25617421ffcb1682", kill_on_drop: false }`
[INFO] [stdout] da44a538e115130101b33b372d8b91b326c30b0b8ec5d09d25617421ffcb1682
[INFO] running `Command { std: "docker" "create" "-v" "/var/lib/crater-agent-workspace/builds/worker-63/target:/opt/rustwide/target:rw,Z" "-v" "/var/lib/crater-agent-workspace/builds/worker-63/source:/opt/rustwide/workdir:ro,Z" "-v" "/var/lib/crater-agent-workspace/cargo-home:/opt/rustwide/cargo-home:ro,Z" "-v" "/var/lib/crater-agent-workspace/rustup-home:/opt/rustwide/rustup-home:ro,Z" "-e" "SOURCE_DIR=/opt/rustwide/workdir" "-e" "CARGO_TARGET_DIR=/opt/rustwide/target" "-e" "CARGO_INCREMENTAL=0" "-e" "RUST_BACKTRACE=full" "-e" "RUSTFLAGS=--cap-lints=warn" "-e" "CARGO_HOME=/opt/rustwide/cargo-home" "-e" "RUSTUP_HOME=/opt/rustwide/rustup-home" "-w" "/opt/rustwide/workdir" "-m" "1610612736" "--user" "0:0" "--network" "none" "ghcr.io/rust-lang/crates-build-env/linux@sha256:34b6a614d2c27851fe6cbf88fbd1137609cefab8b10d0615aaeb6fd47975d74e" "/opt/rustwide/cargo-home/bin/cargo" "+1.54.0" "build" "--frozen" "--message-format=json", kill_on_drop: false }`
[INFO] [stdout] b41bcd5a9480296b8139898435b476e4dd1fbcc5ff612d431621f9d802e83dbe
[INFO] running `Command { std: "docker" "start" "-a" "b41bcd5a9480296b8139898435b476e4dd1fbcc5ff612d431621f9d802e83dbe", kill_on_drop: false }`
[INFO] [stderr]     Blocking waiting for file lock on package cache
[INFO] [stderr]    Compiling proc-macro2 v1.0.24
[INFO] [stderr]    Compiling syn v1.0.58
[INFO] [stderr]    Compiling libc v0.2.82
[INFO] [stderr]    Compiling log v0.4.11
[INFO] [stderr]    Compiling pin-project-lite v0.2.4
[INFO] [stderr]    Compiling smallvec v1.6.0
[INFO] [stderr]    Compiling fnv v1.0.7
[INFO] [stderr]    Compiling once_cell v1.5.2
[INFO] [stderr]    Compiling cc v1.0.66
[INFO] [stderr]    Compiling serde_derive v1.0.120
[INFO] [stderr]    Compiling futures-core v0.3.12
[INFO] [stderr]    Compiling serde v1.0.120
[INFO] [stderr]    Compiling pin-project-internal v0.4.27
[INFO] [stderr]    Compiling proc-macro-nested v0.1.6
[INFO] [stderr]    Compiling openssl v0.10.32
[INFO] [stderr]    Compiling futures-sink v0.3.9
[INFO] [stderr]    Compiling httparse v1.3.4
[INFO] [stderr]    Compiling hashbrown v0.9.1
[INFO] [stderr]    Compiling serde_json v1.0.61
[INFO] [stderr]    Compiling getrandom v0.2.1
[INFO] [stderr]    Compiling try-lock v0.2.3
[INFO] [stderr]    Compiling httpdate v0.3.2
[INFO] [stderr]    Compiling encoding_rs v0.8.26
[INFO] [stderr]    Compiling regex-syntax v0.6.21
[INFO] [stderr]    Compiling tower-service v0.3.0
[INFO] [stderr]    Compiling shakmaty v0.17.1
[INFO] [stderr]    Compiling ppv-lite86 v0.2.10
[INFO] [stderr]    Compiling humantime v2.0.1
[INFO] [stderr]    Compiling arrayvec v0.5.2
[INFO] [stderr]    Compiling base64 v0.13.0
[INFO] [stderr]    Compiling mime v0.3.16
[INFO] [stderr]    Compiling ipnet v2.3.0
[INFO] [stderr]    Compiling dotenv v0.15.0
[INFO] [stderr]    Compiling instant v0.1.9
[INFO] [stderr]    Compiling lock_api v0.4.2
[INFO] [stderr]    Compiling tokio v1.1.0
[INFO] [stderr]    Compiling num-traits v0.2.14
[INFO] [stderr]    Compiling tracing-core v0.1.17
[INFO] [stderr]    Compiling indexmap v1.6.1
[INFO] [stderr]    Compiling tinyvec v1.1.0
[INFO] [stderr]    Compiling thread_local v1.1.0
[INFO] [stderr]    Compiling form_urlencoded v1.0.0
[INFO] [stderr]    Compiling http v0.2.3
[INFO] [stderr]    Compiling futures-channel v0.3.9
[INFO] [stderr]    Compiling futures-task v0.3.12
[INFO] [stderr]    Compiling unicode-normalization v0.1.16
[INFO] [stderr]    Compiling tracing v0.1.22
[INFO] [stderr]    Compiling want v0.3.0
[INFO] [stderr]    Compiling parking_lot_core v0.8.2
[INFO] [stderr]    Compiling signal-hook-registry v1.3.0
[INFO] [stderr]    Compiling mio v0.7.7
[INFO] [stderr]    Compiling num_cpus v1.13.0
[INFO] [stderr]    Compiling socket2 v0.3.19
[INFO] [stderr]    Compiling time v0.1.44
[INFO] [stderr]    Compiling atty v0.2.14
[INFO] [stderr]    Compiling slice-deque v0.3.0
[INFO] [stderr]    Compiling openssl-sys v0.9.60
[INFO] [stderr]    Compiling quote v1.0.8
[INFO] [stderr]    Compiling regex v1.4.2
[INFO] [stderr]    Compiling parking_lot v0.11.1
[INFO] [stderr]    Compiling rand_core v0.6.1
[INFO] [stderr]    Compiling idna v0.2.0
[INFO] [stderr]    Compiling rand_chacha v0.3.0
[INFO] [stderr]    Compiling native-tls v0.2.7
[INFO] [stderr]    Compiling rand v0.8.2
[INFO] [stderr]    Compiling btoi v0.4.2
[INFO] [stderr]    Compiling num-integer v0.1.44
[INFO] [stderr]    Compiling http-body v0.4.0
[INFO] [stderr]    Compiling env_logger v0.8.2
[INFO] [stderr]    Compiling url v2.2.0
[INFO] [stderr]    Compiling envor v0.1.3
[INFO] [stderr]    Compiling pgn-reader v0.16.0
[INFO] [stderr]    Compiling darling_core v0.10.2
[INFO] [stderr]    Compiling tokio-macros v1.0.0
[INFO] [stderr]    Compiling async-stream-impl v0.3.0
[INFO] [stderr]    Compiling futures-macro v0.3.12
[INFO] [stderr]    Compiling pin-project-internal v1.0.4
[INFO] [stderr]    Compiling thiserror-impl v1.0.23
[INFO] [stderr]    Compiling darling_macro v0.10.2
[INFO] [stderr]    Compiling async-stream v0.3.0
[INFO] [stderr]    Compiling futures-util v0.3.12
[INFO] [stderr]    Compiling darling v0.10.2
[INFO] [stderr]    Compiling serde_with_macros v1.3.0
[INFO] [stderr]    Compiling thiserror v1.0.23
[INFO] [stderr]    Compiling pin-project v1.0.4
[INFO] [stderr]    Compiling pin-project v0.4.27
[INFO] [stderr]    Compiling tracing-futures v0.2.4
[INFO] [stderr]    Compiling tokio-stream v0.1.2
[INFO] [stderr]    Compiling tokio-native-tls v0.3.0
[INFO] [stderr]    Compiling tokio-util v0.6.2
[INFO] [stderr]    Compiling h2 v0.3.0
[INFO] [stderr]    Compiling chrono v0.4.19
[INFO] [stderr]    Compiling serde_urlencoded v0.7.0
[INFO] [stderr]    Compiling uciengine v0.1.32
[INFO] [stderr]    Compiling pgnparse v0.1.15
[INFO] [stderr]    Compiling hyper v0.14.2
[INFO] [stderr]    Compiling serde_with v1.6.0
[INFO] [stderr]    Compiling hyper-tls v0.5.0
[INFO] [stderr]    Compiling reqwest v0.11.0
[INFO] [stderr]    Compiling licoricedev v0.1.2
[INFO] [stderr]    Compiling lichessbot v0.1.36 (/opt/rustwide/workdir)
[INFO] [stderr]     Finished dev [unoptimized + debuginfo] target(s) in 52.94s
[INFO] running `Command { std: "docker" "inspect" "b41bcd5a9480296b8139898435b476e4dd1fbcc5ff612d431621f9d802e83dbe", kill_on_drop: false }`
[INFO] running `Command { std: "docker" "rm" "-f" "b41bcd5a9480296b8139898435b476e4dd1fbcc5ff612d431621f9d802e83dbe", kill_on_drop: false }`
[INFO] [stdout] b41bcd5a9480296b8139898435b476e4dd1fbcc5ff612d431621f9d802e83dbe
[INFO] running `Command { std: "docker" "create" "-v" "/var/lib/crater-agent-workspace/builds/worker-63/target:/opt/rustwide/target:rw,Z" "-v" "/var/lib/crater-agent-workspace/builds/worker-63/source:/opt/rustwide/workdir:ro,Z" "-v" "/var/lib/crater-agent-workspace/cargo-home:/opt/rustwide/cargo-home:ro,Z" "-v" "/var/lib/crater-agent-workspace/rustup-home:/opt/rustwide/rustup-home:ro,Z" "-e" "SOURCE_DIR=/opt/rustwide/workdir" "-e" "CARGO_TARGET_DIR=/opt/rustwide/target" "-e" "CARGO_INCREMENTAL=0" "-e" "RUST_BACKTRACE=full" "-e" "RUSTFLAGS=--cap-lints=warn" "-e" "CARGO_HOME=/opt/rustwide/cargo-home" "-e" "RUSTUP_HOME=/opt/rustwide/rustup-home" "-w" "/opt/rustwide/workdir" "-m" "1610612736" "--user" "0:0" "--network" "none" "ghcr.io/rust-lang/crates-build-env/linux@sha256:34b6a614d2c27851fe6cbf88fbd1137609cefab8b10d0615aaeb6fd47975d74e" "/opt/rustwide/cargo-home/bin/cargo" "+1.54.0" "test" "--frozen" "--no-run" "--message-format=json", kill_on_drop: false }`
[INFO] [stdout] e88d32ead0b1f85ffe43137909ba63d9c57e8460e0cd263188a3b551c0b6aa8e
[INFO] running `Command { std: "docker" "start" "-a" "e88d32ead0b1f85ffe43137909ba63d9c57e8460e0cd263188a3b551c0b6aa8e", kill_on_drop: false }`
[INFO] [stderr]    Compiling lichessbot v0.1.36 (/opt/rustwide/workdir)
[INFO] [stderr]     Finished test [unoptimized + debuginfo] target(s) in 9.40s
[INFO] running `Command { std: "docker" "inspect" "e88d32ead0b1f85ffe43137909ba63d9c57e8460e0cd263188a3b551c0b6aa8e", kill_on_drop: false }`
[INFO] running `Command { std: "docker" "rm" "-f" "e88d32ead0b1f85ffe43137909ba63d9c57e8460e0cd263188a3b551c0b6aa8e", kill_on_drop: false }`
[INFO] [stdout] e88d32ead0b1f85ffe43137909ba63d9c57e8460e0cd263188a3b551c0b6aa8e
[INFO] running `Command { std: "docker" "create" "-v" "/var/lib/crater-agent-workspace/builds/worker-63/target:/opt/rustwide/target:rw,Z" "-v" "/var/lib/crater-agent-workspace/builds/worker-63/source:/opt/rustwide/workdir:ro,Z" "-v" "/var/lib/crater-agent-workspace/cargo-home:/opt/rustwide/cargo-home:ro,Z" "-v" "/var/lib/crater-agent-workspace/rustup-home:/opt/rustwide/rustup-home:ro,Z" "-e" "SOURCE_DIR=/opt/rustwide/workdir" "-e" "CARGO_TARGET_DIR=/opt/rustwide/target" "-e" "CARGO_INCREMENTAL=0" "-e" "RUST_BACKTRACE=full" "-e" "RUSTFLAGS=--cap-lints=warn" "-e" "CARGO_HOME=/opt/rustwide/cargo-home" "-e" "RUSTUP_HOME=/opt/rustwide/rustup-home" "-w" "/opt/rustwide/workdir" "-m" "1610612736" "--user" "0:0" "--network" "none" "ghcr.io/rust-lang/crates-build-env/linux@sha256:34b6a614d2c27851fe6cbf88fbd1137609cefab8b10d0615aaeb6fd47975d74e" "/opt/rustwide/cargo-home/bin/cargo" "+1.54.0" "test" "--frozen", kill_on_drop: false }`
[INFO] [stdout] 8e6f33004e310de70b9a089ddc5d7f01cab6450f8ab560a7ff91ae3feb3c2356
[INFO] running `Command { std: "docker" "start" "-a" "8e6f33004e310de70b9a089ddc5d7f01cab6450f8ab560a7ff91ae3feb3c2356", kill_on_drop: false }`
[INFO] [stderr]     Finished test [unoptimized + debuginfo] target(s) in 0.26s
[INFO] [stderr]      Running unittests (/opt/rustwide/target/debug/deps/lichessbot-6e2db281c4d332fc)
[INFO] [stdout] 
[INFO] [stdout] running 0 tests
[INFO] [stdout] 
[INFO] [stdout] test result: ok. 0 passed; 0 failed; 0 ignored; 0 measured; 0 filtered out; finished in 0.00s
[INFO] [stdout] 
[INFO] [stderr]    Doc-tests lichessbot
[INFO] [stdout] 
[INFO] [stdout] running 1 test
[INFO] [stdout] test src/lib.rs - (line 5) ... FAILED
[INFO] [stdout] 
[INFO] [stdout] failures:
[INFO] [stdout] 
[INFO] [stdout] ---- src/lib.rs - (line 5) stdout ----
[INFO] [stdout] Test executable failed (exit code 101).
[INFO] [stdout] 
[INFO] [stdout] stderr:
[INFO] [stdout] thread 'main' panicked at 'called `Result::unwrap()` on an `Err` value: NotPresent', src/lichessbot.rs:150:55
[INFO] [stdout] stack backtrace:
[INFO] [stdout]    0:     0x561ff4e79e90 - std::backtrace_rs::backtrace::libunwind::trace::h34055254b57d8e79
[INFO] [stdout]                                at /rustc/a178d0322ce20e33eac124758e837cbd80a6f633/library/std/src/../../backtrace/src/backtrace/libunwind.rs:90:5
[INFO] [stdout]    1:     0x561ff4e79e90 - std::backtrace_rs::backtrace::trace_unsynchronized::h8f1e3fbd9afff6ec
[INFO] [stdout]                                at /rustc/a178d0322ce20e33eac124758e837cbd80a6f633/library/std/src/../../backtrace/src/backtrace/mod.rs:66:5
[INFO] [stdout]    2:     0x561ff4e79e90 - std::sys_common::backtrace::_print_fmt::h3a99a796b770c360
[INFO] [stdout]                                at /rustc/a178d0322ce20e33eac124758e837cbd80a6f633/library/std/src/sys_common/backtrace.rs:67:5
[INFO] [stdout]    3:     0x561ff4e79e90 - <std::sys_common::backtrace::_print::DisplayBacktrace as core::fmt::Display>::fmt::h32d1f94a80615d18
[INFO] [stdout]                                at /rustc/a178d0322ce20e33eac124758e837cbd80a6f633/library/std/src/sys_common/backtrace.rs:46:22
[INFO] [stdout]    4:     0x561ff4e9dd4c - core::fmt::write::h306731c068f7162c
[INFO] [stdout]                                at /rustc/a178d0322ce20e33eac124758e837cbd80a6f633/library/core/src/fmt/mod.rs:1110:17
[INFO] [stdout]    5:     0x561ff4e747c5 - std::io::Write::write_fmt::hd2fa90334eee2a21
[INFO] [stdout]                                at /rustc/a178d0322ce20e33eac124758e837cbd80a6f633/library/std/src/io/mod.rs:1588:15
[INFO] [stdout]    6:     0x561ff4e7be5b - std::sys_common::backtrace::_print::h5abaa2601a852287
[INFO] [stdout]                                at /rustc/a178d0322ce20e33eac124758e837cbd80a6f633/library/std/src/sys_common/backtrace.rs:49:5
[INFO] [stdout]    7:     0x561ff4e7be5b - std::sys_common::backtrace::print::h8d81445442bb638f
[INFO] [stdout]                                at /rustc/a178d0322ce20e33eac124758e837cbd80a6f633/library/std/src/sys_common/backtrace.rs:36:9
[INFO] [stdout]    8:     0x561ff4e7be5b - std::panicking::default_hook::{{closure}}::hcfe804496a9fa747
[INFO] [stdout]                                at /rustc/a178d0322ce20e33eac124758e837cbd80a6f633/library/std/src/panicking.rs:208:50
[INFO] [stdout]    9:     0x561ff4e7b931 - std::panicking::default_hook::hbea8e3ccf2ba8901
[INFO] [stdout]                                at /rustc/a178d0322ce20e33eac124758e837cbd80a6f633/library/std/src/panicking.rs:225:9
[INFO] [stdout]   10:     0x561ff4e7c524 - std::panicking::rust_panic_with_hook::h7ee9e1a2d0f8975a
[INFO] [stdout]                                at /rustc/a178d0322ce20e33eac124758e837cbd80a6f633/library/std/src/panicking.rs:622:17
[INFO] [stdout]   11:     0x561ff4e7c007 - std::panicking::begin_panic_handler::{{closure}}::h8ab3b4491718b2c7
[INFO] [stdout]                                at /rustc/a178d0322ce20e33eac124758e837cbd80a6f633/library/std/src/panicking.rs:519:13
[INFO] [stdout]   12:     0x561ff4e7a38c - std::sys_common::backtrace::__rust_end_short_backtrace::hd489062ffa586a9f
[INFO] [stdout]                                at /rustc/a178d0322ce20e33eac124758e837cbd80a6f633/library/std/src/sys_common/backtrace.rs:141:18
[INFO] [stdout]   13:     0x561ff4e7bf69 - rust_begin_unwind
[INFO] [stdout]                                at /rustc/a178d0322ce20e33eac124758e837cbd80a6f633/library/std/src/panicking.rs:515:5
[INFO] [stdout]   14:     0x561ff45f9ae1 - core::panicking::panic_fmt::hca6330e3e14086b4
[INFO] [stdout]                                at /rustc/a178d0322ce20e33eac124758e837cbd80a6f633/library/core/src/panicking.rs:92:14
[INFO] [stdout]   15:     0x561ff45f9bd3 - core::result::unwrap_failed::h6160d2b4bfbb0e87
[INFO] [stdout]                                at /rustc/a178d0322ce20e33eac124758e837cbd80a6f633/library/core/src/result.rs:1355:5
[INFO] [stdout]   16:     0x561ff48c835d - core::result::Result<T,E>::unwrap::h2a7bba65141254ea
[INFO] [stdout]                                at /rustc/a178d0322ce20e33eac124758e837cbd80a6f633/library/core/src/result.rs:1037:23
[INFO] [stdout]   17:     0x561ff48c942d - lichessbot::lichessbot::LichessBot::new::hffdea8c7a36f3e06
[INFO] [stdout]                                at /opt/rustwide/workdir/src/lichessbot.rs:150:24
[INFO] [stdout]   18:     0x561ff46ff61d - rust_out::main::{{closure}}::h403bf516dcb39b9d
[INFO] [stdout]   19:     0x561ff46f2506 - <core::future::from_generator::GenFuture<T> as core::future::future::Future>::poll::h5cd44ae8640a2340
[INFO] [stdout]   20:     0x561ff46aead8 - tokio::park::thread::CachedParkThread::block_on::{{closure}}::hc99dea23decfdd88
[INFO] [stdout]   21:     0x561ff46abd00 - tokio::coop::with_budget::{{closure}}::h3b476b83dc019e4d
[INFO] [stdout]   22:     0x561ff465a7bd - std::thread::local::LocalKey<T>::try_with::hc4bb6a1cc2106295
[INFO] [stdout]   23:     0x561ff465a237 - std::thread::local::LocalKey<T>::with::h792f1f742ef64780
[INFO] [stdout]   24:     0x561ff46ae8d8 - tokio::park::thread::CachedParkThread::block_on::he6125cf5bfe6481f
[INFO] [stdout]   25:     0x561ff46caac8 - tokio::runtime::enter::Enter::block_on::hf6c2cf88b797a335
[INFO] [stdout]   26:     0x561ff46b7d10 - tokio::runtime::thread_pool::ThreadPool::block_on::hfcd6795a41755e2b
[INFO] [stdout]   27:     0x561ff46cac66 - tokio::runtime::Runtime::block_on::h3866c8d8108f81ab
[INFO] [stdout]   28:     0x561ff46ff331 - rust_out::main::h462066d33d14703a
[INFO] [stdout]   29:     0x561ff46608a6 - core::ops::function::FnOnce::call_once::hb14c515d7524391e
[INFO] [stdout]   30:     0x561ff4659799 - std::sys_common::backtrace::__rust_begin_short_backtrace::hb98c6ba6b7a88a46
[INFO] [stdout]   31:     0x561ff465991c - std::rt::lang_start::{{closure}}::h0b445dea757043dd
[INFO] [stdout]   32:     0x561ff4e7cb29 - core::ops::function::impls::<impl core::ops::function::FnOnce<A> for &F>::call_once::h2aabc384aab89b7b
[INFO] [stdout]                                at /rustc/a178d0322ce20e33eac124758e837cbd80a6f633/library/core/src/ops/function.rs:259:13
[INFO] [stdout]   33:     0x561ff4e7cb29 - std::panicking::try::do_call::hc5fcacb7a85fc7b1
[INFO] [stdout]                                at /rustc/a178d0322ce20e33eac124758e837cbd80a6f633/library/std/src/panicking.rs:401:40
[INFO] [stdout]   34:     0x561ff4e7cb29 - std::panicking::try::hb5d9603af3abbe3a
[INFO] [stdout]                                at /rustc/a178d0322ce20e33eac124758e837cbd80a6f633/library/std/src/panicking.rs:365:19
[INFO] [stdout]   35:     0x561ff4e7cb29 - std::panic::catch_unwind::h98fe6ac3925e64b4
[INFO] [stdout]                                at /rustc/a178d0322ce20e33eac124758e837cbd80a6f633/library/std/src/panic.rs:434:14
[INFO] [stdout]   36:     0x561ff4e7cb29 - std::rt::lang_start_internal::h22ac7383c516f93e
[INFO] [stdout]                                at /rustc/a178d0322ce20e33eac124758e837cbd80a6f633/library/std/src/rt.rs:34:21
[INFO] [stdout]   37:     0x561ff4659901 - std::rt::lang_start::ha5363fdf2d842c0c
[INFO] [stdout]   38:     0x561ff4700323 - main
[INFO] [stdout]   39:     0x7fc7e7cc90b3 - __libc_start_main
[INFO] [stdout]   40:     0x561ff45fa2de - _start
[INFO] [stdout]   41:                0x0 - <unknown>
[INFO] [stdout] 
[INFO] [stdout] 
[INFO] [stdout] 
[INFO] [stdout] failures:
[INFO] [stdout]     src/lib.rs - (line 5)
[INFO] [stdout] 
[INFO] [stdout] test result: FAILED. 0 passed; 1 failed; 0 ignored; 0 measured; 0 filtered out; finished in 10.04s
[INFO] [stdout] 
[INFO] [stderr] error: test failed, to rerun pass '--doc'
[INFO] running `Command { std: "docker" "inspect" "8e6f33004e310de70b9a089ddc5d7f01cab6450f8ab560a7ff91ae3feb3c2356", kill_on_drop: false }`
[INFO] running `Command { std: "docker" "rm" "-f" "8e6f33004e310de70b9a089ddc5d7f01cab6450f8ab560a7ff91ae3feb3c2356", kill_on_drop: false }`
[INFO] [stdout] 8e6f33004e310de70b9a089ddc5d7f01cab6450f8ab560a7ff91ae3feb3c2356
