[INFO] fetching crate licensor 2.1.0...
[INFO] testing licensor-2.1.0 against 1.54.0 for beta-1.55-1
[INFO] extracting crate licensor 2.1.0 into /workspace/builds/worker-106/source
[INFO] validating manifest of crates.io crate licensor 2.1.0 on toolchain 1.54.0
[INFO] running `Command { std: "/workspace/cargo-home/bin/cargo" "+1.54.0" "metadata" "--manifest-path" "Cargo.toml" "--no-deps", kill_on_drop: false }`
[INFO] started tweaking crates.io crate licensor 2.1.0
[INFO] finished tweaking crates.io crate licensor 2.1.0
[INFO] tweaked toml for crates.io crate licensor 2.1.0 written to /workspace/builds/worker-106/source/Cargo.toml
[INFO] crate crates.io crate licensor 2.1.0 already has a lockfile, it will not be regenerated
[INFO] running `Command { std: "/workspace/cargo-home/bin/cargo" "+1.54.0" "fetch" "--manifest-path" "Cargo.toml", kill_on_drop: false }`
[INFO] [stderr]     Blocking waiting for file lock on package cache
[INFO] [stderr]  Downloading crates ...
[INFO] [stderr]   Downloaded calmio_filters v0.1.0
[INFO] [stderr]   Downloaded assert_cmd v0.11.1
[INFO] [stderr]   Downloaded escargot v0.4.0
[INFO] [stderr]   Downloaded normalize-line-endings v0.2.2
[INFO] [stderr]   Downloaded structopt-derive v0.3.5
[INFO] [stderr]   Downloaded structopt v0.3.5
[INFO] [stderr]   Downloaded predicates v1.0.2
[INFO] [stderr]   Downloaded proc-macro-error v0.2.6
[INFO] [stderr]   Downloaded calm_io v0.1.1
[INFO] [stderr]   Downloaded cargo-husky v1.4.0
[INFO] running `Command { std: "docker" "create" "-v" "/var/lib/crater-agent-workspace/builds/worker-106/target:/opt/rustwide/target:rw,Z" "-v" "/var/lib/crater-agent-workspace/builds/worker-106/source:/opt/rustwide/workdir:ro,Z" "-v" "/var/lib/crater-agent-workspace/cargo-home:/opt/rustwide/cargo-home:ro,Z" "-v" "/var/lib/crater-agent-workspace/rustup-home:/opt/rustwide/rustup-home:ro,Z" "-e" "SOURCE_DIR=/opt/rustwide/workdir" "-e" "CARGO_TARGET_DIR=/opt/rustwide/target" "-e" "CARGO_HOME=/opt/rustwide/cargo-home" "-e" "RUSTUP_HOME=/opt/rustwide/rustup-home" "-w" "/opt/rustwide/workdir" "-m" "1610612736" "--user" "0:0" "--network" "none" "ghcr.io/rust-lang/crates-build-env/linux@sha256:34b6a614d2c27851fe6cbf88fbd1137609cefab8b10d0615aaeb6fd47975d74e" "/opt/rustwide/cargo-home/bin/cargo" "+1.54.0" "metadata" "--no-deps" "--format-version=1", kill_on_drop: false }`
[INFO] [stdout] 2771579acb807853331af422d0cdf0db08e42ccad361f48e1792330205c45817
[INFO] running `Command { std: "docker" "start" "-a" "2771579acb807853331af422d0cdf0db08e42ccad361f48e1792330205c45817", kill_on_drop: false }`
[INFO] running `Command { std: "docker" "inspect" "2771579acb807853331af422d0cdf0db08e42ccad361f48e1792330205c45817", kill_on_drop: false }`
[INFO] running `Command { std: "docker" "rm" "-f" "2771579acb807853331af422d0cdf0db08e42ccad361f48e1792330205c45817", kill_on_drop: false }`
[INFO] [stdout] 2771579acb807853331af422d0cdf0db08e42ccad361f48e1792330205c45817
[INFO] running `Command { std: "docker" "create" "-v" "/var/lib/crater-agent-workspace/builds/worker-106/target:/opt/rustwide/target:rw,Z" "-v" "/var/lib/crater-agent-workspace/builds/worker-106/source:/opt/rustwide/workdir:ro,Z" "-v" "/var/lib/crater-agent-workspace/cargo-home:/opt/rustwide/cargo-home:ro,Z" "-v" "/var/lib/crater-agent-workspace/rustup-home:/opt/rustwide/rustup-home:ro,Z" "-e" "SOURCE_DIR=/opt/rustwide/workdir" "-e" "CARGO_TARGET_DIR=/opt/rustwide/target" "-e" "CARGO_INCREMENTAL=0" "-e" "RUST_BACKTRACE=full" "-e" "RUSTFLAGS=--cap-lints=warn" "-e" "CARGO_HOME=/opt/rustwide/cargo-home" "-e" "RUSTUP_HOME=/opt/rustwide/rustup-home" "-w" "/opt/rustwide/workdir" "-m" "1610612736" "--user" "0:0" "--network" "none" "ghcr.io/rust-lang/crates-build-env/linux@sha256:34b6a614d2c27851fe6cbf88fbd1137609cefab8b10d0615aaeb6fd47975d74e" "/opt/rustwide/cargo-home/bin/cargo" "+1.54.0" "build" "--frozen" "--message-format=json", kill_on_drop: false }`
[INFO] [stdout] 10cd6cefab10e081b7b0181d9e40dba7c56e64ca15d2385e86bd887b6185c69c
[INFO] running `Command { std: "docker" "start" "-a" "10cd6cefab10e081b7b0181d9e40dba7c56e64ca15d2385e86bd887b6185c69c", kill_on_drop: false }`
[INFO] [stderr]    Compiling libc v0.2.65
[INFO] [stderr]    Compiling syn v1.0.8
[INFO] [stderr]    Compiling unicode-width v0.1.6
[INFO] [stderr]    Compiling unicode-segmentation v1.6.0
[INFO] [stderr]    Compiling crc32fast v1.2.0
[INFO] [stderr]    Compiling siphasher v0.2.3
[INFO] [stderr]    Compiling strsim v0.8.0
[INFO] [stderr]    Compiling adler32 v1.0.4
[INFO] [stderr]    Compiling vec_map v0.8.1
[INFO] [stderr]    Compiling num-traits v0.2.10
[INFO] [stderr]    Compiling num-integer v0.1.41
[INFO] [stderr]    Compiling miniz_oxide v0.3.5
[INFO] [stderr]    Compiling textwrap v0.11.0
[INFO] [stderr]    Compiling phf_shared v0.7.24
[INFO] [stderr]    Compiling heck v0.3.1
[INFO] [stderr]    Compiling phf v0.7.24
[INFO] [stderr]    Compiling atty v0.2.13
[INFO] [stderr]    Compiling time v0.1.42
[INFO] [stderr]    Compiling flate2 v1.0.13
[INFO] [stderr]    Compiling clap v2.33.0
[INFO] [stderr]    Compiling chrono v0.4.9
[INFO] [stderr]    Compiling proc-macro-error v0.2.6
[INFO] [stderr]    Compiling calmio_filters v0.1.0
[INFO] [stderr]    Compiling structopt-derive v0.3.5
[INFO] [stderr]    Compiling calm_io v0.1.1
[INFO] [stderr]    Compiling structopt v0.3.5
[INFO] [stderr]    Compiling licensor v2.1.0 (/opt/rustwide/workdir)
[INFO] [stderr]     Finished dev [unoptimized + debuginfo] target(s) in 16.21s
[INFO] running `Command { std: "docker" "inspect" "10cd6cefab10e081b7b0181d9e40dba7c56e64ca15d2385e86bd887b6185c69c", kill_on_drop: false }`
[INFO] running `Command { std: "docker" "rm" "-f" "10cd6cefab10e081b7b0181d9e40dba7c56e64ca15d2385e86bd887b6185c69c", kill_on_drop: false }`
[INFO] [stdout] 10cd6cefab10e081b7b0181d9e40dba7c56e64ca15d2385e86bd887b6185c69c
[INFO] running `Command { std: "docker" "create" "-v" "/var/lib/crater-agent-workspace/builds/worker-106/target:/opt/rustwide/target:rw,Z" "-v" "/var/lib/crater-agent-workspace/builds/worker-106/source:/opt/rustwide/workdir:ro,Z" "-v" "/var/lib/crater-agent-workspace/cargo-home:/opt/rustwide/cargo-home:ro,Z" "-v" "/var/lib/crater-agent-workspace/rustup-home:/opt/rustwide/rustup-home:ro,Z" "-e" "SOURCE_DIR=/opt/rustwide/workdir" "-e" "CARGO_TARGET_DIR=/opt/rustwide/target" "-e" "CARGO_INCREMENTAL=0" "-e" "RUST_BACKTRACE=full" "-e" "RUSTFLAGS=--cap-lints=warn" "-e" "CARGO_HOME=/opt/rustwide/cargo-home" "-e" "RUSTUP_HOME=/opt/rustwide/rustup-home" "-w" "/opt/rustwide/workdir" "-m" "1610612736" "--user" "0:0" "--network" "none" "ghcr.io/rust-lang/crates-build-env/linux@sha256:34b6a614d2c27851fe6cbf88fbd1137609cefab8b10d0615aaeb6fd47975d74e" "/opt/rustwide/cargo-home/bin/cargo" "+1.54.0" "test" "--frozen" "--no-run" "--message-format=json", kill_on_drop: false }`
[INFO] [stdout] f726d2528cf26f9e45970a84e17864787ef6715b9e8f58c2b65863d1210d6f86
[INFO] running `Command { std: "docker" "start" "-a" "f726d2528cf26f9e45970a84e17864787ef6715b9e8f58c2b65863d1210d6f86", kill_on_drop: false }`
[INFO] [stderr]     Blocking waiting for file lock on package cache
[INFO] [stderr]     Blocking waiting for file lock on package cache
[INFO] [stderr]    Compiling serde v1.0.102
[INFO] [stderr]    Compiling ryu v1.0.2
[INFO] [stderr]    Compiling itoa v0.4.4
[INFO] [stderr]    Compiling regex-syntax v0.6.12
[INFO] [stderr]    Compiling escargot v0.4.0
[INFO] [stderr]    Compiling predicates-core v1.0.0
[INFO] [stderr]    Compiling difference v2.0.0
[INFO] [stderr]    Compiling normalize-line-endings v0.2.2
[INFO] [stderr]    Compiling treeline v0.1.0
[INFO] [stderr]    Compiling cargo-husky v1.4.0
[INFO] [stderr]    Compiling thread_local v0.3.6
[INFO] [stderr]    Compiling aho-corasick v0.7.6
[INFO] [stderr]    Compiling serde_derive v1.0.102
[INFO] [stderr]    Compiling float-cmp v0.5.3
[INFO] [stderr]    Compiling predicates-tree v1.0.0
[INFO] [stderr]    Compiling regex v1.3.1
[INFO] [stderr]    Compiling predicates v1.0.2
[INFO] [stderr]    Compiling serde_json v1.0.41
[INFO] [stderr]    Compiling assert_cmd v0.11.1
[INFO] [stderr]    Compiling licensor v2.1.0 (/opt/rustwide/workdir)
[INFO] [stderr]     Finished test [unoptimized + debuginfo] target(s) in 24.03s
[INFO] running `Command { std: "docker" "inspect" "f726d2528cf26f9e45970a84e17864787ef6715b9e8f58c2b65863d1210d6f86", kill_on_drop: false }`
[INFO] running `Command { std: "docker" "rm" "-f" "f726d2528cf26f9e45970a84e17864787ef6715b9e8f58c2b65863d1210d6f86", kill_on_drop: false }`
[INFO] [stdout] f726d2528cf26f9e45970a84e17864787ef6715b9e8f58c2b65863d1210d6f86
[INFO] running `Command { std: "docker" "create" "-v" "/var/lib/crater-agent-workspace/builds/worker-106/target:/opt/rustwide/target:rw,Z" "-v" "/var/lib/crater-agent-workspace/builds/worker-106/source:/opt/rustwide/workdir:ro,Z" "-v" "/var/lib/crater-agent-workspace/cargo-home:/opt/rustwide/cargo-home:ro,Z" "-v" "/var/lib/crater-agent-workspace/rustup-home:/opt/rustwide/rustup-home:ro,Z" "-e" "SOURCE_DIR=/opt/rustwide/workdir" "-e" "CARGO_TARGET_DIR=/opt/rustwide/target" "-e" "CARGO_INCREMENTAL=0" "-e" "RUST_BACKTRACE=full" "-e" "RUSTFLAGS=--cap-lints=warn" "-e" "CARGO_HOME=/opt/rustwide/cargo-home" "-e" "RUSTUP_HOME=/opt/rustwide/rustup-home" "-w" "/opt/rustwide/workdir" "-m" "1610612736" "--user" "0:0" "--network" "none" "ghcr.io/rust-lang/crates-build-env/linux@sha256:34b6a614d2c27851fe6cbf88fbd1137609cefab8b10d0615aaeb6fd47975d74e" "/opt/rustwide/cargo-home/bin/cargo" "+1.54.0" "test" "--frozen", kill_on_drop: false }`
[INFO] [stdout] 14562988c7c639c0971ac2a0b4a668ac39de2868e55c18ece7ceef2853b0d587
[INFO] running `Command { std: "docker" "start" "-a" "14562988c7c639c0971ac2a0b4a668ac39de2868e55c18ece7ceef2853b0d587", kill_on_drop: false }`
[INFO] [stderr]     Finished test [unoptimized + debuginfo] target(s) in 0.17s
[INFO] [stderr]      Running unittests (/opt/rustwide/target/debug/deps/licensor-185cca3591b5b241)
[INFO] [stdout] 
[INFO] [stdout] running 10 tests
[INFO] [stdout] test tests::clean_newlines::works ... ok
[INFO] [stdout] test tests::get_similar_keys::works ... ok
[INFO] [stderr]      Running tests/integration.rs (/opt/rustwide/target/debug/deps/integration-d40855c09c353e8c)
[INFO] [stdout] test tests::is_similar::yes_contains ... ok
[INFO] [stdout] test tests::parse_spdx_expr::simple_expr ... ok
[INFO] [stdout] test tests::is_similar::no ... ok
[INFO] [stdout] test tests::parse_spdx_expr::complex_expr ... ok
[INFO] [stdout] test tests::is_similar::yes_contained ... ok
[INFO] [stdout] test tests::parse_exception::works ... ok
[INFO] [stdout] test tests::parse_license::works ... ok
[INFO] [stdout] test tests::gz_decode_bytes::works ... ok
[INFO] [stdout] 
[INFO] [stdout] test result: ok. 10 passed; 0 failed; 0 ignored; 0 measured; 0 filtered out; finished in 0.02s
[INFO] [stdout] 
[INFO] [stdout] 
[INFO] [stdout] running 11 tests
[INFO] [stdout] test license_with_exception_invalid ... ok
[INFO] [stdout] test license_with_exception ... ok
[INFO] [stdout] test license_keep_placeholder ... ok
[INFO] [stdout] test license_invalid ... ok
[INFO] [stdout] test expr_invalid ... ok
[INFO] [stdout] test license ... ok
[INFO] [stdout] test license_and_name ... FAILED
[INFO] [stdout] test invalid ... ok
[INFO] [stdout] test list_exceptions ... ok
[INFO] [stdout] test license_skip_optional ... ok
[INFO] [stdout] test list_licenses ... ok
[INFO] [stdout] 
[INFO] [stdout] failures:
[INFO] [stdout] 
[INFO] [stdout] ---- license_and_name stdout ----
[INFO] [stdout] thread 'license_and_name' panicked at 'Unexpected stdout, failed var.starts_with("MIT License Copyright (c) 2019 Raphaël Thériault\n")
[INFO] [stdout] └── var as str: MIT License Copyright (c) 2021 Raphaël Thériault
[INFO] [stdout] 
[INFO] [stdout] Permission is hereby granted, free of charge, to any person obtaining a copy
[INFO] [stdout] of this software and associated documentation files (the "Software"), to deal
[INFO] [stdout] in the Software without restriction, including without limitation the rights
[INFO] [stdout] to use, copy, modify, merge, publish, distribute, sublicense, and/or sell
[INFO] [stdout] copies of the Software, and to permit persons to whom the Software is furnished
[INFO] [stdout] to do so, subject to the following conditions:
[INFO] [stdout] 
[INFO] [stdout] The above copyright notice and this permission notice (including the next
[INFO] [stdout] paragraph) shall be included in all copies or substantial portions of the
[INFO] [stdout] Software.
[INFO] [stdout] 
[INFO] [stdout] THE SOFTWARE IS PROVIDED "AS IS", WITHOUT WARRANTY OF ANY KIND, EXPRESS OR
[INFO] [stdout] IMPLIED, INCLUDING BUT NOT LIMITED TO THE WARRANTIES OF MERCHANTABILITY, FITNESS
[INFO] [stdout] FOR A PARTICULAR PURPOSE AND NONINFRINGEMENT. IN NO EVENT SHALL THE AUTHORS
[INFO] [stdout] OR COPYRIGHT HOLDERS BE LIABLE FOR ANY CLAIM, DAMAGES OR OTHER LIABILITY,
[INFO] [stdout] WHETHER IN AN ACTION OF CONTRACT, TORT OR OTHERWISE, ARISING FROM, OUT OF
[INFO] [stdout] OR IN CONNECTION WITH THE SOFTWARE OR THE USE OR OTHER DEALINGS IN THE SOFTWARE.
[INFO] [stdout] 
[INFO] [stdout] 
[INFO] [stdout] command=`"/opt/rustwide/target/debug/licensor" "MIT" "Rapha\xc3\xabl Th\xc3\xa9riault"`
[INFO] [stdout] code=0
[INFO] [stdout] stdout=```MIT License Copyright (c) 2021 Raphaël Thériault
[INFO] [stdout] 
[INFO] [stdout] Permission is hereby granted, free of charge, to any person obtaining a copy
[INFO] [stdout] of this software and associated documentation files (the "Software"), to deal
[INFO] [stdout] in the Software without restriction, including without limitation the rights
[INFO] [stdout] to use, copy, modify, merge, publish, distribute, sublicense, and/or sell
[INFO] [stdout] copies of the Software, and to permit persons to whom the Software is furnished
[INFO] [stdout] to do so, subject to the following conditions:
[INFO] [stdout] 
[INFO] [stdout] The above copyright notice and this permission notice (including the next
[INFO] [stdout] paragraph) shall be included in all copies or substantial portions of the
[INFO] [stdout] Software.
[INFO] [stdout] 
[INFO] [stdout] THE SOFTWARE IS PROVIDED "AS IS", WITHOUT WARRANTY OF ANY KIND, EXPRESS OR
[INFO] [stdout] IMPLIED, INCLUDING BUT NOT LIMITED TO THE WARRANTIES OF MERCHANTABILITY, FITNESS
[INFO] [stdout] FOR A PARTICULAR PURPOSE AND NONINFRINGEMENT. IN NO EVENT SHALL THE AUTHORS
[INFO] [stdout] OR COPYRIGHT HOLDERS BE LIABLE FOR ANY CLAIM, DAMAGES OR OTHER LIABILITY,
[INFO] [stdout] WHETHER IN AN ACTION OF CONTRACT, TORT OR OTHERWISE, ARISING FROM, OUT OF
[INFO] [stdout] OR IN CONNECTION WITH THE SOFTWARE OR THE USE OR OTHER DEALINGS IN THE SOFTWARE.
[INFO] [stdout] ```
[INFO] [stdout] stderr=``````
[INFO] [stdout] ', /opt/rustwide/cargo-home/registry/src/github.com-1ecc6299db9ec823/assert_cmd-0.11.1/src/assert.rs:353:17
[INFO] [stdout] stack backtrace:
[INFO] [stdout]    0:     0x560111c6d750 - std::backtrace_rs::backtrace::libunwind::trace::h34055254b57d8e79
[INFO] [stdout]                                at /rustc/a178d0322ce20e33eac124758e837cbd80a6f633/library/std/src/../../backtrace/src/backtrace/libunwind.rs:90:5
[INFO] [stdout]    1:     0x560111c6d750 - std::backtrace_rs::backtrace::trace_unsynchronized::h8f1e3fbd9afff6ec
[INFO] [stdout]                                at /rustc/a178d0322ce20e33eac124758e837cbd80a6f633/library/std/src/../../backtrace/src/backtrace/mod.rs:66:5
[INFO] [stdout]    2:     0x560111c6d750 - std::sys_common::backtrace::_print_fmt::h3a99a796b770c360
[INFO] [stdout]                                at /rustc/a178d0322ce20e33eac124758e837cbd80a6f633/library/std/src/sys_common/backtrace.rs:67:5
[INFO] [stdout]    3:     0x560111c6d750 - <std::sys_common::backtrace::_print::DisplayBacktrace as core::fmt::Display>::fmt::h32d1f94a80615d18
[INFO] [stdout]                                at /rustc/a178d0322ce20e33eac124758e837cbd80a6f633/library/std/src/sys_common/backtrace.rs:46:22
[INFO] [stdout]    4:     0x560111c9037c - core::fmt::write::h306731c068f7162c
[INFO] [stdout]                                at /rustc/a178d0322ce20e33eac124758e837cbd80a6f633/library/core/src/fmt/mod.rs:1110:17
[INFO] [stdout]    5:     0x560111c6a275 - std::io::Write::write_fmt::h87f19b0a2cd190bc
[INFO] [stdout]                                at /rustc/a178d0322ce20e33eac124758e837cbd80a6f633/library/std/src/io/mod.rs:1588:15
[INFO] [stdout]    6:     0x560111c6f8bb - std::sys_common::backtrace::_print::h5abaa2601a852287
[INFO] [stdout]                                at /rustc/a178d0322ce20e33eac124758e837cbd80a6f633/library/std/src/sys_common/backtrace.rs:49:5
[INFO] [stdout]    7:     0x560111c6f8bb - std::sys_common::backtrace::print::h8d81445442bb638f
[INFO] [stdout]                                at /rustc/a178d0322ce20e33eac124758e837cbd80a6f633/library/std/src/sys_common/backtrace.rs:36:9
[INFO] [stdout]    8:     0x560111c6f8bb - std::panicking::default_hook::{{closure}}::hcfe804496a9fa747
[INFO] [stdout]                                at /rustc/a178d0322ce20e33eac124758e837cbd80a6f633/library/std/src/panicking.rs:208:50
[INFO] [stdout]    9:     0x560111c6f3cc - std::panicking::default_hook::hbea8e3ccf2ba8901
[INFO] [stdout]                                at /rustc/a178d0322ce20e33eac124758e837cbd80a6f633/library/std/src/panicking.rs:222:9
[INFO] [stdout]   10:     0x560111c6ff84 - std::panicking::rust_panic_with_hook::h7ee9e1a2d0f8975a
[INFO] [stdout]                                at /rustc/a178d0322ce20e33eac124758e837cbd80a6f633/library/std/src/panicking.rs:622:17
[INFO] [stdout]   11:     0x560111c6fa67 - std::panicking::begin_panic_handler::{{closure}}::h8ab3b4491718b2c7
[INFO] [stdout]                                at /rustc/a178d0322ce20e33eac124758e837cbd80a6f633/library/std/src/panicking.rs:519:13
[INFO] [stdout]   12:     0x560111c6dc4c - std::sys_common::backtrace::__rust_end_short_backtrace::hd489062ffa586a9f
[INFO] [stdout]                                at /rustc/a178d0322ce20e33eac124758e837cbd80a6f633/library/std/src/sys_common/backtrace.rs:141:18
[INFO] [stdout]   13:     0x560111c6f9c9 - rust_begin_unwind
[INFO] [stdout]                                at /rustc/a178d0322ce20e33eac124758e837cbd80a6f633/library/std/src/panicking.rs:515:5
[INFO] [stdout]   14:     0x560111bdef2b - std::panicking::begin_panic_fmt::h5479575e112541f8
[INFO] [stdout]                                at /rustc/a178d0322ce20e33eac124758e837cbd80a6f633/library/std/src/panicking.rs:457:5
[INFO] [stdout]   15:     0x560111c22d35 - assert_cmd::assert::Assert::stdout_impl::h5eb8c6cae22821e4
[INFO] [stdout]                                at /opt/rustwide/cargo-home/registry/src/github.com-1ecc6299db9ec823/assert_cmd-0.11.1/src/assert.rs:353:17
[INFO] [stdout]   16:     0x560111be5009 - assert_cmd::assert::Assert::stdout::hf2266403fc1f99d1
[INFO] [stdout]                                at /opt/rustwide/cargo-home/registry/src/github.com-1ecc6299db9ec823/assert_cmd-0.11.1/src/assert.rs:346:9
[INFO] [stdout]   17:     0x560111be1fdb - integration::license_and_name::h7d813db6ef2143fd
[INFO] [stdout]                                at /opt/rustwide/workdir/tests/integration.rs:66:5
[INFO] [stdout]   18:     0x560111be1eba - integration::license_and_name::{{closure}}::h584db48abf04a280
[INFO] [stdout]                                at /opt/rustwide/workdir/tests/integration.rs:65:1
[INFO] [stdout]   19:     0x560111be312e - core::ops::function::FnOnce::call_once::h1be8fc9422034794
[INFO] [stdout]                                at /rustc/a178d0322ce20e33eac124758e837cbd80a6f633/library/core/src/ops/function.rs:227:5
[INFO] [stdout]   20:     0x560111c0d9d3 - core::ops::function::FnOnce::call_once::h152e7e439ff59e19
[INFO] [stdout]                                at /rustc/a178d0322ce20e33eac124758e837cbd80a6f633/library/core/src/ops/function.rs:227:5
[INFO] [stdout]   21:     0x560111c0d9d3 - test::__rust_begin_short_backtrace::h0908f3b1fdbb72ab
[INFO] [stdout]                                at /rustc/a178d0322ce20e33eac124758e837cbd80a6f633/library/test/src/lib.rs:577:5
[INFO] [stdout]   22:     0x560111c0c490 - <alloc::boxed::Box<F,A> as core::ops::function::FnOnce<Args>>::call_once::hf6d2a51e5587546c
[INFO] [stdout]                                at /rustc/a178d0322ce20e33eac124758e837cbd80a6f633/library/alloc/src/boxed.rs:1575:9
[INFO] [stdout]   23:     0x560111c0c490 - <std::panic::AssertUnwindSafe<F> as core::ops::function::FnOnce<()>>::call_once::h8af660f3a89ef593
[INFO] [stdout]                                at /rustc/a178d0322ce20e33eac124758e837cbd80a6f633/library/std/src/panic.rs:347:9
[INFO] [stdout]   24:     0x560111c0c490 - std::panicking::try::do_call::hd36aef60f84b6d36
[INFO] [stdout]                                at /rustc/a178d0322ce20e33eac124758e837cbd80a6f633/library/std/src/panicking.rs:401:40
[INFO] [stdout]   25:     0x560111c0c490 - std::panicking::try::h9932b4480e69817c
[INFO] [stdout]                                at /rustc/a178d0322ce20e33eac124758e837cbd80a6f633/library/std/src/panicking.rs:365:19
[INFO] [stdout]   26:     0x560111c0c490 - std::panic::catch_unwind::h6aa177099cfff5f8
[INFO] [stderr] error: test failed, to rerun pass '--test integration'
[INFO] [stdout]                                at /rustc/a178d0322ce20e33eac124758e837cbd80a6f633/library/std/src/panic.rs:434:14
[INFO] [stdout]   27:     0x560111c0c490 - test::run_test_in_process::h5884d6f2d99e20c3
[INFO] [stdout]                                at /rustc/a178d0322ce20e33eac124758e837cbd80a6f633/library/test/src/lib.rs:600:18
[INFO] [stdout]   28:     0x560111c0c490 - test::run_test::run_test_inner::{{closure}}::h6fdc58c6d5f5b6e3
[INFO] [stdout]                                at /rustc/a178d0322ce20e33eac124758e837cbd80a6f633/library/test/src/lib.rs:492:39
[INFO] [stdout]   29:     0x560111be5b42 - test::run_test::run_test_inner::{{closure}}::h408365d67a78ade8
[INFO] [stdout]                                at /rustc/a178d0322ce20e33eac124758e837cbd80a6f633/library/test/src/lib.rs:519:37
[INFO] [stdout]   30:     0x560111be5b42 - std::sys_common::backtrace::__rust_begin_short_backtrace::hb560b77c4f701523
[INFO] [stdout]                                at /rustc/a178d0322ce20e33eac124758e837cbd80a6f633/library/std/src/sys_common/backtrace.rs:125:18
[INFO] [stdout]   31:     0x560111be96f8 - std::thread::Builder::spawn_unchecked::{{closure}}::{{closure}}::hf2e7831dad93c597
[INFO] [stdout]                                at /rustc/a178d0322ce20e33eac124758e837cbd80a6f633/library/std/src/thread/mod.rs:481:17
[INFO] [stdout]   32:     0x560111be96f8 - <std::panic::AssertUnwindSafe<F> as core::ops::function::FnOnce<()>>::call_once::hd2e08783d8be4d02
[INFO] [stdout]                                at /rustc/a178d0322ce20e33eac124758e837cbd80a6f633/library/std/src/panic.rs:347:9
[INFO] [stdout]   33:     0x560111be96f8 - std::panicking::try::do_call::h062597b7acfd6b82
[INFO] [stdout]                                at /rustc/a178d0322ce20e33eac124758e837cbd80a6f633/library/std/src/panicking.rs:401:40
[INFO] [stdout]   34:     0x560111be96f8 - std::panicking::try::h0d7b79db04c14552
[INFO] [stdout]                                at /rustc/a178d0322ce20e33eac124758e837cbd80a6f633/library/std/src/panicking.rs:365:19
[INFO] [stdout]   35:     0x560111be96f8 - std::panic::catch_unwind::hb01a0b5e7c8cd43b
[INFO] [stdout]                                at /rustc/a178d0322ce20e33eac124758e837cbd80a6f633/library/std/src/panic.rs:434:14
[INFO] [stdout]   36:     0x560111be96f8 - std::thread::Builder::spawn_unchecked::{{closure}}::h5bde48cc887e0d1e
[INFO] [stdout]                                at /rustc/a178d0322ce20e33eac124758e837cbd80a6f633/library/std/src/thread/mod.rs:480:30
[INFO] [stdout]   37:     0x560111be96f8 - core::ops::function::FnOnce::call_once{{vtable.shim}}::h745ea30807a29e55
[INFO] [stdout]                                at /rustc/a178d0322ce20e33eac124758e837cbd80a6f633/library/core/src/ops/function.rs:227:5
[INFO] [stdout]   38:     0x560111c74d17 - <alloc::boxed::Box<F,A> as core::ops::function::FnOnce<Args>>::call_once::h7ece6cfefaff1005
[INFO] [stdout]                                at /rustc/a178d0322ce20e33eac124758e837cbd80a6f633/library/alloc/src/boxed.rs:1575:9
[INFO] [stdout]   39:     0x560111c74d17 - <alloc::boxed::Box<F,A> as core::ops::function::FnOnce<Args>>::call_once::hb8b48e55c21f193e
[INFO] [stdout]                                at /rustc/a178d0322ce20e33eac124758e837cbd80a6f633/library/alloc/src/boxed.rs:1575:9
[INFO] [stdout]   40:     0x560111c74d17 - std::sys::unix::thread::Thread::new::thread_start::h8c7c4450dba62914
[INFO] [stdout]                                at /rustc/a178d0322ce20e33eac124758e837cbd80a6f633/library/std/src/sys/unix/thread.rs:71:17
[INFO] [stdout]   41:     0x7f4ea8438609 - start_thread
[INFO] [stdout]   42:     0x7f4ea820a293 - clone
[INFO] [stdout]   43:                0x0 - <unknown>
[INFO] [stdout] 
[INFO] [stdout] 
[INFO] [stdout] failures:
[INFO] [stdout]     license_and_name
[INFO] [stdout] 
[INFO] [stdout] test result: FAILED. 10 passed; 1 failed; 0 ignored; 0 measured; 0 filtered out; finished in 0.49s
[INFO] [stdout] 
[INFO] running `Command { std: "docker" "inspect" "14562988c7c639c0971ac2a0b4a668ac39de2868e55c18ece7ceef2853b0d587", kill_on_drop: false }`
[INFO] running `Command { std: "docker" "rm" "-f" "14562988c7c639c0971ac2a0b4a668ac39de2868e55c18ece7ceef2853b0d587", kill_on_drop: false }`
[INFO] [stdout] 14562988c7c639c0971ac2a0b4a668ac39de2868e55c18ece7ceef2853b0d587
