[INFO] fetching crate libwifi_macros 0.0.1...
[INFO] testing libwifi_macros-0.0.1 against beta-2021-08-01 for beta-1.55-1
[INFO] extracting crate libwifi_macros 0.0.1 into /workspace/builds/worker-87/source
[INFO] validating manifest of crates.io crate libwifi_macros 0.0.1 on toolchain beta-2021-08-01
[INFO] running `Command { std: "/workspace/cargo-home/bin/cargo" "+beta-2021-08-01" "metadata" "--manifest-path" "Cargo.toml" "--no-deps", kill_on_drop: false }`
[INFO] started tweaking crates.io crate libwifi_macros 0.0.1
[INFO] finished tweaking crates.io crate libwifi_macros 0.0.1
[INFO] tweaked toml for crates.io crate libwifi_macros 0.0.1 written to /workspace/builds/worker-87/source/Cargo.toml
[INFO] running `Command { std: "/workspace/cargo-home/bin/cargo" "+beta-2021-08-01" "generate-lockfile" "--manifest-path" "Cargo.toml" "-Zno-index-update", kill_on_drop: false }`
[INFO] running `Command { std: "/workspace/cargo-home/bin/cargo" "+beta-2021-08-01" "fetch" "--manifest-path" "Cargo.toml", kill_on_drop: false }`
[INFO] [stderr]     Blocking waiting for file lock on package cache
[INFO] [stderr]     Blocking waiting for file lock on package cache
[INFO] running `Command { std: "docker" "create" "-v" "/var/lib/crater-agent-workspace/builds/worker-87/target:/opt/rustwide/target:rw,Z" "-v" "/var/lib/crater-agent-workspace/builds/worker-87/source:/opt/rustwide/workdir:ro,Z" "-v" "/var/lib/crater-agent-workspace/cargo-home:/opt/rustwide/cargo-home:ro,Z" "-v" "/var/lib/crater-agent-workspace/rustup-home:/opt/rustwide/rustup-home:ro,Z" "-e" "SOURCE_DIR=/opt/rustwide/workdir" "-e" "CARGO_TARGET_DIR=/opt/rustwide/target" "-e" "CARGO_HOME=/opt/rustwide/cargo-home" "-e" "RUSTUP_HOME=/opt/rustwide/rustup-home" "-w" "/opt/rustwide/workdir" "-m" "1610612736" "--user" "0:0" "--network" "none" "ghcr.io/rust-lang/crates-build-env/linux@sha256:34b6a614d2c27851fe6cbf88fbd1137609cefab8b10d0615aaeb6fd47975d74e" "/opt/rustwide/cargo-home/bin/cargo" "+beta-2021-08-01" "metadata" "--no-deps" "--format-version=1", kill_on_drop: false }`
[INFO] [stdout] 53aa7eabccb3c3cb11ae73d587014a30917e8b7342c4e45839ecc9f664952553
[INFO] running `Command { std: "docker" "start" "-a" "53aa7eabccb3c3cb11ae73d587014a30917e8b7342c4e45839ecc9f664952553", kill_on_drop: false }`
[INFO] running `Command { std: "docker" "inspect" "53aa7eabccb3c3cb11ae73d587014a30917e8b7342c4e45839ecc9f664952553", kill_on_drop: false }`
[INFO] running `Command { std: "docker" "rm" "-f" "53aa7eabccb3c3cb11ae73d587014a30917e8b7342c4e45839ecc9f664952553", kill_on_drop: false }`
[INFO] [stdout] 53aa7eabccb3c3cb11ae73d587014a30917e8b7342c4e45839ecc9f664952553
[INFO] running `Command { std: "docker" "create" "-v" "/var/lib/crater-agent-workspace/builds/worker-87/target:/opt/rustwide/target:rw,Z" "-v" "/var/lib/crater-agent-workspace/builds/worker-87/source:/opt/rustwide/workdir:ro,Z" "-v" "/var/lib/crater-agent-workspace/cargo-home:/opt/rustwide/cargo-home:ro,Z" "-v" "/var/lib/crater-agent-workspace/rustup-home:/opt/rustwide/rustup-home:ro,Z" "-e" "SOURCE_DIR=/opt/rustwide/workdir" "-e" "CARGO_TARGET_DIR=/opt/rustwide/target" "-e" "CARGO_INCREMENTAL=0" "-e" "RUST_BACKTRACE=full" "-e" "RUSTFLAGS=--cap-lints=warn" "-e" "CARGO_HOME=/opt/rustwide/cargo-home" "-e" "RUSTUP_HOME=/opt/rustwide/rustup-home" "-w" "/opt/rustwide/workdir" "-m" "1610612736" "--user" "0:0" "--network" "none" "ghcr.io/rust-lang/crates-build-env/linux@sha256:34b6a614d2c27851fe6cbf88fbd1137609cefab8b10d0615aaeb6fd47975d74e" "/opt/rustwide/cargo-home/bin/cargo" "+beta-2021-08-01" "build" "--frozen" "--message-format=json", kill_on_drop: false }`
[INFO] [stdout] 605105a07d0cd0168cc1ed05c1030d222b9b012af8f5316bbf7c123214a26148
[INFO] running `Command { std: "docker" "start" "-a" "605105a07d0cd0168cc1ed05c1030d222b9b012af8f5316bbf7c123214a26148", kill_on_drop: false }`
[INFO] [stderr]    Compiling syn v1.0.74
[INFO] [stderr]    Compiling libwifi_macros v0.0.1 (/opt/rustwide/workdir)
[INFO] [stderr]     Finished dev [unoptimized + debuginfo] target(s) in 10.99s
[INFO] running `Command { std: "docker" "inspect" "605105a07d0cd0168cc1ed05c1030d222b9b012af8f5316bbf7c123214a26148", kill_on_drop: false }`
[INFO] running `Command { std: "docker" "rm" "-f" "605105a07d0cd0168cc1ed05c1030d222b9b012af8f5316bbf7c123214a26148", kill_on_drop: false }`
[INFO] [stdout] 605105a07d0cd0168cc1ed05c1030d222b9b012af8f5316bbf7c123214a26148
[INFO] running `Command { std: "docker" "create" "-v" "/var/lib/crater-agent-workspace/builds/worker-87/target:/opt/rustwide/target:rw,Z" "-v" "/var/lib/crater-agent-workspace/builds/worker-87/source:/opt/rustwide/workdir:ro,Z" "-v" "/var/lib/crater-agent-workspace/cargo-home:/opt/rustwide/cargo-home:ro,Z" "-v" "/var/lib/crater-agent-workspace/rustup-home:/opt/rustwide/rustup-home:ro,Z" "-e" "SOURCE_DIR=/opt/rustwide/workdir" "-e" "CARGO_TARGET_DIR=/opt/rustwide/target" "-e" "CARGO_INCREMENTAL=0" "-e" "RUST_BACKTRACE=full" "-e" "RUSTFLAGS=--cap-lints=warn" "-e" "CARGO_HOME=/opt/rustwide/cargo-home" "-e" "RUSTUP_HOME=/opt/rustwide/rustup-home" "-w" "/opt/rustwide/workdir" "-m" "1610612736" "--user" "0:0" "--network" "none" "ghcr.io/rust-lang/crates-build-env/linux@sha256:34b6a614d2c27851fe6cbf88fbd1137609cefab8b10d0615aaeb6fd47975d74e" "/opt/rustwide/cargo-home/bin/cargo" "+beta-2021-08-01" "test" "--frozen" "--no-run" "--message-format=json", kill_on_drop: false }`
[INFO] [stdout] 88978c7f98e587e120a2cbf8c80dd2ac4129fca7c17bb2bc2a8da332912d5fcb
[INFO] running `Command { std: "docker" "start" "-a" "88978c7f98e587e120a2cbf8c80dd2ac4129fca7c17bb2bc2a8da332912d5fcb", kill_on_drop: false }`
[INFO] [stderr]    Compiling libwifi_macros v0.0.1 (/opt/rustwide/workdir)
[INFO] [stderr]     Finished test [unoptimized + debuginfo] target(s) in 0.57s
[INFO] running `Command { std: "docker" "inspect" "88978c7f98e587e120a2cbf8c80dd2ac4129fca7c17bb2bc2a8da332912d5fcb", kill_on_drop: false }`
[INFO] running `Command { std: "docker" "rm" "-f" "88978c7f98e587e120a2cbf8c80dd2ac4129fca7c17bb2bc2a8da332912d5fcb", kill_on_drop: false }`
[INFO] [stdout] 88978c7f98e587e120a2cbf8c80dd2ac4129fca7c17bb2bc2a8da332912d5fcb
[INFO] running `Command { std: "docker" "create" "-v" "/var/lib/crater-agent-workspace/builds/worker-87/target:/opt/rustwide/target:rw,Z" "-v" "/var/lib/crater-agent-workspace/builds/worker-87/source:/opt/rustwide/workdir:ro,Z" "-v" "/var/lib/crater-agent-workspace/cargo-home:/opt/rustwide/cargo-home:ro,Z" "-v" "/var/lib/crater-agent-workspace/rustup-home:/opt/rustwide/rustup-home:ro,Z" "-e" "SOURCE_DIR=/opt/rustwide/workdir" "-e" "CARGO_TARGET_DIR=/opt/rustwide/target" "-e" "CARGO_INCREMENTAL=0" "-e" "RUST_BACKTRACE=full" "-e" "RUSTFLAGS=--cap-lints=warn" "-e" "CARGO_HOME=/opt/rustwide/cargo-home" "-e" "RUSTUP_HOME=/opt/rustwide/rustup-home" "-w" "/opt/rustwide/workdir" "-m" "1610612736" "--user" "0:0" "--network" "none" "ghcr.io/rust-lang/crates-build-env/linux@sha256:34b6a614d2c27851fe6cbf88fbd1137609cefab8b10d0615aaeb6fd47975d74e" "/opt/rustwide/cargo-home/bin/cargo" "+beta-2021-08-01" "test" "--frozen", kill_on_drop: false }`
[INFO] [stdout] 340a611c04e83baf7b188633d114c5071a50b88d36ce605de31dd97dfbcc7688
[INFO] running `Command { std: "docker" "start" "-a" "340a611c04e83baf7b188633d114c5071a50b88d36ce605de31dd97dfbcc7688", kill_on_drop: false }`
[INFO] [stderr]     Blocking waiting for file lock on package cache
[INFO] [stderr]     Finished test [unoptimized + debuginfo] target(s) in 0.11s
[INFO] [stderr]      Running unittests (/opt/rustwide/target/debug/deps/libwifi_macros-5002712237b0beac)
[INFO] [stdout] 
[INFO] [stdout] running 0 tests
[INFO] [stdout] 
[INFO] [stdout] test result: ok. 0 passed; 0 failed; 0 ignored; 0 measured; 0 filtered out; finished in 0.00s
[INFO] [stdout] 
[INFO] [stderr]    Doc-tests libwifi_macros
[INFO] [stdout] 
[INFO] [stdout] running 2 tests
[INFO] [stdout] test src/lib.rs - address_header (line 12) ... FAILED
[INFO] [stdout] test src/lib.rs - address_header (line 23) ... FAILED
[INFO] [stdout] 
[INFO] [stdout] failures:
[INFO] [stdout] 
[INFO] [stdout] ---- src/lib.rs - address_header (line 12) stdout ----
[INFO] [stdout] error: cannot find derive macro `AddressHeader` in this scope
[INFO] [stdout]  --> src/lib.rs:13:24
[INFO] [stdout]   |
[INFO] [stdout] 3 | #[derive(Clone, Debug, AddressHeader)]
[INFO] [stdout]   |                        ^^^^^^^^^^^^^
[INFO] [stdout] 
[INFO] [stdout] error[E0412]: cannot find type `ManagementHeader` in this scope
[INFO] [stdout]  --> src/lib.rs:15:17
[INFO] [stdout]   |
[INFO] [stdout] 5 |     pub header: ManagementHeader,
[INFO] [stdout]   |                 ^^^^^^^^^^^^^^^^ not found in this scope
[INFO] [stdout] 
[INFO] [stdout] error[E0412]: cannot find type `StationInfo` in this scope
[INFO] [stdout]  --> src/lib.rs:18:23
[INFO] [stdout]   |
[INFO] [stdout] 8 |     pub station_info: StationInfo,
[INFO] [stdout]   |                       ^^^^^^^^^^^ not found in this scope
[INFO] [stdout] 
[INFO] [stdout] error: aborting due to 3 previous errors
[INFO] [stdout] 
[INFO] [stdout] For more information about this error, try `rustc --explain E0412`.
[INFO] [stdout] Couldn't compile the test.
[INFO] [stdout] ---- src/lib.rs - address_header (line 23) stdout ----
[INFO] [stdout] error[E0405]: cannot find trait `Addresses` in the crate root
[INFO] [stdout]  --> src/lib.rs:24:13
[INFO] [stdout]   |
[INFO] [stdout] 3 | impl crate::Addresses for AssociationRequest {
[INFO] [stdout]   |             ^^^^^^^^^ not found in the crate root
[INFO] [stdout] 
[INFO] [stdout] error[E0412]: cannot find type `AssociationRequest` in this scope
[INFO] [stdout]  --> src/lib.rs:24:27
[INFO] [stdout]   |
[INFO] [stdout] 3 | impl crate::Addresses for AssociationRequest {
[INFO] [stdout]   |                           ^^^^^^^^^^^^^^^^^^ not found in this scope
[INFO] [stdout] 
[INFO] [stdout] error[E0412]: cannot find type `MacAddress` in this scope
[INFO] [stdout]  --> src/lib.rs:25:30
[INFO] [stdout]   |
[INFO] [stdout] 3 | impl crate::Addresses for AssociationRequest {
[INFO] [stdout]   |     - help: you might be missing a type parameter: `<MacAddress>`
[INFO] [stdout] 4 |     fn src(&self) -> Option<&MacAddress> {
[INFO] [stdout]   |                              ^^^^^^^^^^ not found in this scope
[INFO] [stdout] 
[INFO] [stdout] error[E0412]: cannot find type `MacAddress` in this scope
[INFO] [stdout]  --> src/lib.rs:29:24
[INFO] [stdout]   |
[INFO] [stdout] 8 |     fn dest(&self) -> &MacAddress {
[INFO] [stdout]   |                        ^^^^^^^^^^ not found in this scope
[INFO] [stdout] 
[INFO] [stdout] error[E0412]: cannot find type `MacAddress` in this scope
[INFO] [stdout]   --> src/lib.rs:33:32
[INFO] [stdout]    |
[INFO] [stdout] 3  | impl crate::Addresses for AssociationRequest {
[INFO] [stdout]    |     - help: you might be missing a type parameter: `<MacAddress>`
[INFO] [stdout] ...
[INFO] [stdout] 12 |     fn bssid(&self) -> Option<&MacAddress> {
[INFO] [stdout]    |                                ^^^^^^^^^^ not found in this scope
[INFO] [stdout] 
[INFO] [stdout] error: aborting due to 5 previous errors
[INFO] [stdout] 
[INFO] [stdout] Some errors have detailed explanations: E0405, E0412.
[INFO] [stdout] For more information about an error, try `rustc --explain E0405`.
[INFO] [stdout] Couldn't compile the test.
[INFO] [stdout] 
[INFO] [stdout] failures:
[INFO] [stdout]     src/lib.rs - address_header (line 12)
[INFO] [stdout]     src/lib.rs - address_header (line 23)
[INFO] [stdout] 
[INFO] [stdout] test result: FAILED. 0 passed; 2 failed; 0 ignored; 0 measured; 0 filtered out; finished in 0.20s
[INFO] [stdout] 
[INFO] [stderr] error: test failed, to rerun pass '--doc'
[INFO] running `Command { std: "docker" "inspect" "340a611c04e83baf7b188633d114c5071a50b88d36ce605de31dd97dfbcc7688", kill_on_drop: false }`
[INFO] running `Command { std: "docker" "rm" "-f" "340a611c04e83baf7b188633d114c5071a50b88d36ce605de31dd97dfbcc7688", kill_on_drop: false }`
[INFO] [stdout] 340a611c04e83baf7b188633d114c5071a50b88d36ce605de31dd97dfbcc7688
