[INFO] fetching crate libsugar 2.4.1...
[INFO] testing libsugar-2.4.1 against beta-2021-08-01 for beta-1.55-1
[INFO] extracting crate libsugar 2.4.1 into /workspace/builds/worker-52/source
[INFO] validating manifest of crates.io crate libsugar 2.4.1 on toolchain beta-2021-08-01
[INFO] running `Command { std: "/workspace/cargo-home/bin/cargo" "+beta-2021-08-01" "metadata" "--manifest-path" "Cargo.toml" "--no-deps", kill_on_drop: false }`
[INFO] started tweaking crates.io crate libsugar 2.4.1
[INFO] finished tweaking crates.io crate libsugar 2.4.1
[INFO] tweaked toml for crates.io crate libsugar 2.4.1 written to /workspace/builds/worker-52/source/Cargo.toml
[INFO] running `Command { std: "/workspace/cargo-home/bin/cargo" "+beta-2021-08-01" "generate-lockfile" "--manifest-path" "Cargo.toml" "-Zno-index-update", kill_on_drop: false }`
[INFO] [stderr]     Blocking waiting for file lock on package cache
[INFO] running `Command { std: "/workspace/cargo-home/bin/cargo" "+beta-2021-08-01" "fetch" "--manifest-path" "Cargo.toml", kill_on_drop: false }`
[INFO] [stderr]     Blocking waiting for file lock on package cache
[INFO] [stderr]     Blocking waiting for file lock on package cache
[INFO] running `Command { std: "docker" "create" "-v" "/var/lib/crater-agent-workspace/builds/worker-52/target:/opt/rustwide/target:rw,Z" "-v" "/var/lib/crater-agent-workspace/builds/worker-52/source:/opt/rustwide/workdir:ro,Z" "-v" "/var/lib/crater-agent-workspace/cargo-home:/opt/rustwide/cargo-home:ro,Z" "-v" "/var/lib/crater-agent-workspace/rustup-home:/opt/rustwide/rustup-home:ro,Z" "-e" "SOURCE_DIR=/opt/rustwide/workdir" "-e" "CARGO_TARGET_DIR=/opt/rustwide/target" "-e" "CARGO_HOME=/opt/rustwide/cargo-home" "-e" "RUSTUP_HOME=/opt/rustwide/rustup-home" "-w" "/opt/rustwide/workdir" "-m" "1610612736" "--user" "0:0" "--network" "none" "ghcr.io/rust-lang/crates-build-env/linux@sha256:34b6a614d2c27851fe6cbf88fbd1137609cefab8b10d0615aaeb6fd47975d74e" "/opt/rustwide/cargo-home/bin/cargo" "+beta-2021-08-01" "metadata" "--no-deps" "--format-version=1", kill_on_drop: false }`
[INFO] [stdout] 2f103fffda156613c4f2653c9e70843873ef0b19158044d7fd9955d6a0583a26
[INFO] running `Command { std: "docker" "start" "-a" "2f103fffda156613c4f2653c9e70843873ef0b19158044d7fd9955d6a0583a26", kill_on_drop: false }`
[INFO] running `Command { std: "docker" "inspect" "2f103fffda156613c4f2653c9e70843873ef0b19158044d7fd9955d6a0583a26", kill_on_drop: false }`
[INFO] running `Command { std: "docker" "rm" "-f" "2f103fffda156613c4f2653c9e70843873ef0b19158044d7fd9955d6a0583a26", kill_on_drop: false }`
[INFO] [stdout] 2f103fffda156613c4f2653c9e70843873ef0b19158044d7fd9955d6a0583a26
[INFO] running `Command { std: "docker" "create" "-v" "/var/lib/crater-agent-workspace/builds/worker-52/target:/opt/rustwide/target:rw,Z" "-v" "/var/lib/crater-agent-workspace/builds/worker-52/source:/opt/rustwide/workdir:ro,Z" "-v" "/var/lib/crater-agent-workspace/cargo-home:/opt/rustwide/cargo-home:ro,Z" "-v" "/var/lib/crater-agent-workspace/rustup-home:/opt/rustwide/rustup-home:ro,Z" "-e" "SOURCE_DIR=/opt/rustwide/workdir" "-e" "CARGO_TARGET_DIR=/opt/rustwide/target" "-e" "CARGO_INCREMENTAL=0" "-e" "RUST_BACKTRACE=full" "-e" "RUSTFLAGS=--cap-lints=warn" "-e" "CARGO_HOME=/opt/rustwide/cargo-home" "-e" "RUSTUP_HOME=/opt/rustwide/rustup-home" "-w" "/opt/rustwide/workdir" "-m" "1610612736" "--user" "0:0" "--network" "none" "ghcr.io/rust-lang/crates-build-env/linux@sha256:34b6a614d2c27851fe6cbf88fbd1137609cefab8b10d0615aaeb6fd47975d74e" "/opt/rustwide/cargo-home/bin/cargo" "+beta-2021-08-01" "build" "--frozen" "--message-format=json", kill_on_drop: false }`
[INFO] [stdout] c9812da2cbe49fe34e254d7f9652a455261341aaf50a3d32650a234e4efc17df
[INFO] running `Command { std: "docker" "start" "-a" "c9812da2cbe49fe34e254d7f9652a455261341aaf50a3d32650a234e4efc17df", kill_on_drop: false }`
[INFO] [stderr]    Compiling tuples v1.4.1
[INFO] [stderr]    Compiling libsugar v2.4.1 (/opt/rustwide/workdir)
[INFO] [stdout] warning: panic message is not a string literal
[INFO] [stdout]  --> src/chain_panic.rs:8:16
[INFO] [stdout]   |
[INFO] [stdout] 8 |         panic!(self)
[INFO] [stdout]   |                ^^^^
[INFO] [stdout]   |
[INFO] [stdout]   = note: `#[warn(non_fmt_panics)]` on by default
[INFO] [stdout]   = note: this usage of panic!() is deprecated; it will be a hard error in Rust 2021
[INFO] [stdout]   = note: for more information, see <https://doc.rust-lang.org/nightly/edition-guide/rust-2021/panic-macro-consistency.html>
[INFO] [stdout] help: add a "{}" format string to Display the message
[INFO] [stdout]   |
[INFO] [stdout] 8 |         panic!("{}", self)
[INFO] [stdout]   |                ^^^^^
[INFO] [stdout] help: or use std::panic::panic_any instead
[INFO] [stdout]   |
[INFO] [stdout] 8 |         std::panic::panic_any(self)
[INFO] [stdout]   |         ^^^^^^^^^^^^^^^^^^^^^
[INFO] [stdout] 
[INFO] [stdout] 
[INFO] [stdout] warning: 1 warning emitted
[INFO] [stdout] 
[INFO] [stdout] 
[INFO] [stderr]     Finished dev [unoptimized + debuginfo] target(s) in 8.81s
[INFO] running `Command { std: "docker" "inspect" "c9812da2cbe49fe34e254d7f9652a455261341aaf50a3d32650a234e4efc17df", kill_on_drop: false }`
[INFO] running `Command { std: "docker" "rm" "-f" "c9812da2cbe49fe34e254d7f9652a455261341aaf50a3d32650a234e4efc17df", kill_on_drop: false }`
[INFO] [stdout] c9812da2cbe49fe34e254d7f9652a455261341aaf50a3d32650a234e4efc17df
[INFO] running `Command { std: "docker" "create" "-v" "/var/lib/crater-agent-workspace/builds/worker-52/target:/opt/rustwide/target:rw,Z" "-v" "/var/lib/crater-agent-workspace/builds/worker-52/source:/opt/rustwide/workdir:ro,Z" "-v" "/var/lib/crater-agent-workspace/cargo-home:/opt/rustwide/cargo-home:ro,Z" "-v" "/var/lib/crater-agent-workspace/rustup-home:/opt/rustwide/rustup-home:ro,Z" "-e" "SOURCE_DIR=/opt/rustwide/workdir" "-e" "CARGO_TARGET_DIR=/opt/rustwide/target" "-e" "CARGO_INCREMENTAL=0" "-e" "RUST_BACKTRACE=full" "-e" "RUSTFLAGS=--cap-lints=warn" "-e" "CARGO_HOME=/opt/rustwide/cargo-home" "-e" "RUSTUP_HOME=/opt/rustwide/rustup-home" "-w" "/opt/rustwide/workdir" "-m" "1610612736" "--user" "0:0" "--network" "none" "ghcr.io/rust-lang/crates-build-env/linux@sha256:34b6a614d2c27851fe6cbf88fbd1137609cefab8b10d0615aaeb6fd47975d74e" "/opt/rustwide/cargo-home/bin/cargo" "+beta-2021-08-01" "test" "--frozen" "--no-run" "--message-format=json", kill_on_drop: false }`
[INFO] [stdout] dd46c56a978e1a9e68182b0191e43188baebf366dfced8986855284764f9e812
[INFO] running `Command { std: "docker" "start" "-a" "dd46c56a978e1a9e68182b0191e43188baebf366dfced8986855284764f9e812", kill_on_drop: false }`
[INFO] [stderr]    Compiling libsugar v2.4.1 (/opt/rustwide/workdir)
[INFO] [stdout] warning: panic message is not a string literal
[INFO] [stdout]  --> src/chain_panic.rs:8:16
[INFO] [stdout]   |
[INFO] [stdout] 8 |         panic!(self)
[INFO] [stdout]   |                ^^^^
[INFO] [stdout]   |
[INFO] [stdout]   = note: `#[warn(non_fmt_panics)]` on by default
[INFO] [stdout]   = note: this usage of panic!() is deprecated; it will be a hard error in Rust 2021
[INFO] [stdout]   = note: for more information, see <https://doc.rust-lang.org/nightly/edition-guide/rust-2021/panic-macro-consistency.html>
[INFO] [stdout] help: add a "{}" format string to Display the message
[INFO] [stdout]   |
[INFO] [stdout] 8 |         panic!("{}", self)
[INFO] [stdout]   |                ^^^^^
[INFO] [stdout] help: or use std::panic::panic_any instead
[INFO] [stdout]   |
[INFO] [stdout] 8 |         std::panic::panic_any(self)
[INFO] [stdout]   |         ^^^^^^^^^^^^^^^^^^^^^
[INFO] [stdout] 
[INFO] [stdout] 
[INFO] [stdout] warning: 1 warning emitted
[INFO] [stdout] 
[INFO] [stdout] 
[INFO] [stdout] warning: panic message is not a string literal
[INFO] [stdout]  --> src/chain_panic.rs:8:16
[INFO] [stdout]   |
[INFO] [stdout] 8 |         panic!(self)
[INFO] [stdout]   |                ^^^^
[INFO] [stdout]   |
[INFO] [stdout]   = note: `#[warn(non_fmt_panics)]` on by default
[INFO] [stdout]   = note: this usage of panic!() is deprecated; it will be a hard error in Rust 2021
[INFO] [stdout]   = note: for more information, see <https://doc.rust-lang.org/nightly/edition-guide/rust-2021/panic-macro-consistency.html>
[INFO] [stdout] help: add a "{}" format string to Display the message
[INFO] [stdout]   |
[INFO] [stdout] 8 |         panic!("{}", self)
[INFO] [stdout]   |                ^^^^^
[INFO] [stdout] help: or use std::panic::panic_any instead
[INFO] [stdout]   |
[INFO] [stdout] 8 |         std::panic::panic_any(self)
[INFO] [stdout]   |         ^^^^^^^^^^^^^^^^^^^^^
[INFO] [stdout] 
[INFO] [stdout] 
[INFO] [stdout] warning: 1 warning emitted
[INFO] [stdout] 
[INFO] [stdout] 
[INFO] [stderr]     Finished test [unoptimized + debuginfo] target(s) in 1.29s
[INFO] running `Command { std: "docker" "inspect" "dd46c56a978e1a9e68182b0191e43188baebf366dfced8986855284764f9e812", kill_on_drop: false }`
[INFO] running `Command { std: "docker" "rm" "-f" "dd46c56a978e1a9e68182b0191e43188baebf366dfced8986855284764f9e812", kill_on_drop: false }`
[INFO] [stdout] dd46c56a978e1a9e68182b0191e43188baebf366dfced8986855284764f9e812
[INFO] running `Command { std: "docker" "create" "-v" "/var/lib/crater-agent-workspace/builds/worker-52/target:/opt/rustwide/target:rw,Z" "-v" "/var/lib/crater-agent-workspace/builds/worker-52/source:/opt/rustwide/workdir:ro,Z" "-v" "/var/lib/crater-agent-workspace/cargo-home:/opt/rustwide/cargo-home:ro,Z" "-v" "/var/lib/crater-agent-workspace/rustup-home:/opt/rustwide/rustup-home:ro,Z" "-e" "SOURCE_DIR=/opt/rustwide/workdir" "-e" "CARGO_TARGET_DIR=/opt/rustwide/target" "-e" "CARGO_INCREMENTAL=0" "-e" "RUST_BACKTRACE=full" "-e" "RUSTFLAGS=--cap-lints=warn" "-e" "CARGO_HOME=/opt/rustwide/cargo-home" "-e" "RUSTUP_HOME=/opt/rustwide/rustup-home" "-w" "/opt/rustwide/workdir" "-m" "1610612736" "--user" "0:0" "--network" "none" "ghcr.io/rust-lang/crates-build-env/linux@sha256:34b6a614d2c27851fe6cbf88fbd1137609cefab8b10d0615aaeb6fd47975d74e" "/opt/rustwide/cargo-home/bin/cargo" "+beta-2021-08-01" "test" "--frozen", kill_on_drop: false }`
[INFO] [stdout] 46f1dee8d3ccac5203beb16e3f68f62348a75ce231e113e1ea9a9ef530a8c1a0
[INFO] running `Command { std: "docker" "start" "-a" "46f1dee8d3ccac5203beb16e3f68f62348a75ce231e113e1ea9a9ef530a8c1a0", kill_on_drop: false }`
[INFO] [stderr] warning: panic message is not a string literal
[INFO] [stderr]  --> src/chain_panic.rs:8:16
[INFO] [stderr]   |
[INFO] [stderr] 8 |         panic!(self)
[INFO] [stderr]   |                ^^^^
[INFO] [stderr]   |
[INFO] [stderr]   = note: `#[warn(non_fmt_panics)]` on by default
[INFO] [stderr]   = note: this usage of panic!() is deprecated; it will be a hard error in Rust 2021
[INFO] [stderr]   = note: for more information, see <https://doc.rust-lang.org/nightly/edition-guide/rust-2021/panic-macro-consistency.html>
[INFO] [stderr] help: add a "{}" format string to Display the message
[INFO] [stderr]   |
[INFO] [stderr] 8 |         panic!("{}", self)
[INFO] [stderr]   |                ^^^^^
[INFO] [stderr] help: or use std::panic::panic_any instead
[INFO] [stderr]   |
[INFO] [stderr] 8 |         std::panic::panic_any(self)
[INFO] [stderr]   |         ^^^^^^^^^^^^^^^^^^^^^
[INFO] [stderr] 
[INFO] [stderr] warning: `libsugar` (lib) generated 1 warning
[INFO] [stderr] warning: `libsugar` (lib test) generated 1 warning (1 duplicate)
[INFO] [stderr]     Finished test [unoptimized + debuginfo] target(s) in 0.02s
[INFO] [stderr]      Running unittests (/opt/rustwide/target/debug/deps/libsugar-a6dc19080845f6a4)
[INFO] [stdout] 
[INFO] [stdout] running 13 tests
[INFO] [stdout] test combin::tests::test_combin_tuple ... ok
[INFO] [stdout] test once_get::test ... ok
[INFO] [stdout] test tests::test_batch ... ok
[INFO] [stdout] test tests::it_works ... ok
[INFO] [stdout] test tests::test_in ... ok
[INFO] [stdout] test tests::test_let ... ok
[INFO] [stdout] test tests::test_macro_map_map_like ... ok
[INFO] [stdout] test tests::test_macro_set_set_like ... ok
[INFO] [stdout] test tests::test_match ... ok
[INFO] [stdout] test tests::test_using ... ok
[INFO] [stdout] test chain_panic::tests::test_panic - should panic ... ok
[INFO] [stdout] test chain_todo::tests::test_todo - should panic ... ok
[INFO] [stdout] test chain_todo::tests::test_todo_msg - should panic ... ok
[INFO] [stdout] 
[INFO] [stdout] test result: ok. 13 passed; 0 failed; 0 ignored; 0 measured; 0 filtered out; finished in 0.06s
[INFO] [stdout] 
[INFO] [stderr]    Doc-tests libsugar
[INFO] [stdout] 
[INFO] [stdout] running 65 tests
[INFO] [stdout] test src/lib.rs - bop (line 277) ... ignored
[INFO] [stdout] test src/lib.rs - bop (line 282) ... ignored
[INFO] [stdout] test src/lib.rs - bop (line 130) - compile ... ok
[INFO] [stdout] test src/side_effect.rs - using (line 19) - compile ... ok
[INFO] [stdout] test src/named_into.rs - named_into (line 3) ... FAILED
[INFO] [stdout] test src/macro_lit.rs - map (line 184) ... FAILED
[INFO] [stdout] test src/macro_lit.rs - map (line 171) ... FAILED
[INFO] [stdout] test src/macro_lit.rs - set (line 299) ... FAILED
[INFO] [stdout] test src/macro_lit.rs - btmap (line 226) ... FAILED
[INFO] [stdout] test src/macro_lit.rs - map_append (line 261) ... FAILED
[INFO] [stdout] test src/macro_lit.rs - btset (line 359) ... FAILED
[INFO] [stdout] test src/macro_lit.rs - btmap (line 237) ... FAILED
[INFO] [stdout] test src/once_get.rs - once_get (line 2) ... FAILED
[INFO] [stdout] test src/macro_lit.rs - list (line 124) ... FAILED
[INFO] [stdout] test src/side_effect.rs - side_effect::Used::used (line 47) ... FAILED
[INFO] [stdout] test src/macro_lit.rs - set (line 312) ... FAILED
[INFO] [stdout] test src/side_effect.rs - side_effect::AlsoMut::also_mut (line 97) ... FAILED
[INFO] [stdout] test src/macro_lit.rs - map (line 195) ... FAILED
[INFO] [stdout] test src/side_effect.rs - side_effect::Also::also (line 70) ... FAILED
[INFO] [stdout] test src/macro_lit.rs - map (line 160) ... FAILED
[INFO] [stdout] test src/macro_lit.rs - set (line 320) ... FAILED
[INFO] [stdout] test src/lib.rs - bop (line 180) ... ok
[INFO] [stdout] test src/macro_lit.rs - map_append (line 273) ... FAILED
[INFO] [stdout] test src/macro_lit.rs - set (line 291) ... FAILED
[INFO] [stdout] test src/side_effect.rs - using (line 5) ... FAILED
[INFO] [stdout] test src/lib.rs - bop (line 137) ... ok
[INFO] [stdout] test src/macro_lit.rs - arr (line 25) ... ok
[INFO] [stdout] test src/lib.rs - bop (line 235) ... ok
[INFO] [stdout] test src/combin.rs - combin (line 5) ... ok
[INFO] [stdout] test src/lib.rs - bop (line 42) ... ok
[INFO] [stdout] test src/lib.rs - bop (line 57) ... ok
[INFO] [stdout] test src/lib.rs - bop (line 167) ... ok
[INFO] [stdout] test src/lib.rs - bop (line 72) ... ok
[INFO] [stdout] test src/lib.rs - bop (line 262) ... ok
[INFO] [stdout] test src/lib.rs - bop (line 81) ... ok
[INFO] [stdout] test src/lib.rs - bop (line 90) ... ok
[INFO] [stdout] test src/lib.rs - bop (line 113) ... ok
[INFO] [stdout] test src/macro_lit.rs - list (line 116) ... ok
[INFO] [stdout] test src/lib.rs - bop (line 255) ... ok
[INFO] [stdout] test src/lib.rs - bop (line 197) ... ok
[INFO] [stdout] test src/lib.rs - bop (line 210) ... ok
[INFO] [stdout] test src/lib.rs - bop (line 105) ... ok
[INFO] [stdout] test src/macro_lit.rs - new (line 9) ... ok
[INFO] [stdout] test src/lib.rs - bop (line 50) ... ok
[INFO] [stdout] test src/lib.rs - bop (line 65) ... ok
[INFO] [stdout] test src/macro_lit.rs - heap (line 383) ... ok
[INFO] [stdout] test src/lib.rs - bop (line 247) ... ok
[INFO] [stdout] test src/macro_lit.rs - list (line 68) ... ok
[INFO] [stdout] test src/macro_lit.rs - arr (line 32) ... ok
[INFO] [stdout] test src/macro_lit.rs - list (line 92) ... ok
[INFO] [stdout] test src/lib.rs - bop (line 151) ... ok
[INFO] [stdout] test src/lib.rs - bop (line 270) ... ok
[INFO] [stdout] test src/lib.rs - bop (line 222) ... ok
[INFO] [stdout] test src/macro_lit.rs - new (line 2) ... ok
[INFO] [stdout] test src/lib.rs - bop (line 122) ... ok
[INFO] [stdout] test src/macro_lit.rs - list (line 100) ... ok
[INFO] [stdout] test src/lib.rs - bop (line 98) ... ok
[INFO] [stdout] test src/macro_lit.rs - heap (line 391) ... ok
[INFO] [stdout] test src/macro_lit.rs - list (line 76) ... ok
[INFO] [stdout] test src/macro_lit.rs - deque (line 51) ... ok
[INFO] [stdout] test src/macro_lit.rs - deque (line 43) ... ok
[INFO] [stdout] test src/side_effect.rs - side_effect::Also (line 62) ... ok
[INFO] [stdout] test src/macro_lit.rs - btset (line 351) ... ok
[INFO] [stdout] test src/side_effect.rs - side_effect::AlsoMut (line 86) ... ok
[INFO] [stdout] test src/side_effect.rs - side_effect::Used (line 39) ... ok
[INFO] [stdout] 
[INFO] [stdout] failures:
[INFO] [stdout] 
[INFO] [stdout] ---- src/named_into.rs - named_into (line 3) stdout ----
[INFO] [stdout] Couldn't compile the test.
[INFO] [stdout] ---- src/macro_lit.rs - map (line 184) stdout ----
[INFO] [stdout] Couldn't compile the test.
[INFO] [stdout] ---- src/macro_lit.rs - map (line 171) stdout ----
[INFO] [stdout] Couldn't compile the test.
[INFO] [stdout] ---- src/macro_lit.rs - set (line 299) stdout ----
[INFO] [stdout] Couldn't compile the test.
[INFO] [stdout] ---- src/macro_lit.rs - btmap (line 226) stdout ----
[INFO] [stdout] Couldn't compile the test.
[INFO] [stdout] ---- src/macro_lit.rs - map_append (line 261) stdout ----
[INFO] [stdout] Couldn't compile the test.
[INFO] [stdout] ---- src/macro_lit.rs - btset (line 359) stdout ----
[INFO] [stdout] Couldn't compile the test.
[INFO] [stdout] ---- src/macro_lit.rs - btmap (line 237) stdout ----
[INFO] [stdout] Couldn't compile the test.
[INFO] [stdout] ---- src/once_get.rs - once_get (line 2) stdout ----
[INFO] [stdout] Couldn't compile the test.
[INFO] [stdout] ---- src/macro_lit.rs - list (line 124) stdout ----
[INFO] [stdout] Couldn't compile the test.
[INFO] [stdout] ---- src/side_effect.rs - side_effect::Used::used (line 47) stdout ----
[INFO] [stdout] Couldn't compile the test.
[INFO] [stdout] ---- src/macro_lit.rs - set (line 312) stdout ----
[INFO] [stdout] Couldn't compile the test.
[INFO] [stdout] ---- src/side_effect.rs - side_effect::AlsoMut::also_mut (line 97) stdout ----
[INFO] [stdout] Couldn't compile the test.
[INFO] [stdout] ---- src/macro_lit.rs - map (line 195) stdout ----
[INFO] [stdout] Couldn't compile the test.
[INFO] [stdout] ---- src/side_effect.rs - side_effect::Also::also (line 70) stdout ----
[INFO] [stdout] Couldn't compile the test.
[INFO] [stdout] ---- src/macro_lit.rs - map (line 160) stdout ----
[INFO] [stdout] Couldn't compile the test.
[INFO] [stdout] ---- src/macro_lit.rs - set (line 320) stdout ----
[INFO] [stdout] Couldn't compile the test.
[INFO] [stdout] ---- src/macro_lit.rs - map_append (line 273) stdout ----
[INFO] [stdout] Couldn't compile the test.
[INFO] [stdout] ---- src/macro_lit.rs - set (line 291) stdout ----
[INFO] [stdout] Couldn't compile the test.
[INFO] [stdout] ---- src/side_effect.rs - using (line 5) stdout ----
[INFO] [stdout] Couldn't compile the test.
[INFO] [stdout] 
[INFO] [stdout] failures:
[INFO] [stdout]     src/macro_lit.rs - btmap (line 226)
[INFO] [stdout]     src/macro_lit.rs - btmap (line 237)
[INFO] [stdout]     src/macro_lit.rs - btset (line 359)
[INFO] [stdout]     src/macro_lit.rs - list (line 124)
[INFO] [stdout]     src/macro_lit.rs - map (line 160)
[INFO] [stdout]     src/macro_lit.rs - map (line 171)
[INFO] [stdout]     src/macro_lit.rs - map (line 184)
[INFO] [stdout]     src/macro_lit.rs - map (line 195)
[INFO] [stdout]     src/macro_lit.rs - map_append (line 261)
[INFO] [stdout]     src/macro_lit.rs - map_append (line 273)
[INFO] [stdout]     src/macro_lit.rs - set (line 291)
[INFO] [stdout]     src/macro_lit.rs - set (line 299)
[INFO] [stdout]     src/macro_lit.rs - set (line 312)
[INFO] [stdout]     src/macro_lit.rs - set (line 320)
[INFO] [stdout]     src/named_into.rs - named_into (line 3)
[INFO] [stdout]     src/once_get.rs - once_get (line 2)
[INFO] [stdout]     src/side_effect.rs - side_effect::Also::also (line 70)
[INFO] [stdout]     src/side_effect.rs - side_effect::AlsoMut::also_mut (line 97)
[INFO] [stdout]     src/side_effect.rs - side_effect::Used::used (line 47)
[INFO] [stdout]     src/side_effect.rs - using (line 5)
[INFO] [stdout] 
[INFO] [stdout] test result: FAILED. 43 passed; 20 failed; 2 ignored; 0 measured; 0 filtered out; finished in 3.13s
[INFO] [stdout] 
[INFO] [stderr] error: test failed, to rerun pass '--doc'
[INFO] running `Command { std: "docker" "inspect" "46f1dee8d3ccac5203beb16e3f68f62348a75ce231e113e1ea9a9ef530a8c1a0", kill_on_drop: false }`
[INFO] running `Command { std: "docker" "rm" "-f" "46f1dee8d3ccac5203beb16e3f68f62348a75ce231e113e1ea9a9ef530a8c1a0", kill_on_drop: false }`
[INFO] [stdout] 46f1dee8d3ccac5203beb16e3f68f62348a75ce231e113e1ea9a9ef530a8c1a0
