[INFO] fetching crate librualg 0.29.1...
[INFO] testing librualg-0.29.1 against 1.54.0 for beta-1.55-1
[INFO] extracting crate librualg 0.29.1 into /workspace/builds/worker-97/source
[INFO] validating manifest of crates.io crate librualg 0.29.1 on toolchain 1.54.0
[INFO] running `Command { std: "/workspace/cargo-home/bin/cargo" "+1.54.0" "metadata" "--manifest-path" "Cargo.toml" "--no-deps", kill_on_drop: false }`
[INFO] started tweaking crates.io crate librualg 0.29.1
[INFO] finished tweaking crates.io crate librualg 0.29.1
[INFO] tweaked toml for crates.io crate librualg 0.29.1 written to /workspace/builds/worker-97/source/Cargo.toml
[INFO] running `Command { std: "/workspace/cargo-home/bin/cargo" "+1.54.0" "generate-lockfile" "--manifest-path" "Cargo.toml" "-Zno-index-update", kill_on_drop: false }`
[INFO] running `Command { std: "/workspace/cargo-home/bin/cargo" "+1.54.0" "fetch" "--manifest-path" "Cargo.toml", kill_on_drop: false }`
[INFO] [stderr]     Blocking waiting for file lock on package cache
[INFO] running `Command { std: "docker" "create" "-v" "/var/lib/crater-agent-workspace/builds/worker-97/target:/opt/rustwide/target:rw,Z" "-v" "/var/lib/crater-agent-workspace/builds/worker-97/source:/opt/rustwide/workdir:ro,Z" "-v" "/var/lib/crater-agent-workspace/cargo-home:/opt/rustwide/cargo-home:ro,Z" "-v" "/var/lib/crater-agent-workspace/rustup-home:/opt/rustwide/rustup-home:ro,Z" "-e" "SOURCE_DIR=/opt/rustwide/workdir" "-e" "CARGO_TARGET_DIR=/opt/rustwide/target" "-e" "CARGO_HOME=/opt/rustwide/cargo-home" "-e" "RUSTUP_HOME=/opt/rustwide/rustup-home" "-w" "/opt/rustwide/workdir" "-m" "1610612736" "--user" "0:0" "--network" "none" "ghcr.io/rust-lang/crates-build-env/linux@sha256:34b6a614d2c27851fe6cbf88fbd1137609cefab8b10d0615aaeb6fd47975d74e" "/opt/rustwide/cargo-home/bin/cargo" "+1.54.0" "metadata" "--no-deps" "--format-version=1", kill_on_drop: false }`
[INFO] [stdout] 56c77821ff401f866bd38bf688b91dcdfe218aeb29c4ac1f4d54432a53660884
[INFO] running `Command { std: "docker" "start" "-a" "56c77821ff401f866bd38bf688b91dcdfe218aeb29c4ac1f4d54432a53660884", kill_on_drop: false }`
[INFO] running `Command { std: "docker" "inspect" "56c77821ff401f866bd38bf688b91dcdfe218aeb29c4ac1f4d54432a53660884", kill_on_drop: false }`
[INFO] running `Command { std: "docker" "rm" "-f" "56c77821ff401f866bd38bf688b91dcdfe218aeb29c4ac1f4d54432a53660884", kill_on_drop: false }`
[INFO] [stdout] 56c77821ff401f866bd38bf688b91dcdfe218aeb29c4ac1f4d54432a53660884
[INFO] running `Command { std: "docker" "create" "-v" "/var/lib/crater-agent-workspace/builds/worker-97/target:/opt/rustwide/target:rw,Z" "-v" "/var/lib/crater-agent-workspace/builds/worker-97/source:/opt/rustwide/workdir:ro,Z" "-v" "/var/lib/crater-agent-workspace/cargo-home:/opt/rustwide/cargo-home:ro,Z" "-v" "/var/lib/crater-agent-workspace/rustup-home:/opt/rustwide/rustup-home:ro,Z" "-e" "SOURCE_DIR=/opt/rustwide/workdir" "-e" "CARGO_TARGET_DIR=/opt/rustwide/target" "-e" "CARGO_INCREMENTAL=0" "-e" "RUST_BACKTRACE=full" "-e" "RUSTFLAGS=--cap-lints=warn" "-e" "CARGO_HOME=/opt/rustwide/cargo-home" "-e" "RUSTUP_HOME=/opt/rustwide/rustup-home" "-w" "/opt/rustwide/workdir" "-m" "1610612736" "--user" "0:0" "--network" "none" "ghcr.io/rust-lang/crates-build-env/linux@sha256:34b6a614d2c27851fe6cbf88fbd1137609cefab8b10d0615aaeb6fd47975d74e" "/opt/rustwide/cargo-home/bin/cargo" "+1.54.0" "build" "--frozen" "--message-format=json", kill_on_drop: false }`
[INFO] [stdout] cea352172df354f0848e06b5ddede5c16a1d71d56cbd7429701a94094273da5b
[INFO] running `Command { std: "docker" "start" "-a" "cea352172df354f0848e06b5ddede5c16a1d71d56cbd7429701a94094273da5b", kill_on_drop: false }`
[INFO] [stderr]     Blocking waiting for file lock on package cache
[INFO] [stderr]    Compiling rand v0.4.6
[INFO] [stderr]    Compiling rand v0.3.23
[INFO] [stderr]    Compiling librualg v0.29.1 (/opt/rustwide/workdir)
[INFO] [stderr]     Finished dev [unoptimized + debuginfo] target(s) in 3.82s
[INFO] running `Command { std: "docker" "inspect" "cea352172df354f0848e06b5ddede5c16a1d71d56cbd7429701a94094273da5b", kill_on_drop: false }`
[INFO] running `Command { std: "docker" "rm" "-f" "cea352172df354f0848e06b5ddede5c16a1d71d56cbd7429701a94094273da5b", kill_on_drop: false }`
[INFO] [stdout] cea352172df354f0848e06b5ddede5c16a1d71d56cbd7429701a94094273da5b
[INFO] running `Command { std: "docker" "create" "-v" "/var/lib/crater-agent-workspace/builds/worker-97/target:/opt/rustwide/target:rw,Z" "-v" "/var/lib/crater-agent-workspace/builds/worker-97/source:/opt/rustwide/workdir:ro,Z" "-v" "/var/lib/crater-agent-workspace/cargo-home:/opt/rustwide/cargo-home:ro,Z" "-v" "/var/lib/crater-agent-workspace/rustup-home:/opt/rustwide/rustup-home:ro,Z" "-e" "SOURCE_DIR=/opt/rustwide/workdir" "-e" "CARGO_TARGET_DIR=/opt/rustwide/target" "-e" "CARGO_INCREMENTAL=0" "-e" "RUST_BACKTRACE=full" "-e" "RUSTFLAGS=--cap-lints=warn" "-e" "CARGO_HOME=/opt/rustwide/cargo-home" "-e" "RUSTUP_HOME=/opt/rustwide/rustup-home" "-w" "/opt/rustwide/workdir" "-m" "1610612736" "--user" "0:0" "--network" "none" "ghcr.io/rust-lang/crates-build-env/linux@sha256:34b6a614d2c27851fe6cbf88fbd1137609cefab8b10d0615aaeb6fd47975d74e" "/opt/rustwide/cargo-home/bin/cargo" "+1.54.0" "test" "--frozen" "--no-run" "--message-format=json", kill_on_drop: false }`
[INFO] [stdout] fcc235092e1bb436df5ad36e19aba008f1540429181d819dd4b2d6b4b6735885
[INFO] running `Command { std: "docker" "start" "-a" "fcc235092e1bb436df5ad36e19aba008f1540429181d819dd4b2d6b4b6735885", kill_on_drop: false }`
[INFO] [stderr]     Blocking waiting for file lock on package cache
[INFO] [stderr]    Compiling librualg v0.29.1 (/opt/rustwide/workdir)
[INFO] [stderr]     Finished test [unoptimized + debuginfo] target(s) in 10.97s
[INFO] running `Command { std: "docker" "inspect" "fcc235092e1bb436df5ad36e19aba008f1540429181d819dd4b2d6b4b6735885", kill_on_drop: false }`
[INFO] running `Command { std: "docker" "rm" "-f" "fcc235092e1bb436df5ad36e19aba008f1540429181d819dd4b2d6b4b6735885", kill_on_drop: false }`
[INFO] [stdout] fcc235092e1bb436df5ad36e19aba008f1540429181d819dd4b2d6b4b6735885
[INFO] running `Command { std: "docker" "create" "-v" "/var/lib/crater-agent-workspace/builds/worker-97/target:/opt/rustwide/target:rw,Z" "-v" "/var/lib/crater-agent-workspace/builds/worker-97/source:/opt/rustwide/workdir:ro,Z" "-v" "/var/lib/crater-agent-workspace/cargo-home:/opt/rustwide/cargo-home:ro,Z" "-v" "/var/lib/crater-agent-workspace/rustup-home:/opt/rustwide/rustup-home:ro,Z" "-e" "SOURCE_DIR=/opt/rustwide/workdir" "-e" "CARGO_TARGET_DIR=/opt/rustwide/target" "-e" "CARGO_INCREMENTAL=0" "-e" "RUST_BACKTRACE=full" "-e" "RUSTFLAGS=--cap-lints=warn" "-e" "CARGO_HOME=/opt/rustwide/cargo-home" "-e" "RUSTUP_HOME=/opt/rustwide/rustup-home" "-w" "/opt/rustwide/workdir" "-m" "1610612736" "--user" "0:0" "--network" "none" "ghcr.io/rust-lang/crates-build-env/linux@sha256:34b6a614d2c27851fe6cbf88fbd1137609cefab8b10d0615aaeb6fd47975d74e" "/opt/rustwide/cargo-home/bin/cargo" "+1.54.0" "test" "--frozen", kill_on_drop: false }`
[INFO] [stdout] 8eb0ece71aad6f74fdc6d97b614ae0b1e37adc9dc94270461d1b77ad92ae1baf
[INFO] running `Command { std: "docker" "start" "-a" "8eb0ece71aad6f74fdc6d97b614ae0b1e37adc9dc94270461d1b77ad92ae1baf", kill_on_drop: false }`
[INFO] [stderr]     Blocking waiting for file lock on package cache
[INFO] [stderr]     Finished test [unoptimized + debuginfo] target(s) in 0.07s
[INFO] [stderr]      Running unittests (/opt/rustwide/target/debug/deps/librualg-f0573a2e5d906f10)
[INFO] [stdout] 
[INFO] [stdout] running 55 tests
[INFO] [stdout] test binary_search::test_empty_container ... ok
[INFO] [stdout] test binary_search::test_lower_bound ... ok
[INFO] [stdout] test binary_search::test_upper_bound ... ok
[INFO] [stdout] test binary_tree::test ... ok
[INFO] [stdout] test binary_tree::test_remove ... ok
[INFO] [stdout] test binary_tree::test_remove_exist_two_child ... ok
[INFO] [stdout] test binary_tree::test_remove_leaf ... ok
[INFO] [stdout] test binary_tree::test_remove_root ... ok
[INFO] [stdout] test combinatorics::test ... ok
[INFO] [stdout] test bloom_filter::test_bloom_filter ... ok
[INFO] [stdout] test dsu::test_dsu_num ... ok
[INFO] [stdout] test dsu::test_dsu ... ok
[INFO] [stdout] test dsu::test_dsu_ref ... ok
[INFO] [stdout] test graph::test_bfs_num ... ok
[INFO] [stdout] test graph::test_bfs ... ok
[INFO] [stdout] test graph::test_connected_components_num ... ok
[INFO] [stdout] test graph::test_bfs_with_string ... ok
[INFO] [stdout] test graph::test_connected_components ... ok
[INFO] [stdout] test graph::test_dfs ... ok
[INFO] [stdout] test graph::test_dfs_num ... ok
[INFO] [stdout] test graph::test_dijkstra_num ... ok
[INFO] [stdout] test graph::test_dijkstra ... ok
[INFO] [stdout] test graph::test_kruskal ... ok
[INFO] [stdout] test graph::test_kruskal_num ... ok
[INFO] [stdout] test graph::test_strongly_connected_components ... ok
[INFO] [stdout] test graph::test_strongly_connected_components_num ... ok
[INFO] [stdout] test graph::topology_sort_num ... ok
[INFO] [stdout] test graph::topology_sort ... ok
[INFO] [stdout] test huffman::test ... ok
[INFO] [stdout] test math::test_gcd ... ok
[INFO] [stdout] test math::test_pow ... ok
[INFO] [stdout] test math::test_pow_mod ... ok
[INFO] [stdout] test segment_tree::test_rmq_max ... ok
[INFO] [stdout] test segment_tree::test_rmq_max_update ... ok
[INFO] [stdout] test segment_tree::test_rmq_min ... ok
[INFO] [stdout] test segment_tree::test_rsq ... ok
[INFO] [stdout] test segment_tree::test_rmq_min_update ... ok
[INFO] [stdout] test segment_tree::test_rsq_update ... ok
[INFO] [stdout] test sheduling::test ... ok
[INFO] [stdout] test string::test_common_substring ... ok
[INFO] [stdout] test string::test_hash ... ok
[INFO] [stdout] test string::test_kmp ... ok
[INFO] [stdout] test string::test_aho_corasick ... ok
[INFO] [stdout] test string::test_distinct_substrings ... ok
[INFO] [stdout] test string::test_kmp_first ... ok
[INFO] [stdout] test string::test_lcp ... ok
[INFO] [stdout] test string::test_levenshtein_distance ... ok
[INFO] [stdout] test string::test_minimum_string_period ... ok
[INFO] [stdout] test string::test_prefix_function ... ok
[INFO] [stdout] test string::test_suffix_array ... ok
[INFO] [stdout] test string::test_z_function_ascii ... ok
[INFO] [stdout] test trie::test_trie ... ok
[INFO] [stdout] test sparse_table::test_sparse_table_max ... ok
[INFO] [stdout] test sparse_table::test_sparse_table_min ... ok
[INFO] [stdout] test math::test_is_simple ... ok
[INFO] [stdout] 
[INFO] [stdout] test result: ok. 55 passed; 0 failed; 0 ignored; 0 measured; 0 filtered out; finished in 7.24s
[INFO] [stdout] 
[INFO] [stderr]      Running tests/binary_search.rs (/opt/rustwide/target/debug/deps/binary_search-bf02f3cd3f075e71)
[INFO] [stdout] 
[INFO] [stdout] running 1 test
[INFO] [stdout] test binary_search ... ok
[INFO] [stdout] 
[INFO] [stdout] test result: ok. 1 passed; 0 failed; 0 ignored; 0 measured; 0 filtered out; finished in 0.00s
[INFO] [stdout] 
[INFO] [stderr]      Running tests/binary_tree.rs (/opt/rustwide/target/debug/deps/binary_tree-97d93a29f3536973)
[INFO] [stdout] 
[INFO] [stdout] running 1 test
[INFO] [stderr]      Running tests/bloom_filter.rs (/opt/rustwide/target/debug/deps/bloom_filter-26790cbacafbae34)
[INFO] [stdout] test test ... ok
[INFO] [stdout] 
[INFO] [stdout] test result: ok. 1 passed; 0 failed; 0 ignored; 0 measured; 0 filtered out; finished in 0.01s
[INFO] [stdout] 
[INFO] [stdout] 
[INFO] [stdout] running 1 test
[INFO] [stderr]      Running tests/combinatorics.rs (/opt/rustwide/target/debug/deps/combinatorics-5032f7e3f6952586)
[INFO] [stdout] test test_bloom_filter ... ok
[INFO] [stdout] 
[INFO] [stdout] test result: ok. 1 passed; 0 failed; 0 ignored; 0 measured; 0 filtered out; finished in 0.01s
[INFO] [stdout] 
[INFO] [stdout] 
[INFO] [stdout] running 1 test
[INFO] [stderr]      Running tests/dsu.rs (/opt/rustwide/target/debug/deps/dsu-2bb634e76d06eb86)
[INFO] [stdout] test permutations ... ok
[INFO] [stdout] 
[INFO] [stdout] test result: ok. 1 passed; 0 failed; 0 ignored; 0 measured; 0 filtered out; finished in 0.02s
[INFO] [stdout] 
[INFO] [stdout] 
[INFO] [stdout] running 3 tests
[INFO] [stdout] test test_dsu_num ... ok
[INFO] [stderr]      Running tests/graph.rs (/opt/rustwide/target/debug/deps/graph-66102a82eab33e97)
[INFO] [stdout] test test_dsu_ref ... ok
[INFO] [stdout] test test_dsu ... ok
[INFO] [stdout] 
[INFO] [stdout] test result: ok. 3 passed; 0 failed; 0 ignored; 0 measured; 0 filtered out; finished in 0.02s
[INFO] [stdout] 
[INFO] [stdout] 
[INFO] [stdout] running 11 tests
[INFO] [stdout] test test_bfs ... ok
[INFO] [stdout] test test_bfs_num ... ok
[INFO] [stdout] test test_kruskal_num ... ok
[INFO] [stdout] test test_kruskal ... ok
[INFO] [stdout] test test_connected_components_num ... ok
[INFO] [stdout] test test_dfs_num ... ok
[INFO] [stdout] test test_dijkstra_num ... ok
[INFO] [stdout] test test_connected_components ... ok
[INFO] [stdout] test test_strongly_connected_components ... ok
[INFO] [stdout] test test_strongly_connected_components_num ... ok
[INFO] [stdout] test topology_sort ... ok
[INFO] [stdout] 
[INFO] [stdout] test result: ok. 11 passed; 0 failed; 0 ignored; 0 measured; 0 filtered out; finished in 0.04s
[INFO] [stdout] 
[INFO] [stderr]      Running tests/huffman.rs (/opt/rustwide/target/debug/deps/huffman-a1ae6c09ebc1cf0e)
[INFO] [stdout] 
[INFO] [stdout] running 1 test
[INFO] [stdout] test test ... ok
[INFO] [stdout] 
[INFO] [stdout] test result: ok. 1 passed; 0 failed; 0 ignored; 0 measured; 0 filtered out; finished in 0.01s
[INFO] [stdout] 
[INFO] [stderr]      Running tests/math.rs (/opt/rustwide/target/debug/deps/math-a0d099bff2d1d44c)
[INFO] [stdout] 
[INFO] [stdout] running 2 tests
[INFO] [stdout] test test_gcd ... ok
[INFO] [stderr]      Running tests/segment_tree.rs (/opt/rustwide/target/debug/deps/segment_tree-846570b58f3aa6fa)
[INFO] [stdout] test test_is_simple ... ok
[INFO] [stdout] 
[INFO] [stdout] test result: ok. 2 passed; 0 failed; 0 ignored; 0 measured; 0 filtered out; finished in 0.02s
[INFO] [stdout] 
[INFO] [stdout] 
[INFO] [stdout] running 3 tests
[INFO] [stdout] test test_rmq_min ... ok
[INFO] [stderr]      Running tests/sheduling.rs (/opt/rustwide/target/debug/deps/sheduling-dfc4b44988cda20d)
[INFO] [stdout] test test_rsq ... ok
[INFO] [stdout] test test_rmq_max ... ok
[INFO] [stdout] 
[INFO] [stdout] test result: ok. 3 passed; 0 failed; 0 ignored; 0 measured; 0 filtered out; finished in 0.00s
[INFO] [stdout] 
[INFO] [stdout] 
[INFO] [stdout] running 1 test
[INFO] [stdout] test test ... ok
[INFO] [stdout] 
[INFO] [stdout] test result: ok. 1 passed; 0 failed; 0 ignored; 0 measured; 0 filtered out; finished in 0.00s
[INFO] [stdout] 
[INFO] [stderr]      Running tests/space_table.rs (/opt/rustwide/target/debug/deps/space_table-a10aee08d61ca1a0)
[INFO] [stdout] 
[INFO] [stdout] running 2 tests
[INFO] [stdout] test test_sparse_table_max ... ok
[INFO] [stdout] test test_sparse_table_min ... ok
[INFO] [stdout] 
[INFO] [stdout] test result: ok. 2 passed; 0 failed; 0 ignored; 0 measured; 0 filtered out; finished in 0.00s
[INFO] [stdout] 
[INFO] [stderr]      Running tests/string.rs (/opt/rustwide/target/debug/deps/string-36a0fd915a107667)
[INFO] [stdout] 
[INFO] [stdout] running 10 tests
[INFO] [stdout] test kmp ... ok
[INFO] [stdout] test kmp_first ... ok
[INFO] [stdout] test test_hash ... ok
[INFO] [stdout] test test_levenshtein_distance ... ok
[INFO] [stdout] test test_minimum_string_period ... ok
[INFO] [stdout] test test_suffix_array ... ok
[INFO] [stdout] test test_common_substring ... ok
[INFO] [stdout] test test_lcp ... ok
[INFO] [stdout] test test_aho_corasick ... ok
[INFO] [stderr]      Running tests/trie.rs (/opt/rustwide/target/debug/deps/trie-b0f869acb279745e)
[INFO] [stdout] test test_distinct_substrings ... ok
[INFO] [stdout] 
[INFO] [stdout] test result: ok. 10 passed; 0 failed; 0 ignored; 0 measured; 0 filtered out; finished in 0.04s
[INFO] [stdout] 
[INFO] [stdout] 
[INFO] [stdout] running 1 test
[INFO] [stdout] test test_trie ... ok
[INFO] [stdout] 
[INFO] [stdout] test result: ok. 1 passed; 0 failed; 0 ignored; 0 measured; 0 filtered out; finished in 0.09s
[INFO] [stdout] 
[INFO] [stderr]    Doc-tests librualg
[INFO] [stdout] 
[INFO] [stdout] running 47 tests
[INFO] [stdout] test src/graph/mod.rs - graph::Graph<Indent>::search_path (line 420) ... FAILED
[INFO] [stdout] test src/dsu/mod.rs - dsu::DSURef (line 4) ... FAILED
[INFO] [stdout] test src/graph/mod.rs - graph::Graph<Indent>::connected_components (line 199) ... FAILED
[INFO] [stdout] test src/graph/mod.rs - graph::Graph<Indent>::dfs (line 110) ... FAILED
[INFO] [stdout] test src/sparse_table/mod.rs - sparse_table::SparseTableMin (line 5) ... FAILED
[INFO] [stdout] test src/sparse_table/mod.rs - sparse_table::SparseTableMax (line 20) ... FAILED
[INFO] [stdout] test src/segment_tree/mod.rs - segment_tree::Rsq<T>::query (line 37) ... FAILED
[INFO] [stdout] test src/combinatorics/mod.rs - combinatorics::Permutations (line 2) ... ok
[INFO] [stdout] test src/string/mod.rs - string::Lcp (line 364) ... ok
[INFO] [stdout] test src/graph/mod.rs - graph::GraphNum::kruskal (line 793) ... ok
[INFO] [stdout] test src/string/mod.rs - string::distinct_substrings (line 147) ... FAILED
[INFO] [stdout] test src/trie/mod.rs - trie::Trie (line 4) ... FAILED
[INFO] [stdout] test src/graph/mod.rs - graph::Graph<Indent>::kruskal (line 342) ... ok
[INFO] [stdout] test src/graph/mod.rs - graph::Graph<Indent>::dijkstra (line 133) ... FAILED
[INFO] [stdout] test src/graph/mod.rs - graph::Graph<Indent>::bfs (line 52) ... FAILED
[INFO] [stdout] test src/graph/mod.rs - graph::Graph<Indent>::topological_sort (line 312) ... FAILED
[INFO] [stdout] test src/graph/mod.rs - graph::Graph<Indent>::strongly_connected_components (line 248) ... FAILED
[INFO] [stdout] test src/string/mod.rs - string::kmp (line 7) ... ok
[INFO] [stdout] test src/binary_search/mod.rs - binary_search::upper_bound (line 37) ... ok
[INFO] [stdout] test src/string/mod.rs - string::minimum_string_period (line 117) ... ok
[INFO] [stdout] test src/graph/mod.rs - graph::GraphNum::bfs (line 494) ... ok
[INFO] [stdout] test src/segment_tree/mod.rs - segment_tree::RmqMin<T>::new (line 108) ... ok
[INFO] [stdout] test src/segment_tree/mod.rs - segment_tree::RmqMax<T>::update (line 261) ... ok
[INFO] [stdout] test src/string/mod.rs - string::levenshtein_distance (line 79) ... ok
[INFO] [stdout] test src/segment_tree/mod.rs - segment_tree::Rsq<T>::new (line 15) ... ok
[INFO] [stdout] test src/graph/mod.rs - graph::GraphNum::dijkstra (line 595) ... ok
[INFO] [stdout] test src/huffman/mod.rs - huffman::Huffman (line 6) ... ok
[INFO] [stdout] test src/string/mod.rs - string::suffix_array (line 230) ... ok
[INFO] [stdout] test src/segment_tree/mod.rs - segment_tree::RmqMax<T>::query (line 225) ... ok
[INFO] [stdout] test src/math/mod.rs - math::gcd (line 4) ... ok
[INFO] [stdout] test src/segment_tree/mod.rs - segment_tree::RmqMin<T>::update (line 167) ... ok
[INFO] [stdout] test src/math/mod.rs - math::pow_mod (line 65) ... ok
[INFO] [stdout] test src/bloom_filter/mod.rs - bloom_filter::BloomFilter (line 2) ... ok
[INFO] [stdout] test src/graph/mod.rs - graph::GraphNum::dfs (line 567) ... ok
[INFO] [stdout] test src/binary_search/mod.rs - binary_search::lower_bound (line 4) ... ok
[INFO] [stdout] test src/sheduling/mod.rs - sheduling::johnson_algorithm (line 29) ... ok
[INFO] [stdout] test src/binary_tree/mod.rs - binary_tree::BinaryTree (line 5) ... ok
[INFO] [stdout] test src/segment_tree/mod.rs - segment_tree::RmqMin<T>::query (line 131) ... ok
[INFO] [stdout] test src/string/mod.rs - string::common_substring (line 466) ... ok
[INFO] [stdout] test src/graph/mod.rs - graph::GraphNum::connected_components (line 666) ... ok
[INFO] [stdout] test src/math/mod.rs - math::pow (line 34) ... ok
[INFO] [stdout] test src/string/mod.rs - string::kmp_first (line 43) ... ok
[INFO] [stdout] test src/string/mod.rs - string::aho_corasick (line 601) ... ok
[INFO] [stdout] test src/math/mod.rs - math::is_simple (line 95) ... ok
[INFO] [stdout] test src/string/mod.rs - string::hash (line 443) ... ok
[INFO] [stdout] test src/segment_tree/mod.rs - segment_tree::RmqMax<T>::new (line 202) ... ok
[INFO] [stdout] test src/segment_tree/mod.rs - segment_tree::Rsq<T>::update (line 73) ... ok
[INFO] [stdout] 
[INFO] [stdout] failures:
[INFO] [stdout] 
[INFO] [stdout] ---- src/graph/mod.rs - graph::Graph<Indent>::search_path (line 420) stdout ----
[INFO] [stdout] Couldn't compile the test.
[INFO] [stdout] ---- src/dsu/mod.rs - dsu::DSURef (line 4) stdout ----
[INFO] [stdout] Couldn't compile the test.
[INFO] [stdout] ---- src/graph/mod.rs - graph::Graph<Indent>::connected_components (line 199) stdout ----
[INFO] [stdout] Couldn't compile the test.
[INFO] [stdout] ---- src/graph/mod.rs - graph::Graph<Indent>::dfs (line 110) stdout ----
[INFO] [stdout] Couldn't compile the test.
[INFO] [stdout] ---- src/sparse_table/mod.rs - sparse_table::SparseTableMin (line 5) stdout ----
[INFO] [stdout] Couldn't compile the test.
[INFO] [stdout] ---- src/sparse_table/mod.rs - sparse_table::SparseTableMax (line 20) stdout ----
[INFO] [stdout] Couldn't compile the test.
[INFO] [stdout] ---- src/segment_tree/mod.rs - segment_tree::Rsq<T>::query (line 37) stdout ----
[INFO] [stdout] Couldn't compile the test.
[INFO] [stdout] ---- src/string/mod.rs - string::distinct_substrings (line 147) stdout ----
[INFO] [stdout] Couldn't compile the test.
[INFO] [stdout] ---- src/trie/mod.rs - trie::Trie (line 4) stdout ----
[INFO] [stdout] Couldn't compile the test.
[INFO] [stdout] ---- src/graph/mod.rs - graph::Graph<Indent>::dijkstra (line 133) stdout ----
[INFO] [stdout] Couldn't compile the test.
[INFO] [stdout] ---- src/graph/mod.rs - graph::Graph<Indent>::bfs (line 52) stdout ----
[INFO] [stdout] Couldn't compile the test.
[INFO] [stdout] ---- src/graph/mod.rs - graph::Graph<Indent>::topological_sort (line 312) stdout ----
[INFO] [stdout] Couldn't compile the test.
[INFO] [stdout] ---- src/graph/mod.rs - graph::Graph<Indent>::strongly_connected_components (line 248) stdout ----
[INFO] [stdout] Couldn't compile the test.
[INFO] [stdout] 
[INFO] [stdout] failures:
[INFO] [stdout]     src/dsu/mod.rs - dsu::DSURef (line 4)
[INFO] [stdout]     src/graph/mod.rs - graph::Graph<Indent>::bfs (line 52)
[INFO] [stdout]     src/graph/mod.rs - graph::Graph<Indent>::connected_components (line 199)
[INFO] [stdout]     src/graph/mod.rs - graph::Graph<Indent>::dfs (line 110)
[INFO] [stdout]     src/graph/mod.rs - graph::Graph<Indent>::dijkstra (line 133)
[INFO] [stdout]     src/graph/mod.rs - graph::Graph<Indent>::search_path (line 420)
[INFO] [stdout]     src/graph/mod.rs - graph::Graph<Indent>::strongly_connected_components (line 248)
[INFO] [stdout]     src/graph/mod.rs - graph::Graph<Indent>::topological_sort (line 312)
[INFO] [stdout]     src/segment_tree/mod.rs - segment_tree::Rsq<T>::query (line 37)
[INFO] [stdout]     src/sparse_table/mod.rs - sparse_table::SparseTableMax (line 20)
[INFO] [stdout]     src/sparse_table/mod.rs - sparse_table::SparseTableMin (line 5)
[INFO] [stdout]     src/string/mod.rs - string::distinct_substrings (line 147)
[INFO] [stdout]     src/trie/mod.rs - trie::Trie (line 4)
[INFO] [stdout] 
[INFO] [stdout] test result: FAILED. 34 passed; 13 failed; 0 ignored; 0 measured; 0 filtered out; finished in 6.91s
[INFO] [stdout] 
[INFO] [stderr] error: test failed, to rerun pass '--doc'
[INFO] running `Command { std: "docker" "inspect" "8eb0ece71aad6f74fdc6d97b614ae0b1e37adc9dc94270461d1b77ad92ae1baf", kill_on_drop: false }`
[INFO] running `Command { std: "docker" "rm" "-f" "8eb0ece71aad6f74fdc6d97b614ae0b1e37adc9dc94270461d1b77ad92ae1baf", kill_on_drop: false }`
[INFO] [stdout] 8eb0ece71aad6f74fdc6d97b614ae0b1e37adc9dc94270461d1b77ad92ae1baf
