[INFO] fetching crate liblinear 1.0.0...
[INFO] testing liblinear-1.0.0 against beta-2021-08-01 for beta-1.55-1
[INFO] extracting crate liblinear 1.0.0 into /workspace/builds/worker-85/source
[INFO] validating manifest of crates.io crate liblinear 1.0.0 on toolchain beta-2021-08-01
[INFO] running `Command { std: "/workspace/cargo-home/bin/cargo" "+beta-2021-08-01" "metadata" "--manifest-path" "Cargo.toml" "--no-deps", kill_on_drop: false }`
[INFO] started tweaking crates.io crate liblinear 1.0.0
[INFO] finished tweaking crates.io crate liblinear 1.0.0
[INFO] tweaked toml for crates.io crate liblinear 1.0.0 written to /workspace/builds/worker-85/source/Cargo.toml
[INFO] running `Command { std: "/workspace/cargo-home/bin/cargo" "+beta-2021-08-01" "generate-lockfile" "--manifest-path" "Cargo.toml" "-Zno-index-update", kill_on_drop: false }`
[INFO] [stderr]     Blocking waiting for file lock on package cache
[INFO] running `Command { std: "/workspace/cargo-home/bin/cargo" "+beta-2021-08-01" "fetch" "--manifest-path" "Cargo.toml", kill_on_drop: false }`
[INFO] [stderr]     Blocking waiting for file lock on package cache
[INFO] [stderr]     Blocking waiting for file lock on package cache
[INFO] [stderr]  Downloading crates ...
[INFO] [stderr]   Downloaded parsnip v0.3.0
[INFO] running `Command { std: "docker" "create" "-v" "/var/lib/crater-agent-workspace/builds/worker-85/target:/opt/rustwide/target:rw,Z" "-v" "/var/lib/crater-agent-workspace/builds/worker-85/source:/opt/rustwide/workdir:ro,Z" "-v" "/var/lib/crater-agent-workspace/cargo-home:/opt/rustwide/cargo-home:ro,Z" "-v" "/var/lib/crater-agent-workspace/rustup-home:/opt/rustwide/rustup-home:ro,Z" "-e" "SOURCE_DIR=/opt/rustwide/workdir" "-e" "CARGO_TARGET_DIR=/opt/rustwide/target" "-e" "CARGO_HOME=/opt/rustwide/cargo-home" "-e" "RUSTUP_HOME=/opt/rustwide/rustup-home" "-w" "/opt/rustwide/workdir" "-m" "1610612736" "--user" "0:0" "--network" "none" "ghcr.io/rust-lang/crates-build-env/linux@sha256:34b6a614d2c27851fe6cbf88fbd1137609cefab8b10d0615aaeb6fd47975d74e" "/opt/rustwide/cargo-home/bin/cargo" "+beta-2021-08-01" "metadata" "--no-deps" "--format-version=1", kill_on_drop: false }`
[INFO] [stdout] 8f95a27ec104284f6c0de2cdd999dd3e1ccf473ff4890582f5694fcbfb387076
[INFO] running `Command { std: "docker" "start" "-a" "8f95a27ec104284f6c0de2cdd999dd3e1ccf473ff4890582f5694fcbfb387076", kill_on_drop: false }`
[INFO] running `Command { std: "docker" "inspect" "8f95a27ec104284f6c0de2cdd999dd3e1ccf473ff4890582f5694fcbfb387076", kill_on_drop: false }`
[INFO] running `Command { std: "docker" "rm" "-f" "8f95a27ec104284f6c0de2cdd999dd3e1ccf473ff4890582f5694fcbfb387076", kill_on_drop: false }`
[INFO] [stdout] 8f95a27ec104284f6c0de2cdd999dd3e1ccf473ff4890582f5694fcbfb387076
[INFO] running `Command { std: "docker" "create" "-v" "/var/lib/crater-agent-workspace/builds/worker-85/target:/opt/rustwide/target:rw,Z" "-v" "/var/lib/crater-agent-workspace/builds/worker-85/source:/opt/rustwide/workdir:ro,Z" "-v" "/var/lib/crater-agent-workspace/cargo-home:/opt/rustwide/cargo-home:ro,Z" "-v" "/var/lib/crater-agent-workspace/rustup-home:/opt/rustwide/rustup-home:ro,Z" "-e" "SOURCE_DIR=/opt/rustwide/workdir" "-e" "CARGO_TARGET_DIR=/opt/rustwide/target" "-e" "CARGO_INCREMENTAL=0" "-e" "RUST_BACKTRACE=full" "-e" "RUSTFLAGS=--cap-lints=warn" "-e" "CARGO_HOME=/opt/rustwide/cargo-home" "-e" "RUSTUP_HOME=/opt/rustwide/rustup-home" "-w" "/opt/rustwide/workdir" "-m" "1610612736" "--user" "0:0" "--network" "none" "ghcr.io/rust-lang/crates-build-env/linux@sha256:34b6a614d2c27851fe6cbf88fbd1137609cefab8b10d0615aaeb6fd47975d74e" "/opt/rustwide/cargo-home/bin/cargo" "+beta-2021-08-01" "build" "--frozen" "--message-format=json", kill_on_drop: false }`
[INFO] [stdout] c182e2861e6c595a73d72c86775e12ffb997a4b3a3bd0e713d47fa10ede4b303
[INFO] running `Command { std: "docker" "start" "-a" "c182e2861e6c595a73d72c86775e12ffb997a4b3a3bd0e713d47fa10ede4b303", kill_on_drop: false }`
[INFO] [stderr]    Compiling memchr v2.4.0
[INFO] [stderr]    Compiling libc v0.2.98
[INFO] [stderr]    Compiling parsnip v0.3.0
[INFO] [stderr]    Compiling num-traits v0.2.14
[INFO] [stderr]    Compiling liblinear v1.0.0 (/opt/rustwide/workdir)
[INFO] [stderr]    Compiling object v0.26.0
[INFO] [stderr]    Compiling approx v0.3.2
[INFO] [stderr] warning: liblinear/linear.cpp: In function 'void print_null(const char*)':
[INFO] [stderr] warning: liblinear/linear.cpp:31:36: warning: unused parameter 's' [-Wunused-parameter]
[INFO] [stderr] warning:    31 | static void print_null(const char *s) {}
[INFO] [stderr] warning:       |                        ~~~~~~~~~~~~^
[INFO] [stderr] warning: liblinear/linear.cpp: In function 'double calc_max_p(const problem*, const parameter*)':
[INFO] [stderr] warning: liblinear/linear.cpp:2311:64: warning: unused parameter 'param' [-Wunused-parameter]
[INFO] [stderr] warning:  2311 | static double calc_max_p(const problem *prob, const parameter *param)
[INFO] [stderr] warning:       |                                               ~~~~~~~~~~~~~~~~~^~~~~
[INFO] [stderr] warning: liblinear/linear.cpp: In function 'const char* check_parameter(const problem*, const parameter*)':
[INFO] [stderr] warning: liblinear/linear.cpp:3151:44: warning: unused parameter 'prob' [-Wunused-parameter]
[INFO] [stderr] warning:  3151 | const char *check_parameter(const problem *prob, const parameter *param)
[INFO] [stderr] warning:       |                             ~~~~~~~~~~~~~~~^~~~
[INFO] [stderr]    Compiling backtrace v0.3.61
[INFO] [stderr]    Compiling failure v0.1.8
[INFO] [stderr]     Finished dev [unoptimized + debuginfo] target(s) in 9.11s
[INFO] running `Command { std: "docker" "inspect" "c182e2861e6c595a73d72c86775e12ffb997a4b3a3bd0e713d47fa10ede4b303", kill_on_drop: false }`
[INFO] running `Command { std: "docker" "rm" "-f" "c182e2861e6c595a73d72c86775e12ffb997a4b3a3bd0e713d47fa10ede4b303", kill_on_drop: false }`
[INFO] [stdout] c182e2861e6c595a73d72c86775e12ffb997a4b3a3bd0e713d47fa10ede4b303
[INFO] running `Command { std: "docker" "create" "-v" "/var/lib/crater-agent-workspace/builds/worker-85/target:/opt/rustwide/target:rw,Z" "-v" "/var/lib/crater-agent-workspace/builds/worker-85/source:/opt/rustwide/workdir:ro,Z" "-v" "/var/lib/crater-agent-workspace/cargo-home:/opt/rustwide/cargo-home:ro,Z" "-v" "/var/lib/crater-agent-workspace/rustup-home:/opt/rustwide/rustup-home:ro,Z" "-e" "SOURCE_DIR=/opt/rustwide/workdir" "-e" "CARGO_TARGET_DIR=/opt/rustwide/target" "-e" "CARGO_INCREMENTAL=0" "-e" "RUST_BACKTRACE=full" "-e" "RUSTFLAGS=--cap-lints=warn" "-e" "CARGO_HOME=/opt/rustwide/cargo-home" "-e" "RUSTUP_HOME=/opt/rustwide/rustup-home" "-w" "/opt/rustwide/workdir" "-m" "1610612736" "--user" "0:0" "--network" "none" "ghcr.io/rust-lang/crates-build-env/linux@sha256:34b6a614d2c27851fe6cbf88fbd1137609cefab8b10d0615aaeb6fd47975d74e" "/opt/rustwide/cargo-home/bin/cargo" "+beta-2021-08-01" "test" "--frozen" "--no-run" "--message-format=json", kill_on_drop: false }`
[INFO] [stdout] 876c3e171fc5d8f3f6337a0887794a475577cb345bf64e55156f98b353d7c9c4
[INFO] running `Command { std: "docker" "start" "-a" "876c3e171fc5d8f3f6337a0887794a475577cb345bf64e55156f98b353d7c9c4", kill_on_drop: false }`
[INFO] [stderr]     Blocking waiting for file lock on package cache
[INFO] [stderr] warning: liblinear/linear.cpp: In function 'void print_null(const char*)':
[INFO] [stderr] warning: liblinear/linear.cpp:31:36: warning: unused parameter 's' [-Wunused-parameter]
[INFO] [stderr] warning:    31 | static void print_null(const char *s) {}
[INFO] [stderr] warning:       |                        ~~~~~~~~~~~~^
[INFO] [stderr] warning: liblinear/linear.cpp: In function 'double calc_max_p(const problem*, const parameter*)':
[INFO] [stderr] warning: liblinear/linear.cpp:2311:64: warning: unused parameter 'param' [-Wunused-parameter]
[INFO] [stderr] warning:  2311 | static double calc_max_p(const problem *prob, const parameter *param)
[INFO] [stderr] warning:       |                                               ~~~~~~~~~~~~~~~~~^~~~~
[INFO] [stderr] warning: liblinear/linear.cpp: In function 'const char* check_parameter(const problem*, const parameter*)':
[INFO] [stderr] warning: liblinear/linear.cpp:3151:44: warning: unused parameter 'prob' [-Wunused-parameter]
[INFO] [stderr] warning:  3151 | const char *check_parameter(const problem *prob, const parameter *param)
[INFO] [stderr] warning:       |                             ~~~~~~~~~~~~~~~^~~~
[INFO] [stderr]    Compiling liblinear v1.0.0 (/opt/rustwide/workdir)
[INFO] [stderr]     Finished test [unoptimized + debuginfo] target(s) in 1.75s
[INFO] running `Command { std: "docker" "inspect" "876c3e171fc5d8f3f6337a0887794a475577cb345bf64e55156f98b353d7c9c4", kill_on_drop: false }`
[INFO] running `Command { std: "docker" "rm" "-f" "876c3e171fc5d8f3f6337a0887794a475577cb345bf64e55156f98b353d7c9c4", kill_on_drop: false }`
[INFO] [stdout] 876c3e171fc5d8f3f6337a0887794a475577cb345bf64e55156f98b353d7c9c4
[INFO] running `Command { std: "docker" "create" "-v" "/var/lib/crater-agent-workspace/builds/worker-85/target:/opt/rustwide/target:rw,Z" "-v" "/var/lib/crater-agent-workspace/builds/worker-85/source:/opt/rustwide/workdir:ro,Z" "-v" "/var/lib/crater-agent-workspace/cargo-home:/opt/rustwide/cargo-home:ro,Z" "-v" "/var/lib/crater-agent-workspace/rustup-home:/opt/rustwide/rustup-home:ro,Z" "-e" "SOURCE_DIR=/opt/rustwide/workdir" "-e" "CARGO_TARGET_DIR=/opt/rustwide/target" "-e" "CARGO_INCREMENTAL=0" "-e" "RUST_BACKTRACE=full" "-e" "RUSTFLAGS=--cap-lints=warn" "-e" "CARGO_HOME=/opt/rustwide/cargo-home" "-e" "RUSTUP_HOME=/opt/rustwide/rustup-home" "-w" "/opt/rustwide/workdir" "-m" "1610612736" "--user" "0:0" "--network" "none" "ghcr.io/rust-lang/crates-build-env/linux@sha256:34b6a614d2c27851fe6cbf88fbd1137609cefab8b10d0615aaeb6fd47975d74e" "/opt/rustwide/cargo-home/bin/cargo" "+beta-2021-08-01" "test" "--frozen", kill_on_drop: false }`
[INFO] [stdout] 22a44d26ca55bd0580bb9bfb459379fc6b87e7a6d23f4d776138b37d0b5a3754
[INFO] running `Command { std: "docker" "start" "-a" "22a44d26ca55bd0580bb9bfb459379fc6b87e7a6d23f4d776138b37d0b5a3754", kill_on_drop: false }`
[INFO] [stderr] warning: liblinear/linear.cpp: In function 'void print_null(const char*)':
[INFO] [stderr] warning: liblinear/linear.cpp:31:36: warning: unused parameter 's' [-Wunused-parameter]
[INFO] [stderr] warning:    31 | static void print_null(const char *s) {}
[INFO] [stderr] warning:       |                        ~~~~~~~~~~~~^
[INFO] [stderr] warning: liblinear/linear.cpp: In function 'double calc_max_p(const problem*, const parameter*)':
[INFO] [stderr] warning: liblinear/linear.cpp:2311:64: warning: unused parameter 'param' [-Wunused-parameter]
[INFO] [stderr] warning:  2311 | static double calc_max_p(const problem *prob, const parameter *param)
[INFO] [stderr] warning:       |                                               ~~~~~~~~~~~~~~~~~^~~~~
[INFO] [stderr] warning: liblinear/linear.cpp: In function 'const char* check_parameter(const problem*, const parameter*)':
[INFO] [stderr] warning: liblinear/linear.cpp:3151:44: warning: unused parameter 'prob' [-Wunused-parameter]
[INFO] [stderr] warning:  3151 | const char *check_parameter(const problem *prob, const parameter *param)
[INFO] [stderr] warning:       |                             ~~~~~~~~~~~~~~~^~~~
[INFO] [stderr]     Finished test [unoptimized + debuginfo] target(s) in 0.05s
[INFO] [stderr]      Running unittests (/opt/rustwide/target/debug/deps/liblinear-ffb7a993af10743b)
[INFO] [stdout] 
[INFO] [stdout] running 0 tests
[INFO] [stdout] 
[INFO] [stdout] test result: ok. 0 passed; 0 failed; 0 ignored; 0 measured; 0 filtered out; finished in 0.00s
[INFO] [stdout] 
[INFO] [stderr]      Running tests/lib.rs (/opt/rustwide/target/debug/deps/lib-43df30b96312b79f)
[INFO] [stdout] 
[INFO] [stdout] running 6 tests
[INFO] [stdout] test test_version ... ok
[INFO] [stdout] test test_model_sparse_data ... ok
[INFO] [stdout] test test_model_dense_data ... ok
[INFO] [stdout] test test_training_input_libsvm_data ... ok
[INFO] [stdout] test test_cross_validator ... ok
[INFO] [stdout] test test_model_save_load ... FAILED
[INFO] [stdout] 
[INFO] [stdout] failures:
[INFO] [stdout] 
[INFO] [stdout] ---- test_model_save_load stdout ----
[INFO] [stdout] thread 'test_model_save_load' panicked at 'assertion failed: `(left == right)`
[INFO] [stdout]   left: `false`,
[INFO] [stdout]  right: `true`', tests/lib.rs:133:5
[INFO] [stdout] stack backtrace:
[INFO] [stdout]    0:     0x55d076169680 - std::backtrace_rs::backtrace::libunwind::trace::hff4d1766e93f64f1
[INFO] [stdout]                                at /rustc/53fd98ca776cb875bc9e5514f56b52eb74f9e7a9/library/std/src/../../backtrace/src/backtrace/libunwind.rs:90:5
[INFO] [stdout]    1:     0x55d076169680 - std::backtrace_rs::backtrace::trace_unsynchronized::h56bbc8eb78770bcb
[INFO] [stdout]                                at /rustc/53fd98ca776cb875bc9e5514f56b52eb74f9e7a9/library/std/src/../../backtrace/src/backtrace/mod.rs:66:5
[INFO] [stdout]    2:     0x55d076169680 - std::sys_common::backtrace::_print_fmt::h5c8e75464faca780
[INFO] [stdout]                                at /rustc/53fd98ca776cb875bc9e5514f56b52eb74f9e7a9/library/std/src/sys_common/backtrace.rs:67:5
[INFO] [stdout]    3:     0x55d076169680 - <std::sys_common::backtrace::_print::DisplayBacktrace as core::fmt::Display>::fmt::h48b88277def8b362
[INFO] [stdout]                                at /rustc/53fd98ca776cb875bc9e5514f56b52eb74f9e7a9/library/std/src/sys_common/backtrace.rs:46:22
[INFO] [stdout]    4:     0x55d07618cf1c - core::fmt::write::h3381b3176fe2b3d3
[INFO] [stdout]                                at /rustc/53fd98ca776cb875bc9e5514f56b52eb74f9e7a9/library/core/src/fmt/mod.rs:1115:17
[INFO] [stdout]    5:     0x55d0761662d5 - std::io::Write::write_fmt::h5f34a676f60246b5
[INFO] [stdout]                                at /rustc/53fd98ca776cb875bc9e5514f56b52eb74f9e7a9/library/std/src/io/mod.rs:1665:15
[INFO] [stdout]    6:     0x55d07616b81b - std::sys_common::backtrace::_print::ha537687d6c17dd0d
[INFO] [stdout]                                at /rustc/53fd98ca776cb875bc9e5514f56b52eb74f9e7a9/library/std/src/sys_common/backtrace.rs:49:5
[INFO] [stdout]    7:     0x55d07616b81b - std::sys_common::backtrace::print::h61376ae57d131d72
[INFO] [stdout]                                at /rustc/53fd98ca776cb875bc9e5514f56b52eb74f9e7a9/library/std/src/sys_common/backtrace.rs:36:9
[INFO] [stdout]    8:     0x55d07616b81b - std::panicking::default_hook::{{closure}}::h0f7208c0b9644a54
[INFO] [stdout]                                at /rustc/53fd98ca776cb875bc9e5514f56b52eb74f9e7a9/library/std/src/panicking.rs:208:50
[INFO] [stdout]    9:     0x55d07616b32c - std::panicking::default_hook::hdac7fc06578c14ce
[INFO] [stdout]                                at /rustc/53fd98ca776cb875bc9e5514f56b52eb74f9e7a9/library/std/src/panicking.rs:222:9
[INFO] [stdout]   10:     0x55d07616bee4 - std::panicking::rust_panic_with_hook::h72b21c283da3d1ef
[INFO] [stdout]                                at /rustc/53fd98ca776cb875bc9e5514f56b52eb74f9e7a9/library/std/src/panicking.rs:622:17
[INFO] [stdout]   11:     0x55d07616b9c7 - std::panicking::begin_panic_handler::{{closure}}::he5778f1729cff84a
[INFO] [stdout]                                at /rustc/53fd98ca776cb875bc9e5514f56b52eb74f9e7a9/library/std/src/panicking.rs:519:13
[INFO] [stdout]   12:     0x55d076169b5c - std::sys_common::backtrace::__rust_end_short_backtrace::h2d11ca8b453b4b1d
[INFO] [stdout]                                at /rustc/53fd98ca776cb875bc9e5514f56b52eb74f9e7a9/library/std/src/sys_common/backtrace.rs:141:18
[INFO] [stdout]   13:     0x55d07616b929 - rust_begin_unwind
[INFO] [stdout]                                at /rustc/53fd98ca776cb875bc9e5514f56b52eb74f9e7a9/library/std/src/panicking.rs:515:5
[INFO] [stdout]   14:     0x55d075ffd711 - core::panicking::panic_fmt::hf9de31d4acbce4db
[INFO] [stdout]                                at /rustc/53fd98ca776cb875bc9e5514f56b52eb74f9e7a9/library/core/src/panicking.rs:92:14
[INFO] [stdout]   15:     0x55d07618b838 - core::panicking::assert_failed_inner::h62e8cb2847a6e7ec
[INFO] [stdout]   16:     0x55d0760612ba - core::panicking::assert_failed::hd20696dd86db56e7
[INFO] [stdout]                                at /rustc/53fd98ca776cb875bc9e5514f56b52eb74f9e7a9/library/core/src/panicking.rs:117:5
[INFO] [stdout]   17:     0x55d076000589 - lib::test_model_save_load::h1075ef07210d4af5
[INFO] [stdout]                                at /opt/rustwide/workdir/tests/lib.rs:133:5
[INFO] [stdout]   18:     0x55d0760000da - lib::test_model_save_load::{{closure}}::h1932d4aa629ad014
[INFO] [stdout]                                at /opt/rustwide/workdir/tests/lib.rs:122:1
[INFO] [stdout]   19:     0x55d0760026de - core::ops::function::FnOnce::call_once::h55f1e1d5d281d135
[INFO] [stdout]                                at /rustc/53fd98ca776cb875bc9e5514f56b52eb74f9e7a9/library/core/src/ops/function.rs:227:5
[INFO] [stdout]   20:     0x55d07603a2c3 - core::ops::function::FnOnce::call_once::hbb52c4519d3137b0
[INFO] [stdout]                                at /rustc/53fd98ca776cb875bc9e5514f56b52eb74f9e7a9/library/core/src/ops/function.rs:227:5
[INFO] [stdout]   21:     0x55d07603a2c3 - test::__rust_begin_short_backtrace::h86fe3a2a5a5121af
[INFO] [stdout]                                at /rustc/53fd98ca776cb875bc9e5514f56b52eb74f9e7a9/library/test/src/lib.rs:578:5
[INFO] [stdout]   22:     0x55d076038d78 - <alloc::boxed::Box<F,A> as core::ops::function::FnOnce<Args>>::call_once::hfd956bc3d57399be
[INFO] [stdout]                                at /rustc/53fd98ca776cb875bc9e5514f56b52eb74f9e7a9/library/alloc/src/boxed.rs:1572:9
[INFO] [stdout]   23:     0x55d076038d78 - <std::panic::AssertUnwindSafe<F> as core::ops::function::FnOnce<()>>::call_once::h40dc93e0ddb5938a
[INFO] [stdout]                                at /rustc/53fd98ca776cb875bc9e5514f56b52eb74f9e7a9/library/std/src/panic.rs:347:9
[INFO] [stdout]   24:     0x55d076038d78 - std::panicking::try::do_call::h90d07750cb47c562
[INFO] [stdout]                                at /rustc/53fd98ca776cb875bc9e5514f56b52eb74f9e7a9/library/std/src/panicking.rs:401:40
[INFO] [stdout]   25:     0x55d076038d78 - std::panicking::try::h063c84733ad2a629
[INFO] [stdout]                                at /rustc/53fd98ca776cb875bc9e5514f56b52eb74f9e7a9/library/std/src/panicking.rs:365:19
[INFO] [stdout]   26:     0x55d076038d78 - std::panic::catch_unwind::h0c464836a84e7c08
[INFO] [stdout]                                at /rustc/53fd98ca776cb875bc9e5514f56b52eb74f9e7a9/library/std/src/panic.rs:434:14
[INFO] [stdout]   27:     0x55d076038d78 - test::run_test_in_process::h5cb06ef620b157fc
[INFO] [stdout]                                at /rustc/53fd98ca776cb875bc9e5514f56b52eb74f9e7a9/library/test/src/lib.rs:601:18
[INFO] [stdout]   28:     0x55d076038d78 - test::run_test::run_test_inner::{{closure}}::h76f677f4b93f9828
[INFO] [stdout]                                at /rustc/53fd98ca776cb875bc9e5514f56b52eb74f9e7a9/library/test/src/lib.rs:493:39
[INFO] [stdout]   29:     0x55d07600750d - test::run_test::run_test_inner::{{closure}}::h366d01fe04f4d67a
[INFO] [stdout]                                at /rustc/53fd98ca776cb875bc9e5514f56b52eb74f9e7a9/library/test/src/lib.rs:520:37
[INFO] [stdout]   30:     0x55d07600750d - std::sys_common::backtrace::__rust_begin_short_backtrace::h7dfa0de4eb395af2
[INFO] [stdout]                                at /rustc/53fd98ca776cb875bc9e5514f56b52eb74f9e7a9/library/std/src/sys_common/backtrace.rs:125:18
[INFO] [stdout]   31:     0x55d07600bcd8 - std::thread::Builder::spawn_unchecked::{{closure}}::{{closure}}::hf0a74bb58798037f
[INFO] [stdout]                                at /rustc/53fd98ca776cb875bc9e5514f56b52eb74f9e7a9/library/std/src/thread/mod.rs:476:17
[INFO] [stdout]   32:     0x55d07600bcd8 - <std::panic::AssertUnwindSafe<F> as core::ops::function::FnOnce<()>>::call_once::hb024e854818586ac
[INFO] [stdout]                                at /rustc/53fd98ca776cb875bc9e5514f56b52eb74f9e7a9/library/std/src/panic.rs:347:9
[INFO] [stdout]   33:     0x55d07600bcd8 - std::panicking::try::do_call::hb2dd9f1d0d48e41d
[INFO] [stdout]                                at /rustc/53fd98ca776cb875bc9e5514f56b52eb74f9e7a9/library/std/src/panicking.rs:401:40
[INFO] [stdout]   34:     0x55d07600bcd8 - std::panicking::try::h4717ae7bac8b2bf3
[INFO] [stdout]                                at /rustc/53fd98ca776cb875bc9e5514f56b52eb74f9e7a9/library/std/src/panicking.rs:365:19
[INFO] [stdout]   35:     0x55d07600bcd8 - std::panic::catch_unwind::h0dc8a061326ce8d8
[INFO] [stdout]                                at /rustc/53fd98ca776cb875bc9e5514f56b52eb74f9e7a9/library/std/src/panic.rs:434:14
[INFO] [stdout]   36:     0x55d07600bcd8 - std::thread::Builder::spawn_unchecked::{{closure}}::haa369e2d6fd00aa1
[INFO] [stdout]                                at /rustc/53fd98ca776cb875bc9e5514f56b52eb74f9e7a9/library/std/src/thread/mod.rs:475:30
[INFO] [stdout]   37:     0x55d07600bcd8 - core::ops::function::FnOnce::call_once{{vtable.shim}}::h36dcf3de8b056f17
[INFO] [stdout]                                at /rustc/53fd98ca776cb875bc9e5514f56b52eb74f9e7a9/library/core/src/ops/function.rs:227:5
[INFO] [stdout]   38:     0x55d076170cf7 - <alloc::boxed::Box<F,A> as core::ops::function::FnOnce<Args>>::call_once::h65c29e4642be2358
[INFO] [stdout]                                at /rustc/53fd98ca776cb875bc9e5514f56b52eb74f9e7a9/library/alloc/src/boxed.rs:1572:9
[INFO] [stdout]   39:     0x55d076170cf7 - <alloc::boxed::Box<F,A> as core::ops::function::FnOnce<Args>>::call_once::hd0f8f7fbbd9fffbf
[INFO] [stdout]                                at /rustc/53fd98ca776cb875bc9e5514f56b52eb74f9e7a9/library/alloc/src/boxed.rs:1572:9
[INFO] [stdout]   40:     0x55d076170cf7 - std::sys::unix::thread::Thread::new::thread_start::h2fd22fee3ca77b65
[INFO] [stdout]                                at /rustc/53fd98ca776cb875bc9e5514f56b52eb74f9e7a9/library/std/src/sys/unix/thread.rs:74:17
[INFO] [stdout]   41:     0x7f823210d609 - start_thread
[INFO] [stdout]   42:     0x7f8232398293 - clone
[INFO] [stdout]   43:                0x0 - <unknown>
[INFO] [stdout] 
[INFO] [stdout] 
[INFO] [stdout] failures:
[INFO] [stdout]     test_model_save_load
[INFO] [stdout] 
[INFO] [stdout] test result: FAILED. 5 passed; 1 failed; 0 ignored; 0 measured; 0 filtered out; finished in 0.06s
[INFO] [stdout] 
[INFO] [stderr] error: test failed, to rerun pass '--test lib'
[INFO] running `Command { std: "docker" "inspect" "22a44d26ca55bd0580bb9bfb459379fc6b87e7a6d23f4d776138b37d0b5a3754", kill_on_drop: false }`
[INFO] running `Command { std: "docker" "rm" "-f" "22a44d26ca55bd0580bb9bfb459379fc6b87e7a6d23f4d776138b37d0b5a3754", kill_on_drop: false }`
[INFO] [stdout] 22a44d26ca55bd0580bb9bfb459379fc6b87e7a6d23f4d776138b37d0b5a3754
