[INFO] fetching crate libgerrit 0.2.8...
[INFO] testing libgerrit-0.2.8 against 1.54.0 for beta-1.55-1
[INFO] extracting crate libgerrit 0.2.8 into /workspace/builds/worker-67/source
[INFO] validating manifest of crates.io crate libgerrit 0.2.8 on toolchain 1.54.0
[INFO] running `Command { std: "/workspace/cargo-home/bin/cargo" "+1.54.0" "metadata" "--manifest-path" "Cargo.toml" "--no-deps", kill_on_drop: false }`
[INFO] started tweaking crates.io crate libgerrit 0.2.8
[INFO] finished tweaking crates.io crate libgerrit 0.2.8
[INFO] tweaked toml for crates.io crate libgerrit 0.2.8 written to /workspace/builds/worker-67/source/Cargo.toml
[INFO] running `Command { std: "/workspace/cargo-home/bin/cargo" "+1.54.0" "generate-lockfile" "--manifest-path" "Cargo.toml" "-Zno-index-update", kill_on_drop: false }`
[INFO] [stderr]     Blocking waiting for file lock on package cache
[INFO] running `Command { std: "/workspace/cargo-home/bin/cargo" "+1.54.0" "fetch" "--manifest-path" "Cargo.toml", kill_on_drop: false }`
[INFO] [stderr]     Blocking waiting for file lock on package cache
[INFO] [stderr]     Blocking waiting for file lock on package cache
[INFO] running `Command { std: "docker" "create" "-v" "/var/lib/crater-agent-workspace/builds/worker-67/target:/opt/rustwide/target:rw,Z" "-v" "/var/lib/crater-agent-workspace/builds/worker-67/source:/opt/rustwide/workdir:ro,Z" "-v" "/var/lib/crater-agent-workspace/cargo-home:/opt/rustwide/cargo-home:ro,Z" "-v" "/var/lib/crater-agent-workspace/rustup-home:/opt/rustwide/rustup-home:ro,Z" "-e" "SOURCE_DIR=/opt/rustwide/workdir" "-e" "CARGO_TARGET_DIR=/opt/rustwide/target" "-e" "CARGO_HOME=/opt/rustwide/cargo-home" "-e" "RUSTUP_HOME=/opt/rustwide/rustup-home" "-w" "/opt/rustwide/workdir" "-m" "1610612736" "--user" "0:0" "--network" "none" "ghcr.io/rust-lang/crates-build-env/linux@sha256:34b6a614d2c27851fe6cbf88fbd1137609cefab8b10d0615aaeb6fd47975d74e" "/opt/rustwide/cargo-home/bin/cargo" "+1.54.0" "metadata" "--no-deps" "--format-version=1", kill_on_drop: false }`
[INFO] [stdout] 1e24f1d41c2dda776a96f1ebca428a27d30f2c3be670ae6b799c4baecace5510
[INFO] running `Command { std: "docker" "start" "-a" "1e24f1d41c2dda776a96f1ebca428a27d30f2c3be670ae6b799c4baecace5510", kill_on_drop: false }`
[INFO] running `Command { std: "docker" "inspect" "1e24f1d41c2dda776a96f1ebca428a27d30f2c3be670ae6b799c4baecace5510", kill_on_drop: false }`
[INFO] running `Command { std: "docker" "rm" "-f" "1e24f1d41c2dda776a96f1ebca428a27d30f2c3be670ae6b799c4baecace5510", kill_on_drop: false }`
[INFO] [stdout] 1e24f1d41c2dda776a96f1ebca428a27d30f2c3be670ae6b799c4baecace5510
[INFO] running `Command { std: "docker" "create" "-v" "/var/lib/crater-agent-workspace/builds/worker-67/target:/opt/rustwide/target:rw,Z" "-v" "/var/lib/crater-agent-workspace/builds/worker-67/source:/opt/rustwide/workdir:ro,Z" "-v" "/var/lib/crater-agent-workspace/cargo-home:/opt/rustwide/cargo-home:ro,Z" "-v" "/var/lib/crater-agent-workspace/rustup-home:/opt/rustwide/rustup-home:ro,Z" "-e" "SOURCE_DIR=/opt/rustwide/workdir" "-e" "CARGO_TARGET_DIR=/opt/rustwide/target" "-e" "CARGO_INCREMENTAL=0" "-e" "RUST_BACKTRACE=full" "-e" "RUSTFLAGS=--cap-lints=warn" "-e" "CARGO_HOME=/opt/rustwide/cargo-home" "-e" "RUSTUP_HOME=/opt/rustwide/rustup-home" "-w" "/opt/rustwide/workdir" "-m" "1610612736" "--user" "0:0" "--network" "none" "ghcr.io/rust-lang/crates-build-env/linux@sha256:34b6a614d2c27851fe6cbf88fbd1137609cefab8b10d0615aaeb6fd47975d74e" "/opt/rustwide/cargo-home/bin/cargo" "+1.54.0" "build" "--frozen" "--message-format=json", kill_on_drop: false }`
[INFO] [stdout] 9558cfed62e52d11a9099cd6a323e29781bdea388c2632d858d33f84076762dd
[INFO] running `Command { std: "docker" "start" "-a" "9558cfed62e52d11a9099cd6a323e29781bdea388c2632d858d33f84076762dd", kill_on_drop: false }`
[INFO] [stderr]     Blocking waiting for file lock on package cache
[INFO] [stderr]    Compiling cc v1.0.69
[INFO] [stderr]    Compiling syn v1.0.74
[INFO] [stderr]    Compiling serde v1.0.127
[INFO] [stderr]    Compiling log v0.4.14
[INFO] [stderr]    Compiling openssl-probe v0.1.4
[INFO] [stderr]    Compiling percent-encoding v1.0.1
[INFO] [stderr]    Compiling curl v0.4.38
[INFO] [stderr]    Compiling semver-parser v0.7.0
[INFO] [stderr]    Compiling bitflags v0.9.1
[INFO] [stderr]    Compiling quick-error v1.2.3
[INFO] [stderr]    Compiling tinyvec v1.3.1
[INFO] [stderr]    Compiling unicode-bidi v0.3.5
[INFO] [stderr]    Compiling socket2 v0.4.1
[INFO] [stderr]    Compiling semver v0.9.0
[INFO] [stderr]    Compiling cmake v0.1.45
[INFO] [stderr]    Compiling unicode-normalization v0.1.19
[INFO] [stderr]    Compiling openssl-sys v0.9.65
[INFO] [stderr]    Compiling libz-sys v1.1.3
[INFO] [stderr]    Compiling curl-sys v0.4.45+curl-7.78.0
[INFO] [stderr]    Compiling libssh2-sys v0.2.21
[INFO] [stderr]    Compiling libgit2-sys v0.6.19
[INFO] [stderr]    Compiling idna v0.1.5
[INFO] [stderr]    Compiling url v1.7.2
[INFO] [stderr]    Compiling serde_json v1.0.66
[INFO] [stderr]    Compiling serde_derive v1.0.127
[INFO] [stderr]    Compiling git2 v0.6.11
[INFO] [stderr]    Compiling libgerrit v0.2.8 (/opt/rustwide/workdir)
[INFO] [stdout] warning: trait objects without an explicit `dyn` are deprecated
[INFO] [stdout]   --> call.rs:34:36
[INFO] [stdout]    |
[INFO] [stdout] 34 |                         read: &mut FnMut(&mut [u8]) -> usize)
[INFO] [stdout]    |                                    ^^^^^^^^^^^^^^^^^^^^^^^^^ help: use `dyn`: `dyn FnMut(&mut [u8]) -> usize`
[INFO] [stdout]    |
[INFO] [stdout]    = note: `#[warn(bare_trait_objects)]` on by default
[INFO] [stdout]    = warning: this was previously accepted by the compiler but is being phased out; it will become a hard error in the 2021 edition!
[INFO] [stdout]    = note: for more information, see issue #80165 <https://github.com/rust-lang/rust/issues/80165>
[INFO] [stdout] 
[INFO] [stdout] 
[INFO] [stdout] warning: use of deprecated macro `try`: use the `?` operator instead
[INFO] [stdout]    --> call.rs:106:9
[INFO] [stdout]     |
[INFO] [stdout] 106 |         try!(handle.cookie_session(true));
[INFO] [stdout]     |         ^^^
[INFO] [stdout]     |
[INFO] [stdout]     = note: `#[warn(deprecated)]` on by default
[INFO] [stdout] 
[INFO] [stdout] 
[INFO] [stdout] warning: use of deprecated macro `try`: use the `?` operator instead
[INFO] [stdout]    --> call.rs:107:9
[INFO] [stdout]     |
[INFO] [stdout] 107 |         try!(handle.netrc(curl::easy::NetRc::Required));
[INFO] [stdout]     |         ^^^
[INFO] [stdout] 
[INFO] [stdout] 
[INFO] [stdout] warning: use of deprecated macro `try`: use the `?` operator instead
[INFO] [stdout]    --> call.rs:126:36
[INFO] [stdout]     |
[INFO] [stdout] 126 |             let mut call_request = try!(self.do_request(&method, &sendurl.to_owned().into_string()));
[INFO] [stdout]     |                                    ^^^
[INFO] [stdout] 
[INFO] [stdout] 
[INFO] [stdout] warning: use of deprecated macro `try`: use the `?` operator instead
[INFO] [stdout]    --> call.rs:131:13
[INFO] [stdout]     |
[INFO] [stdout] 131 |             try!(call_request.handle.http_auth(am));
[INFO] [stdout]     |             ^^^
[INFO] [stdout] 
[INFO] [stdout] 
[INFO] [stdout] warning: use of deprecated macro `try`: use the `?` operator instead
[INFO] [stdout]    --> call.rs:205:32
[INFO] [stdout]     |
[INFO] [stdout] 205 |             CallMethod::Get => try!(handle.get(true)),
[INFO] [stdout]     |                                ^^^
[INFO] [stdout] 
[INFO] [stdout] 
[INFO] [stdout] warning: use of deprecated macro `try`: use the `?` operator instead
[INFO] [stdout]    --> call.rs:206:33
[INFO] [stdout]     |
[INFO] [stdout] 206 |             CallMethod::Post => try!(handle.custom_request("POST")),
[INFO] [stdout]     |                                 ^^^
[INFO] [stdout] 
[INFO] [stdout] 
[INFO] [stdout] warning: use of deprecated macro `try`: use the `?` operator instead
[INFO] [stdout]    --> call.rs:207:32
[INFO] [stdout]     |
[INFO] [stdout] 207 |             CallMethod::Put => try!(handle.custom_request("PUT")),
[INFO] [stdout]     |                                ^^^
[INFO] [stdout] 
[INFO] [stdout] 
[INFO] [stdout] warning: use of deprecated macro `try`: use the `?` operator instead
[INFO] [stdout]    --> call.rs:208:35
[INFO] [stdout]     |
[INFO] [stdout] 208 |             CallMethod::Delete => try!(handle.custom_request("DELETE")),
[INFO] [stdout]     |                                   ^^^
[INFO] [stdout] 
[INFO] [stdout] 
[INFO] [stdout] warning: unnecessary trailing semicolon
[INFO] [stdout]    --> changes.rs:260:10
[INFO] [stdout]     |
[INFO] [stdout] 260 |         };
[INFO] [stdout]     |          ^ help: remove this semicolon
[INFO] [stdout]     |
[INFO] [stdout]     = note: `#[warn(redundant_semicolons)]` on by default
[INFO] [stdout] 
[INFO] [stdout] 
[INFO] [stdout] warning: use of deprecated trait `std::ascii::AsciiExt`: use inherent methods instead
[INFO] [stdout]  --> call.rs:4:5
[INFO] [stdout]   |
[INFO] [stdout] 4 | use std::ascii::AsciiExt;
[INFO] [stdout]   |     ^^^^^^^^^^^^^^^^^^^^
[INFO] [stdout] 
[INFO] [stdout] 
[INFO] [stdout] warning: use of deprecated associated function `core::str::<impl str>::trim_right_matches`: superseded by `trim_end_matches`
[INFO] [stdout]   --> changes.rs:39:45
[INFO] [stdout]    |
[INFO] [stdout] 39 |                         fragment = fragment.trim_right_matches(x).to_string();
[INFO] [stdout]    |                                             ^^^^^^^^^^^^^^^^^^ help: replace the use of the deprecated associated function: `trim_end_matches`
[INFO] [stdout] 
[INFO] [stdout] 
[INFO] [stdout] warning: use of deprecated associated function `core::str::<impl str>::trim_left_matches`: superseded by `trim_start_matches`
[INFO] [stdout]    --> entities.rs:148:25
[INFO] [stdout]     |
[INFO] [stdout] 148 |         &self.reference.trim_left_matches("refs/changes/")[3..]
[INFO] [stdout]     |                         ^^^^^^^^^^^^^^^^^ help: replace the use of the deprecated associated function: `trim_start_matches`
[INFO] [stdout] 
[INFO] [stdout] 
[INFO] [stdout] warning: unused import: `std::ascii::AsciiExt`
[INFO] [stdout]  --> call.rs:4:5
[INFO] [stdout]   |
[INFO] [stdout] 4 | use std::ascii::AsciiExt;
[INFO] [stdout]   |     ^^^^^^^^^^^^^^^^^^^^
[INFO] [stdout]   |
[INFO] [stdout]   = note: `#[warn(unused_imports)]` on by default
[INFO] [stdout] 
[INFO] [stdout] 
[INFO] [stdout] warning: 14 warnings emitted
[INFO] [stdout] 
[INFO] [stdout] 
[INFO] [stderr]     Finished dev [unoptimized + debuginfo] target(s) in 36.84s
[INFO] running `Command { std: "docker" "inspect" "9558cfed62e52d11a9099cd6a323e29781bdea388c2632d858d33f84076762dd", kill_on_drop: false }`
[INFO] running `Command { std: "docker" "rm" "-f" "9558cfed62e52d11a9099cd6a323e29781bdea388c2632d858d33f84076762dd", kill_on_drop: false }`
[INFO] [stdout] 9558cfed62e52d11a9099cd6a323e29781bdea388c2632d858d33f84076762dd
[INFO] running `Command { std: "docker" "create" "-v" "/var/lib/crater-agent-workspace/builds/worker-67/target:/opt/rustwide/target:rw,Z" "-v" "/var/lib/crater-agent-workspace/builds/worker-67/source:/opt/rustwide/workdir:ro,Z" "-v" "/var/lib/crater-agent-workspace/cargo-home:/opt/rustwide/cargo-home:ro,Z" "-v" "/var/lib/crater-agent-workspace/rustup-home:/opt/rustwide/rustup-home:ro,Z" "-e" "SOURCE_DIR=/opt/rustwide/workdir" "-e" "CARGO_TARGET_DIR=/opt/rustwide/target" "-e" "CARGO_INCREMENTAL=0" "-e" "RUST_BACKTRACE=full" "-e" "RUSTFLAGS=--cap-lints=warn" "-e" "CARGO_HOME=/opt/rustwide/cargo-home" "-e" "RUSTUP_HOME=/opt/rustwide/rustup-home" "-w" "/opt/rustwide/workdir" "-m" "1610612736" "--user" "0:0" "--network" "none" "ghcr.io/rust-lang/crates-build-env/linux@sha256:34b6a614d2c27851fe6cbf88fbd1137609cefab8b10d0615aaeb6fd47975d74e" "/opt/rustwide/cargo-home/bin/cargo" "+1.54.0" "test" "--frozen" "--no-run" "--message-format=json", kill_on_drop: false }`
[INFO] [stdout] 6ea0192d2dc423aeb481a7804698daec4aa86488f4cd88c340a896b935228cc6
[INFO] running `Command { std: "docker" "start" "-a" "6ea0192d2dc423aeb481a7804698daec4aa86488f4cd88c340a896b935228cc6", kill_on_drop: false }`
[INFO] [stderr]    Compiling libgerrit v0.2.8 (/opt/rustwide/workdir)
[INFO] [stdout] warning: trait objects without an explicit `dyn` are deprecated
[INFO] [stdout]   --> call.rs:34:36
[INFO] [stdout]    |
[INFO] [stdout] 34 |                         read: &mut FnMut(&mut [u8]) -> usize)
[INFO] [stdout]    |                                    ^^^^^^^^^^^^^^^^^^^^^^^^^ help: use `dyn`: `dyn FnMut(&mut [u8]) -> usize`
[INFO] [stdout]    |
[INFO] [stdout]    = note: `#[warn(bare_trait_objects)]` on by default
[INFO] [stdout]    = warning: this was previously accepted by the compiler but is being phased out; it will become a hard error in the 2021 edition!
[INFO] [stdout]    = note: for more information, see issue #80165 <https://github.com/rust-lang/rust/issues/80165>
[INFO] [stdout] 
[INFO] [stdout] 
[INFO] [stdout] warning: use of deprecated macro `try`: use the `?` operator instead
[INFO] [stdout]    --> call.rs:106:9
[INFO] [stdout]     |
[INFO] [stdout] 106 |         try!(handle.cookie_session(true));
[INFO] [stdout]     |         ^^^
[INFO] [stdout]     |
[INFO] [stdout]     = note: `#[warn(deprecated)]` on by default
[INFO] [stdout] 
[INFO] [stdout] 
[INFO] [stdout] warning: use of deprecated macro `try`: use the `?` operator instead
[INFO] [stdout]    --> call.rs:107:9
[INFO] [stdout]     |
[INFO] [stdout] 107 |         try!(handle.netrc(curl::easy::NetRc::Required));
[INFO] [stdout]     |         ^^^
[INFO] [stdout] 
[INFO] [stdout] 
[INFO] [stdout] warning: use of deprecated macro `try`: use the `?` operator instead
[INFO] [stdout]    --> call.rs:126:36
[INFO] [stdout]     |
[INFO] [stdout] 126 |             let mut call_request = try!(self.do_request(&method, &sendurl.to_owned().into_string()));
[INFO] [stdout]     |                                    ^^^
[INFO] [stdout] 
[INFO] [stdout] 
[INFO] [stdout] warning: use of deprecated macro `try`: use the `?` operator instead
[INFO] [stdout]    --> call.rs:131:13
[INFO] [stdout]     |
[INFO] [stdout] 131 |             try!(call_request.handle.http_auth(am));
[INFO] [stdout]     |             ^^^
[INFO] [stdout] 
[INFO] [stdout] 
[INFO] [stdout] warning: use of deprecated macro `try`: use the `?` operator instead
[INFO] [stdout]    --> call.rs:205:32
[INFO] [stdout]     |
[INFO] [stdout] 205 |             CallMethod::Get => try!(handle.get(true)),
[INFO] [stdout]     |                                ^^^
[INFO] [stdout] 
[INFO] [stdout] 
[INFO] [stdout] warning: use of deprecated macro `try`: use the `?` operator instead
[INFO] [stdout]    --> call.rs:206:33
[INFO] [stdout]     |
[INFO] [stdout] 206 |             CallMethod::Post => try!(handle.custom_request("POST")),
[INFO] [stdout]     |                                 ^^^
[INFO] [stdout] 
[INFO] [stdout] 
[INFO] [stdout] warning: use of deprecated macro `try`: use the `?` operator instead
[INFO] [stdout]    --> call.rs:207:32
[INFO] [stdout]     |
[INFO] [stdout] 207 |             CallMethod::Put => try!(handle.custom_request("PUT")),
[INFO] [stdout]     |                                ^^^
[INFO] [stdout] 
[INFO] [stdout] 
[INFO] [stdout] warning: use of deprecated macro `try`: use the `?` operator instead
[INFO] [stdout]    --> call.rs:208:35
[INFO] [stdout]     |
[INFO] [stdout] 208 |             CallMethod::Delete => try!(handle.custom_request("DELETE")),
[INFO] [stdout]     |                                   ^^^
[INFO] [stdout] 
[INFO] [stdout] 
[INFO] [stdout] warning: unnecessary trailing semicolon
[INFO] [stdout]    --> changes.rs:260:10
[INFO] [stdout]     |
[INFO] [stdout] 260 |         };
[INFO] [stdout]     |          ^ help: remove this semicolon
[INFO] [stdout]     |
[INFO] [stdout]     = note: `#[warn(redundant_semicolons)]` on by default
[INFO] [stdout] 
[INFO] [stdout] 
[INFO] [stdout] warning: use of deprecated trait `std::ascii::AsciiExt`: use inherent methods instead
[INFO] [stdout]  --> call.rs:4:5
[INFO] [stdout]   |
[INFO] [stdout] 4 | use std::ascii::AsciiExt;
[INFO] [stdout]   |     ^^^^^^^^^^^^^^^^^^^^
[INFO] [stdout] 
[INFO] [stdout] 
[INFO] [stdout] warning: use of deprecated associated function `core::str::<impl str>::trim_right_matches`: superseded by `trim_end_matches`
[INFO] [stdout]   --> changes.rs:39:45
[INFO] [stdout]    |
[INFO] [stdout] 39 |                         fragment = fragment.trim_right_matches(x).to_string();
[INFO] [stdout]    |                                             ^^^^^^^^^^^^^^^^^^ help: replace the use of the deprecated associated function: `trim_end_matches`
[INFO] [stdout] 
[INFO] [stdout] 
[INFO] [stdout] warning: use of deprecated associated function `core::str::<impl str>::trim_left_matches`: superseded by `trim_start_matches`
[INFO] [stdout]    --> entities.rs:148:25
[INFO] [stdout]     |
[INFO] [stdout] 148 |         &self.reference.trim_left_matches("refs/changes/")[3..]
[INFO] [stdout]     |                         ^^^^^^^^^^^^^^^^^ help: replace the use of the deprecated associated function: `trim_start_matches`
[INFO] [stdout] 
[INFO] [stdout] 
[INFO] [stdout] warning: unused import: `std::ascii::AsciiExt`
[INFO] [stdout]  --> call.rs:4:5
[INFO] [stdout]   |
[INFO] [stdout] 4 | use std::ascii::AsciiExt;
[INFO] [stdout]   |     ^^^^^^^^^^^^^^^^^^^^
[INFO] [stdout]   |
[INFO] [stdout]   = note: `#[warn(unused_imports)]` on by default
[INFO] [stdout] 
[INFO] [stdout] 
[INFO] [stdout] warning: 14 warnings emitted
[INFO] [stdout] 
[INFO] [stdout] 
[INFO] [stdout] warning: trait objects without an explicit `dyn` are deprecated
[INFO] [stdout]   --> call.rs:34:36
[INFO] [stdout]    |
[INFO] [stdout] 34 |                         read: &mut FnMut(&mut [u8]) -> usize)
[INFO] [stdout]    |                                    ^^^^^^^^^^^^^^^^^^^^^^^^^ help: use `dyn`: `dyn FnMut(&mut [u8]) -> usize`
[INFO] [stdout]    |
[INFO] [stdout]    = note: `#[warn(bare_trait_objects)]` on by default
[INFO] [stdout]    = warning: this was previously accepted by the compiler but is being phased out; it will become a hard error in the 2021 edition!
[INFO] [stdout]    = note: for more information, see issue #80165 <https://github.com/rust-lang/rust/issues/80165>
[INFO] [stdout] 
[INFO] [stdout] 
[INFO] [stdout] warning: use of deprecated macro `try`: use the `?` operator instead
[INFO] [stdout]    --> call.rs:106:9
[INFO] [stdout]     |
[INFO] [stdout] 106 |         try!(handle.cookie_session(true));
[INFO] [stdout]     |         ^^^
[INFO] [stdout]     |
[INFO] [stdout]     = note: `#[warn(deprecated)]` on by default
[INFO] [stdout] 
[INFO] [stdout] 
[INFO] [stdout] warning: use of deprecated macro `try`: use the `?` operator instead
[INFO] [stdout]    --> call.rs:107:9
[INFO] [stdout]     |
[INFO] [stdout] 107 |         try!(handle.netrc(curl::easy::NetRc::Required));
[INFO] [stdout]     |         ^^^
[INFO] [stdout] 
[INFO] [stdout] 
[INFO] [stdout] warning: use of deprecated macro `try`: use the `?` operator instead
[INFO] [stdout]    --> call.rs:126:36
[INFO] [stdout]     |
[INFO] [stdout] 126 |             let mut call_request = try!(self.do_request(&method, &sendurl.to_owned().into_string()));
[INFO] [stdout]     |                                    ^^^
[INFO] [stdout] 
[INFO] [stdout] 
[INFO] [stdout] warning: use of deprecated macro `try`: use the `?` operator instead
[INFO] [stdout]    --> call.rs:131:13
[INFO] [stdout]     |
[INFO] [stdout] 131 |             try!(call_request.handle.http_auth(am));
[INFO] [stdout]     |             ^^^
[INFO] [stdout] 
[INFO] [stdout] 
[INFO] [stdout] warning: use of deprecated macro `try`: use the `?` operator instead
[INFO] [stdout]    --> call.rs:205:32
[INFO] [stdout]     |
[INFO] [stdout] 205 |             CallMethod::Get => try!(handle.get(true)),
[INFO] [stdout]     |                                ^^^
[INFO] [stdout] 
[INFO] [stdout] 
[INFO] [stdout] warning: use of deprecated macro `try`: use the `?` operator instead
[INFO] [stdout]    --> call.rs:206:33
[INFO] [stdout]     |
[INFO] [stdout] 206 |             CallMethod::Post => try!(handle.custom_request("POST")),
[INFO] [stdout]     |                                 ^^^
[INFO] [stdout] 
[INFO] [stdout] 
[INFO] [stdout] warning: use of deprecated macro `try`: use the `?` operator instead
[INFO] [stdout]    --> call.rs:207:32
[INFO] [stdout]     |
[INFO] [stdout] 207 |             CallMethod::Put => try!(handle.custom_request("PUT")),
[INFO] [stdout]     |                                ^^^
[INFO] [stdout] 
[INFO] [stdout] 
[INFO] [stdout] warning: use of deprecated macro `try`: use the `?` operator instead
[INFO] [stdout]    --> call.rs:208:35
[INFO] [stdout]     |
[INFO] [stdout] 208 |             CallMethod::Delete => try!(handle.custom_request("DELETE")),
[INFO] [stdout]     |                                   ^^^
[INFO] [stdout] 
[INFO] [stdout] 
[INFO] [stdout] warning: unnecessary trailing semicolon
[INFO] [stdout]    --> changes.rs:260:10
[INFO] [stdout]     |
[INFO] [stdout] 260 |         };
[INFO] [stdout]     |          ^ help: remove this semicolon
[INFO] [stdout]     |
[INFO] [stdout]     = note: `#[warn(redundant_semicolons)]` on by default
[INFO] [stdout] 
[INFO] [stdout] 
[INFO] [stdout] warning: use of deprecated trait `std::ascii::AsciiExt`: use inherent methods instead
[INFO] [stdout]  --> call.rs:4:5
[INFO] [stdout]   |
[INFO] [stdout] 4 | use std::ascii::AsciiExt;
[INFO] [stdout]   |     ^^^^^^^^^^^^^^^^^^^^
[INFO] [stdout] 
[INFO] [stdout] 
[INFO] [stdout] warning: use of deprecated associated function `core::str::<impl str>::trim_right_matches`: superseded by `trim_end_matches`
[INFO] [stdout]   --> changes.rs:39:45
[INFO] [stdout]    |
[INFO] [stdout] 39 |                         fragment = fragment.trim_right_matches(x).to_string();
[INFO] [stdout]    |                                             ^^^^^^^^^^^^^^^^^^ help: replace the use of the deprecated associated function: `trim_end_matches`
[INFO] [stdout] 
[INFO] [stdout] 
[INFO] [stdout] warning: use of deprecated associated function `core::str::<impl str>::trim_left_matches`: superseded by `trim_start_matches`
[INFO] [stdout]    --> entities.rs:148:25
[INFO] [stdout]     |
[INFO] [stdout] 148 |         &self.reference.trim_left_matches("refs/changes/")[3..]
[INFO] [stdout]     |                         ^^^^^^^^^^^^^^^^^ help: replace the use of the deprecated associated function: `trim_start_matches`
[INFO] [stdout] 
[INFO] [stdout] 
[INFO] [stdout] warning: unused import: `std::ascii::AsciiExt`
[INFO] [stdout]  --> call.rs:4:5
[INFO] [stdout]   |
[INFO] [stdout] 4 | use std::ascii::AsciiExt;
[INFO] [stdout]   |     ^^^^^^^^^^^^^^^^^^^^
[INFO] [stdout]   |
[INFO] [stdout]   = note: `#[warn(unused_imports)]` on by default
[INFO] [stdout] 
[INFO] [stdout] 
[INFO] [stdout] warning: 14 warnings emitted
[INFO] [stdout] 
[INFO] [stdout] 
[INFO] [stderr]     Finished test [unoptimized + debuginfo] target(s) in 3.66s
[INFO] running `Command { std: "docker" "inspect" "6ea0192d2dc423aeb481a7804698daec4aa86488f4cd88c340a896b935228cc6", kill_on_drop: false }`
[INFO] running `Command { std: "docker" "rm" "-f" "6ea0192d2dc423aeb481a7804698daec4aa86488f4cd88c340a896b935228cc6", kill_on_drop: false }`
[INFO] [stdout] 6ea0192d2dc423aeb481a7804698daec4aa86488f4cd88c340a896b935228cc6
[INFO] running `Command { std: "docker" "create" "-v" "/var/lib/crater-agent-workspace/builds/worker-67/target:/opt/rustwide/target:rw,Z" "-v" "/var/lib/crater-agent-workspace/builds/worker-67/source:/opt/rustwide/workdir:ro,Z" "-v" "/var/lib/crater-agent-workspace/cargo-home:/opt/rustwide/cargo-home:ro,Z" "-v" "/var/lib/crater-agent-workspace/rustup-home:/opt/rustwide/rustup-home:ro,Z" "-e" "SOURCE_DIR=/opt/rustwide/workdir" "-e" "CARGO_TARGET_DIR=/opt/rustwide/target" "-e" "CARGO_INCREMENTAL=0" "-e" "RUST_BACKTRACE=full" "-e" "RUSTFLAGS=--cap-lints=warn" "-e" "CARGO_HOME=/opt/rustwide/cargo-home" "-e" "RUSTUP_HOME=/opt/rustwide/rustup-home" "-w" "/opt/rustwide/workdir" "-m" "1610612736" "--user" "0:0" "--network" "none" "ghcr.io/rust-lang/crates-build-env/linux@sha256:34b6a614d2c27851fe6cbf88fbd1137609cefab8b10d0615aaeb6fd47975d74e" "/opt/rustwide/cargo-home/bin/cargo" "+1.54.0" "test" "--frozen", kill_on_drop: false }`
[INFO] [stdout] d2432e82d9fce46d17b4761e643c6f897d43b96edb807c327657c183df41c27b
[INFO] running `Command { std: "docker" "start" "-a" "d2432e82d9fce46d17b4761e643c6f897d43b96edb807c327657c183df41c27b", kill_on_drop: false }`
[INFO] [stderr] warning: trait objects without an explicit `dyn` are deprecated
[INFO] [stderr]   --> call.rs:34:36
[INFO] [stderr]    |
[INFO] [stderr] 34 |                         read: &mut FnMut(&mut [u8]) -> usize)
[INFO] [stderr]    |                                    ^^^^^^^^^^^^^^^^^^^^^^^^^ help: use `dyn`: `dyn FnMut(&mut [u8]) -> usize`
[INFO] [stderr]    |
[INFO] [stderr]    = note: `#[warn(bare_trait_objects)]` on by default
[INFO] [stderr]    = warning: this was previously accepted by the compiler but is being phased out; it will become a hard error in the 2021 edition!
[INFO] [stderr]    = note: for more information, see issue #80165 <https://github.com/rust-lang/rust/issues/80165>
[INFO] [stderr] 
[INFO] [stderr] warning: use of deprecated macro `try`: use the `?` operator instead
[INFO] [stderr]    --> call.rs:106:9
[INFO] [stderr]     |
[INFO] [stderr] 106 |         try!(handle.cookie_session(true));
[INFO] [stderr]     |         ^^^
[INFO] [stderr]     |
[INFO] [stderr]     = note: `#[warn(deprecated)]` on by default
[INFO] [stderr] 
[INFO] [stderr] warning: use of deprecated macro `try`: use the `?` operator instead
[INFO] [stderr]    --> call.rs:107:9
[INFO] [stderr]     |
[INFO] [stderr] 107 |         try!(handle.netrc(curl::easy::NetRc::Required));
[INFO] [stderr]     |         ^^^
[INFO] [stderr] 
[INFO] [stderr] warning: use of deprecated macro `try`: use the `?` operator instead
[INFO] [stderr]    --> call.rs:126:36
[INFO] [stderr]     |
[INFO] [stderr] 126 |             let mut call_request = try!(self.do_request(&method, &sendurl.to_owned().into_string()));
[INFO] [stderr]     |                                    ^^^
[INFO] [stderr] 
[INFO] [stderr] warning: use of deprecated macro `try`: use the `?` operator instead
[INFO] [stderr]    --> call.rs:131:13
[INFO] [stderr]     |
[INFO] [stderr] 131 |             try!(call_request.handle.http_auth(am));
[INFO] [stderr]     |             ^^^
[INFO] [stderr] 
[INFO] [stderr] warning: use of deprecated macro `try`: use the `?` operator instead
[INFO] [stderr]    --> call.rs:205:32
[INFO] [stderr]     |
[INFO] [stderr] 205 |             CallMethod::Get => try!(handle.get(true)),
[INFO] [stderr]     |                                ^^^
[INFO] [stderr] 
[INFO] [stderr] warning: use of deprecated macro `try`: use the `?` operator instead
[INFO] [stderr]    --> call.rs:206:33
[INFO] [stderr]     |
[INFO] [stderr] 206 |             CallMethod::Post => try!(handle.custom_request("POST")),
[INFO] [stderr]     |                                 ^^^
[INFO] [stderr] 
[INFO] [stderr] warning: use of deprecated macro `try`: use the `?` operator instead
[INFO] [stderr]    --> call.rs:207:32
[INFO] [stderr]     |
[INFO] [stderr] 207 |             CallMethod::Put => try!(handle.custom_request("PUT")),
[INFO] [stderr]     |                                ^^^
[INFO] [stderr] 
[INFO] [stderr] warning: use of deprecated macro `try`: use the `?` operator instead
[INFO] [stderr]    --> call.rs:208:35
[INFO] [stderr]     |
[INFO] [stderr] 208 |             CallMethod::Delete => try!(handle.custom_request("DELETE")),
[INFO] [stderr]     |                                   ^^^
[INFO] [stderr] 
[INFO] [stderr] warning: unnecessary trailing semicolon
[INFO] [stderr]    --> changes.rs:260:10
[INFO] [stderr]     |
[INFO] [stderr] 260 |         };
[INFO] [stderr]     |          ^ help: remove this semicolon
[INFO] [stderr]     |
[INFO] [stderr]     = note: `#[warn(redundant_semicolons)]` on by default
[INFO] [stderr] 
[INFO] [stderr] warning: use of deprecated trait `std::ascii::AsciiExt`: use inherent methods instead
[INFO] [stderr]  --> call.rs:4:5
[INFO] [stderr]   |
[INFO] [stderr] 4 | use std::ascii::AsciiExt;
[INFO] [stderr]   |     ^^^^^^^^^^^^^^^^^^^^
[INFO] [stderr] 
[INFO] [stderr] warning: use of deprecated associated function `core::str::<impl str>::trim_right_matches`: superseded by `trim_end_matches`
[INFO] [stderr]   --> changes.rs:39:45
[INFO] [stderr]    |
[INFO] [stderr] 39 |                         fragment = fragment.trim_right_matches(x).to_string();
[INFO] [stderr]    |                                             ^^^^^^^^^^^^^^^^^^ help: replace the use of the deprecated associated function: `trim_end_matches`
[INFO] [stderr] 
[INFO] [stderr] warning: use of deprecated associated function `core::str::<impl str>::trim_left_matches`: superseded by `trim_start_matches`
[INFO] [stderr]    --> entities.rs:148:25
[INFO] [stderr]     |
[INFO] [stderr] 148 |         &self.reference.trim_left_matches("refs/changes/")[3..]
[INFO] [stderr]     |                         ^^^^^^^^^^^^^^^^^ help: replace the use of the deprecated associated function: `trim_start_matches`
[INFO] [stderr] 
[INFO] [stderr] warning: unused import: `std::ascii::AsciiExt`
[INFO] [stderr]  --> call.rs:4:5
[INFO] [stderr]   |
[INFO] [stderr] 4 | use std::ascii::AsciiExt;
[INFO] [stderr]   |     ^^^^^^^^^^^^^^^^^^^^
[INFO] [stderr]   |
[INFO] [stderr]   = note: `#[warn(unused_imports)]` on by default
[INFO] [stderr] 
[INFO] [stderr] warning: 14 warnings emitted
[INFO] [stderr] 
[INFO] [stderr] warning: trait objects without an explicit `dyn` are deprecated
[INFO] [stderr]   --> call.rs:34:36
[INFO] [stderr]    |
[INFO] [stderr] 34 |                         read: &mut FnMut(&mut [u8]) -> usize)
[INFO] [stderr]    |                                    ^^^^^^^^^^^^^^^^^^^^^^^^^ help: use `dyn`: `dyn FnMut(&mut [u8]) -> usize`
[INFO] [stderr]    |
[INFO] [stderr]    = note: `#[warn(bare_trait_objects)]` on by default
[INFO] [stderr]    = warning: this was previously accepted by the compiler but is being phased out; it will become a hard error in the 2021 edition!
[INFO] [stderr]    = note: for more information, see issue #80165 <https://github.com/rust-lang/rust/issues/80165>
[INFO] [stderr] 
[INFO] [stderr] warning: use of deprecated macro `try`: use the `?` operator instead
[INFO] [stderr]    --> call.rs:106:9
[INFO] [stderr]     |
[INFO] [stderr] 106 |         try!(handle.cookie_session(true));
[INFO] [stderr]     |         ^^^
[INFO] [stderr]     |
[INFO] [stderr]     = note: `#[warn(deprecated)]` on by default
[INFO] [stderr] 
[INFO] [stderr] warning: use of deprecated macro `try`: use the `?` operator instead
[INFO] [stderr]    --> call.rs:107:9
[INFO] [stderr]     |
[INFO] [stderr] 107 |         try!(handle.netrc(curl::easy::NetRc::Required));
[INFO] [stderr]     |         ^^^
[INFO] [stderr] 
[INFO] [stderr] warning: use of deprecated macro `try`: use the `?` operator instead
[INFO] [stderr]    --> call.rs:126:36
[INFO] [stderr]     |
[INFO] [stderr] 126 |             let mut call_request = try!(self.do_request(&method, &sendurl.to_owned().into_string()));
[INFO] [stderr]     |                                    ^^^
[INFO] [stderr] 
[INFO] [stderr] warning: use of deprecated macro `try`: use the `?` operator instead
[INFO] [stderr]    --> call.rs:131:13
[INFO] [stderr]     |
[INFO] [stderr] 131 |             try!(call_request.handle.http_auth(am));
[INFO] [stderr]     |             ^^^
[INFO] [stderr] 
[INFO] [stderr] warning: use of deprecated macro `try`: use the `?` operator instead
[INFO] [stderr]    --> call.rs:205:32
[INFO] [stderr]     |
[INFO] [stderr] 205 |             CallMethod::Get => try!(handle.get(true)),
[INFO] [stderr]     |                                ^^^
[INFO] [stderr] 
[INFO] [stderr] warning: use of deprecated macro `try`: use the `?` operator instead
[INFO] [stderr]    --> call.rs:206:33
[INFO] [stderr]     |
[INFO] [stderr] 206 |             CallMethod::Post => try!(handle.custom_request("POST")),
[INFO] [stderr]     |                                 ^^^
[INFO] [stderr] 
[INFO] [stderr] warning: use of deprecated macro `try`: use the `?` operator instead
[INFO] [stderr]    --> call.rs:207:32
[INFO] [stderr]     |
[INFO] [stderr] 207 |             CallMethod::Put => try!(handle.custom_request("PUT")),
[INFO] [stderr]     |                                ^^^
[INFO] [stderr] 
[INFO] [stderr] warning: use of deprecated macro `try`: use the `?` operator instead
[INFO] [stderr]    --> call.rs:208:35
[INFO] [stderr]     |
[INFO] [stderr] 208 |             CallMethod::Delete => try!(handle.custom_request("DELETE")),
[INFO] [stderr]     |                                   ^^^
[INFO] [stderr] 
[INFO] [stderr] warning: unnecessary trailing semicolon
[INFO] [stderr]    --> changes.rs:260:10
[INFO] [stderr]     |
[INFO] [stderr] 260 |         };
[INFO] [stderr]     |          ^ help: remove this semicolon
[INFO] [stderr]     |
[INFO] [stderr]     = note: `#[warn(redundant_semicolons)]` on by default
[INFO] [stderr] 
[INFO] [stderr] warning: use of deprecated trait `std::ascii::AsciiExt`: use inherent methods instead
[INFO] [stderr]  --> call.rs:4:5
[INFO] [stderr]   |
[INFO] [stderr] 4 | use std::ascii::AsciiExt;
[INFO] [stderr]   |     ^^^^^^^^^^^^^^^^^^^^
[INFO] [stderr] 
[INFO] [stderr] warning: use of deprecated associated function `core::str::<impl str>::trim_right_matches`: superseded by `trim_end_matches`
[INFO] [stderr]   --> changes.rs:39:45
[INFO] [stderr]    |
[INFO] [stderr] 39 |                         fragment = fragment.trim_right_matches(x).to_string();
[INFO] [stderr]    |                                             ^^^^^^^^^^^^^^^^^^ help: replace the use of the deprecated associated function: `trim_end_matches`
[INFO] [stderr] 
[INFO] [stderr] warning: use of deprecated associated function `core::str::<impl str>::trim_left_matches`: superseded by `trim_start_matches`
[INFO] [stderr]    --> entities.rs:148:25
[INFO] [stderr]     |
[INFO] [stderr] 148 |         &self.reference.trim_left_matches("refs/changes/")[3..]
[INFO] [stderr]     |                         ^^^^^^^^^^^^^^^^^ help: replace the use of the deprecated associated function: `trim_start_matches`
[INFO] [stderr] 
[INFO] [stderr] warning: unused import: `std::ascii::AsciiExt`
[INFO] [stderr]  --> call.rs:4:5
[INFO] [stderr]   |
[INFO] [stderr] 4 | use std::ascii::AsciiExt;
[INFO] [stderr]   |     ^^^^^^^^^^^^^^^^^^^^
[INFO] [stderr]   |
[INFO] [stderr]   = note: `#[warn(unused_imports)]` on by default
[INFO] [stderr] 
[INFO] [stderr] warning: 14 warnings emitted
[INFO] [stderr] 
[INFO] [stderr]     Finished test [unoptimized + debuginfo] target(s) in 0.03s
[INFO] [stderr]      Running unittests (/opt/rustwide/target/debug/deps/libgerrit-a1ff2f5e7788af8b)
[INFO] [stdout] 
[INFO] [stdout] running 1 test
[INFO] [stdout] test config::test_get_version ... FAILED
[INFO] [stdout] 
[INFO] [stdout] failures:
[INFO] [stdout] 
[INFO] [stdout] ---- config::test_get_version stdout ----
[INFO] [stdout] thread 'config::test_get_version' panicked at 'called `Result::unwrap()` on an `Err` value: General("call problem with: /config/server/version (Curl(Error { description: \"Couldn't connect to server\", code: 7, extra: Some(\"Failed to connect to localhost port 8080 after 0 ms: Connection refused\") }))")', config.rs:60:47
[INFO] [stdout] stack backtrace:
[INFO] [stdout]    0:     0x555be497c6e0 - std::backtrace_rs::backtrace::libunwind::trace::h34055254b57d8e79
[INFO] [stdout]                                at /rustc/a178d0322ce20e33eac124758e837cbd80a6f633/library/std/src/../../backtrace/src/backtrace/libunwind.rs:90:5
[INFO] [stdout]    1:     0x555be497c6e0 - std::backtrace_rs::backtrace::trace_unsynchronized::h8f1e3fbd9afff6ec
[INFO] [stdout]                                at /rustc/a178d0322ce20e33eac124758e837cbd80a6f633/library/std/src/../../backtrace/src/backtrace/mod.rs:66:5
[INFO] [stdout]    2:     0x555be497c6e0 - std::sys_common::backtrace::_print_fmt::h3a99a796b770c360
[INFO] [stdout]                                at /rustc/a178d0322ce20e33eac124758e837cbd80a6f633/library/std/src/sys_common/backtrace.rs:67:5
[INFO] [stdout]    3:     0x555be497c6e0 - <std::sys_common::backtrace::_print::DisplayBacktrace as core::fmt::Display>::fmt::h32d1f94a80615d18
[INFO] [stdout]                                at /rustc/a178d0322ce20e33eac124758e837cbd80a6f633/library/std/src/sys_common/backtrace.rs:46:22
[INFO] [stdout]    4:     0x555be499f29c - core::fmt::write::h306731c068f7162c
[INFO] [stdout]                                at /rustc/a178d0322ce20e33eac124758e837cbd80a6f633/library/core/src/fmt/mod.rs:1110:17
[INFO] [stdout]    5:     0x555be4979055 - std::io::Write::write_fmt::h87f19b0a2cd190bc
[INFO] [stdout]                                at /rustc/a178d0322ce20e33eac124758e837cbd80a6f633/library/std/src/io/mod.rs:1588:15
[INFO] [stdout]    6:     0x555be497e84b - std::sys_common::backtrace::_print::h5abaa2601a852287
[INFO] [stdout]                                at /rustc/a178d0322ce20e33eac124758e837cbd80a6f633/library/std/src/sys_common/backtrace.rs:49:5
[INFO] [stdout]    7:     0x555be497e84b - std::sys_common::backtrace::print::h8d81445442bb638f
[INFO] [stdout]                                at /rustc/a178d0322ce20e33eac124758e837cbd80a6f633/library/std/src/sys_common/backtrace.rs:36:9
[INFO] [stdout]    8:     0x555be497e84b - std::panicking::default_hook::{{closure}}::hcfe804496a9fa747
[INFO] [stdout]                                at /rustc/a178d0322ce20e33eac124758e837cbd80a6f633/library/std/src/panicking.rs:208:50
[INFO] [stdout]    9:     0x555be497e35c - std::panicking::default_hook::hbea8e3ccf2ba8901
[INFO] [stdout]                                at /rustc/a178d0322ce20e33eac124758e837cbd80a6f633/library/std/src/panicking.rs:222:9
[INFO] [stdout]   10:     0x555be497ef14 - std::panicking::rust_panic_with_hook::h7ee9e1a2d0f8975a
[INFO] [stdout]                                at /rustc/a178d0322ce20e33eac124758e837cbd80a6f633/library/std/src/panicking.rs:622:17
[INFO] [stdout]   11:     0x555be497e9f7 - std::panicking::begin_panic_handler::{{closure}}::h8ab3b4491718b2c7
[INFO] [stdout]                                at /rustc/a178d0322ce20e33eac124758e837cbd80a6f633/library/std/src/panicking.rs:519:13
[INFO] [stdout]   12:     0x555be497cbdc - std::sys_common::backtrace::__rust_end_short_backtrace::hd489062ffa586a9f
[INFO] [stdout]                                at /rustc/a178d0322ce20e33eac124758e837cbd80a6f633/library/std/src/sys_common/backtrace.rs:141:18
[INFO] [stdout]   13:     0x555be497e959 - rust_begin_unwind
[INFO] [stdout]                                at /rustc/a178d0322ce20e33eac124758e837cbd80a6f633/library/std/src/panicking.rs:515:5
[INFO] [stdout]   14:     0x555be4844731 - core::panicking::panic_fmt::hca6330e3e14086b4
[INFO] [stdout]                                at /rustc/a178d0322ce20e33eac124758e837cbd80a6f633/library/core/src/panicking.rs:92:14
[INFO] [stdout]   15:     0x555be4844823 - core::result::unwrap_failed::h6160d2b4bfbb0e87
[INFO] [stdout]                                at /rustc/a178d0322ce20e33eac124758e837cbd80a6f633/library/core/src/result.rs:1355:5
[INFO] [stdout]   16:     0x555be4855f57 - core::result::Result<T,E>::unwrap::he37c95204f4d1290
[INFO] [stdout]                                at /rustc/a178d0322ce20e33eac124758e837cbd80a6f633/library/core/src/result.rs:1037:23
[INFO] [stdout]   17:     0x555be485420b - libgerrit::config::test_get_version::h98b3652689592d27
[INFO] [stdout]                                at /opt/rustwide/workdir/config.rs:60:26
[INFO] [stdout]   18:     0x555be48540aa - libgerrit::config::test_get_version::{{closure}}::hb0ec312f443490bc
[INFO] [stdout]                                at /opt/rustwide/workdir/config.rs:55:1
[INFO] [stdout]   19:     0x555be484f36e - core::ops::function::FnOnce::call_once::h17f1903f52fe1c8c
[INFO] [stdout]                                at /rustc/a178d0322ce20e33eac124758e837cbd80a6f633/library/core/src/ops/function.rs:227:5
[INFO] [stdout]   20:     0x555be487fe03 - core::ops::function::FnOnce::call_once::h152e7e439ff59e19
[INFO] [stdout]                                at /rustc/a178d0322ce20e33eac124758e837cbd80a6f633/library/core/src/ops/function.rs:227:5
[INFO] [stdout]   21:     0x555be487fe03 - test::__rust_begin_short_backtrace::h0908f3b1fdbb72ab
[INFO] [stdout]                                at /rustc/a178d0322ce20e33eac124758e837cbd80a6f633/library/test/src/lib.rs:577:5
[INFO] [stdout]   22:     0x555be487e8c0 - <alloc::boxed::Box<F,A> as core::ops::function::FnOnce<Args>>::call_once::hf6d2a51e5587546c
[INFO] [stdout]                                at /rustc/a178d0322ce20e33eac124758e837cbd80a6f633/library/alloc/src/boxed.rs:1575:9
[INFO] [stdout]   23:     0x555be487e8c0 - <std::panic::AssertUnwindSafe<F> as core::ops::function::FnOnce<()>>::call_once::h8af660f3a89ef593
[INFO] [stdout]                                at /rustc/a178d0322ce20e33eac124758e837cbd80a6f633/library/std/src/panic.rs:347:9
[INFO] [stdout]   24:     0x555be487e8c0 - std::panicking::try::do_call::hd36aef60f84b6d36
[INFO] [stdout]                                at /rustc/a178d0322ce20e33eac124758e837cbd80a6f633/library/std/src/panicking.rs:401:40
[INFO] [stdout]   25:     0x555be487e8c0 - std::panicking::try::h9932b4480e69817c
[INFO] [stdout]                                at /rustc/a178d0322ce20e33eac124758e837cbd80a6f633/library/std/src/panicking.rs:365:19
[INFO] [stdout]   26:     0x555be487e8c0 - std::panic::catch_unwind::h6aa177099cfff5f8
[INFO] [stdout]                                at /rustc/a178d0322ce20e33eac124758e837cbd80a6f633/library/std/src/panic.rs:434:14
[INFO] [stdout]   27:     0x555be487e8c0 - test::run_test_in_process::h5884d6f2d99e20c3
[INFO] [stdout]                                at /rustc/a178d0322ce20e33eac124758e837cbd80a6f633/library/test/src/lib.rs:600:18
[INFO] [stdout]   28:     0x555be487e8c0 - test::run_test::run_test_inner::{{closure}}::h6fdc58c6d5f5b6e3
[INFO] [stdout]                                at /rustc/a178d0322ce20e33eac124758e837cbd80a6f633/library/test/src/lib.rs:492:39
[INFO] [stdout]   29:     0x555be4857f72 - test::run_test::run_test_inner::{{closure}}::h408365d67a78ade8
[INFO] [stdout]                                at /rustc/a178d0322ce20e33eac124758e837cbd80a6f633/library/test/src/lib.rs:519:37
[INFO] [stdout]   30:     0x555be4857f72 - std::sys_common::backtrace::__rust_begin_short_backtrace::hb560b77c4f701523
[INFO] [stdout]                                at /rustc/a178d0322ce20e33eac124758e837cbd80a6f633/library/std/src/sys_common/backtrace.rs:125:18
[INFO] [stdout]   31:     0x555be485bb28 - std::thread::Builder::spawn_unchecked::{{closure}}::{{closure}}::hf2e7831dad93c597
[INFO] [stdout]                                at /rustc/a178d0322ce20e33eac124758e837cbd80a6f633/library/std/src/thread/mod.rs:481:17
[INFO] [stdout]   32:     0x555be485bb28 - <std::panic::AssertUnwindSafe<F> as core::ops::function::FnOnce<()>>::call_once::hd2e08783d8be4d02
[INFO] [stdout]                                at /rustc/a178d0322ce20e33eac124758e837cbd80a6f633/library/std/src/panic.rs:347:9
[INFO] [stdout]   33:     0x555be485bb28 - std::panicking::try::do_call::h062597b7acfd6b82
[INFO] [stdout]                                at /rustc/a178d0322ce20e33eac124758e837cbd80a6f633/library/std/src/panicking.rs:401:40
[INFO] [stdout]   34:     0x555be485bb28 - std::panicking::try::h0d7b79db04c14552
[INFO] [stdout]                                at /rustc/a178d0322ce20e33eac124758e837cbd80a6f633/library/std/src/panicking.rs:365:19
[INFO] [stdout]   35:     0x555be485bb28 - std::panic::catch_unwind::hb01a0b5e7c8cd43b
[INFO] [stdout]                                at /rustc/a178d0322ce20e33eac124758e837cbd80a6f633/library/std/src/panic.rs:434:14
[INFO] [stdout]   36:     0x555be485bb28 - std::thread::Builder::spawn_unchecked::{{closure}}::h5bde48cc887e0d1e
[INFO] [stdout]                                at /rustc/a178d0322ce20e33eac124758e837cbd80a6f633/library/std/src/thread/mod.rs:480:30
[INFO] [stdout]   37:     0x555be485bb28 - core::ops::function::FnOnce::call_once{{vtable.shim}}::h745ea30807a29e55
[INFO] [stdout]                                at /rustc/a178d0322ce20e33eac124758e837cbd80a6f633/library/core/src/ops/function.rs:227:5
[INFO] [stdout]   38:     0x555be4983b47 - <alloc::boxed::Box<F,A> as core::ops::function::FnOnce<Args>>::call_once::h7ece6cfefaff1005
[INFO] [stdout]                                at /rustc/a178d0322ce20e33eac124758e837cbd80a6f633/library/alloc/src/boxed.rs:1575:9
[INFO] [stdout]   39:     0x555be4983b47 - <alloc::boxed::Box<F,A> as core::ops::function::FnOnce<Args>>::call_once::hb8b48e55c21f193e
[INFO] [stdout]                                at /rustc/a178d0322ce20e33eac124758e837cbd80a6f633/library/alloc/src/boxed.rs:1575:9
[INFO] [stdout]   40:     0x555be4983b47 - std::sys::unix::thread::Thread::new::thread_start::h8c7c4450dba62914
[INFO] [stdout]                                at /rustc/a178d0322ce20e33eac124758e837cbd80a6f633/library/std/src/sys/unix/thread.rs:71:17
[INFO] [stdout]   41:     0x7f55214fb609 - start_thread
[INFO] [stdout]   42:     0x7f55212cb293 - clone
[INFO] [stdout]   43:                0x0 - <unknown>
[INFO] [stdout] 
[INFO] [stdout] 
[INFO] [stdout] failures:
[INFO] [stdout]     config::test_get_version
[INFO] [stdout] 
[INFO] [stdout] test result: FAILED. 0 passed; 1 failed; 0 ignored; 0 measured; 0 filtered out; finished in 0.03s
[INFO] [stdout] 
[INFO] [stderr] error: test failed, to rerun pass '--lib'
[INFO] running `Command { std: "docker" "inspect" "d2432e82d9fce46d17b4761e643c6f897d43b96edb807c327657c183df41c27b", kill_on_drop: false }`
[INFO] running `Command { std: "docker" "rm" "-f" "d2432e82d9fce46d17b4761e643c6f897d43b96edb807c327657c183df41c27b", kill_on_drop: false }`
[INFO] [stdout] d2432e82d9fce46d17b4761e643c6f897d43b96edb807c327657c183df41c27b
