[INFO] fetching crate libflate 1.1.0...
[INFO] testing libflate-1.1.0 against 1.54.0 for beta-1.55-1
[INFO] extracting crate libflate 1.1.0 into /workspace/builds/worker-46/source
[INFO] validating manifest of crates.io crate libflate 1.1.0 on toolchain 1.54.0
[INFO] running `Command { std: "/workspace/cargo-home/bin/cargo" "+1.54.0" "metadata" "--manifest-path" "Cargo.toml" "--no-deps", kill_on_drop: false }`
[INFO] started tweaking crates.io crate libflate 1.1.0
[INFO] finished tweaking crates.io crate libflate 1.1.0
[INFO] tweaked toml for crates.io crate libflate 1.1.0 written to /workspace/builds/worker-46/source/Cargo.toml
[INFO] crate crates.io crate libflate 1.1.0 already has a lockfile, it will not be regenerated
[INFO] running `Command { std: "/workspace/cargo-home/bin/cargo" "+1.54.0" "fetch" "--manifest-path" "Cargo.toml", kill_on_drop: false }`
[INFO] [stderr]     Blocking waiting for file lock on package cache
[INFO] running `Command { std: "docker" "create" "-v" "/var/lib/crater-agent-workspace/builds/worker-46/target:/opt/rustwide/target:rw,Z" "-v" "/var/lib/crater-agent-workspace/builds/worker-46/source:/opt/rustwide/workdir:ro,Z" "-v" "/var/lib/crater-agent-workspace/cargo-home:/opt/rustwide/cargo-home:ro,Z" "-v" "/var/lib/crater-agent-workspace/rustup-home:/opt/rustwide/rustup-home:ro,Z" "-e" "SOURCE_DIR=/opt/rustwide/workdir" "-e" "CARGO_TARGET_DIR=/opt/rustwide/target" "-e" "CARGO_HOME=/opt/rustwide/cargo-home" "-e" "RUSTUP_HOME=/opt/rustwide/rustup-home" "-w" "/opt/rustwide/workdir" "-m" "1610612736" "--user" "0:0" "--network" "none" "ghcr.io/rust-lang/crates-build-env/linux@sha256:34b6a614d2c27851fe6cbf88fbd1137609cefab8b10d0615aaeb6fd47975d74e" "/opt/rustwide/cargo-home/bin/cargo" "+1.54.0" "metadata" "--no-deps" "--format-version=1", kill_on_drop: false }`
[INFO] [stdout] ed6e990cf0add419c37aaf5b821d4f89ba13c52183fe8c6414a5a0a75a51389f
[INFO] running `Command { std: "docker" "start" "-a" "ed6e990cf0add419c37aaf5b821d4f89ba13c52183fe8c6414a5a0a75a51389f", kill_on_drop: false }`
[INFO] running `Command { std: "docker" "inspect" "ed6e990cf0add419c37aaf5b821d4f89ba13c52183fe8c6414a5a0a75a51389f", kill_on_drop: false }`
[INFO] running `Command { std: "docker" "rm" "-f" "ed6e990cf0add419c37aaf5b821d4f89ba13c52183fe8c6414a5a0a75a51389f", kill_on_drop: false }`
[INFO] [stdout] ed6e990cf0add419c37aaf5b821d4f89ba13c52183fe8c6414a5a0a75a51389f
[INFO] running `Command { std: "docker" "create" "-v" "/var/lib/crater-agent-workspace/builds/worker-46/target:/opt/rustwide/target:rw,Z" "-v" "/var/lib/crater-agent-workspace/builds/worker-46/source:/opt/rustwide/workdir:ro,Z" "-v" "/var/lib/crater-agent-workspace/cargo-home:/opt/rustwide/cargo-home:ro,Z" "-v" "/var/lib/crater-agent-workspace/rustup-home:/opt/rustwide/rustup-home:ro,Z" "-e" "SOURCE_DIR=/opt/rustwide/workdir" "-e" "CARGO_TARGET_DIR=/opt/rustwide/target" "-e" "CARGO_INCREMENTAL=0" "-e" "RUST_BACKTRACE=full" "-e" "RUSTFLAGS=--cap-lints=warn" "-e" "CARGO_HOME=/opt/rustwide/cargo-home" "-e" "RUSTUP_HOME=/opt/rustwide/rustup-home" "-w" "/opt/rustwide/workdir" "-m" "1610612736" "--user" "0:0" "--network" "none" "ghcr.io/rust-lang/crates-build-env/linux@sha256:34b6a614d2c27851fe6cbf88fbd1137609cefab8b10d0615aaeb6fd47975d74e" "/opt/rustwide/cargo-home/bin/cargo" "+1.54.0" "build" "--frozen" "--message-format=json", kill_on_drop: false }`
[INFO] [stdout] a912c9a2546663f58a7c0d851f457ebfd0c3da9384e9a6ec7915165a9bf86e18
[INFO] running `Command { std: "docker" "start" "-a" "a912c9a2546663f58a7c0d851f457ebfd0c3da9384e9a6ec7915165a9bf86e18", kill_on_drop: false }`
[INFO] [stderr]    Compiling crc32fast v1.2.0
[INFO] [stderr]    Compiling adler32 v1.0.4
[INFO] [stderr]    Compiling libflate v1.1.0 (/opt/rustwide/workdir)
[INFO] [stderr]     Finished dev [unoptimized + debuginfo] target(s) in 2.94s
[INFO] running `Command { std: "docker" "inspect" "a912c9a2546663f58a7c0d851f457ebfd0c3da9384e9a6ec7915165a9bf86e18", kill_on_drop: false }`
[INFO] running `Command { std: "docker" "rm" "-f" "a912c9a2546663f58a7c0d851f457ebfd0c3da9384e9a6ec7915165a9bf86e18", kill_on_drop: false }`
[INFO] [stdout] a912c9a2546663f58a7c0d851f457ebfd0c3da9384e9a6ec7915165a9bf86e18
[INFO] running `Command { std: "docker" "create" "-v" "/var/lib/crater-agent-workspace/builds/worker-46/target:/opt/rustwide/target:rw,Z" "-v" "/var/lib/crater-agent-workspace/builds/worker-46/source:/opt/rustwide/workdir:ro,Z" "-v" "/var/lib/crater-agent-workspace/cargo-home:/opt/rustwide/cargo-home:ro,Z" "-v" "/var/lib/crater-agent-workspace/rustup-home:/opt/rustwide/rustup-home:ro,Z" "-e" "SOURCE_DIR=/opt/rustwide/workdir" "-e" "CARGO_TARGET_DIR=/opt/rustwide/target" "-e" "CARGO_INCREMENTAL=0" "-e" "RUST_BACKTRACE=full" "-e" "RUSTFLAGS=--cap-lints=warn" "-e" "CARGO_HOME=/opt/rustwide/cargo-home" "-e" "RUSTUP_HOME=/opt/rustwide/rustup-home" "-w" "/opt/rustwide/workdir" "-m" "1610612736" "--user" "0:0" "--network" "none" "ghcr.io/rust-lang/crates-build-env/linux@sha256:34b6a614d2c27851fe6cbf88fbd1137609cefab8b10d0615aaeb6fd47975d74e" "/opt/rustwide/cargo-home/bin/cargo" "+1.54.0" "test" "--frozen" "--no-run" "--message-format=json", kill_on_drop: false }`
[INFO] [stdout] 9701e6a79716c0a4b595a41b5ee41bb0608b3051df27a177918bd088139535be
[INFO] running `Command { std: "docker" "start" "-a" "9701e6a79716c0a4b595a41b5ee41bb0608b3051df27a177918bd088139535be", kill_on_drop: false }`
[INFO] [stderr]    Compiling libc v0.2.69
[INFO] [stderr]    Compiling unicode-width v0.1.7
[INFO] [stderr]    Compiling ansi_term v0.11.0
[INFO] [stderr]    Compiling vec_map v0.8.1
[INFO] [stderr]    Compiling strsim v0.8.0
[INFO] [stderr]    Compiling textwrap v0.11.0
[INFO] [stderr]    Compiling atty v0.2.14
[INFO] [stderr]    Compiling clap v2.33.0
[INFO] [stderr]    Compiling libflate v1.1.0 (/opt/rustwide/workdir)
[INFO] [stderr]     Finished test [unoptimized + debuginfo] target(s) in 9.01s
[INFO] running `Command { std: "docker" "inspect" "9701e6a79716c0a4b595a41b5ee41bb0608b3051df27a177918bd088139535be", kill_on_drop: false }`
[INFO] running `Command { std: "docker" "rm" "-f" "9701e6a79716c0a4b595a41b5ee41bb0608b3051df27a177918bd088139535be", kill_on_drop: false }`
[INFO] [stdout] 9701e6a79716c0a4b595a41b5ee41bb0608b3051df27a177918bd088139535be
[INFO] running `Command { std: "docker" "create" "-v" "/var/lib/crater-agent-workspace/builds/worker-46/target:/opt/rustwide/target:rw,Z" "-v" "/var/lib/crater-agent-workspace/builds/worker-46/source:/opt/rustwide/workdir:ro,Z" "-v" "/var/lib/crater-agent-workspace/cargo-home:/opt/rustwide/cargo-home:ro,Z" "-v" "/var/lib/crater-agent-workspace/rustup-home:/opt/rustwide/rustup-home:ro,Z" "-e" "SOURCE_DIR=/opt/rustwide/workdir" "-e" "CARGO_TARGET_DIR=/opt/rustwide/target" "-e" "CARGO_INCREMENTAL=0" "-e" "RUST_BACKTRACE=full" "-e" "RUSTFLAGS=--cap-lints=warn" "-e" "CARGO_HOME=/opt/rustwide/cargo-home" "-e" "RUSTUP_HOME=/opt/rustwide/rustup-home" "-w" "/opt/rustwide/workdir" "-m" "1610612736" "--user" "0:0" "--network" "none" "ghcr.io/rust-lang/crates-build-env/linux@sha256:34b6a614d2c27851fe6cbf88fbd1137609cefab8b10d0615aaeb6fd47975d74e" "/opt/rustwide/cargo-home/bin/cargo" "+1.54.0" "test" "--frozen", kill_on_drop: false }`
[INFO] [stdout] 99ec16e9881ec045b705cb4bbde8158ea0981e1f0c39e9d709bfb5bc1e6b9cde
[INFO] running `Command { std: "docker" "start" "-a" "99ec16e9881ec045b705cb4bbde8158ea0981e1f0c39e9d709bfb5bc1e6b9cde", kill_on_drop: false }`
[INFO] [stderr]     Blocking waiting for file lock on package cache
[INFO] [stderr]     Finished test [unoptimized + debuginfo] target(s) in 0.60s
[INFO] [stderr]      Running unittests (/opt/rustwide/target/debug/deps/libflate-985d85d9281fabb4)
[INFO] [stdout] 
[INFO] [stdout] running 38 tests
[INFO] [stdout] test bit::tests::reader_works ... ok
[INFO] [stdout] test bit::tests::writer_works ... ok
[INFO] [stdout] test checksum::tests::adler32_works ... ok
[INFO] [stdout] test checksum::tests::crc32_works ... ok
[INFO] [stdout] test deflate::encode::tests::test_issue_27 ... ok
[INFO] [stdout] test deflate::decode::tests::it_works ... ok
[INFO] [stdout] test gzip::tests::issue_15_1 ... ok
[INFO] [stdout] test deflate::decode::tests::test_issues_3 ... ok
[INFO] [stdout] test gzip::tests::extra_field ... ok
[INFO] [stdout] test gzip::tests::issue_15_3 ... ok
[INFO] [stdout] test gzip::tests::issue_15_2 ... ok
[INFO] [stdout] test gzip::tests::encode_works ... ok
[INFO] [stdout] test gzip::tests::encoder_auto_finish_works ... ok
[INFO] [stdout] test gzip::tests::multi_decode_works ... ok
[INFO] [stdout] test gzip::tests::encode_with_extra_field ... ok
[INFO] [stdout] test huffman::tests::it_works ... ok
[INFO] [stdout] test lz77::tests::issue21 ... ok
[INFO] [stdout] test non_blocking::deflate::decode::tests::it_works ... ok
[INFO] [stdout] test non_blocking::deflate::decode::tests::non_blocking_io_works ... ok
[INFO] [stdout] test non_blocking::deflate::decode::tests::non_compressed_non_blocking_io_works ... ok
[INFO] [stdout] test non_blocking::gzip::tests::decode_works_noncompressed_block_offset_sync ... ok
[INFO] [stdout] test non_blocking::gzip::tests::encode_works ... ok
[INFO] [stdout] test non_blocking::zlib::tests::best_speed_encode_works ... ok
[INFO] [stdout] test non_blocking::zlib::tests::decode_works ... ok
[INFO] [stdout] test non_blocking::zlib::tests::raw_encode_works ... ok
[INFO] [stdout] test non_blocking::zlib::tests::default_encode_works ... ok
[INFO] [stdout] test zlib::tests::decode_works ... ok
[INFO] [stdout] test non_blocking::zlib::tests::test_issue_2 ... ok
[INFO] [stdout] test zlib::tests::best_speed_encode_works ... ok
[INFO] [stdout] test zlib::tests::encoder_auto_finish_works ... ok
[INFO] [stdout] test zlib::tests::raw_encode_works ... ok
[INFO] [stdout] test zlib::tests::test_issues_16 ... ok
[INFO] [stdout] test zlib::tests::default_encode_works ... ok
[INFO] [stdout] test zlib::tests::test_issues_27 ... ok
[INFO] [stdout] test zlib::tests::test_issue_2 ... ok
[INFO] [stdout] test deflate::encode::tests::test_issues_52 ... ok
[INFO] [stdout] test non_blocking::deflate::decode::tests::non_blocking_io_for_large_text_works ... ok
[INFO] [stderr]    Doc-tests libflate
[INFO] [stdout] test deflate::tests::encode_and_decode_works ... ok
[INFO] [stdout] 
[INFO] [stdout] test result: ok. 38 passed; 0 failed; 0 ignored; 0 measured; 0 filtered out; finished in 0.83s
[INFO] [stdout] 
[INFO] [stdout] 
[INFO] [stdout] running 70 tests
[INFO] [stdout] test src/deflate/encode.rs - deflate::encode::EncodeOptions<E>::fixed_huffman_codes (line 100) ... ok
[INFO] [stdout] test src/deflate/decode.rs - deflate::decode::Decoder<R>::into_inner (line 55) ... ok
[INFO] [stdout] test src/deflate/encode.rs - deflate::encode::EncodeOptions<lz77::DefaultLz77Encoder>::new (line 30) ... ok
[INFO] [stdout] test src/deflate/encode.rs - deflate::encode::EncodeOptions<E>::with_lz77 (line 51) ... ok
[INFO] [stdout] test src/zlib.rs - zlib::Encoder<W, lz77::DefaultLz77Encoder>::new (line 531) ... FAILED
[INFO] [stdout] test src/zlib.rs - zlib (line 6) ... FAILED
[INFO] [stdout] test src/zlib.rs - zlib::Encoder<W, E>::finish (line 611) ... FAILED
[INFO] [stdout] test src/deflate/encode.rs - deflate::encode::EncodeOptions<E>::no_compression (line 69) ... ok
[INFO] [stdout] test src/finish.rs - finish::AutoFinish<T>::new (line 106) ... FAILED
[INFO] [stdout] test src/zlib.rs - zlib::Encoder<W, E>::with_options (line 556) ... FAILED
[INFO] [stderr] error: test failed, to rerun pass '--doc'
[INFO] [stderr] 
[INFO] [stderr] Caused by:
[INFO] [stderr]   process didn't exit successfully: `rustdoc --edition=2018 --crate-type lib --crate-name libflate --test /opt/rustwide/workdir/src/lib.rs -L dependency=/opt/rustwide/target/debug/deps -L dependency=/opt/rustwide/target/debug/deps --extern adler32=/opt/rustwide/target/debug/deps/libadler32-64b41f5f51d421be.rlib --extern clap=/opt/rustwide/target/debug/deps/libclap-e0417b000fa1c416.rlib --extern crc32fast=/opt/rustwide/target/debug/deps/libcrc32fast-e2919975640cb346.rlib --extern libflate=/opt/rustwide/target/debug/deps/liblibflate-3ace61b049bc8f8e.rlib --extern libflate_lz77=/opt/rustwide/target/debug/deps/liblibflate_lz77-9ac2bf76196437f5.rlib -C embed-bitcode=no --error-format human` (signal: 9, SIGKILL: kill)
[INFO] running `Command { std: "docker" "inspect" "99ec16e9881ec045b705cb4bbde8158ea0981e1f0c39e9d709bfb5bc1e6b9cde", kill_on_drop: false }`
[INFO] running `Command { std: "docker" "rm" "-f" "99ec16e9881ec045b705cb4bbde8158ea0981e1f0c39e9d709bfb5bc1e6b9cde", kill_on_drop: false }`
[INFO] [stdout] 99ec16e9881ec045b705cb4bbde8158ea0981e1f0c39e9d709bfb5bc1e6b9cde
