[INFO] fetching crate lib_maniascript 0.1.1...
[INFO] testing lib_maniascript-0.1.1 against 1.54.0 for beta-1.55-1
[INFO] extracting crate lib_maniascript 0.1.1 into /workspace/builds/worker-105/source
[INFO] validating manifest of crates.io crate lib_maniascript 0.1.1 on toolchain 1.54.0
[INFO] running `Command { std: "/workspace/cargo-home/bin/cargo" "+1.54.0" "metadata" "--manifest-path" "Cargo.toml" "--no-deps", kill_on_drop: false }`
[INFO] started tweaking crates.io crate lib_maniascript 0.1.1
[INFO] finished tweaking crates.io crate lib_maniascript 0.1.1
[INFO] tweaked toml for crates.io crate lib_maniascript 0.1.1 written to /workspace/builds/worker-105/source/Cargo.toml
[INFO] running `Command { std: "/workspace/cargo-home/bin/cargo" "+1.54.0" "generate-lockfile" "--manifest-path" "Cargo.toml" "-Zno-index-update", kill_on_drop: false }`
[INFO] [stderr]     Blocking waiting for file lock on package cache
[INFO] running `Command { std: "/workspace/cargo-home/bin/cargo" "+1.54.0" "fetch" "--manifest-path" "Cargo.toml", kill_on_drop: false }`
[INFO] [stderr]     Blocking waiting for file lock on package cache
[INFO] running `Command { std: "docker" "create" "-v" "/var/lib/crater-agent-workspace/builds/worker-105/target:/opt/rustwide/target:rw,Z" "-v" "/var/lib/crater-agent-workspace/builds/worker-105/source:/opt/rustwide/workdir:ro,Z" "-v" "/var/lib/crater-agent-workspace/cargo-home:/opt/rustwide/cargo-home:ro,Z" "-v" "/var/lib/crater-agent-workspace/rustup-home:/opt/rustwide/rustup-home:ro,Z" "-e" "SOURCE_DIR=/opt/rustwide/workdir" "-e" "CARGO_TARGET_DIR=/opt/rustwide/target" "-e" "CARGO_HOME=/opt/rustwide/cargo-home" "-e" "RUSTUP_HOME=/opt/rustwide/rustup-home" "-w" "/opt/rustwide/workdir" "-m" "1610612736" "--user" "0:0" "--network" "none" "ghcr.io/rust-lang/crates-build-env/linux@sha256:34b6a614d2c27851fe6cbf88fbd1137609cefab8b10d0615aaeb6fd47975d74e" "/opt/rustwide/cargo-home/bin/cargo" "+1.54.0" "metadata" "--no-deps" "--format-version=1", kill_on_drop: false }`
[INFO] [stdout] b21b89a4a93fdc148dddc0c6c36de277103cc87582a1820abef1e3f52b70e85e
[INFO] running `Command { std: "docker" "start" "-a" "b21b89a4a93fdc148dddc0c6c36de277103cc87582a1820abef1e3f52b70e85e", kill_on_drop: false }`
[INFO] running `Command { std: "docker" "inspect" "b21b89a4a93fdc148dddc0c6c36de277103cc87582a1820abef1e3f52b70e85e", kill_on_drop: false }`
[INFO] running `Command { std: "docker" "rm" "-f" "b21b89a4a93fdc148dddc0c6c36de277103cc87582a1820abef1e3f52b70e85e", kill_on_drop: false }`
[INFO] [stdout] b21b89a4a93fdc148dddc0c6c36de277103cc87582a1820abef1e3f52b70e85e
[INFO] running `Command { std: "docker" "create" "-v" "/var/lib/crater-agent-workspace/builds/worker-105/target:/opt/rustwide/target:rw,Z" "-v" "/var/lib/crater-agent-workspace/builds/worker-105/source:/opt/rustwide/workdir:ro,Z" "-v" "/var/lib/crater-agent-workspace/cargo-home:/opt/rustwide/cargo-home:ro,Z" "-v" "/var/lib/crater-agent-workspace/rustup-home:/opt/rustwide/rustup-home:ro,Z" "-e" "SOURCE_DIR=/opt/rustwide/workdir" "-e" "CARGO_TARGET_DIR=/opt/rustwide/target" "-e" "CARGO_INCREMENTAL=0" "-e" "RUST_BACKTRACE=full" "-e" "RUSTFLAGS=--cap-lints=warn" "-e" "CARGO_HOME=/opt/rustwide/cargo-home" "-e" "RUSTUP_HOME=/opt/rustwide/rustup-home" "-w" "/opt/rustwide/workdir" "-m" "1610612736" "--user" "0:0" "--network" "none" "ghcr.io/rust-lang/crates-build-env/linux@sha256:34b6a614d2c27851fe6cbf88fbd1137609cefab8b10d0615aaeb6fd47975d74e" "/opt/rustwide/cargo-home/bin/cargo" "+1.54.0" "build" "--frozen" "--message-format=json", kill_on_drop: false }`
[INFO] [stdout] a28cf9d103aafc5a0da66c7ac9c4298012056ef29e89d241f968509792a65858
[INFO] running `Command { std: "docker" "start" "-a" "a28cf9d103aafc5a0da66c7ac9c4298012056ef29e89d241f968509792a65858", kill_on_drop: false }`
[INFO] [stderr]     Blocking waiting for file lock on package cache
[INFO] [stderr]    Compiling text_unit v0.1.10
[INFO] [stderr]    Compiling thin-dst v1.1.0
[INFO] [stderr]    Compiling smol_str v0.1.18
[INFO] [stderr]    Compiling cbitset v0.2.0
[INFO] [stderr]    Compiling rowan v0.9.1
[INFO] [stderr]    Compiling lib_maniascript v0.1.1 (/opt/rustwide/workdir)
[INFO] [stdout] warning: variant is never constructed: `Concat`
[INFO] [stdout]   --> src/parser/typed_node.rs:42:5
[INFO] [stdout]    |
[INFO] [stdout] 42 |     Concat,
[INFO] [stdout]    |     ^^^^^^
[INFO] [stdout]    |
[INFO] [stdout]    = note: `#[warn(dead_code)]` on by default
[INFO] [stdout] 
[INFO] [stdout] 
[INFO] [stdout] warning: variant is never constructed: `And`
[INFO] [stdout]   --> src/parser/typed_node.rs:43:5
[INFO] [stdout]    |
[INFO] [stdout] 43 |     And,
[INFO] [stdout]    |     ^^^
[INFO] [stdout] 
[INFO] [stdout] 
[INFO] [stdout] warning: variant is never constructed: `Or`
[INFO] [stdout]   --> src/parser/typed_node.rs:44:5
[INFO] [stdout]    |
[INFO] [stdout] 44 |     Or,
[INFO] [stdout]    |     ^^
[INFO] [stdout] 
[INFO] [stdout] 
[INFO] [stdout] warning: variant is never constructed: `Equal`
[INFO] [stdout]   --> src/parser/typed_node.rs:45:5
[INFO] [stdout]    |
[INFO] [stdout] 45 |     Equal,
[INFO] [stdout]    |     ^^^^^
[INFO] [stdout] 
[INFO] [stdout] 
[INFO] [stdout] warning: variant is never constructed: `NotEqual`
[INFO] [stdout]   --> src/parser/typed_node.rs:46:5
[INFO] [stdout]    |
[INFO] [stdout] 46 |     NotEqual,
[INFO] [stdout]    |     ^^^^^^^^
[INFO] [stdout] 
[INFO] [stdout] 
[INFO] [stdout] warning: variant is never constructed: `Less`
[INFO] [stdout]   --> src/parser/typed_node.rs:47:5
[INFO] [stdout]    |
[INFO] [stdout] 47 |     Less,
[INFO] [stdout]    |     ^^^^
[INFO] [stdout] 
[INFO] [stdout] 
[INFO] [stdout] warning: variant is never constructed: `LessOrEq`
[INFO] [stdout]   --> src/parser/typed_node.rs:48:5
[INFO] [stdout]    |
[INFO] [stdout] 48 |     LessOrEq,
[INFO] [stdout]    |     ^^^^^^^^
[INFO] [stdout] 
[INFO] [stdout] 
[INFO] [stdout] warning: variant is never constructed: `More`
[INFO] [stdout]   --> src/parser/typed_node.rs:49:5
[INFO] [stdout]    |
[INFO] [stdout] 49 |     More,
[INFO] [stdout]    |     ^^^^
[INFO] [stdout] 
[INFO] [stdout] 
[INFO] [stdout] warning: variant is never constructed: `MoreOrEq`
[INFO] [stdout]   --> src/parser/typed_node.rs:50:5
[INFO] [stdout]    |
[INFO] [stdout] 50 |     MoreOrEq,
[INFO] [stdout]    |     ^^^^^^^^
[INFO] [stdout] 
[INFO] [stdout] 
[INFO] [stdout] warning: variant is never constructed: `Add`
[INFO] [stdout]   --> src/parser/typed_node.rs:51:5
[INFO] [stdout]    |
[INFO] [stdout] 51 |     Add,
[INFO] [stdout]    |     ^^^
[INFO] [stdout] 
[INFO] [stdout] 
[INFO] [stdout] warning: variant is never constructed: `Sub`
[INFO] [stdout]   --> src/parser/typed_node.rs:52:5
[INFO] [stdout]    |
[INFO] [stdout] 52 |     Sub,
[INFO] [stdout]    |     ^^^
[INFO] [stdout] 
[INFO] [stdout] 
[INFO] [stdout] warning: variant is never constructed: `Mult`
[INFO] [stdout]   --> src/parser/typed_node.rs:53:5
[INFO] [stdout]    |
[INFO] [stdout] 53 |     Mult,
[INFO] [stdout]    |     ^^^^
[INFO] [stdout] 
[INFO] [stdout] 
[INFO] [stdout] warning: variant is never constructed: `Div`
[INFO] [stdout]   --> src/parser/typed_node.rs:54:5
[INFO] [stdout]    |
[INFO] [stdout] 54 |     Div,
[INFO] [stdout]    |     ^^^
[INFO] [stdout] 
[INFO] [stdout] 
[INFO] [stdout] warning: variant is never constructed: `Mod`
[INFO] [stdout]   --> src/parser/typed_node.rs:55:5
[INFO] [stdout]    |
[INFO] [stdout] 55 |     Mod,
[INFO] [stdout]    |     ^^^
[INFO] [stdout] 
[INFO] [stdout] 
[INFO] [stdout] warning: variant is never constructed: `Member`
[INFO] [stdout]   --> src/parser/typed_node.rs:57:5
[INFO] [stdout]    |
[INFO] [stdout] 57 |     Member,
[INFO] [stdout]    |     ^^^^^^
[INFO] [stdout] 
[INFO] [stdout] 
[INFO] [stdout] warning: variant is never constructed: `As`
[INFO] [stdout]   --> src/parser/typed_node.rs:58:5
[INFO] [stdout]    |
[INFO] [stdout] 58 |     As,
[INFO] [stdout]    |     ^^
[INFO] [stdout] 
[INFO] [stdout] 
[INFO] [stdout] warning: variant is never constructed: `Is`
[INFO] [stdout]   --> src/parser/typed_node.rs:59:5
[INFO] [stdout]    |
[INFO] [stdout] 59 |     Is,
[INFO] [stdout]    |     ^^
[INFO] [stdout] 
[INFO] [stdout] 
[INFO] [stdout] warning: variant is never constructed: `In`
[INFO] [stdout]   --> src/parser/typed_node.rs:60:5
[INFO] [stdout]    |
[INFO] [stdout] 60 |     In,
[INFO] [stdout]    |     ^^
[INFO] [stdout] 
[INFO] [stdout] 
[INFO] [stdout] warning: variant is never constructed: `KeyValue`
[INFO] [stdout]   --> src/parser/typed_node.rs:61:5
[INFO] [stdout]    |
[INFO] [stdout] 61 |     KeyValue,
[INFO] [stdout]    |     ^^^^^^^^
[INFO] [stdout] 
[INFO] [stdout] 
[INFO] [stdout] warning: variant is never constructed: `Namespace`
[INFO] [stdout]   --> src/parser/typed_node.rs:62:5
[INFO] [stdout]    |
[INFO] [stdout] 62 |     Namespace,
[INFO] [stdout]    |     ^^^^^^^^^
[INFO] [stdout] 
[INFO] [stdout] 
[INFO] [stdout] warning: associated function is never used: `from_token`
[INFO] [stdout]   --> src/parser/typed_node.rs:66:12
[INFO] [stdout]    |
[INFO] [stdout] 66 |     pub fn from_token(token: SyntaxKind) -> Option<Self> {
[INFO] [stdout]    |            ^^^^^^^^^^
[INFO] [stdout] 
[INFO] [stdout] 
[INFO] [stdout] warning: variant is never constructed: `Not`
[INFO] [stdout]   --> src/parser/typed_node.rs:97:5
[INFO] [stdout]    |
[INFO] [stdout] 97 |     Not,
[INFO] [stdout]    |     ^^^
[INFO] [stdout] 
[INFO] [stdout] 
[INFO] [stdout] warning: variant is never constructed: `Negate`
[INFO] [stdout]   --> src/parser/typed_node.rs:98:5
[INFO] [stdout]    |
[INFO] [stdout] 98 |     Negate,
[INFO] [stdout]    |     ^^^^^^
[INFO] [stdout] 
[INFO] [stdout] 
[INFO] [stdout] warning: associated function is never used: `from_token`
[INFO] [stdout]    --> src/parser/typed_node.rs:103:12
[INFO] [stdout]     |
[INFO] [stdout] 103 |     pub fn from_token(token: SyntaxKind) -> Option<Self> {
[INFO] [stdout]     |            ^^^^^^^^^^
[INFO] [stdout] 
[INFO] [stdout] 
[INFO] [stdout] warning: 24 warnings emitted
[INFO] [stdout] 
[INFO] [stdout] 
[INFO] [stderr]     Finished dev [unoptimized + debuginfo] target(s) in 4.28s
[INFO] running `Command { std: "docker" "inspect" "a28cf9d103aafc5a0da66c7ac9c4298012056ef29e89d241f968509792a65858", kill_on_drop: false }`
[INFO] running `Command { std: "docker" "rm" "-f" "a28cf9d103aafc5a0da66c7ac9c4298012056ef29e89d241f968509792a65858", kill_on_drop: false }`
[INFO] [stdout] a28cf9d103aafc5a0da66c7ac9c4298012056ef29e89d241f968509792a65858
[INFO] running `Command { std: "docker" "create" "-v" "/var/lib/crater-agent-workspace/builds/worker-105/target:/opt/rustwide/target:rw,Z" "-v" "/var/lib/crater-agent-workspace/builds/worker-105/source:/opt/rustwide/workdir:ro,Z" "-v" "/var/lib/crater-agent-workspace/cargo-home:/opt/rustwide/cargo-home:ro,Z" "-v" "/var/lib/crater-agent-workspace/rustup-home:/opt/rustwide/rustup-home:ro,Z" "-e" "SOURCE_DIR=/opt/rustwide/workdir" "-e" "CARGO_TARGET_DIR=/opt/rustwide/target" "-e" "CARGO_INCREMENTAL=0" "-e" "RUST_BACKTRACE=full" "-e" "RUSTFLAGS=--cap-lints=warn" "-e" "CARGO_HOME=/opt/rustwide/cargo-home" "-e" "RUSTUP_HOME=/opt/rustwide/rustup-home" "-w" "/opt/rustwide/workdir" "-m" "1610612736" "--user" "0:0" "--network" "none" "ghcr.io/rust-lang/crates-build-env/linux@sha256:34b6a614d2c27851fe6cbf88fbd1137609cefab8b10d0615aaeb6fd47975d74e" "/opt/rustwide/cargo-home/bin/cargo" "+1.54.0" "test" "--frozen" "--no-run" "--message-format=json", kill_on_drop: false }`
[INFO] [stdout] 6d6a21b5f513d10b193cfd66518da6b2959facbb495e1ca825346c7a565ae6fc
[INFO] running `Command { std: "docker" "start" "-a" "6d6a21b5f513d10b193cfd66518da6b2959facbb495e1ca825346c7a565ae6fc", kill_on_drop: false }`
[INFO] [stderr]     Blocking waiting for file lock on package cache
[INFO] [stderr]     Blocking waiting for file lock on package cache
[INFO] [stderr]    Compiling semver v1.0.4
[INFO] [stderr]    Compiling memchr v2.4.0
[INFO] [stderr]    Compiling syn v1.0.74
[INFO] [stderr]    Compiling plotters-backend v0.3.2
[INFO] [stderr]    Compiling regex-automata v0.1.10
[INFO] [stderr]    Compiling half v1.7.1
[INFO] [stderr]    Compiling regex-syntax v0.6.25
[INFO] [stderr]    Compiling oorandom v11.1.3
[INFO] [stderr]    Compiling itertools v0.10.1
[INFO] [stderr]    Compiling serde_json v1.0.66
[INFO] [stderr]    Compiling clap v2.33.3
[INFO] [stdout] warning: variant is never constructed: `Concat`
[INFO] [stdout]   --> src/parser/typed_node.rs:42:5
[INFO] [stdout]    |
[INFO] [stdout] 42 |     Concat,
[INFO] [stdout]    |     ^^^^^^
[INFO] [stdout]    |
[INFO] [stdout]    = note: `#[warn(dead_code)]` on by default
[INFO] [stdout] 
[INFO] [stdout] 
[INFO] [stdout] warning: variant is never constructed: `And`
[INFO] [stdout]   --> src/parser/typed_node.rs:43:5
[INFO] [stdout]    |
[INFO] [stdout] 43 |     And,
[INFO] [stdout]    |     ^^^
[INFO] [stdout] 
[INFO] [stdout] 
[INFO] [stdout] warning: variant is never constructed: `Or`
[INFO] [stdout]   --> src/parser/typed_node.rs:44:5
[INFO] [stdout]    |
[INFO] [stdout] 44 |     Or,
[INFO] [stdout]    |     ^^
[INFO] [stdout] 
[INFO] [stdout] 
[INFO] [stdout] warning: variant is never constructed: `Equal`
[INFO] [stdout]   --> src/parser/typed_node.rs:45:5
[INFO] [stdout]    |
[INFO] [stdout] 45 |     Equal,
[INFO] [stdout]    |     ^^^^^
[INFO] [stdout] 
[INFO] [stdout] 
[INFO] [stdout] warning: variant is never constructed: `NotEqual`
[INFO] [stdout]   --> src/parser/typed_node.rs:46:5
[INFO] [stdout]    |
[INFO] [stdout] 46 |     NotEqual,
[INFO] [stdout]    |     ^^^^^^^^
[INFO] [stdout] 
[INFO] [stdout] 
[INFO] [stdout] warning: variant is never constructed: `Less`
[INFO] [stdout]   --> src/parser/typed_node.rs:47:5
[INFO] [stdout]    |
[INFO] [stdout] 47 |     Less,
[INFO] [stdout]    |     ^^^^
[INFO] [stdout] 
[INFO] [stdout] 
[INFO] [stdout] warning: variant is never constructed: `LessOrEq`
[INFO] [stdout]   --> src/parser/typed_node.rs:48:5
[INFO] [stdout]    |
[INFO] [stdout] 48 |     LessOrEq,
[INFO] [stdout]    |     ^^^^^^^^
[INFO] [stdout] 
[INFO] [stdout] 
[INFO] [stdout] warning: variant is never constructed: `More`
[INFO] [stdout]   --> src/parser/typed_node.rs:49:5
[INFO] [stdout]    |
[INFO] [stdout] 49 |     More,
[INFO] [stdout]    |     ^^^^
[INFO] [stdout] 
[INFO] [stdout] 
[INFO] [stdout] warning: variant is never constructed: `MoreOrEq`
[INFO] [stdout]   --> src/parser/typed_node.rs:50:5
[INFO] [stdout]    |
[INFO] [stdout] 50 |     MoreOrEq,
[INFO] [stdout]    |     ^^^^^^^^
[INFO] [stdout] 
[INFO] [stdout] 
[INFO] [stdout] warning: variant is never constructed: `Add`
[INFO] [stdout]   --> src/parser/typed_node.rs:51:5
[INFO] [stdout]    |
[INFO] [stdout] 51 |     Add,
[INFO] [stdout]    |     ^^^
[INFO] [stdout] 
[INFO] [stdout] 
[INFO] [stdout] warning: variant is never constructed: `Sub`
[INFO] [stdout]   --> src/parser/typed_node.rs:52:5
[INFO] [stdout]    |
[INFO] [stdout] 52 |     Sub,
[INFO] [stdout]    |     ^^^
[INFO] [stdout] 
[INFO] [stdout] 
[INFO] [stdout] warning: variant is never constructed: `Mult`
[INFO] [stdout]   --> src/parser/typed_node.rs:53:5
[INFO] [stdout]    |
[INFO] [stdout] 53 |     Mult,
[INFO] [stdout]    |     ^^^^
[INFO] [stdout] 
[INFO] [stdout] 
[INFO] [stdout] warning: variant is never constructed: `Div`
[INFO] [stdout]   --> src/parser/typed_node.rs:54:5
[INFO] [stdout]    |
[INFO] [stdout] 54 |     Div,
[INFO] [stdout]    |     ^^^
[INFO] [stdout] 
[INFO] [stdout] 
[INFO] [stdout] warning: variant is never constructed: `Mod`
[INFO] [stdout]   --> src/parser/typed_node.rs:55:5
[INFO] [stdout]    |
[INFO] [stdout] 55 |     Mod,
[INFO] [stdout]    |     ^^^
[INFO] [stdout] 
[INFO] [stdout] 
[INFO] [stdout] warning: variant is never constructed: `Member`
[INFO] [stdout]   --> src/parser/typed_node.rs:57:5
[INFO] [stdout]    |
[INFO] [stdout] 57 |     Member,
[INFO] [stdout]    |     ^^^^^^
[INFO] [stdout] 
[INFO] [stdout] 
[INFO] [stdout] warning: variant is never constructed: `As`
[INFO] [stdout]   --> src/parser/typed_node.rs:58:5
[INFO] [stdout]    |
[INFO] [stdout] 58 |     As,
[INFO] [stdout]    |     ^^
[INFO] [stdout] 
[INFO] [stdout] 
[INFO] [stdout] warning: variant is never constructed: `Is`
[INFO] [stdout]   --> src/parser/typed_node.rs:59:5
[INFO] [stdout]    |
[INFO] [stdout] 59 |     Is,
[INFO] [stdout]    |     ^^
[INFO] [stdout] 
[INFO] [stdout] 
[INFO] [stdout] warning: variant is never constructed: `In`
[INFO] [stdout]   --> src/parser/typed_node.rs:60:5
[INFO] [stdout]    |
[INFO] [stdout] 60 |     In,
[INFO] [stdout]    |     ^^
[INFO] [stdout] 
[INFO] [stdout] 
[INFO] [stdout] warning: variant is never constructed: `KeyValue`
[INFO] [stdout]   --> src/parser/typed_node.rs:61:5
[INFO] [stdout]    |
[INFO] [stdout] 61 |     KeyValue,
[INFO] [stdout]    |     ^^^^^^^^
[INFO] [stdout] 
[INFO] [stdout] 
[INFO] [stdout] warning: variant is never constructed: `Namespace`
[INFO] [stdout]   --> src/parser/typed_node.rs:62:5
[INFO] [stdout]    |
[INFO] [stdout] 62 |     Namespace,
[INFO] [stdout]    |     ^^^^^^^^^
[INFO] [stdout] 
[INFO] [stdout] 
[INFO] [stdout] warning: associated function is never used: `from_token`
[INFO] [stdout]   --> src/parser/typed_node.rs:66:12
[INFO] [stdout]    |
[INFO] [stdout] 66 |     pub fn from_token(token: SyntaxKind) -> Option<Self> {
[INFO] [stdout]    |            ^^^^^^^^^^
[INFO] [stdout] 
[INFO] [stdout] 
[INFO] [stdout] warning: variant is never constructed: `Not`
[INFO] [stdout]   --> src/parser/typed_node.rs:97:5
[INFO] [stdout]    |
[INFO] [stdout] 97 |     Not,
[INFO] [stdout]    |     ^^^
[INFO] [stdout] 
[INFO] [stdout] 
[INFO] [stdout] warning: variant is never constructed: `Negate`
[INFO] [stdout]   --> src/parser/typed_node.rs:98:5
[INFO] [stdout]    |
[INFO] [stdout] 98 |     Negate,
[INFO] [stdout]    |     ^^^^^^
[INFO] [stdout] 
[INFO] [stdout] 
[INFO] [stdout] warning: associated function is never used: `from_token`
[INFO] [stdout]    --> src/parser/typed_node.rs:103:12
[INFO] [stdout]     |
[INFO] [stdout] 103 |     pub fn from_token(token: SyntaxKind) -> Option<Self> {
[INFO] [stdout]     |            ^^^^^^^^^^
[INFO] [stdout] 
[INFO] [stdout] 
[INFO] [stdout] warning: 24 warnings emitted
[INFO] [stdout] 
[INFO] [stdout] 
[INFO] [stderr]    Compiling serde_cbor v0.11.1
[INFO] [stderr]    Compiling plotters-svg v0.3.1
[INFO] [stderr]    Compiling csv-core v0.1.10
[INFO] [stderr]    Compiling bstr v0.2.16
[INFO] [stderr]    Compiling plotters v0.3.1
[INFO] [stderr]    Compiling rustc_version v0.4.0
[INFO] [stderr]    Compiling tinytemplate v1.2.1
[INFO] [stderr]    Compiling regex v1.5.4
[INFO] [stderr]    Compiling csv v1.1.6
[INFO] [stderr]    Compiling cast v0.2.7
[INFO] [stderr]    Compiling criterion-plot v0.4.4
[INFO] [stderr]    Compiling serde_derive v1.0.127
[INFO] [stderr]    Compiling criterion v0.3.5
[INFO] [stderr]    Compiling lib_maniascript v0.1.1 (/opt/rustwide/workdir)
[INFO] [stdout] warning: variant is never constructed: `Concat`
[INFO] [stdout]   --> src/parser/typed_node.rs:42:5
[INFO] [stdout]    |
[INFO] [stdout] 42 |     Concat,
[INFO] [stdout]    |     ^^^^^^
[INFO] [stdout]    |
[INFO] [stdout]    = note: `#[warn(dead_code)]` on by default
[INFO] [stdout] 
[INFO] [stdout] 
[INFO] [stdout] warning: variant is never constructed: `And`
[INFO] [stdout]   --> src/parser/typed_node.rs:43:5
[INFO] [stdout]    |
[INFO] [stdout] 43 |     And,
[INFO] [stdout]    |     ^^^
[INFO] [stdout] 
[INFO] [stdout] 
[INFO] [stdout] warning: variant is never constructed: `Or`
[INFO] [stdout]   --> src/parser/typed_node.rs:44:5
[INFO] [stdout]    |
[INFO] [stdout] 44 |     Or,
[INFO] [stdout]    |     ^^
[INFO] [stdout] 
[INFO] [stdout] 
[INFO] [stdout] warning: variant is never constructed: `Equal`
[INFO] [stdout]   --> src/parser/typed_node.rs:45:5
[INFO] [stdout]    |
[INFO] [stdout] 45 |     Equal,
[INFO] [stdout]    |     ^^^^^
[INFO] [stdout] 
[INFO] [stdout] 
[INFO] [stdout] warning: variant is never constructed: `NotEqual`
[INFO] [stdout]   --> src/parser/typed_node.rs:46:5
[INFO] [stdout]    |
[INFO] [stdout] 46 |     NotEqual,
[INFO] [stdout]    |     ^^^^^^^^
[INFO] [stdout] 
[INFO] [stdout] 
[INFO] [stdout] warning: variant is never constructed: `Less`
[INFO] [stdout]   --> src/parser/typed_node.rs:47:5
[INFO] [stdout]    |
[INFO] [stdout] 47 |     Less,
[INFO] [stdout]    |     ^^^^
[INFO] [stdout] 
[INFO] [stdout] 
[INFO] [stdout] warning: variant is never constructed: `LessOrEq`
[INFO] [stdout]   --> src/parser/typed_node.rs:48:5
[INFO] [stdout]    |
[INFO] [stdout] 48 |     LessOrEq,
[INFO] [stdout]    |     ^^^^^^^^
[INFO] [stdout] 
[INFO] [stdout] 
[INFO] [stdout] warning: variant is never constructed: `More`
[INFO] [stdout]   --> src/parser/typed_node.rs:49:5
[INFO] [stdout]    |
[INFO] [stdout] 49 |     More,
[INFO] [stdout]    |     ^^^^
[INFO] [stdout] 
[INFO] [stdout] 
[INFO] [stdout] warning: variant is never constructed: `MoreOrEq`
[INFO] [stdout]   --> src/parser/typed_node.rs:50:5
[INFO] [stdout]    |
[INFO] [stdout] 50 |     MoreOrEq,
[INFO] [stdout]    |     ^^^^^^^^
[INFO] [stdout] 
[INFO] [stdout] 
[INFO] [stdout] warning: variant is never constructed: `Add`
[INFO] [stdout]   --> src/parser/typed_node.rs:51:5
[INFO] [stdout]    |
[INFO] [stdout] 51 |     Add,
[INFO] [stdout]    |     ^^^
[INFO] [stdout] 
[INFO] [stdout] 
[INFO] [stdout] warning: variant is never constructed: `Sub`
[INFO] [stdout]   --> src/parser/typed_node.rs:52:5
[INFO] [stdout]    |
[INFO] [stdout] 52 |     Sub,
[INFO] [stdout]    |     ^^^
[INFO] [stdout] 
[INFO] [stdout] 
[INFO] [stdout] warning: variant is never constructed: `Mult`
[INFO] [stdout]   --> src/parser/typed_node.rs:53:5
[INFO] [stdout]    |
[INFO] [stdout] 53 |     Mult,
[INFO] [stdout]    |     ^^^^
[INFO] [stdout] 
[INFO] [stdout] 
[INFO] [stdout] warning: variant is never constructed: `Div`
[INFO] [stdout]   --> src/parser/typed_node.rs:54:5
[INFO] [stdout]    |
[INFO] [stdout] 54 |     Div,
[INFO] [stdout]    |     ^^^
[INFO] [stdout] 
[INFO] [stdout] 
[INFO] [stdout] warning: variant is never constructed: `Mod`
[INFO] [stdout]   --> src/parser/typed_node.rs:55:5
[INFO] [stdout]    |
[INFO] [stdout] 55 |     Mod,
[INFO] [stdout]    |     ^^^
[INFO] [stdout] 
[INFO] [stdout] 
[INFO] [stdout] warning: variant is never constructed: `Member`
[INFO] [stdout]   --> src/parser/typed_node.rs:57:5
[INFO] [stdout]    |
[INFO] [stdout] 57 |     Member,
[INFO] [stdout]    |     ^^^^^^
[INFO] [stdout] 
[INFO] [stdout] 
[INFO] [stdout] warning: variant is never constructed: `As`
[INFO] [stdout]   --> src/parser/typed_node.rs:58:5
[INFO] [stdout]    |
[INFO] [stdout] 58 |     As,
[INFO] [stdout]    |     ^^
[INFO] [stdout] 
[INFO] [stdout] 
[INFO] [stdout] warning: variant is never constructed: `Is`
[INFO] [stdout]   --> src/parser/typed_node.rs:59:5
[INFO] [stdout]    |
[INFO] [stdout] 59 |     Is,
[INFO] [stdout]    |     ^^
[INFO] [stdout] 
[INFO] [stdout] 
[INFO] [stdout] warning: variant is never constructed: `In`
[INFO] [stdout]   --> src/parser/typed_node.rs:60:5
[INFO] [stdout]    |
[INFO] [stdout] 60 |     In,
[INFO] [stdout]    |     ^^
[INFO] [stdout] 
[INFO] [stdout] 
[INFO] [stdout] warning: variant is never constructed: `KeyValue`
[INFO] [stdout]   --> src/parser/typed_node.rs:61:5
[INFO] [stdout]    |
[INFO] [stdout] 61 |     KeyValue,
[INFO] [stdout]    |     ^^^^^^^^
[INFO] [stdout] 
[INFO] [stdout] 
[INFO] [stdout] warning: variant is never constructed: `Namespace`
[INFO] [stdout]   --> src/parser/typed_node.rs:62:5
[INFO] [stdout]    |
[INFO] [stdout] 62 |     Namespace,
[INFO] [stdout]    |     ^^^^^^^^^
[INFO] [stdout] 
[INFO] [stdout] 
[INFO] [stdout] warning: associated function is never used: `from_token`
[INFO] [stdout]   --> src/parser/typed_node.rs:66:12
[INFO] [stdout]    |
[INFO] [stdout] 66 |     pub fn from_token(token: SyntaxKind) -> Option<Self> {
[INFO] [stdout]    |            ^^^^^^^^^^
[INFO] [stdout] 
[INFO] [stdout] 
[INFO] [stdout] warning: variant is never constructed: `Not`
[INFO] [stdout]   --> src/parser/typed_node.rs:97:5
[INFO] [stdout]    |
[INFO] [stdout] 97 |     Not,
[INFO] [stdout]    |     ^^^
[INFO] [stdout] 
[INFO] [stdout] 
[INFO] [stdout] warning: variant is never constructed: `Negate`
[INFO] [stdout]   --> src/parser/typed_node.rs:98:5
[INFO] [stdout]    |
[INFO] [stdout] 98 |     Negate,
[INFO] [stdout]    |     ^^^^^^
[INFO] [stdout] 
[INFO] [stdout] 
[INFO] [stdout] warning: associated function is never used: `from_token`
[INFO] [stdout]    --> src/parser/typed_node.rs:103:12
[INFO] [stdout]     |
[INFO] [stdout] 103 |     pub fn from_token(token: SyntaxKind) -> Option<Self> {
[INFO] [stdout]     |            ^^^^^^^^^^
[INFO] [stdout] 
[INFO] [stdout] 
[INFO] [stdout] warning: 24 warnings emitted
[INFO] [stdout] 
[INFO] [stdout] 
[INFO] [stderr]     Finished test [unoptimized + debuginfo] target(s) in 32.86s
[INFO] running `Command { std: "docker" "inspect" "6d6a21b5f513d10b193cfd66518da6b2959facbb495e1ca825346c7a565ae6fc", kill_on_drop: false }`
[INFO] running `Command { std: "docker" "rm" "-f" "6d6a21b5f513d10b193cfd66518da6b2959facbb495e1ca825346c7a565ae6fc", kill_on_drop: false }`
[INFO] [stdout] 6d6a21b5f513d10b193cfd66518da6b2959facbb495e1ca825346c7a565ae6fc
[INFO] running `Command { std: "docker" "create" "-v" "/var/lib/crater-agent-workspace/builds/worker-105/target:/opt/rustwide/target:rw,Z" "-v" "/var/lib/crater-agent-workspace/builds/worker-105/source:/opt/rustwide/workdir:ro,Z" "-v" "/var/lib/crater-agent-workspace/cargo-home:/opt/rustwide/cargo-home:ro,Z" "-v" "/var/lib/crater-agent-workspace/rustup-home:/opt/rustwide/rustup-home:ro,Z" "-e" "SOURCE_DIR=/opt/rustwide/workdir" "-e" "CARGO_TARGET_DIR=/opt/rustwide/target" "-e" "CARGO_INCREMENTAL=0" "-e" "RUST_BACKTRACE=full" "-e" "RUSTFLAGS=--cap-lints=warn" "-e" "CARGO_HOME=/opt/rustwide/cargo-home" "-e" "RUSTUP_HOME=/opt/rustwide/rustup-home" "-w" "/opt/rustwide/workdir" "-m" "1610612736" "--user" "0:0" "--network" "none" "ghcr.io/rust-lang/crates-build-env/linux@sha256:34b6a614d2c27851fe6cbf88fbd1137609cefab8b10d0615aaeb6fd47975d74e" "/opt/rustwide/cargo-home/bin/cargo" "+1.54.0" "test" "--frozen", kill_on_drop: false }`
[INFO] [stdout] 5dac0634a24a9060763c4dca970f839a5e06d3b1b9a0687653e6ee560cc28067
[INFO] running `Command { std: "docker" "start" "-a" "5dac0634a24a9060763c4dca970f839a5e06d3b1b9a0687653e6ee560cc28067", kill_on_drop: false }`
[INFO] [stdout] 
[INFO] [stderr] warning: variant is never constructed: `Concat`
[INFO] [stdout] running 21 tests
[INFO] [stderr]   --> src/parser/typed_node.rs:42:5
[INFO] [stderr]    |
[INFO] [stderr] 42 |     Concat,
[INFO] [stderr]    |     ^^^^^^
[INFO] [stderr]    |
[INFO] [stderr]    = note: `#[warn(dead_code)]` on by default
[INFO] [stderr] 
[INFO] [stderr] warning: variant is never constructed: `And`
[INFO] [stderr]   --> src/parser/typed_node.rs:43:5
[INFO] [stderr]    |
[INFO] [stderr] 43 |     And,
[INFO] [stderr]    |     ^^^
[INFO] [stderr] 
[INFO] [stderr] warning: variant is never constructed: `Or`
[INFO] [stderr]   --> src/parser/typed_node.rs:44:5
[INFO] [stderr]    |
[INFO] [stderr] 44 |     Or,
[INFO] [stderr]    |     ^^
[INFO] [stderr] 
[INFO] [stderr] warning: variant is never constructed: `Equal`
[INFO] [stderr]   --> src/parser/typed_node.rs:45:5
[INFO] [stderr]    |
[INFO] [stderr] 45 |     Equal,
[INFO] [stderr]    |     ^^^^^
[INFO] [stderr] 
[INFO] [stderr] warning: variant is never constructed: `NotEqual`
[INFO] [stderr]   --> src/parser/typed_node.rs:46:5
[INFO] [stderr]    |
[INFO] [stderr] 46 |     NotEqual,
[INFO] [stderr]    |     ^^^^^^^^
[INFO] [stderr] 
[INFO] [stderr] warning: variant is never constructed: `Less`
[INFO] [stderr]   --> src/parser/typed_node.rs:47:5
[INFO] [stderr]    |
[INFO] [stderr] 47 |     Less,
[INFO] [stderr]    |     ^^^^
[INFO] [stderr] 
[INFO] [stderr] warning: variant is never constructed: `LessOrEq`
[INFO] [stderr]   --> src/parser/typed_node.rs:48:5
[INFO] [stderr]    |
[INFO] [stderr] 48 |     LessOrEq,
[INFO] [stderr]    |     ^^^^^^^^
[INFO] [stderr] 
[INFO] [stderr] warning: variant is never constructed: `More`
[INFO] [stderr]   --> src/parser/typed_node.rs:49:5
[INFO] [stderr]    |
[INFO] [stderr] 49 |     More,
[INFO] [stderr]    |     ^^^^
[INFO] [stderr] 
[INFO] [stderr] warning: variant is never constructed: `MoreOrEq`
[INFO] [stderr]   --> src/parser/typed_node.rs:50:5
[INFO] [stderr]    |
[INFO] [stderr] 50 |     MoreOrEq,
[INFO] [stderr]    |     ^^^^^^^^
[INFO] [stderr] 
[INFO] [stderr] warning: variant is never constructed: `Add`
[INFO] [stderr]   --> src/parser/typed_node.rs:51:5
[INFO] [stderr]    |
[INFO] [stderr] 51 |     Add,
[INFO] [stderr]    |     ^^^
[INFO] [stderr] 
[INFO] [stderr] warning: variant is never constructed: `Sub`
[INFO] [stderr]   --> src/parser/typed_node.rs:52:5
[INFO] [stderr]    |
[INFO] [stderr] 52 |     Sub,
[INFO] [stderr]    |     ^^^
[INFO] [stderr] 
[INFO] [stderr] warning: variant is never constructed: `Mult`
[INFO] [stderr]   --> src/parser/typed_node.rs:53:5
[INFO] [stderr]    |
[INFO] [stderr] 53 |     Mult,
[INFO] [stderr]    |     ^^^^
[INFO] [stderr] 
[INFO] [stderr] warning: variant is never constructed: `Div`
[INFO] [stderr]   --> src/parser/typed_node.rs:54:5
[INFO] [stderr]    |
[INFO] [stderr] 54 |     Div,
[INFO] [stderr]    |     ^^^
[INFO] [stderr] 
[INFO] [stderr] warning: variant is never constructed: `Mod`
[INFO] [stderr]   --> src/parser/typed_node.rs:55:5
[INFO] [stderr]    |
[INFO] [stderr] 55 |     Mod,
[INFO] [stderr]    |     ^^^
[INFO] [stderr] 
[INFO] [stderr] warning: variant is never constructed: `Member`
[INFO] [stderr]   --> src/parser/typed_node.rs:57:5
[INFO] [stderr]    |
[INFO] [stderr] 57 |     Member,
[INFO] [stderr]    |     ^^^^^^
[INFO] [stderr] 
[INFO] [stderr] warning: variant is never constructed: `As`
[INFO] [stderr]   --> src/parser/typed_node.rs:58:5
[INFO] [stderr]    |
[INFO] [stderr] 58 |     As,
[INFO] [stderr]    |     ^^
[INFO] [stderr] 
[INFO] [stderr] warning: variant is never constructed: `Is`
[INFO] [stderr]   --> src/parser/typed_node.rs:59:5
[INFO] [stderr]    |
[INFO] [stderr] 59 |     Is,
[INFO] [stderr]    |     ^^
[INFO] [stderr] 
[INFO] [stderr] warning: variant is never constructed: `In`
[INFO] [stderr]   --> src/parser/typed_node.rs:60:5
[INFO] [stderr]    |
[INFO] [stderr] 60 |     In,
[INFO] [stderr]    |     ^^
[INFO] [stderr] 
[INFO] [stderr] warning: variant is never constructed: `KeyValue`
[INFO] [stderr]   --> src/parser/typed_node.rs:61:5
[INFO] [stderr]    |
[INFO] [stderr] 61 |     KeyValue,
[INFO] [stderr]    |     ^^^^^^^^
[INFO] [stderr] 
[INFO] [stderr] warning: variant is never constructed: `Namespace`
[INFO] [stderr]   --> src/parser/typed_node.rs:62:5
[INFO] [stderr]    |
[INFO] [stderr] 62 |     Namespace,
[INFO] [stderr]    |     ^^^^^^^^^
[INFO] [stderr] 
[INFO] [stderr] warning: associated function is never used: `from_token`
[INFO] [stderr]   --> src/parser/typed_node.rs:66:12
[INFO] [stderr]    |
[INFO] [stderr] 66 |     pub fn from_token(token: SyntaxKind) -> Option<Self> {
[INFO] [stderr]    |            ^^^^^^^^^^
[INFO] [stderr] 
[INFO] [stderr] warning: variant is never constructed: `Not`
[INFO] [stderr]   --> src/parser/typed_node.rs:97:5
[INFO] [stderr]    |
[INFO] [stderr] 97 |     Not,
[INFO] [stderr]    |     ^^^
[INFO] [stderr] 
[INFO] [stderr] warning: variant is never constructed: `Negate`
[INFO] [stderr]   --> src/parser/typed_node.rs:98:5
[INFO] [stderr]    |
[INFO] [stderr] 98 |     Negate,
[INFO] [stderr]    |     ^^^^^^
[INFO] [stderr] 
[INFO] [stderr] warning: associated function is never used: `from_token`
[INFO] [stderr]    --> src/parser/typed_node.rs:103:12
[INFO] [stderr]     |
[INFO] [stderr] 103 |     pub fn from_token(token: SyntaxKind) -> Option<Self> {
[INFO] [stderr]     |            ^^^^^^^^^^
[INFO] [stderr] 
[INFO] [stderr] warning: 24 warnings emitted
[INFO] [stderr] 
[INFO] [stderr] warning: variant is never constructed: `Concat`
[INFO] [stderr]   --> src/parser/typed_node.rs:42:5
[INFO] [stderr]    |
[INFO] [stderr] 42 |     Concat,
[INFO] [stderr]    |     ^^^^^^
[INFO] [stderr]    |
[INFO] [stderr]    = note: `#[warn(dead_code)]` on by default
[INFO] [stderr] 
[INFO] [stderr] warning: variant is never constructed: `And`
[INFO] [stderr]   --> src/parser/typed_node.rs:43:5
[INFO] [stderr]    |
[INFO] [stderr] 43 |     And,
[INFO] [stderr]    |     ^^^
[INFO] [stderr] 
[INFO] [stderr] warning: variant is never constructed: `Or`
[INFO] [stderr]   --> src/parser/typed_node.rs:44:5
[INFO] [stderr]    |
[INFO] [stderr] 44 |     Or,
[INFO] [stderr]    |     ^^
[INFO] [stderr] 
[INFO] [stderr] warning: variant is never constructed: `Equal`
[INFO] [stderr]   --> src/parser/typed_node.rs:45:5
[INFO] [stderr]    |
[INFO] [stderr] 45 |     Equal,
[INFO] [stderr]    |     ^^^^^
[INFO] [stderr] 
[INFO] [stderr] warning: variant is never constructed: `NotEqual`
[INFO] [stderr]   --> src/parser/typed_node.rs:46:5
[INFO] [stderr]    |
[INFO] [stderr] 46 |     NotEqual,
[INFO] [stderr]    |     ^^^^^^^^
[INFO] [stderr] 
[INFO] [stderr] warning: variant is never constructed: `Less`
[INFO] [stderr]   --> src/parser/typed_node.rs:47:5
[INFO] [stderr]    |
[INFO] [stderr] 47 |     Less,
[INFO] [stderr]    |     ^^^^
[INFO] [stderr] 
[INFO] [stderr] warning: variant is never constructed: `LessOrEq`
[INFO] [stderr]   --> src/parser/typed_node.rs:48:5
[INFO] [stderr]    |
[INFO] [stderr] 48 |     LessOrEq,
[INFO] [stderr]    |     ^^^^^^^^
[INFO] [stderr] 
[INFO] [stderr] warning: variant is never constructed: `More`
[INFO] [stderr]   --> src/parser/typed_node.rs:49:5
[INFO] [stderr]    |
[INFO] [stderr] 49 |     More,
[INFO] [stderr]    |     ^^^^
[INFO] [stderr] 
[INFO] [stderr] warning: variant is never constructed: `MoreOrEq`
[INFO] [stderr]   --> src/parser/typed_node.rs:50:5
[INFO] [stderr]    |
[INFO] [stderr] 50 |     MoreOrEq,
[INFO] [stderr]    |     ^^^^^^^^
[INFO] [stderr] 
[INFO] [stderr] warning: variant is never constructed: `Add`
[INFO] [stderr]   --> src/parser/typed_node.rs:51:5
[INFO] [stderr]    |
[INFO] [stderr] 51 |     Add,
[INFO] [stderr]    |     ^^^
[INFO] [stderr] 
[INFO] [stderr] warning: variant is never constructed: `Sub`
[INFO] [stderr]   --> src/parser/typed_node.rs:52:5
[INFO] [stderr]    |
[INFO] [stderr] 52 |     Sub,
[INFO] [stderr]    |     ^^^
[INFO] [stderr] 
[INFO] [stderr] warning: variant is never constructed: `Mult`
[INFO] [stderr]   --> src/parser/typed_node.rs:53:5
[INFO] [stderr]    |
[INFO] [stderr] 53 |     Mult,
[INFO] [stderr]    |     ^^^^
[INFO] [stderr] 
[INFO] [stderr] warning: variant is never constructed: `Div`
[INFO] [stderr]   --> src/parser/typed_node.rs:54:5
[INFO] [stderr]    |
[INFO] [stderr] 54 |     Div,
[INFO] [stderr]    |     ^^^
[INFO] [stderr] 
[INFO] [stderr] warning: variant is never constructed: `Mod`
[INFO] [stderr]   --> src/parser/typed_node.rs:55:5
[INFO] [stderr]    |
[INFO] [stderr] 55 |     Mod,
[INFO] [stderr]    |     ^^^
[INFO] [stderr] 
[INFO] [stderr] warning: variant is never constructed: `Member`
[INFO] [stderr]   --> src/parser/typed_node.rs:57:5
[INFO] [stderr]    |
[INFO] [stderr] 57 |     Member,
[INFO] [stderr]    |     ^^^^^^
[INFO] [stderr] 
[INFO] [stderr] warning: variant is never constructed: `As`
[INFO] [stderr]   --> src/parser/typed_node.rs:58:5
[INFO] [stderr]    |
[INFO] [stderr] 58 |     As,
[INFO] [stderr]    |     ^^
[INFO] [stderr] 
[INFO] [stderr] warning: variant is never constructed: `Is`
[INFO] [stderr]   --> src/parser/typed_node.rs:59:5
[INFO] [stderr]    |
[INFO] [stderr] 59 |     Is,
[INFO] [stderr]    |     ^^
[INFO] [stderr] 
[INFO] [stderr] warning: variant is never constructed: `In`
[INFO] [stderr]   --> src/parser/typed_node.rs:60:5
[INFO] [stderr]    |
[INFO] [stderr] 60 |     In,
[INFO] [stderr]    |     ^^
[INFO] [stderr] 
[INFO] [stderr] warning: variant is never constructed: `KeyValue`
[INFO] [stderr]   --> src/parser/typed_node.rs:61:5
[INFO] [stderr]    |
[INFO] [stderr] 61 |     KeyValue,
[INFO] [stderr]    |     ^^^^^^^^
[INFO] [stderr] 
[INFO] [stderr] warning: variant is never constructed: `Namespace`
[INFO] [stderr]   --> src/parser/typed_node.rs:62:5
[INFO] [stderr]    |
[INFO] [stderr] 62 |     Namespace,
[INFO] [stderr]    |     ^^^^^^^^^
[INFO] [stderr] 
[INFO] [stderr] warning: associated function is never used: `from_token`
[INFO] [stderr]   --> src/parser/typed_node.rs:66:12
[INFO] [stderr]    |
[INFO] [stderr] 66 |     pub fn from_token(token: SyntaxKind) -> Option<Self> {
[INFO] [stderr]    |            ^^^^^^^^^^
[INFO] [stderr] 
[INFO] [stderr] warning: variant is never constructed: `Not`
[INFO] [stderr]   --> src/parser/typed_node.rs:97:5
[INFO] [stderr]    |
[INFO] [stderr] 97 |     Not,
[INFO] [stderr]    |     ^^^
[INFO] [stderr] 
[INFO] [stderr] warning: variant is never constructed: `Negate`
[INFO] [stderr]   --> src/parser/typed_node.rs:98:5
[INFO] [stderr]    |
[INFO] [stderr] 98 |     Negate,
[INFO] [stderr]    |     ^^^^^^
[INFO] [stderr] 
[INFO] [stderr] warning: associated function is never used: `from_token`
[INFO] [stderr]    --> src/parser/typed_node.rs:103:12
[INFO] [stderr]     |
[INFO] [stderr] 103 |     pub fn from_token(token: SyntaxKind) -> Option<Self> {
[INFO] [stderr]     |            ^^^^^^^^^^
[INFO] [stderr] 
[INFO] [stderr] warning: 24 warnings emitted
[INFO] [stderr] 
[INFO] [stderr]     Finished test [unoptimized + debuginfo] target(s) in 0.06s
[INFO] [stderr]      Running unittests (/opt/rustwide/target/debug/deps/lib_maniascript-a4a8e055fef9358f)
[INFO] [stdout] test parser::tokenizer::tests::assignment ... ok
[INFO] [stdout] test parser::tokenizer::tests::directive_const ... ok
[INFO] [stdout] test parser::tokenizer::tests::directive_struct ... ok
[INFO] [stdout] test parser::tokenizer::tests::identifiers ... ok
[INFO] [stdout] test parser::tokenizer::tests::directive_extends ... ok
[INFO] [stdout] test parser::tokenizer::tests::directive_require_context ... ok
[INFO] [stdout] test parser::tokenizer::tests::directive_setting ... ok
[INFO] [stdout] test parser::tokenizer::tests::directive_include ... ok
[INFO] [stdout] test parser::tokenizer::tests::multi_line_comment ... ok
[INFO] [stdout] test parser::tokenizer::tests::keywords ... ok
[INFO] [stdout] test parser::tokenizer::tests::multi_line_interpol ... ok
[INFO] [stdout] test parser::tokenizer::tests::multi_line_string ... ok
[INFO] [stdout] test parser::tokenizer::tests::numbers ... ok
[INFO] [stdout] test parser::tokenizer::tests::single_line_comment ... ok
[INFO] [stdout] test parser::tokenizer::tests::single_line_string ... ok
[INFO] [stdout] test parser::tokenizer::tests::operators ... ok
[INFO] [stdout] test parser::tokenizer::tests::symbols ... ok
[INFO] [stdout] test parser::parser::tests::dir_tests::declarations ... FAILED
[INFO] [stdout] test parser::parser::tests::dir_tests::control_flow ... FAILED
[INFO] [stdout] test parser::parser::tests::dir_tests::expressions ... FAILED
[INFO] [stdout] test parser::parser::tests::dir_tests::directives ... FAILED
[INFO] [stdout] 
[INFO] [stdout] failures:
[INFO] [stdout] 
[INFO] [stdout] ---- parser::parser::tests::dir_tests::declarations stdout ----
[INFO] [stdout] thread 'parser::parser::tests::dir_tests::declarations' panicked at 'called `Result::unwrap()` on an `Err` value: Os { code: 2, kind: NotFound, message: "No such file or directory" }', src/parser/parser.rs:917:37
[INFO] [stdout] stack backtrace:
[INFO] [stdout]    0:     0x560816b47bd0 - std::backtrace_rs::backtrace::libunwind::trace::h34055254b57d8e79
[INFO] [stdout]                                at /rustc/a178d0322ce20e33eac124758e837cbd80a6f633/library/std/src/../../backtrace/src/backtrace/libunwind.rs:90:5
[INFO] [stdout]    1:     0x560816b47bd0 - std::backtrace_rs::backtrace::trace_unsynchronized::h8f1e3fbd9afff6ec
[INFO] [stdout]                                at /rustc/a178d0322ce20e33eac124758e837cbd80a6f633/library/std/src/../../backtrace/src/backtrace/mod.rs:66:5
[INFO] [stdout]    2:     0x560816b47bd0 - std::sys_common::backtrace::_print_fmt::h3a99a796b770c360
[INFO] [stdout]                                at /rustc/a178d0322ce20e33eac124758e837cbd80a6f633/library/std/src/sys_common/backtrace.rs:67:5
[INFO] [stdout]    3:     0x560816b47bd0 - <std::sys_common::backtrace::_print::DisplayBacktrace as core::fmt::Display>::fmt::h32d1f94a80615d18
[INFO] [stdout]                                at /rustc/a178d0322ce20e33eac124758e837cbd80a6f633/library/std/src/sys_common/backtrace.rs:46:22
[INFO] [stdout]    4:     0x560816b6a80c - core::fmt::write::h306731c068f7162c
[INFO] [stdout]                                at /rustc/a178d0322ce20e33eac124758e837cbd80a6f633/library/core/src/fmt/mod.rs:1110:17
[INFO] [stdout]    5:     0x560816b445f5 - std::io::Write::write_fmt::h87f19b0a2cd190bc
[INFO] [stdout]                                at /rustc/a178d0322ce20e33eac124758e837cbd80a6f633/library/std/src/io/mod.rs:1588:15
[INFO] [stdout]    6:     0x560816b49d5b - std::sys_common::backtrace::_print::h5abaa2601a852287
[INFO] [stdout]                                at /rustc/a178d0322ce20e33eac124758e837cbd80a6f633/library/std/src/sys_common/backtrace.rs:49:5
[INFO] [stdout]    7:     0x560816b49d5b - std::sys_common::backtrace::print::h8d81445442bb638f
[INFO] [stdout]                                at /rustc/a178d0322ce20e33eac124758e837cbd80a6f633/library/std/src/sys_common/backtrace.rs:36:9
[INFO] [stdout]    8:     0x560816b49d5b - std::panicking::default_hook::{{closure}}::hcfe804496a9fa747
[INFO] [stdout]                                at /rustc/a178d0322ce20e33eac124758e837cbd80a6f633/library/std/src/panicking.rs:208:50
[INFO] [stdout]    9:     0x560816b4986c - std::panicking::default_hook::hbea8e3ccf2ba8901
[INFO] [stdout]                                at /rustc/a178d0322ce20e33eac124758e837cbd80a6f633/library/std/src/panicking.rs:222:9
[INFO] [stdout]   10:     0x560816b4a424 - std::panicking::rust_panic_with_hook::h7ee9e1a2d0f8975a
[INFO] [stdout]                                at /rustc/a178d0322ce20e33eac124758e837cbd80a6f633/library/std/src/panicking.rs:622:17
[INFO] [stdout]   11:     0x560816b49f07 - std::panicking::begin_panic_handler::{{closure}}::h8ab3b4491718b2c7
[INFO] [stdout]                                at /rustc/a178d0322ce20e33eac124758e837cbd80a6f633/library/std/src/panicking.rs:519:13
[INFO] [stdout]   12:     0x560816b480cc - std::sys_common::backtrace::__rust_end_short_backtrace::hd489062ffa586a9f
[INFO] [stdout]                                at /rustc/a178d0322ce20e33eac124758e837cbd80a6f633/library/std/src/sys_common/backtrace.rs:141:18
[INFO] [stdout]   13:     0x560816b49e69 - rust_begin_unwind
[INFO] [stdout]                                at /rustc/a178d0322ce20e33eac124758e837cbd80a6f633/library/std/src/panicking.rs:515:5
[INFO] [stdout]   14:     0x560816aa0651 - core::panicking::panic_fmt::hca6330e3e14086b4
[INFO] [stdout]                                at /rustc/a178d0322ce20e33eac124758e837cbd80a6f633/library/core/src/panicking.rs:92:14
[INFO] [stdout]   15:     0x560816aa0743 - core::result::unwrap_failed::h6160d2b4bfbb0e87
[INFO] [stdout]                                at /rustc/a178d0322ce20e33eac124758e837cbd80a6f633/library/core/src/result.rs:1355:5
[INFO] [stdout]   16:     0x560816aaf8e8 - core::result::Result<T,E>::unwrap::h019fbcb3087d34bc
[INFO] [stdout]                                at /rustc/a178d0322ce20e33eac124758e837cbd80a6f633/library/core/src/result.rs:1037:23
[INFO] [stdout]   17:     0x560816abfda1 - lib_maniascript::parser::parser::tests::test_dir::h28e470534a5f4578
[INFO] [stdout]                                at /opt/rustwide/workdir/src/parser/parser.rs:917:22
[INFO] [stdout]   18:     0x560816abdcd2 - lib_maniascript::parser::parser::tests::dir_tests::declarations::h585149324a2a6dd2
[INFO] [stdout]                                at /opt/rustwide/workdir/src/parser/parser.rs:962:37
[INFO] [stdout]   19:     0x560816abdcaa - lib_maniascript::parser::parser::tests::dir_tests::declarations::{{closure}}::hb61b20a4eca9d6e6
[INFO] [stdout]                                at /opt/rustwide/workdir/src/parser/parser.rs:962:17
[INFO] [stdout]   20:     0x560816ad0e1e - core::ops::function::FnOnce::call_once::hd14f500c39ab5663
[INFO] [stdout]                                at /rustc/a178d0322ce20e33eac124758e837cbd80a6f633/library/core/src/ops/function.rs:227:5
[INFO] [stdout]   21:     0x560816afb4f3 - core::ops::function::FnOnce::call_once::h152e7e439ff59e19
[INFO] [stdout]                                at /rustc/a178d0322ce20e33eac124758e837cbd80a6f633/library/core/src/ops/function.rs:227:5
[INFO] [stdout]   22:     0x560816afb4f3 - test::__rust_begin_short_backtrace::h0908f3b1fdbb72ab
[INFO] [stdout]                                at /rustc/a178d0322ce20e33eac124758e837cbd80a6f633/library/test/src/lib.rs:577:5
[INFO] [stdout]   23:     0x560816af9fb0 - <alloc::boxed::Box<F,A> as core::ops::function::FnOnce<Args>>::call_once::hf6d2a51e5587546c
[INFO] [stdout]                                at /rustc/a178d0322ce20e33eac124758e837cbd80a6f633/library/alloc/src/boxed.rs:1575:9
[INFO] [stdout]   24:     0x560816af9fb0 - <std::panic::AssertUnwindSafe<F> as core::ops::function::FnOnce<()>>::call_once::h8af660f3a89ef593
[INFO] [stdout]                                at /rustc/a178d0322ce20e33eac124758e837cbd80a6f633/library/std/src/panic.rs:347:9
[INFO] [stdout]   25:     0x560816af9fb0 - std::panicking::try::do_call::hd36aef60f84b6d36
[INFO] [stdout]                                at /rustc/a178d0322ce20e33eac124758e837cbd80a6f633/library/std/src/panicking.rs:401:40
[INFO] [stdout]   26:     0x560816af9fb0 - std::panicking::try::h9932b4480e69817c
[INFO] [stdout]                                at /rustc/a178d0322ce20e33eac124758e837cbd80a6f633/library/std/src/panicking.rs:365:19
[INFO] [stdout]   27:     0x560816af9fb0 - std::panic::catch_unwind::h6aa177099cfff5f8
[INFO] [stdout]                                at /rustc/a178d0322ce20e33eac124758e837cbd80a6f633/library/std/src/panic.rs:434:14
[INFO] [stdout]   28:     0x560816af9fb0 - test::run_test_in_process::h5884d6f2d99e20c3
[INFO] [stdout]                                at /rustc/a178d0322ce20e33eac124758e837cbd80a6f633/library/test/src/lib.rs:600:18
[INFO] [stdout]   29:     0x560816af9fb0 - test::run_test::run_test_inner::{{closure}}::h6fdc58c6d5f5b6e3
[INFO] [stdout]                                at /rustc/a178d0322ce20e33eac124758e837cbd80a6f633/library/test/src/lib.rs:492:39
[INFO] [stdout]   30:     0x560816ad3662 - test::run_test::run_test_inner::{{closure}}::h408365d67a78ade8
[INFO] [stdout]                                at /rustc/a178d0322ce20e33eac124758e837cbd80a6f633/library/test/src/lib.rs:519:37
[INFO] [stdout]   31:     0x560816ad3662 - std::sys_common::backtrace::__rust_begin_short_backtrace::hb560b77c4f701523
[INFO] [stdout]                                at /rustc/a178d0322ce20e33eac124758e837cbd80a6f633/library/std/src/sys_common/backtrace.rs:125:18
[INFO] [stdout]   32:     0x560816ad7218 - std::thread::Builder::spawn_unchecked::{{closure}}::{{closure}}::hf2e7831dad93c597
[INFO] [stdout]                                at /rustc/a178d0322ce20e33eac124758e837cbd80a6f633/library/std/src/thread/mod.rs:481:17
[INFO] [stdout]   33:     0x560816ad7218 - <std::panic::AssertUnwindSafe<F> as core::ops::function::FnOnce<()>>::call_once::hd2e08783d8be4d02
[INFO] [stdout]                                at /rustc/a178d0322ce20e33eac124758e837cbd80a6f633/library/std/src/panic.rs:347:9
[INFO] [stdout]   34:     0x560816ad7218 - std::panicking::try::do_call::h062597b7acfd6b82
[INFO] [stdout]                                at /rustc/a178d0322ce20e33eac124758e837cbd80a6f633/library/std/src/panicking.rs:401:40
[INFO] [stdout]   35:     0x560816ad7218 - std::panicking::try::h0d7b79db04c14552
[INFO] [stdout]                                at /rustc/a178d0322ce20e33eac124758e837cbd80a6f633/library/std/src/panicking.rs:365:19
[INFO] [stdout]   36:     0x560816ad7218 - std::panic::catch_unwind::hb01a0b5e7c8cd43b
[INFO] [stdout]                                at /rustc/a178d0322ce20e33eac124758e837cbd80a6f633/library/std/src/panic.rs:434:14
[INFO] [stdout]   37:     0x560816ad7218 - std::thread::Builder::spawn_unchecked::{{closure}}::h5bde48cc887e0d1e
[INFO] [stdout]                                at /rustc/a178d0322ce20e33eac124758e837cbd80a6f633/library/std/src/thread/mod.rs:480:30
[INFO] [stdout]   38:     0x560816ad7218 - core::ops::function::FnOnce::call_once{{vtable.shim}}::h745ea30807a29e55
[INFO] [stdout]                                at /rustc/a178d0322ce20e33eac124758e837cbd80a6f633/library/core/src/ops/function.rs:227:5
[INFO] [stdout]   39:     0x560816b4f307 - <alloc::boxed::Box<F,A> as core::ops::function::FnOnce<Args>>::call_once::h7ece6cfefaff1005
[INFO] [stdout]                                at /rustc/a178d0322ce20e33eac124758e837cbd80a6f633/library/alloc/src/boxed.rs:1575:9
[INFO] [stdout]   40:     0x560816b4f307 - <alloc::boxed::Box<F,A> as core::ops::function::FnOnce<Args>>::call_once::hb8b48e55c21f193e
[INFO] [stdout]                                at /rustc/a178d0322ce20e33eac124758e837cbd80a6f633/library/alloc/src/boxed.rs:1575:9
[INFO] [stdout]   41:     0x560816b4f307 - std::sys::unix::thread::Thread::new::thread_start::h8c7c4450dba62914
[INFO] [stdout]                                at /rustc/a178d0322ce20e33eac124758e837cbd80a6f633/library/std/src/sys/unix/thread.rs:71:17
[INFO] [stdout]   42:     0x7f805aef0609 - start_thread
[INFO] [stdout]   43:     0x7f805acc2293 - clone
[INFO] [stdout]   44:                0x0 - <unknown>
[INFO] [stdout] 
[INFO] [stdout] ---- parser::parser::tests::dir_tests::control_flow stdout ----
[INFO] [stdout] thread 'parser::parser::tests::dir_tests::control_flow' panicked at 'called `Result::unwrap()` on an `Err` value: Os { code: 2, kind: NotFound, message: "No such file or directory" }', src/parser/parser.rs:917:37
[INFO] [stdout] stack backtrace:
[INFO] [stdout]    0:     0x560816b47bd0 - std::backtrace_rs::backtrace::libunwind::trace::h34055254b57d8e79
[INFO] [stdout]                                at /rustc/a178d0322ce20e33eac124758e837cbd80a6f633/library/std/src/../../backtrace/src/backtrace/libunwind.rs:90:5
[INFO] [stdout]    1:     0x560816b47bd0 - std::backtrace_rs::backtrace::trace_unsynchronized::h8f1e3fbd9afff6ec
[INFO] [stdout]                                at /rustc/a178d0322ce20e33eac124758e837cbd80a6f633/library/std/src/../../backtrace/src/backtrace/mod.rs:66:5
[INFO] [stdout]    2:     0x560816b47bd0 - std::sys_common::backtrace::_print_fmt::h3a99a796b770c360
[INFO] [stdout]                                at /rustc/a178d0322ce20e33eac124758e837cbd80a6f633/library/std/src/sys_common/backtrace.rs:67:5
[INFO] [stdout]    3:     0x560816b47bd0 - <std::sys_common::backtrace::_print::DisplayBacktrace as core::fmt::Display>::fmt::h32d1f94a80615d18
[INFO] [stdout]                                at /rustc/a178d0322ce20e33eac124758e837cbd80a6f633/library/std/src/sys_common/backtrace.rs:46:22
[INFO] [stdout]    4:     0x560816b6a80c - core::fmt::write::h306731c068f7162c
[INFO] [stdout]                                at /rustc/a178d0322ce20e33eac124758e837cbd80a6f633/library/core/src/fmt/mod.rs:1110:17
[INFO] [stdout]    5:     0x560816b445f5 - std::io::Write::write_fmt::h87f19b0a2cd190bc
[INFO] [stdout]                                at /rustc/a178d0322ce20e33eac124758e837cbd80a6f633/library/std/src/io/mod.rs:1588:15
[INFO] [stdout]    6:     0x560816b49d5b - std::sys_common::backtrace::_print::h5abaa2601a852287
[INFO] [stdout]                                at /rustc/a178d0322ce20e33eac124758e837cbd80a6f633/library/std/src/sys_common/backtrace.rs:49:5
[INFO] [stdout]    7:     0x560816b49d5b - std::sys_common::backtrace::print::h8d81445442bb638f
[INFO] [stdout]                                at /rustc/a178d0322ce20e33eac124758e837cbd80a6f633/library/std/src/sys_common/backtrace.rs:36:9
[INFO] [stdout]    8:     0x560816b49d5b - std::panicking::default_hook::{{closure}}::hcfe804496a9fa747
[INFO] [stdout]                                at /rustc/a178d0322ce20e33eac124758e837cbd80a6f633/library/std/src/panicking.rs:208:50
[INFO] [stdout]    9:     0x560816b4986c - std::panicking::default_hook::hbea8e3ccf2ba8901
[INFO] [stdout]                                at /rustc/a178d0322ce20e33eac124758e837cbd80a6f633/library/std/src/panicking.rs:222:9
[INFO] [stdout]   10:     0x560816b4a424 - std::panicking::rust_panic_with_hook::h7ee9e1a2d0f8975a
[INFO] [stdout]                                at /rustc/a178d0322ce20e33eac124758e837cbd80a6f633/library/std/src/panicking.rs:622:17
[INFO] [stdout]   11:     0x560816b49f07 - std::panicking::begin_panic_handler::{{closure}}::h8ab3b4491718b2c7
[INFO] [stdout]                                at /rustc/a178d0322ce20e33eac124758e837cbd80a6f633/library/std/src/panicking.rs:519:13
[INFO] [stdout]   12:     0x560816b480cc - std::sys_common::backtrace::__rust_end_short_backtrace::hd489062ffa586a9f
[INFO] [stdout]                                at /rustc/a178d0322ce20e33eac124758e837cbd80a6f633/library/std/src/sys_common/backtrace.rs:141:18
[INFO] [stdout]   13:     0x560816b49e69 - rust_begin_unwind
[INFO] [stdout]                                at /rustc/a178d0322ce20e33eac124758e837cbd80a6f633/library/std/src/panicking.rs:515:5
[INFO] [stdout]   14:     0x560816aa0651 - core::panicking::panic_fmt::hca6330e3e14086b4
[INFO] [stdout]                                at /rustc/a178d0322ce20e33eac124758e837cbd80a6f633/library/core/src/panicking.rs:92:14
[INFO] [stdout]   15:     0x560816aa0743 - core::result::unwrap_failed::h6160d2b4bfbb0e87
[INFO] [stdout]                                at /rustc/a178d0322ce20e33eac124758e837cbd80a6f633/library/core/src/result.rs:1355:5
[INFO] [stdout]   16:     0x560816aaf8e8 - core::result::Result<T,E>::unwrap::h019fbcb3087d34bc
[INFO] [stdout]                                at /rustc/a178d0322ce20e33eac124758e837cbd80a6f633/library/core/src/result.rs:1037:23
[INFO] [stdout]   17:     0x560816abfda1 - lib_maniascript::parser::parser::tests::test_dir::h28e470534a5f4578
[INFO] [stdout]                                at /opt/rustwide/workdir/src/parser/parser.rs:917:22
[INFO] [stdout]   18:     0x560816abdd12 - lib_maniascript::parser::parser::tests::dir_tests::control_flow::h20098ee2d297ea48
[INFO] [stdout]                                at /opt/rustwide/workdir/src/parser/parser.rs:963:37
[INFO] [stdout]   19:     0x560816abdcea - lib_maniascript::parser::parser::tests::dir_tests::control_flow::{{closure}}::h19ec4ed295e220ca
[INFO] [stdout]                                at /opt/rustwide/workdir/src/parser/parser.rs:963:17
[INFO] [stdout]   20:     0x560816ad09be - core::ops::function::FnOnce::call_once::h0f78481d0e6af215
[INFO] [stdout]                                at /rustc/a178d0322ce20e33eac124758e837cbd80a6f633/library/core/src/ops/function.rs:227:5
[INFO] [stdout]   21:     0x560816afb4f3 - core::ops::function::FnOnce::call_once::h152e7e439ff59e19
[INFO] [stdout]                                at /rustc/a178d0322ce20e33eac124758e837cbd80a6f633/library/core/src/ops/function.rs:227:5
[INFO] [stdout]   22:     0x560816afb4f3 - test::__rust_begin_short_backtrace::h0908f3b1fdbb72ab
[INFO] [stdout]                                at /rustc/a178d0322ce20e33eac124758e837cbd80a6f633/library/test/src/lib.rs:577:5
[INFO] [stdout]   23:     0x560816af9fb0 - <alloc::boxed::Box<F,A> as core::ops::function::FnOnce<Args>>::call_once::hf6d2a51e5587546c
[INFO] [stdout]                                at /rustc/a178d0322ce20e33eac124758e837cbd80a6f633/library/alloc/src/boxed.rs:1575:9
[INFO] [stdout]   24:     0x560816af9fb0 - <std::panic::AssertUnwindSafe<F> as core::ops::function::FnOnce<()>>::call_once::h8af660f3a89ef593
[INFO] [stdout]                                at /rustc/a178d0322ce20e33eac124758e837cbd80a6f633/library/std/src/panic.rs:347:9
[INFO] [stdout]   25:     0x560816af9fb0 - std::panicking::try::do_call::hd36aef60f84b6d36
[INFO] [stdout]                                at /rustc/a178d0322ce20e33eac124758e837cbd80a6f633/library/std/src/panicking.rs:401:40
[INFO] [stdout]   26:     0x560816af9fb0 - std::panicking::try::h9932b4480e69817c
[INFO] [stdout]                                at /rustc/a178d0322ce20e33eac124758e837cbd80a6f633/library/std/src/panicking.rs:365:19
[INFO] [stdout]   27:     0x560816af9fb0 - std::panic::catch_unwind::h6aa177099cfff5f8
[INFO] [stdout]                                at /rustc/a178d0322ce20e33eac124758e837cbd80a6f633/library/std/src/panic.rs:434:14
[INFO] [stdout]   28:     0x560816af9fb0 - test::run_test_in_process::h5884d6f2d99e20c3
[INFO] [stdout]                                at /rustc/a178d0322ce20e33eac124758e837cbd80a6f633/library/test/src/lib.rs:600:18
[INFO] [stdout]   29:     0x560816af9fb0 - test::run_test::run_test_inner::{{closure}}::h6fdc58c6d5f5b6e3
[INFO] [stdout]                                at /rustc/a178d0322ce20e33eac124758e837cbd80a6f633/library/test/src/lib.rs:492:39
[INFO] [stdout]   30:     0x560816ad3662 - test::run_test::run_test_inner::{{closure}}::h408365d67a78ade8
[INFO] [stdout]                                at /rustc/a178d0322ce20e33eac124758e837cbd80a6f633/library/test/src/lib.rs:519:37
[INFO] [stdout]   31:     0x560816ad3662 - std::sys_common::backtrace::__rust_begin_short_backtrace::hb560b77c4f701523
[INFO] [stdout]                                at /rustc/a178d0322ce20e33eac124758e837cbd80a6f633/library/std/src/sys_common/backtrace.rs:125:18
[INFO] [stdout]   32:     0x560816ad7218 - std::thread::Builder::spawn_unchecked::{{closure}}::{{closure}}::hf2e7831dad93c597
[INFO] [stdout]                                at /rustc/a178d0322ce20e33eac124758e837cbd80a6f633/library/std/src/thread/mod.rs:481:17
[INFO] [stdout]   33:     0x560816ad7218 - <std::panic::AssertUnwindSafe<F> as core::ops::function::FnOnce<()>>::call_once::hd2e08783d8be4d02
[INFO] [stdout]                                at /rustc/a178d0322ce20e33eac124758e837cbd80a6f633/library/std/src/panic.rs:347:9
[INFO] [stdout]   34:     0x560816ad7218 - std::panicking::try::do_call::h062597b7acfd6b82
[INFO] [stdout]                                at /rustc/a178d0322ce20e33eac124758e837cbd80a6f633/library/std/src/panicking.rs:401:40
[INFO] [stdout]   35:     0x560816ad7218 - std::panicking::try::h0d7b79db04c14552
[INFO] [stdout]                                at /rustc/a178d0322ce20e33eac124758e837cbd80a6f633/library/std/src/panicking.rs:365:19
[INFO] [stdout]   36:     0x560816ad7218 - std::panic::catch_unwind::hb01a0b5e7c8cd43b
[INFO] [stdout]                                at /rustc/a178d0322ce20e33eac124758e837cbd80a6f633/library/std/src/panic.rs:434:14
[INFO] [stdout]   37:     0x560816ad7218 - std::thread::Builder::spawn_unchecked::{{closure}}::h5bde48cc887e0d1e
[INFO] [stdout]                                at /rustc/a178d0322ce20e33eac124758e837cbd80a6f633/library/std/src/thread/mod.rs:480:30
[INFO] [stdout]   38:     0x560816ad7218 - core::ops::function::FnOnce::call_once{{vtable.shim}}::h745ea30807a29e55
[INFO] [stdout]                                at /rustc/a178d0322ce20e33eac124758e837cbd80a6f633/library/core/src/ops/function.rs:227:5
[INFO] [stdout]   39:     0x560816b4f307 - <alloc::boxed::Box<F,A> as core::ops::function::FnOnce<Args>>::call_once::h7ece6cfefaff1005
[INFO] [stdout]                                at /rustc/a178d0322ce20e33eac124758e837cbd80a6f633/library/alloc/src/boxed.rs:1575:9
[INFO] [stdout]   40:     0x560816b4f307 - <alloc::boxed::Box<F,A> as core::ops::function::FnOnce<Args>>::call_once::hb8b48e55c21f193e
[INFO] [stdout]                                at /rustc/a178d0322ce20e33eac124758e837cbd80a6f633/library/alloc/src/boxed.rs:1575:9
[INFO] [stdout]   41:     0x560816b4f307 - std::sys::unix::thread::Thread::new::thread_start::h8c7c4450dba62914
[INFO] [stdout]                                at /rustc/a178d0322ce20e33eac124758e837cbd80a6f633/library/std/src/sys/unix/thread.rs:71:17
[INFO] [stdout]   42:     0x7f805aef0609 - start_thread
[INFO] [stdout]   43:     0x7f805acc2293 - clone
[INFO] [stdout]   44:                0x0 - <unknown>
[INFO] [stdout] 
[INFO] [stdout] ---- parser::parser::tests::dir_tests::expressions stdout ----
[INFO] [stdout] thread 'parser::parser::tests::dir_tests::expressions' panicked at 'called `Result::unwrap()` on an `Err` value: Os { code: 2, kind: NotFound, message: "No such file or directory" }', src/parser/parser.rs:917:37
[INFO] [stdout] stack backtrace:
[INFO] [stdout]    0:     0x560816b47bd0 - std::backtrace_rs::backtrace::libunwind::trace::h34055254b57d8e79
[INFO] [stdout]                                at /rustc/a178d0322ce20e33eac124758e837cbd80a6f633/library/std/src/../../backtrace/src/backtrace/libunwind.rs:90:5
[INFO] [stdout]    1:     0x560816b47bd0 - std::backtrace_rs::backtrace::trace_unsynchronized::h8f1e3fbd9afff6ec
[INFO] [stdout]                                at /rustc/a178d0322ce20e33eac124758e837cbd80a6f633/library/std/src/../../backtrace/src/backtrace/mod.rs:66:5
[INFO] [stdout]    2:     0x560816b47bd0 - std::sys_common::backtrace::_print_fmt::h3a99a796b770c360
[INFO] [stdout]                                at /rustc/a178d0322ce20e33eac124758e837cbd80a6f633/library/std/src/sys_common/backtrace.rs:67:5
[INFO] [stdout]    3:     0x560816b47bd0 - <std::sys_common::backtrace::_print::DisplayBacktrace as core::fmt::Display>::fmt::h32d1f94a80615d18
[INFO] [stdout]                                at /rustc/a178d0322ce20e33eac124758e837cbd80a6f633/library/std/src/sys_common/backtrace.rs:46:22
[INFO] [stdout]    4:     0x560816b6a80c - core::fmt::write::h306731c068f7162c
[INFO] [stdout]                                at /rustc/a178d0322ce20e33eac124758e837cbd80a6f633/library/core/src/fmt/mod.rs:1110:17
[INFO] [stdout]    5:     0x560816b445f5 - std::io::Write::write_fmt::h87f19b0a2cd190bc
[INFO] [stdout]                                at /rustc/a178d0322ce20e33eac124758e837cbd80a6f633/library/std/src/io/mod.rs:1588:15
[INFO] [stdout]    6:     0x560816b49d5b - std::sys_common::backtrace::_print::h5abaa2601a852287
[INFO] [stdout]                                at /rustc/a178d0322ce20e33eac124758e837cbd80a6f633/library/std/src/sys_common/backtrace.rs:49:5
[INFO] [stdout]    7:     0x560816b49d5b - std::sys_common::backtrace::print::h8d81445442bb638f
[INFO] [stdout]                                at /rustc/a178d0322ce20e33eac124758e837cbd80a6f633/library/std/src/sys_common/backtrace.rs:36:9
[INFO] [stdout]    8:     0x560816b49d5b - std::panicking::default_hook::{{closure}}::hcfe804496a9fa747
[INFO] [stdout]                                at /rustc/a178d0322ce20e33eac124758e837cbd80a6f633/library/std/src/panicking.rs:208:50
[INFO] [stdout]    9:     0x560816b4986c - std::panicking::default_hook::hbea8e3ccf2ba8901
[INFO] [stdout]                                at /rustc/a178d0322ce20e33eac124758e837cbd80a6f633/library/std/src/panicking.rs:222:9
[INFO] [stdout]   10:     0x560816b4a424 - std::panicking::rust_panic_with_hook::h7ee9e1a2d0f8975a
[INFO] [stdout]                                at /rustc/a178d0322ce20e33eac124758e837cbd80a6f633/library/std/src/panicking.rs:622:17
[INFO] [stdout]   11:     0x560816b49f07 - std::panicking::begin_panic_handler::{{closure}}::h8ab3b4491718b2c7
[INFO] [stdout]                                at /rustc/a178d0322ce20e33eac124758e837cbd80a6f633/library/std/src/panicking.rs:519:13
[INFO] [stdout]   12:     0x560816b480cc - std::sys_common::backtrace::__rust_end_short_backtrace::hd489062ffa586a9f
[INFO] [stdout]                                at /rustc/a178d0322ce20e33eac124758e837cbd80a6f633/library/std/src/sys_common/backtrace.rs:141:18
[INFO] [stdout]   13:     0x560816b49e69 - rust_begin_unwind
[INFO] [stdout]                                at /rustc/a178d0322ce20e33eac124758e837cbd80a6f633/library/std/src/panicking.rs:515:5
[INFO] [stdout]   14:     0x560816aa0651 - core::panicking::panic_fmt::hca6330e3e14086b4
[INFO] [stdout]                                at /rustc/a178d0322ce20e33eac124758e837cbd80a6f633/library/core/src/panicking.rs:92:14
[INFO] [stdout]   15:     0x560816aa0743 - core::result::unwrap_failed::h6160d2b4bfbb0e87
[INFO] [stdout]                                at /rustc/a178d0322ce20e33eac124758e837cbd80a6f633/library/core/src/result.rs:1355:5
[INFO] [stdout]   16:     0x560816aaf8e8 - core::result::Result<T,E>::unwrap::h019fbcb3087d34bc
[INFO] [stdout]                                at /rustc/a178d0322ce20e33eac124758e837cbd80a6f633/library/core/src/result.rs:1037:23
[INFO] [stdout]   17:     0x560816abfda1 - lib_maniascript::parser::parser::tests::test_dir::h28e470534a5f4578
[INFO] [stdout]                                at /opt/rustwide/workdir/src/parser/parser.rs:917:22
[INFO] [stdout]   18:     0x560816abdc92 - lib_maniascript::parser::parser::tests::dir_tests::expressions::hf41d8a4305719993
[INFO] [stdout]                                at /opt/rustwide/workdir/src/parser/parser.rs:961:36
[INFO] [stdout]   19:     0x560816abdc6a - lib_maniascript::parser::parser::tests::dir_tests::expressions::{{closure}}::h4337eb51cf6cb907
[INFO] [stdout]                                at /opt/rustwide/workdir/src/parser/parser.rs:961:17
[INFO] [stdout]   20:     0x560816ad0ace - core::ops::function::FnOnce::call_once::h54aef83f8b7347ca
[INFO] [stdout]                                at /rustc/a178d0322ce20e33eac124758e837cbd80a6f633/library/core/src/ops/function.rs:227:5
[INFO] [stdout]   21:     0x560816afb4f3 - core::ops::function::FnOnce::call_once::h152e7e439ff59e19
[INFO] [stdout]                                at /rustc/a178d0322ce20e33eac124758e837cbd80a6f633/library/core/src/ops/function.rs:227:5
[INFO] [stdout]   22:     0x560816afb4f3 - test::__rust_begin_short_backtrace::h0908f3b1fdbb72ab
[INFO] [stdout]                                at /rustc/a178d0322ce20e33eac124758e837cbd80a6f633/library/test/src/lib.rs:577:5
[INFO] [stdout]   23:     0x560816af9fb0 - <alloc::boxed::Box<F,A> as core::ops::function::FnOnce<Args>>::call_once::hf6d2a51e5587546c
[INFO] [stdout]                                at /rustc/a178d0322ce20e33eac124758e837cbd80a6f633/library/alloc/src/boxed.rs:1575:9
[INFO] [stdout]   24:     0x560816af9fb0 - <std::panic::AssertUnwindSafe<F> as core::ops::function::FnOnce<()>>::call_once::h8af660f3a89ef593
[INFO] [stdout]                                at /rustc/a178d0322ce20e33eac124758e837cbd80a6f633/library/std/src/panic.rs:347:9
[INFO] [stdout]   25:     0x560816af9fb0 - std::panicking::try::do_call::hd36aef60f84b6d36
[INFO] [stdout]                                at /rustc/a178d0322ce20e33eac124758e837cbd80a6f633/library/std/src/panicking.rs:401:40
[INFO] [stdout]   26:     0x560816af9fb0 - std::panicking::try::h9932b4480e69817c
[INFO] [stdout]                                at /rustc/a178d0322ce20e33eac124758e837cbd80a6f633/library/std/src/panicking.rs:365:19
[INFO] [stdout]   27:     0x560816af9fb0 - std::panic::catch_unwind::h6aa177099cfff5f8
[INFO] [stdout]                                at /rustc/a178d0322ce20e33eac124758e837cbd80a6f633/library/std/src/panic.rs:434:14
[INFO] [stdout]   28:     0x560816af9fb0 - test::run_test_in_process::h5884d6f2d99e20c3
[INFO] [stdout]                                at /rustc/a178d0322ce20e33eac124758e837cbd80a6f633/library/test/src/lib.rs:600:18
[INFO] [stdout]   29:     0x560816af9fb0 - test::run_test::run_test_inner::{{closure}}::h6fdc58c6d5f5b6e3
[INFO] [stdout]                                at /rustc/a178d0322ce20e33eac124758e837cbd80a6f633/library/test/src/lib.rs:492:39
[INFO] [stdout]   30:     0x560816ad3662 - test::run_test::run_test_inner::{{closure}}::h408365d67a78ade8
[INFO] [stdout]                                at /rustc/a178d0322ce20e33eac124758e837cbd80a6f633/library/test/src/lib.rs:519:37
[INFO] [stdout]   31:     0x560816ad3662 - std::sys_common::backtrace::__rust_begin_short_backtrace::hb560b77c4f701523
[INFO] [stdout]                                at /rustc/a178d0322ce20e33eac124758e837cbd80a6f633/library/std/src/sys_common/backtrace.rs:125:18
[INFO] [stdout]   32:     0x560816ad7218 - std::thread::Builder::spawn_unchecked::{{closure}}::{{closure}}::hf2e7831dad93c597
[INFO] [stdout]                                at /rustc/a178d0322ce20e33eac124758e837cbd80a6f633/library/std/src/thread/mod.rs:481:17
[INFO] [stdout]   33:     0x560816ad7218 - <std::panic::AssertUnwindSafe<F> as core::ops::function::FnOnce<()>>::call_once::hd2e08783d8be4d02
[INFO] [stdout]                                at /rustc/a178d0322ce20e33eac124758e837cbd80a6f633/library/std/src/panic.rs:347:9
[INFO] [stdout]   34:     0x560816ad7218 - std::panicking::try::do_call::h062597b7acfd6b82
[INFO] [stdout]                                at /rustc/a178d0322ce20e33eac124758e837cbd80a6f633/library/std/src/panicking.rs:401:40
[INFO] [stdout]   35:     0x560816ad7218 - std::panicking::try::h0d7b79db04c14552
[INFO] [stdout]                                at /rustc/a178d0322ce20e33eac124758e837cbd80a6f633/library/std/src/panicking.rs:365:19
[INFO] [stdout]   36:     0x560816ad7218 - std::panic::catch_unwind::hb01a0b5e7c8cd43b
[INFO] [stdout]                                at /rustc/a178d0322ce20e33eac124758e837cbd80a6f633/library/std/src/panic.rs:434:14
[INFO] [stdout]   37:     0x560816ad7218 - std::thread::Builder::spawn_unchecked::{{closure}}::h5bde48cc887e0d1e
[INFO] [stdout]                                at /rustc/a178d0322ce20e33eac124758e837cbd80a6f633/library/std/src/thread/mod.rs:480:30
[INFO] [stdout]   38:     0x560816ad7218 - core::ops::function::FnOnce::call_once{{vtable.shim}}::h745ea30807a29e55
[INFO] [stdout]                                at /rustc/a178d0322ce20e33eac124758e837cbd80a6f633/library/core/src/ops/function.rs:227:5
[INFO] [stdout]   39:     0x560816b4f307 - <alloc::boxed::Box<F,A> as core::ops::function::FnOnce<Args>>::call_once::h7ece6cfefaff1005
[INFO] [stdout]                                at /rustc/a178d0322ce20e33eac124758e837cbd80a6f633/library/alloc/src/boxed.rs:1575:9
[INFO] [stdout]   40:     0x560816b4f307 - <alloc::boxed::Box<F,A> as core::ops::function::FnOnce<Args>>::call_once::hb8b48e55c21f193e
[INFO] [stdout]                                at /rustc/a178d0322ce20e33eac124758e837cbd80a6f633/library/alloc/src/boxed.rs:1575:9
[INFO] [stdout]   41:     0x560816b4f307 - std::sys::unix::thread::Thread::new::thread_start::h8c7c4450dba62914
[INFO] [stdout]                                at /rustc/a178d0322ce20e33eac124758e837cbd80a6f633/library/std/src/sys/unix/thread.rs:71:17
[INFO] [stdout]   42:     0x7f805aef0609 - start_thread
[INFO] [stdout]   43:     0x7f805acc2293 - clone
[INFO] [stdout]   44:                0x0 - <unknown>
[INFO] [stdout] 
[INFO] [stdout] ---- parser::parser::tests::dir_tests::directives stdout ----
[INFO] [stdout] thread 'parser::parser::tests::dir_tests::directives' panicked at 'called `Result::unwrap()` on an `Err` value: Os { code: 2, kind: NotFound, message: "No such file or directory" }', src/parser/parser.rs:917:37
[INFO] [stdout] stack backtrace:
[INFO] [stdout]    0:     0x560816b47bd0 - std::backtrace_rs::backtrace::libunwind::trace::h34055254b57d8e79
[INFO] [stdout]                                at /rustc/a178d0322ce20e33eac124758e837cbd80a6f633/library/std/src/../../backtrace/src/backtrace/libunwind.rs:90:5
[INFO] [stdout]    1:     0x560816b47bd0 - std::backtrace_rs::backtrace::trace_unsynchronized::h8f1e3fbd9afff6ec
[INFO] [stdout]                                at /rustc/a178d0322ce20e33eac124758e837cbd80a6f633/library/std/src/../../backtrace/src/backtrace/mod.rs:66:5
[INFO] [stdout]    2:     0x560816b47bd0 - std::sys_common::backtrace::_print_fmt::h3a99a796b770c360
[INFO] [stdout]                                at /rustc/a178d0322ce20e33eac124758e837cbd80a6f633/library/std/src/sys_common/backtrace.rs:67:5
[INFO] [stdout]    3:     0x560816b47bd0 - <std::sys_common::backtrace::_print::DisplayBacktrace as core::fmt::Display>::fmt::h32d1f94a80615d18
[INFO] [stdout]                                at /rustc/a178d0322ce20e33eac124758e837cbd80a6f633/library/std/src/sys_common/backtrace.rs:46:22
[INFO] [stdout]    4:     0x560816b6a80c - core::fmt::write::h306731c068f7162c
[INFO] [stdout]                                at /rustc/a178d0322ce20e33eac124758e837cbd80a6f633/library/core/src/fmt/mod.rs:1110:17
[INFO] [stdout]    5:     0x560816b445f5 - std::io::Write::write_fmt::h87f19b0a2cd190bc
[INFO] [stdout]                                at /rustc/a178d0322ce20e33eac124758e837cbd80a6f633/library/std/src/io/mod.rs:1588:15
[INFO] [stdout]    6:     0x560816b49d5b - std::sys_common::backtrace::_print::h5abaa2601a852287
[INFO] [stdout]                                at /rustc/a178d0322ce20e33eac124758e837cbd80a6f633/library/std/src/sys_common/backtrace.rs:49:5
[INFO] [stdout]    7:     0x560816b49d5b - std::sys_common::backtrace::print::h8d81445442bb638f
[INFO] [stdout]                                at /rustc/a178d0322ce20e33eac124758e837cbd80a6f633/library/std/src/sys_common/backtrace.rs:36:9
[INFO] [stdout]    8:     0x560816b49d5b - std::panicking::default_hook::{{closure}}::hcfe804496a9fa747
[INFO] [stdout]                                at /rustc/a178d0322ce20e33eac124758e837cbd80a6f633/library/std/src/panicking.rs:208:50
[INFO] [stdout]    9:     0x560816b4986c - std::panicking::default_hook::hbea8e3ccf2ba8901
[INFO] [stdout]                                at /rustc/a178d0322ce20e33eac124758e837cbd80a6f633/library/std/src/panicking.rs:222:9
[INFO] [stdout]   10:     0x560816b4a424 - std::panicking::rust_panic_with_hook::h7ee9e1a2d0f8975a
[INFO] [stdout]                                at /rustc/a178d0322ce20e33eac124758e837cbd80a6f633/library/std/src/panicking.rs:622:17
[INFO] [stdout]   11:     0x560816b49f07 - std::panicking::begin_panic_handler::{{closure}}::h8ab3b4491718b2c7
[INFO] [stdout]                                at /rustc/a178d0322ce20e33eac124758e837cbd80a6f633/library/std/src/panicking.rs:519:13
[INFO] [stdout]   12:     0x560816b480cc - std::sys_common::backtrace::__rust_end_short_backtrace::hd489062ffa586a9f
[INFO] [stdout]                                at /rustc/a178d0322ce20e33eac124758e837cbd80a6f633/library/std/src/sys_common/backtrace.rs:141:18
[INFO] [stdout]   13:     0x560816b49e69 - rust_begin_unwind
[INFO] [stdout]                                at /rustc/a178d0322ce20e33eac124758e837cbd80a6f633/library/std/src/panicking.rs:515:5
[INFO] [stdout]   14:     0x560816aa0651 - core::panicking::panic_fmt::hca6330e3e14086b4
[INFO] [stdout]                                at /rustc/a178d0322ce20e33eac124758e837cbd80a6f633/library/core/src/panicking.rs:92:14
[INFO] [stdout]   15:     0x560816aa0743 - core::result::unwrap_failed::h6160d2b4bfbb0e87
[INFO] [stdout]                                at /rustc/a178d0322ce20e33eac124758e837cbd80a6f633/library/core/src/result.rs:1355:5
[INFO] [stdout]   16:     0x560816aaf8e8 - core::result::Result<T,E>::unwrap::h019fbcb3087d34bc
[INFO] [stdout]                                at /rustc/a178d0322ce20e33eac124758e837cbd80a6f633/library/core/src/result.rs:1037:23
[INFO] [stdout]   17:     0x560816abfda1 - lib_maniascript::parser::parser::tests::test_dir::h28e470534a5f4578
[INFO] [stdout]                                at /opt/rustwide/workdir/src/parser/parser.rs:917:22
[INFO] [stdout]   18:     0x560816abdc52 - lib_maniascript::parser::parser::tests::dir_tests::directives::h5cc4fe66f94751bc
[INFO] [stdout]                                at /opt/rustwide/workdir/src/parser/parser.rs:960:35
[INFO] [stdout]   19:     0x560816abdc2a - lib_maniascript::parser::parser::tests::dir_tests::directives::{{closure}}::h0a0743c6faaca44c
[INFO] [stdout]                                at /opt/rustwide/workdir/src/parser/parser.rs:960:17
[INFO] [stdout]   20:     0x560816ad0b9e - core::ops::function::FnOnce::call_once::h65209be367fb07a7
[INFO] [stdout]                                at /rustc/a178d0322ce20e33eac124758e837cbd80a6f633/library/core/src/ops/function.rs:227:5
[INFO] [stdout]   21:     0x560816afb4f3 - core::ops::function::FnOnce::call_once::h152e7e439ff59e19
[INFO] [stdout]                                at /rustc/a178d0322ce20e33eac124758e837cbd80a6f633/library/core/src/ops/function.rs:227:5
[INFO] [stdout]   22:     0x560816afb4f3 - test::__rust_begin_short_backtrace::h0908f3b1fdbb72ab
[INFO] [stdout]                                at /rustc/a178d0322ce20e33eac124758e837cbd80a6f633/library/test/src/lib.rs:577:5
[INFO] [stdout]   23:     0x560816af9fb0 - <alloc::boxed::Box<F,A> as core::ops::function::FnOnce<Args>>::call_once::hf6d2a51e5587546c
[INFO] [stdout]                                at /rustc/a178d0322ce20e33eac124758e837cbd80a6f633/library/alloc/src/boxed.rs:1575:9
[INFO] [stdout]   24:     0x560816af9fb0 - <std::panic::AssertUnwindSafe<F> as core::ops::function::FnOnce<()>>::call_once::h8af660f3a89ef593
[INFO] [stdout]                                at /rustc/a178d0322ce20e33eac124758e837cbd80a6f633/library/std/src/panic.rs:347:9
[INFO] [stdout]   25:     0x560816af9fb0 - std::panicking::try::do_call::hd36aef60f84b6d36
[INFO] [stdout]                                at /rustc/a178d0322ce20e33eac124758e837cbd80a6f633/library/std/src/panicking.rs:401:40
[INFO] [stdout]   26:     0x560816af9fb0 - std::panicking::try::h9932b4480e69817c
[INFO] [stdout]                                at /rustc/a178d0322ce20e33eac124758e837cbd80a6f633/library/std/src/panicking.rs:365:19
[INFO] [stdout]   27:     0x560816af9fb0 - std::panic::catch_unwind::h6aa177099cfff5f8
[INFO] [stdout]                                at /rustc/a178d0322ce20e33eac124758e837cbd80a6f633/library/std/src/panic.rs:434:14
[INFO] [stdout]   28:     0x560816af9fb0 - test::run_test_in_process::h5884d6f2d99e20c3
[INFO] [stdout]                                at /rustc/a178d0322ce20e33eac124758e837cbd80a6f633/library/test/src/lib.rs:600:18
[INFO] [stdout]   29:     0x560816af9fb0 - test::run_test::run_test_inner::{{closure}}::h6fdc58c6d5f5b6e3
[INFO] [stdout]                                at /rustc/a178d0322ce20e33eac124758e837cbd80a6f633/library/test/src/lib.rs:492:39
[INFO] [stdout]   30:     0x560816ad3662 - test::run_test::run_test_inner::{{closure}}::h408365d67a78ade8
[INFO] [stdout]                                at /rustc/a178d0322ce20e33eac124758e837cbd80a6f633/library/test/src/lib.rs:519:37
[INFO] [stdout]   31:     0x560816ad3662 - std::sys_common::backtrace::__rust_begin_short_backtrace::hb560b77c4f701523
[INFO] [stdout]                                at /rustc/a178d0322ce20e33eac124758e837cbd80a6f633/library/std/src/sys_common/backtrace.rs:125:18
[INFO] [stdout]   32:     0x560816ad7218 - std::thread::Builder::spawn_unchecked::{{closure}}::{{closure}}::hf2e7831dad93c597
[INFO] [stdout]                                at /rustc/a178d0322ce20e33eac124758e837cbd80a6f633/library/std/src/thread/mod.rs:481:17
[INFO] [stdout]   33:     0x560816ad7218 - <std::panic::AssertUnwindSafe<F> as core::ops::function::FnOnce<()>>::call_once::hd2e08783d8be4d02
[INFO] [stdout]                                at /rustc/a178d0322ce20e33eac124758e837cbd80a6f633/library/std/src/panic.rs:347:9
[INFO] [stdout]   34:     0x560816ad7218 - std::panicking::try::do_call::h062597b7acfd6b82
[INFO] [stdout]                                at /rustc/a178d0322ce20e33eac124758e837cbd80a6f633/library/std/src/panicking.rs:401:40
[INFO] [stdout]   35:     0x560816ad7218 - std::panicking::try::h0d7b79db04c14552
[INFO] [stdout]                                at /rustc/a178d0322ce20e33eac124758e837cbd80a6f633/library/std/src/panicking.rs:365:19
[INFO] [stdout]   36:     0x560816ad7218 - std::panic::catch_unwind::hb01a0b5e7c8cd43b
[INFO] [stdout]                                at /rustc/a178d0322ce20e33eac124758e837cbd80a6f633/library/std/src/panic.rs:434:14
[INFO] [stdout]   37:     0x560816ad7218 - std::thread::Builder::spawn_unchecked::{{closure}}::h5bde48cc887e0d1e
[INFO] [stdout]                                at /rustc/a178d0322ce20e33eac124758e837cbd80a6f633/library/std/src/thread/mod.rs:480:30
[INFO] [stdout]   38:     0x560816ad7218 - core::ops::function::FnOnce::call_once{{vtable.shim}}::h745ea30807a29e55
[INFO] [stdout]                                at /rustc/a178d0322ce20e33eac124758e837cbd80a6f633/library/core/src/ops/function.rs:227:5
[INFO] [stdout]   39:     0x560816b4f307 - <alloc::boxed::Box<F,A> as core::ops::function::FnOnce<Args>>::call_once::h7ece6cfefaff1005
[INFO] [stdout]                                at /rustc/a178d0322ce20e33eac124758e837cbd80a6f633/library/alloc/src/boxed.rs:1575:9
[INFO] [stdout]   40:     0x560816b4f307 - <alloc::boxed::Box<F,A> as core::ops::function::FnOnce<Args>>::call_once::hb8b48e55c21f193e
[INFO] [stdout]                                at /rustc/a178d0322ce20e33eac124758e837cbd80a6f633/library/alloc/src/boxed.rs:1575:9
[INFO] [stdout]   41:     0x560816b4f307 - std::sys::unix::thread::Thread::new::thread_start::h8c7c4450dba62914
[INFO] [stdout]                                at /rustc/a178d0322ce20e33eac124758e837cbd80a6f633/library/std/src/sys/unix/thread.rs:71:17
[INFO] [stdout]   42:     0x7f805aef0609 - start_thread
[INFO] [stdout]   43:     0x7f805acc2293 - clone
[INFO] [stdout]   44:                0x0 - <unknown>
[INFO] [stdout] 
[INFO] [stdout] 
[INFO] [stdout] failures:
[INFO] [stdout]     parser::parser::tests::dir_tests::control_flow
[INFO] [stdout]     parser::parser::tests::dir_tests::declarations
[INFO] [stdout]     parser::parser::tests::dir_tests::directives
[INFO] [stdout]     parser::parser::tests::dir_tests::expressions
[INFO] [stdout] 
[INFO] [stdout] test result: FAILED. 17 passed; 4 failed; 0 ignored; 0 measured; 0 filtered out; finished in 0.03s
[INFO] [stdout] 
[INFO] [stderr] error: test failed, to rerun pass '--lib'
[INFO] running `Command { std: "docker" "inspect" "5dac0634a24a9060763c4dca970f839a5e06d3b1b9a0687653e6ee560cc28067", kill_on_drop: false }`
[INFO] running `Command { std: "docker" "rm" "-f" "5dac0634a24a9060763c4dca970f839a5e06d3b1b9a0687653e6ee560cc28067", kill_on_drop: false }`
[INFO] [stdout] 5dac0634a24a9060763c4dca970f839a5e06d3b1b9a0687653e6ee560cc28067
