[INFO] fetching crate lexpr 0.2.6...
[INFO] testing lexpr-0.2.6 against 1.54.0 for beta-1.55-1
[INFO] extracting crate lexpr 0.2.6 into /workspace/builds/worker-20/source
[INFO] validating manifest of crates.io crate lexpr 0.2.6 on toolchain 1.54.0
[INFO] running `Command { std: "/workspace/cargo-home/bin/cargo" "+1.54.0" "metadata" "--manifest-path" "Cargo.toml" "--no-deps", kill_on_drop: false }`
[INFO] started tweaking crates.io crate lexpr 0.2.6
[INFO] finished tweaking crates.io crate lexpr 0.2.6
[INFO] tweaked toml for crates.io crate lexpr 0.2.6 written to /workspace/builds/worker-20/source/Cargo.toml
[INFO] running `Command { std: "/workspace/cargo-home/bin/cargo" "+1.54.0" "generate-lockfile" "--manifest-path" "Cargo.toml" "-Zno-index-update", kill_on_drop: false }`
[INFO] running `Command { std: "/workspace/cargo-home/bin/cargo" "+1.54.0" "fetch" "--manifest-path" "Cargo.toml", kill_on_drop: false }`
[INFO] [stderr]     Blocking waiting for file lock on package cache
[INFO] running `Command { std: "docker" "create" "-v" "/var/lib/crater-agent-workspace/builds/worker-20/target:/opt/rustwide/target:rw,Z" "-v" "/var/lib/crater-agent-workspace/builds/worker-20/source:/opt/rustwide/workdir:ro,Z" "-v" "/var/lib/crater-agent-workspace/cargo-home:/opt/rustwide/cargo-home:ro,Z" "-v" "/var/lib/crater-agent-workspace/rustup-home:/opt/rustwide/rustup-home:ro,Z" "-e" "SOURCE_DIR=/opt/rustwide/workdir" "-e" "CARGO_TARGET_DIR=/opt/rustwide/target" "-e" "CARGO_HOME=/opt/rustwide/cargo-home" "-e" "RUSTUP_HOME=/opt/rustwide/rustup-home" "-w" "/opt/rustwide/workdir" "-m" "1610612736" "--user" "0:0" "--network" "none" "ghcr.io/rust-lang/crates-build-env/linux@sha256:34b6a614d2c27851fe6cbf88fbd1137609cefab8b10d0615aaeb6fd47975d74e" "/opt/rustwide/cargo-home/bin/cargo" "+1.54.0" "metadata" "--no-deps" "--format-version=1", kill_on_drop: false }`
[INFO] [stdout] 8333ef619310c3efc0726a2efe9abb9ccf73bc013e15b6624dcc636656772be5
[INFO] running `Command { std: "docker" "start" "-a" "8333ef619310c3efc0726a2efe9abb9ccf73bc013e15b6624dcc636656772be5", kill_on_drop: false }`
[INFO] running `Command { std: "docker" "inspect" "8333ef619310c3efc0726a2efe9abb9ccf73bc013e15b6624dcc636656772be5", kill_on_drop: false }`
[INFO] running `Command { std: "docker" "rm" "-f" "8333ef619310c3efc0726a2efe9abb9ccf73bc013e15b6624dcc636656772be5", kill_on_drop: false }`
[INFO] [stdout] 8333ef619310c3efc0726a2efe9abb9ccf73bc013e15b6624dcc636656772be5
[INFO] running `Command { std: "docker" "create" "-v" "/var/lib/crater-agent-workspace/builds/worker-20/target:/opt/rustwide/target:rw,Z" "-v" "/var/lib/crater-agent-workspace/builds/worker-20/source:/opt/rustwide/workdir:ro,Z" "-v" "/var/lib/crater-agent-workspace/cargo-home:/opt/rustwide/cargo-home:ro,Z" "-v" "/var/lib/crater-agent-workspace/rustup-home:/opt/rustwide/rustup-home:ro,Z" "-e" "SOURCE_DIR=/opt/rustwide/workdir" "-e" "CARGO_TARGET_DIR=/opt/rustwide/target" "-e" "CARGO_INCREMENTAL=0" "-e" "RUST_BACKTRACE=full" "-e" "RUSTFLAGS=--cap-lints=warn" "-e" "CARGO_HOME=/opt/rustwide/cargo-home" "-e" "RUSTUP_HOME=/opt/rustwide/rustup-home" "-w" "/opt/rustwide/workdir" "-m" "1610612736" "--user" "0:0" "--network" "none" "ghcr.io/rust-lang/crates-build-env/linux@sha256:34b6a614d2c27851fe6cbf88fbd1137609cefab8b10d0615aaeb6fd47975d74e" "/opt/rustwide/cargo-home/bin/cargo" "+1.54.0" "build" "--frozen" "--message-format=json", kill_on_drop: false }`
[INFO] [stdout] 625a0670144386ad761fa6e662c998fed63012522d223d29fc6fcf1eef338525
[INFO] running `Command { std: "docker" "start" "-a" "625a0670144386ad761fa6e662c998fed63012522d223d29fc6fcf1eef338525", kill_on_drop: false }`
[INFO] [stderr]    Compiling proc-macro2 v1.0.28
[INFO] [stderr]    Compiling proc-macro-hack v0.5.19
[INFO] [stderr]    Compiling unicode-xid v0.2.2
[INFO] [stderr]    Compiling ryu v1.0.5
[INFO] [stderr]    Compiling itoa v0.4.7
[INFO] [stderr]    Compiling quote v1.0.9
[INFO] [stderr]    Compiling lexpr-macros v0.2.1
[INFO] [stderr]    Compiling lexpr v0.2.6 (/opt/rustwide/workdir)
[INFO] [stderr]     Finished dev [unoptimized + debuginfo] target(s) in 4.59s
[INFO] running `Command { std: "docker" "inspect" "625a0670144386ad761fa6e662c998fed63012522d223d29fc6fcf1eef338525", kill_on_drop: false }`
[INFO] running `Command { std: "docker" "rm" "-f" "625a0670144386ad761fa6e662c998fed63012522d223d29fc6fcf1eef338525", kill_on_drop: false }`
[INFO] [stdout] 625a0670144386ad761fa6e662c998fed63012522d223d29fc6fcf1eef338525
[INFO] running `Command { std: "docker" "create" "-v" "/var/lib/crater-agent-workspace/builds/worker-20/target:/opt/rustwide/target:rw,Z" "-v" "/var/lib/crater-agent-workspace/builds/worker-20/source:/opt/rustwide/workdir:ro,Z" "-v" "/var/lib/crater-agent-workspace/cargo-home:/opt/rustwide/cargo-home:ro,Z" "-v" "/var/lib/crater-agent-workspace/rustup-home:/opt/rustwide/rustup-home:ro,Z" "-e" "SOURCE_DIR=/opt/rustwide/workdir" "-e" "CARGO_TARGET_DIR=/opt/rustwide/target" "-e" "CARGO_INCREMENTAL=0" "-e" "RUST_BACKTRACE=full" "-e" "RUSTFLAGS=--cap-lints=warn" "-e" "CARGO_HOME=/opt/rustwide/cargo-home" "-e" "RUSTUP_HOME=/opt/rustwide/rustup-home" "-w" "/opt/rustwide/workdir" "-m" "1610612736" "--user" "0:0" "--network" "none" "ghcr.io/rust-lang/crates-build-env/linux@sha256:34b6a614d2c27851fe6cbf88fbd1137609cefab8b10d0615aaeb6fd47975d74e" "/opt/rustwide/cargo-home/bin/cargo" "+1.54.0" "test" "--frozen" "--no-run" "--message-format=json", kill_on_drop: false }`
[INFO] [stdout] 17d9137b29dc3615dad5bfc532d89cf328aed9c49e0f7cad1339b358a84ab38a
[INFO] running `Command { std: "docker" "start" "-a" "17d9137b29dc3615dad5bfc532d89cf328aed9c49e0f7cad1339b358a84ab38a", kill_on_drop: false }`
[INFO] [stderr]     Blocking waiting for file lock on package cache
[INFO] [stderr]    Compiling autocfg v1.0.1
[INFO] [stderr]    Compiling cfg-if v1.0.0
[INFO] [stderr]    Compiling libc v0.2.98
[INFO] [stderr]    Compiling memchr v2.4.0
[INFO] [stderr]    Compiling lazy_static v1.4.0
[INFO] [stderr]    Compiling crossbeam-utils v0.8.5
[INFO] [stderr]    Compiling serde v1.0.127
[INFO] [stderr]    Compiling semver v1.0.4
[INFO] [stderr]    Compiling crossbeam-epoch v0.9.5
[INFO] [stderr]    Compiling getrandom v0.1.16
[INFO] [stderr]    Compiling syn v1.0.74
[INFO] [stderr]    Compiling scopeguard v1.1.0
[INFO] [stderr]    Compiling rayon-core v1.9.1
[INFO] [stderr]    Compiling bitflags v1.2.1
[INFO] [stderr]    Compiling serde_json v1.0.66
[INFO] [stderr]    Compiling regex-syntax v0.6.25
[INFO] [stderr]    Compiling either v1.6.1
[INFO] [stderr]    Compiling log v0.4.14
[INFO] [stderr]    Compiling serde_derive v1.0.127
[INFO] [stderr]    Compiling unicode-width v0.1.8
[INFO] [stderr]    Compiling ppv-lite86 v0.2.10
[INFO] [stderr]    Compiling regex-automata v0.1.10
[INFO] [stderr]    Compiling plotters-backend v0.3.2
[INFO] [stderr]    Compiling same-file v1.0.6
[INFO] [stderr]    Compiling half v1.7.1
[INFO] [stderr]    Compiling oorandom v11.1.3
[INFO] [stderr]    Compiling textwrap v0.11.0
[INFO] [stderr]    Compiling walkdir v2.3.2
[INFO] [stderr]    Compiling itertools v0.10.1
[INFO] [stderr]    Compiling plotters-svg v0.3.1
[INFO] [stderr]    Compiling memoffset v0.6.4
[INFO] [stderr]    Compiling num-traits v0.2.14
[INFO] [stderr]    Compiling rayon v1.5.1
[INFO] [stderr]    Compiling crossbeam-channel v0.5.1
[INFO] [stderr]    Compiling clap v2.33.3
[INFO] [stderr]    Compiling aho-corasick v0.7.18
[INFO] [stderr]    Compiling csv-core v0.1.10
[INFO] [stderr]    Compiling rustc_version v0.4.0
[INFO] [stderr]    Compiling num_cpus v1.13.0
[INFO] [stderr]    Compiling atty v0.2.14
[INFO] [stderr]    Compiling cast v0.2.7
[INFO] [stderr]    Compiling crossbeam-deque v0.8.1
[INFO] [stderr]    Compiling rand_core v0.5.1
[INFO] [stderr]    Compiling rand_chacha v0.2.2
[INFO] [stderr]    Compiling criterion-plot v0.4.4
[INFO] [stderr]    Compiling rand v0.7.3
[INFO] [stderr]    Compiling plotters v0.3.1
[INFO] [stderr]    Compiling regex v1.5.4
[INFO] [stderr]    Compiling env_logger v0.7.1
[INFO] [stderr]    Compiling quickcheck v0.9.2
[INFO] [stderr]    Compiling bstr v0.2.16
[INFO] [stderr]    Compiling serde_cbor v0.11.1
[INFO] [stderr]    Compiling csv v1.1.6
[INFO] [stderr]    Compiling tinytemplate v1.2.1
[INFO] [stderr]    Compiling quickcheck_macros v0.9.1
[INFO] [stderr]    Compiling criterion v0.3.5
[INFO] [stderr]    Compiling lexpr v0.2.6 (/opt/rustwide/workdir)
[INFO] [stderr]     Finished test [unoptimized + debuginfo] target(s) in 28.44s
[INFO] running `Command { std: "docker" "inspect" "17d9137b29dc3615dad5bfc532d89cf328aed9c49e0f7cad1339b358a84ab38a", kill_on_drop: false }`
[INFO] running `Command { std: "docker" "rm" "-f" "17d9137b29dc3615dad5bfc532d89cf328aed9c49e0f7cad1339b358a84ab38a", kill_on_drop: false }`
[INFO] [stdout] 17d9137b29dc3615dad5bfc532d89cf328aed9c49e0f7cad1339b358a84ab38a
[INFO] running `Command { std: "docker" "create" "-v" "/var/lib/crater-agent-workspace/builds/worker-20/target:/opt/rustwide/target:rw,Z" "-v" "/var/lib/crater-agent-workspace/builds/worker-20/source:/opt/rustwide/workdir:ro,Z" "-v" "/var/lib/crater-agent-workspace/cargo-home:/opt/rustwide/cargo-home:ro,Z" "-v" "/var/lib/crater-agent-workspace/rustup-home:/opt/rustwide/rustup-home:ro,Z" "-e" "SOURCE_DIR=/opt/rustwide/workdir" "-e" "CARGO_TARGET_DIR=/opt/rustwide/target" "-e" "CARGO_INCREMENTAL=0" "-e" "RUST_BACKTRACE=full" "-e" "RUSTFLAGS=--cap-lints=warn" "-e" "CARGO_HOME=/opt/rustwide/cargo-home" "-e" "RUSTUP_HOME=/opt/rustwide/rustup-home" "-w" "/opt/rustwide/workdir" "-m" "1610612736" "--user" "0:0" "--network" "none" "ghcr.io/rust-lang/crates-build-env/linux@sha256:34b6a614d2c27851fe6cbf88fbd1137609cefab8b10d0615aaeb6fd47975d74e" "/opt/rustwide/cargo-home/bin/cargo" "+1.54.0" "test" "--frozen", kill_on_drop: false }`
[INFO] [stdout] d468cfcc61af2a016c8d786d6eaf65837acd723b5cb3c9c687211fd6ec6621a6
[INFO] running `Command { std: "docker" "start" "-a" "d468cfcc61af2a016c8d786d6eaf65837acd723b5cb3c9c687211fd6ec6621a6", kill_on_drop: false }`
[INFO] [stderr]     Finished test [unoptimized + debuginfo] target(s) in 0.05s
[INFO] [stderr]      Running unittests (/opt/rustwide/target/debug/deps/lexpr-7aaf88ef7cd2ade1)
[INFO] [stdout] 
[INFO] [stdout] running 56 tests
[INFO] [stdout] test parse::tests::test_atom_failures ... ok
[INFO] [stdout] test parse::tests::test_atoms_default ... ok
[INFO] [stdout] test parse::tests::test_atoms_location_info ... ok
[INFO] [stdout] test parse::tests::test_bin_numbers ... ok
[INFO] [stdout] test parse::tests::test_broken_lists_default ... ok
[INFO] [stdout] test parse::tests::test_byte_vectors ... ok
[INFO] [stdout] test parse::tests::test_chars_default ... ok
[INFO] [stdout] test parse::tests::test_chars_elisp ... ok
[INFO] [stdout] test parse::tests::test_comments ... ok
[INFO] [stdout] test parse::tests::test_decimal_numbers ... ok
[INFO] [stdout] test parse::tests::test_dotted_list_location_info ... ok
[INFO] [stdout] test parse::tests::test_hex_numbers ... ok
[INFO] [stdout] test parse::tests::test_keyword_syntaxes ... ok
[INFO] [stdout] test parse::tests::test_list_brackets ... ok
[INFO] [stdout] test parse::tests::test_list_elisp ... ok
[INFO] [stdout] test parse::tests::test_list_location_info ... ok
[INFO] [stdout] test parse::tests::test_list_nil_default ... ok
[INFO] [stdout] test parse::tests::test_list_peculiar ... ok
[INFO] [stdout] test parse::tests::test_lists_default ... ok
[INFO] [stdout] test parse::tests::test_oct_numbers ... ok
[INFO] [stdout] test parse::tests::test_options_size ... ok
[INFO] [stdout] test parse::tests::test_parser_iterator ... ok
[INFO] [stdout] test parse::tests::test_quasiquote_shorthand ... ok
[INFO] [stdout] test parse::tests::test_quote_shorthand ... ok
[INFO] [stdout] test parse::tests::test_quoted_location_info ... ok
[INFO] [stdout] test parse::tests::test_strings_default ... ok
[INFO] [stdout] test parse::tests::test_strings_io_default ... ok
[INFO] [stdout] test parse::tests::test_symbols ... ok
[INFO] [stdout] test parse::tests::test_strings_elisp_io ... ok
[INFO] [stdout] test parse::tests::test_strings_elisp ... ok
[INFO] [stdout] test parse::tests::test_unquote_shorthand ... ok
[INFO] [stdout] test parse::tests::test_unquote_splicing_shorthand ... ok
[INFO] [stdout] test parse::tests::test_vector_location_info ... ok
[INFO] [stdout] test parse::tests::test_vector_peculiar ... ok
[INFO] [stdout] test parse::tests::test_vectors_default ... ok
[INFO] [stdout] test parse::tests::test_vectors_elisp ... ok
[INFO] [stdout] test print::tests::test_keyword_syntax ... ok
[INFO] [stdout] test print::tests::test_options_size ... ok
[INFO] [stdout] test print::tests::test_str_escapes_default ... ok
[INFO] [stdout] test print::tests::test_str_escapes_elisp ... ok
[INFO] [stdout] test tests::test_alist_index ... ok
[INFO] [stdout] test value::tests::test_chars ... ok
[INFO] [stdout] test value::tests::test_dotted_lists ... ok
[INFO] [stdout] test value::tests::test_keywords ... ok
[INFO] [stdout] test value::tests::test_lists ... ok
[INFO] [stdout] test value::tests::test_numbers ... ok
[INFO] [stdout] test value::tests::test_strings ... ok
[INFO] [stdout] test value::tests::test_symbols ... ok
[INFO] [stdout] test value::tests::test_vectors ... ok
[INFO] [stdout] test tests::write_number ... ok
[INFO] [stdout] test tests::test_list_index ... ok
[INFO] [stdout] test tests::write_parse_number ... ok
[INFO] [stdout] test tests::print_parse_roundtrip_custom_default ... ok
[INFO] [stdout] test tests::print_parse_roundtrip_default ... ok
[INFO] [stdout] test tests::parse_datum_span_sanity ... ok
[INFO] [stdout] test tests::print_parse_roundtrip_io_default ... ok
[INFO] [stdout] 
[INFO] [stdout] test result: ok. 56 passed; 0 failed; 0 ignored; 0 measured; 0 filtered out; finished in 0.03s
[INFO] [stdout] 
[INFO] [stderr]      Running tests/print-parse.rs (/opt/rustwide/target/debug/deps/print_parse-a57f84ceb7af2638)
[INFO] [stdout] 
[INFO] [stdout] running 12 tests
[INFO] [stdout] test test_bytes ... ok
[INFO] [stdout] test test_bytes_elisp ... ok
[INFO] [stdout] test test_chars_elisp ... ok
[INFO] [stdout] test test_improper_lists ... ok
[INFO] [stdout] test test_keyword_default ... ok
[INFO] [stdout] test test_number ... ok
[INFO] [stdout] test test_peculiar_symbols ... ok
[INFO] [stdout] test test_special_symbols ... ok
[INFO] [stdout] test test_strings_elisp ... ok
[INFO] [stdout] test test_symbol ... ok
[INFO] [stdout] test test_vectors ... ok
[INFO] [stdout] test test_vectors_elisp ... ok
[INFO] [stdout] 
[INFO] [stdout] test result: ok. 12 passed; 0 failed; 0 ignored; 0 measured; 0 filtered out; finished in 0.00s
[INFO] [stdout] 
[INFO] [stderr]    Doc-tests lexpr
[INFO] [stdout] 
[INFO] [stdout] running 76 tests
[INFO] [stdout] test src/datum.rs - datum::from_reader_custom (line 410) - compile ... ok
[INFO] [stdout] test src/parse/mod.rs - parse::from_reader_custom (line 1379) - compile ... ok
[INFO] [stdout] test src/value/mod.rs - value::Value::as_bool (line 684) ... FAILED
[INFO] [stdout] test src/value/mod.rs - value::Value::fmt (line 1023) ... FAILED
[INFO] [stdout] test src/value/mod.rs - value (line 37) ... FAILED
[INFO] [stdout] test src/value/mod.rs - value::Value::as_keyword (line 440) ... FAILED
[INFO] [stderr] error: test failed, to rerun pass '--doc'
[INFO] [stderr] 
[INFO] [stderr] Caused by:
[INFO] [stderr]   process didn't exit successfully: `rustdoc --edition=2018 --crate-type lib --crate-name lexpr --test /opt/rustwide/workdir/src/lib.rs -L dependency=/opt/rustwide/target/debug/deps -L dependency=/opt/rustwide/target/debug/deps --extern criterion=/opt/rustwide/target/debug/deps/libcriterion-118705cc6d5aca8f.rlib --extern itoa=/opt/rustwide/target/debug/deps/libitoa-9ccdb0b3e3d11258.rlib --extern lexpr=/opt/rustwide/target/debug/deps/liblexpr-4532f30c814d154c.rlib --extern lexpr_macros=/opt/rustwide/target/debug/deps/liblexpr_macros-707267dab4bc0db6.so --extern proc_macro_hack=/opt/rustwide/target/debug/deps/libproc_macro_hack-3db5b274372faa08.so --extern quickcheck=/opt/rustwide/target/debug/deps/libquickcheck-446a865c02dfdd47.rlib --extern quickcheck_macros=/opt/rustwide/target/debug/deps/libquickcheck_macros-d859ff7f828b66c6.so --extern rand=/opt/rustwide/target/debug/deps/librand-94061920f26f9e01.rlib --extern ryu=/opt/rustwide/target/debug/deps/libryu-059aa1fbb24cd15e.rlib -C embed-bitcode=no --cfg 'feature="default"' --cfg 'feature="fast-float-parsing"' --error-format human` (signal: 9, SIGKILL: kill)
[INFO] running `Command { std: "docker" "inspect" "d468cfcc61af2a016c8d786d6eaf65837acd723b5cb3c9c687211fd6ec6621a6", kill_on_drop: false }`
[INFO] running `Command { std: "docker" "rm" "-f" "d468cfcc61af2a016c8d786d6eaf65837acd723b5cb3c9c687211fd6ec6621a6", kill_on_drop: false }`
[INFO] [stdout] d468cfcc61af2a016c8d786d6eaf65837acd723b5cb3c9c687211fd6ec6621a6
