[INFO] fetching crate levenshtein-rs 0.1.0...
[INFO] testing levenshtein-rs-0.1.0 against 1.54.0 for beta-1.55-1
[INFO] extracting crate levenshtein-rs 0.1.0 into /workspace/builds/worker-29/source
[INFO] validating manifest of crates.io crate levenshtein-rs 0.1.0 on toolchain 1.54.0
[INFO] running `Command { std: "/workspace/cargo-home/bin/cargo" "+1.54.0" "metadata" "--manifest-path" "Cargo.toml" "--no-deps", kill_on_drop: false }`
[INFO] started tweaking crates.io crate levenshtein-rs 0.1.0
[INFO] finished tweaking crates.io crate levenshtein-rs 0.1.0
[INFO] tweaked toml for crates.io crate levenshtein-rs 0.1.0 written to /workspace/builds/worker-29/source/Cargo.toml
[INFO] running `Command { std: "/workspace/cargo-home/bin/cargo" "+1.54.0" "generate-lockfile" "--manifest-path" "Cargo.toml" "-Zno-index-update", kill_on_drop: false }`
[INFO] running `Command { std: "/workspace/cargo-home/bin/cargo" "+1.54.0" "fetch" "--manifest-path" "Cargo.toml", kill_on_drop: false }`
[INFO] [stderr]     Blocking waiting for file lock on package cache
[INFO] running `Command { std: "docker" "create" "-v" "/var/lib/crater-agent-workspace/builds/worker-29/target:/opt/rustwide/target:rw,Z" "-v" "/var/lib/crater-agent-workspace/builds/worker-29/source:/opt/rustwide/workdir:ro,Z" "-v" "/var/lib/crater-agent-workspace/cargo-home:/opt/rustwide/cargo-home:ro,Z" "-v" "/var/lib/crater-agent-workspace/rustup-home:/opt/rustwide/rustup-home:ro,Z" "-e" "SOURCE_DIR=/opt/rustwide/workdir" "-e" "CARGO_TARGET_DIR=/opt/rustwide/target" "-e" "CARGO_HOME=/opt/rustwide/cargo-home" "-e" "RUSTUP_HOME=/opt/rustwide/rustup-home" "-w" "/opt/rustwide/workdir" "-m" "1610612736" "--user" "0:0" "--network" "none" "ghcr.io/rust-lang/crates-build-env/linux@sha256:34b6a614d2c27851fe6cbf88fbd1137609cefab8b10d0615aaeb6fd47975d74e" "/opt/rustwide/cargo-home/bin/cargo" "+1.54.0" "metadata" "--no-deps" "--format-version=1", kill_on_drop: false }`
[INFO] [stdout] 1da9ffcc69c00a1af919bd4379ba037a9e48b83cc2da6757c38ee0d8c2741e51
[INFO] running `Command { std: "docker" "start" "-a" "1da9ffcc69c00a1af919bd4379ba037a9e48b83cc2da6757c38ee0d8c2741e51", kill_on_drop: false }`
[INFO] running `Command { std: "docker" "inspect" "1da9ffcc69c00a1af919bd4379ba037a9e48b83cc2da6757c38ee0d8c2741e51", kill_on_drop: false }`
[INFO] running `Command { std: "docker" "rm" "-f" "1da9ffcc69c00a1af919bd4379ba037a9e48b83cc2da6757c38ee0d8c2741e51", kill_on_drop: false }`
[INFO] [stdout] 1da9ffcc69c00a1af919bd4379ba037a9e48b83cc2da6757c38ee0d8c2741e51
[INFO] running `Command { std: "docker" "create" "-v" "/var/lib/crater-agent-workspace/builds/worker-29/target:/opt/rustwide/target:rw,Z" "-v" "/var/lib/crater-agent-workspace/builds/worker-29/source:/opt/rustwide/workdir:ro,Z" "-v" "/var/lib/crater-agent-workspace/cargo-home:/opt/rustwide/cargo-home:ro,Z" "-v" "/var/lib/crater-agent-workspace/rustup-home:/opt/rustwide/rustup-home:ro,Z" "-e" "SOURCE_DIR=/opt/rustwide/workdir" "-e" "CARGO_TARGET_DIR=/opt/rustwide/target" "-e" "CARGO_INCREMENTAL=0" "-e" "RUST_BACKTRACE=full" "-e" "RUSTFLAGS=--cap-lints=warn" "-e" "CARGO_HOME=/opt/rustwide/cargo-home" "-e" "RUSTUP_HOME=/opt/rustwide/rustup-home" "-w" "/opt/rustwide/workdir" "-m" "1610612736" "--user" "0:0" "--network" "none" "ghcr.io/rust-lang/crates-build-env/linux@sha256:34b6a614d2c27851fe6cbf88fbd1137609cefab8b10d0615aaeb6fd47975d74e" "/opt/rustwide/cargo-home/bin/cargo" "+1.54.0" "build" "--frozen" "--message-format=json", kill_on_drop: false }`
[INFO] [stdout] 4182b1e76dd5a1dfa18fd291ffd6b57c06ae0e1edb73986584df6f3ca9c4c4af
[INFO] running `Command { std: "docker" "start" "-a" "4182b1e76dd5a1dfa18fd291ffd6b57c06ae0e1edb73986584df6f3ca9c4c4af", kill_on_drop: false }`
[INFO] [stderr]    Compiling levenshtein-rs v0.1.0 (/opt/rustwide/workdir)
[INFO] [stderr]     Finished dev [unoptimized + debuginfo] target(s) in 0.35s
[INFO] running `Command { std: "docker" "inspect" "4182b1e76dd5a1dfa18fd291ffd6b57c06ae0e1edb73986584df6f3ca9c4c4af", kill_on_drop: false }`
[INFO] running `Command { std: "docker" "rm" "-f" "4182b1e76dd5a1dfa18fd291ffd6b57c06ae0e1edb73986584df6f3ca9c4c4af", kill_on_drop: false }`
[INFO] [stdout] 4182b1e76dd5a1dfa18fd291ffd6b57c06ae0e1edb73986584df6f3ca9c4c4af
[INFO] running `Command { std: "docker" "create" "-v" "/var/lib/crater-agent-workspace/builds/worker-29/target:/opt/rustwide/target:rw,Z" "-v" "/var/lib/crater-agent-workspace/builds/worker-29/source:/opt/rustwide/workdir:ro,Z" "-v" "/var/lib/crater-agent-workspace/cargo-home:/opt/rustwide/cargo-home:ro,Z" "-v" "/var/lib/crater-agent-workspace/rustup-home:/opt/rustwide/rustup-home:ro,Z" "-e" "SOURCE_DIR=/opt/rustwide/workdir" "-e" "CARGO_TARGET_DIR=/opt/rustwide/target" "-e" "CARGO_INCREMENTAL=0" "-e" "RUST_BACKTRACE=full" "-e" "RUSTFLAGS=--cap-lints=warn" "-e" "CARGO_HOME=/opt/rustwide/cargo-home" "-e" "RUSTUP_HOME=/opt/rustwide/rustup-home" "-w" "/opt/rustwide/workdir" "-m" "1610612736" "--user" "0:0" "--network" "none" "ghcr.io/rust-lang/crates-build-env/linux@sha256:34b6a614d2c27851fe6cbf88fbd1137609cefab8b10d0615aaeb6fd47975d74e" "/opt/rustwide/cargo-home/bin/cargo" "+1.54.0" "test" "--frozen" "--no-run" "--message-format=json", kill_on_drop: false }`
[INFO] [stdout] 77dee0f7035d4b02abbf86fe5e29c63a6bb37277ae3d4c35774f47260287844f
[INFO] running `Command { std: "docker" "start" "-a" "77dee0f7035d4b02abbf86fe5e29c63a6bb37277ae3d4c35774f47260287844f", kill_on_drop: false }`
[INFO] [stderr]    Compiling levenshtein-rs v0.1.0 (/opt/rustwide/workdir)
[INFO] [stderr]     Finished test [unoptimized + debuginfo] target(s) in 0.52s
[INFO] running `Command { std: "docker" "inspect" "77dee0f7035d4b02abbf86fe5e29c63a6bb37277ae3d4c35774f47260287844f", kill_on_drop: false }`
[INFO] running `Command { std: "docker" "rm" "-f" "77dee0f7035d4b02abbf86fe5e29c63a6bb37277ae3d4c35774f47260287844f", kill_on_drop: false }`
[INFO] [stdout] 77dee0f7035d4b02abbf86fe5e29c63a6bb37277ae3d4c35774f47260287844f
[INFO] running `Command { std: "docker" "create" "-v" "/var/lib/crater-agent-workspace/builds/worker-29/target:/opt/rustwide/target:rw,Z" "-v" "/var/lib/crater-agent-workspace/builds/worker-29/source:/opt/rustwide/workdir:ro,Z" "-v" "/var/lib/crater-agent-workspace/cargo-home:/opt/rustwide/cargo-home:ro,Z" "-v" "/var/lib/crater-agent-workspace/rustup-home:/opt/rustwide/rustup-home:ro,Z" "-e" "SOURCE_DIR=/opt/rustwide/workdir" "-e" "CARGO_TARGET_DIR=/opt/rustwide/target" "-e" "CARGO_INCREMENTAL=0" "-e" "RUST_BACKTRACE=full" "-e" "RUSTFLAGS=--cap-lints=warn" "-e" "CARGO_HOME=/opt/rustwide/cargo-home" "-e" "RUSTUP_HOME=/opt/rustwide/rustup-home" "-w" "/opt/rustwide/workdir" "-m" "1610612736" "--user" "0:0" "--network" "none" "ghcr.io/rust-lang/crates-build-env/linux@sha256:34b6a614d2c27851fe6cbf88fbd1137609cefab8b10d0615aaeb6fd47975d74e" "/opt/rustwide/cargo-home/bin/cargo" "+1.54.0" "test" "--frozen", kill_on_drop: false }`
[INFO] [stdout] b2a72cb42ce2ff6350813dcd0a40224ba3bc63a48af263c9b5298de7cbf8f764
[INFO] running `Command { std: "docker" "start" "-a" "b2a72cb42ce2ff6350813dcd0a40224ba3bc63a48af263c9b5298de7cbf8f764", kill_on_drop: false }`
[INFO] [stderr]     Finished test [unoptimized + debuginfo] target(s) in 0.01s
[INFO] [stderr]      Running unittests (/opt/rustwide/target/debug/deps/levenshtein_rs-34de58fe0a28f531)
[INFO] [stdout] 
[INFO] [stdout] running 1 test
[INFO] [stdout] test tests::it_compute ... ok
[INFO] [stdout] 
[INFO] [stdout] test result: ok. 1 passed; 0 failed; 0 ignored; 0 measured; 0 filtered out; finished in 0.00s
[INFO] [stdout] 
[INFO] [stderr]    Doc-tests levenshtein-rs
[INFO] [stdout] 
[INFO] [stdout] running 1 test
[INFO] [stdout] test src/lib.rs - compute (line 5) ... FAILED
[INFO] [stdout] 
[INFO] [stdout] failures:
[INFO] [stdout] 
[INFO] [stdout] ---- src/lib.rs - compute (line 5) stdout ----
[INFO] [stdout] error[E0433]: failed to resolve: use of undeclared crate or module `levenshtein`
[INFO] [stdout]  --> src/lib.rs:9:15
[INFO] [stdout]   |
[INFO] [stdout] 6 | assert_eq!(3, levenshtein::compute(cat, dog));
[INFO] [stdout]   |               ^^^^^^^^^^^ use of undeclared crate or module `levenshtein`
[INFO] [stdout] 
[INFO] [stdout] error: aborting due to previous error
[INFO] [stdout] 
[INFO] [stdout] For more information about this error, try `rustc --explain E0433`.
[INFO] [stdout] Couldn't compile the test.
[INFO] [stdout] 
[INFO] [stdout] failures:
[INFO] [stdout]     src/lib.rs - compute (line 5)
[INFO] [stdout] 
[INFO] [stdout] test result: FAILED. 0 passed; 1 failed; 0 ignored; 0 measured; 0 filtered out; finished in 0.06s
[INFO] [stdout] 
[INFO] [stderr] error: test failed, to rerun pass '--doc'
[INFO] running `Command { std: "docker" "inspect" "b2a72cb42ce2ff6350813dcd0a40224ba3bc63a48af263c9b5298de7cbf8f764", kill_on_drop: false }`
[INFO] running `Command { std: "docker" "rm" "-f" "b2a72cb42ce2ff6350813dcd0a40224ba3bc63a48af263c9b5298de7cbf8f764", kill_on_drop: false }`
[INFO] [stdout] b2a72cb42ce2ff6350813dcd0a40224ba3bc63a48af263c9b5298de7cbf8f764
