[INFO] fetching crate lettre 0.10.0-rc.3...
[INFO] testing lettre-0.10.0-rc.3 against beta-2021-08-01 for beta-1.55-1
[INFO] extracting crate lettre 0.10.0-rc.3 into /workspace/builds/worker-62/source
[INFO] validating manifest of crates.io crate lettre 0.10.0-rc.3 on toolchain beta-2021-08-01
[INFO] running `Command { std: "/workspace/cargo-home/bin/cargo" "+beta-2021-08-01" "metadata" "--manifest-path" "Cargo.toml" "--no-deps", kill_on_drop: false }`
[INFO] started tweaking crates.io crate lettre 0.10.0-rc.3
[INFO] removed 0 missing examples
[INFO] finished tweaking crates.io crate lettre 0.10.0-rc.3
[INFO] tweaked toml for crates.io crate lettre 0.10.0-rc.3 written to /workspace/builds/worker-62/source/Cargo.toml
[INFO] crate crates.io crate lettre 0.10.0-rc.3 already has a lockfile, it will not be regenerated
[INFO] running `Command { std: "/workspace/cargo-home/bin/cargo" "+beta-2021-08-01" "fetch" "--manifest-path" "Cargo.toml", kill_on_drop: false }`
[INFO] [stderr]     Blocking waiting for file lock on package cache
[INFO] [stderr]     Blocking waiting for file lock on package cache
[INFO] running `Command { std: "docker" "create" "-v" "/var/lib/crater-agent-workspace/builds/worker-62/target:/opt/rustwide/target:rw,Z" "-v" "/var/lib/crater-agent-workspace/builds/worker-62/source:/opt/rustwide/workdir:ro,Z" "-v" "/var/lib/crater-agent-workspace/cargo-home:/opt/rustwide/cargo-home:ro,Z" "-v" "/var/lib/crater-agent-workspace/rustup-home:/opt/rustwide/rustup-home:ro,Z" "-e" "SOURCE_DIR=/opt/rustwide/workdir" "-e" "CARGO_TARGET_DIR=/opt/rustwide/target" "-e" "CARGO_HOME=/opt/rustwide/cargo-home" "-e" "RUSTUP_HOME=/opt/rustwide/rustup-home" "-w" "/opt/rustwide/workdir" "-m" "1610612736" "--user" "0:0" "--network" "none" "ghcr.io/rust-lang/crates-build-env/linux@sha256:34b6a614d2c27851fe6cbf88fbd1137609cefab8b10d0615aaeb6fd47975d74e" "/opt/rustwide/cargo-home/bin/cargo" "+beta-2021-08-01" "metadata" "--no-deps" "--format-version=1", kill_on_drop: false }`
[INFO] [stdout] 2540f029f9ba25cddb76de35e9e87ca871b2a76c63af158ada63ea26d6543704
[INFO] running `Command { std: "docker" "start" "-a" "2540f029f9ba25cddb76de35e9e87ca871b2a76c63af158ada63ea26d6543704", kill_on_drop: false }`
[INFO] running `Command { std: "docker" "inspect" "2540f029f9ba25cddb76de35e9e87ca871b2a76c63af158ada63ea26d6543704", kill_on_drop: false }`
[INFO] running `Command { std: "docker" "rm" "-f" "2540f029f9ba25cddb76de35e9e87ca871b2a76c63af158ada63ea26d6543704", kill_on_drop: false }`
[INFO] [stdout] 2540f029f9ba25cddb76de35e9e87ca871b2a76c63af158ada63ea26d6543704
[INFO] running `Command { std: "docker" "create" "-v" "/var/lib/crater-agent-workspace/builds/worker-62/target:/opt/rustwide/target:rw,Z" "-v" "/var/lib/crater-agent-workspace/builds/worker-62/source:/opt/rustwide/workdir:ro,Z" "-v" "/var/lib/crater-agent-workspace/cargo-home:/opt/rustwide/cargo-home:ro,Z" "-v" "/var/lib/crater-agent-workspace/rustup-home:/opt/rustwide/rustup-home:ro,Z" "-e" "SOURCE_DIR=/opt/rustwide/workdir" "-e" "CARGO_TARGET_DIR=/opt/rustwide/target" "-e" "CARGO_INCREMENTAL=0" "-e" "RUST_BACKTRACE=full" "-e" "RUSTFLAGS=--cap-lints=warn" "-e" "CARGO_HOME=/opt/rustwide/cargo-home" "-e" "RUSTUP_HOME=/opt/rustwide/rustup-home" "-w" "/opt/rustwide/workdir" "-m" "1610612736" "--user" "0:0" "--network" "none" "ghcr.io/rust-lang/crates-build-env/linux@sha256:34b6a614d2c27851fe6cbf88fbd1137609cefab8b10d0615aaeb6fd47975d74e" "/opt/rustwide/cargo-home/bin/cargo" "+beta-2021-08-01" "build" "--frozen" "--message-format=json", kill_on_drop: false }`
[INFO] [stdout] 6a0dbdddbf4aea9ee917322b0d12b9915c107e280d0d392367595faaaca44eb6
[INFO] running `Command { std: "docker" "start" "-a" "6a0dbdddbf4aea9ee917322b0d12b9915c107e280d0d392367595faaaca44eb6", kill_on_drop: false }`
[INFO] [stderr]     Blocking waiting for file lock on package cache
[INFO] [stderr]    Compiling libc v0.2.94
[INFO] [stderr]    Compiling proc-macro2 v1.0.27
[INFO] [stderr]    Compiling syn v1.0.72
[INFO] [stderr]    Compiling cc v1.0.67
[INFO] [stderr]    Compiling smallvec v1.6.1
[INFO] [stderr]    Compiling log v0.4.14
[INFO] [stderr]    Compiling radium v0.5.3
[INFO] [stderr]    Compiling openssl v0.10.34
[INFO] [stderr]    Compiling memchr v2.4.0
[INFO] [stderr]    Compiling wyz v0.2.0
[INFO] [stderr]    Compiling once_cell v1.7.2
[INFO] [stderr]    Compiling native-tls v0.2.7
[INFO] [stderr]    Compiling tap v1.0.1
[INFO] [stderr]    Compiling funty v1.1.0
[INFO] [stderr]    Compiling regex-syntax v0.6.25
[INFO] [stderr]    Compiling match_cfg v0.1.0
[INFO] [stderr]    Compiling quoted_printable v0.4.3
[INFO] [stderr]    Compiling mime v0.3.16
[INFO] [stderr]    Compiling httpdate v1.0.0
[INFO] [stderr]    Compiling fastrand v1.4.1
[INFO] [stderr]    Compiling value-bag v1.0.0-alpha.7
[INFO] [stderr]    Compiling instant v0.1.9
[INFO] [stderr]    Compiling lock_api v0.4.4
[INFO] [stderr]    Compiling tinyvec v1.2.0
[INFO] [stderr]    Compiling nom v6.1.2
[INFO] [stderr]    Compiling unicode-bidi v0.3.5
[INFO] [stderr]    Compiling unicode-normalization v0.1.17
[INFO] [stderr]    Compiling regex v1.5.4
[INFO] [stderr]    Compiling openssl-sys v0.9.63
[INFO] [stderr]    Compiling idna v0.2.3
[INFO] [stderr]    Compiling bitvec v0.19.5
[INFO] [stderr]    Compiling quote v1.0.9
[INFO] [stderr]    Compiling parking_lot_core v0.8.3
[INFO] [stderr]    Compiling hostname v0.3.1
[INFO] [stderr]    Compiling parking_lot v0.11.1
[INFO] [stderr]    Compiling scheduled-thread-pool v0.2.5
[INFO] [stderr]    Compiling ctor v0.1.20
[INFO] [stderr]    Compiling r2d2 v0.8.9
[INFO] [stderr]    Compiling lettre v0.10.0-rc.3 (/opt/rustwide/workdir)
[INFO] [stderr]     Finished dev [unoptimized + debuginfo] target(s) in 45.47s
[INFO] running `Command { std: "docker" "inspect" "6a0dbdddbf4aea9ee917322b0d12b9915c107e280d0d392367595faaaca44eb6", kill_on_drop: false }`
[INFO] running `Command { std: "docker" "rm" "-f" "6a0dbdddbf4aea9ee917322b0d12b9915c107e280d0d392367595faaaca44eb6", kill_on_drop: false }`
[INFO] [stdout] 6a0dbdddbf4aea9ee917322b0d12b9915c107e280d0d392367595faaaca44eb6
[INFO] running `Command { std: "docker" "create" "-v" "/var/lib/crater-agent-workspace/builds/worker-62/target:/opt/rustwide/target:rw,Z" "-v" "/var/lib/crater-agent-workspace/builds/worker-62/source:/opt/rustwide/workdir:ro,Z" "-v" "/var/lib/crater-agent-workspace/cargo-home:/opt/rustwide/cargo-home:ro,Z" "-v" "/var/lib/crater-agent-workspace/rustup-home:/opt/rustwide/rustup-home:ro,Z" "-e" "SOURCE_DIR=/opt/rustwide/workdir" "-e" "CARGO_TARGET_DIR=/opt/rustwide/target" "-e" "CARGO_INCREMENTAL=0" "-e" "RUST_BACKTRACE=full" "-e" "RUSTFLAGS=--cap-lints=warn" "-e" "CARGO_HOME=/opt/rustwide/cargo-home" "-e" "RUSTUP_HOME=/opt/rustwide/rustup-home" "-w" "/opt/rustwide/workdir" "-m" "1610612736" "--user" "0:0" "--network" "none" "ghcr.io/rust-lang/crates-build-env/linux@sha256:34b6a614d2c27851fe6cbf88fbd1137609cefab8b10d0615aaeb6fd47975d74e" "/opt/rustwide/cargo-home/bin/cargo" "+beta-2021-08-01" "test" "--frozen" "--no-run" "--message-format=json", kill_on_drop: false }`
[INFO] [stdout] c166993686ded4fa3889c8b4d532b7b4cc1d6b836ed5254b269f3ded973aa7fb
[INFO] running `Command { std: "docker" "start" "-a" "c166993686ded4fa3889c8b4d532b7b4cc1d6b836ed5254b269f3ded973aa7fb", kill_on_drop: false }`
[INFO] [stderr]    Compiling serde v1.0.126
[INFO] [stderr]    Compiling ucd-trie v0.1.3
[INFO] [stderr]    Compiling pin-project-lite v0.2.6
[INFO] [stderr]    Compiling futures-core v0.3.15
[INFO] [stderr]    Compiling cache-padded v1.1.1
[INFO] [stderr]    Compiling event-listener v2.5.1
[INFO] [stderr]    Compiling byteorder v1.4.3
[INFO] [stderr]    Compiling parking v2.0.0
[INFO] [stderr]    Compiling futures-io v0.3.15
[INFO] [stderr]    Compiling waker-fn v1.1.0
[INFO] [stderr]    Compiling either v1.6.1
[INFO] [stderr]    Compiling serde_json v1.0.64
[INFO] [stderr]    Compiling rayon-core v1.9.1
[INFO] [stderr]    Compiling slab v0.4.3
[INFO] [stderr]    Compiling async-task v4.0.3
[INFO] [stderr]    Compiling atomic-waker v1.0.0
[INFO] [stderr]    Compiling plotters-backend v0.3.0
[INFO] [stderr]    Compiling serde_derive v1.0.126
[INFO] [stderr]    Compiling maud_htmlescape v0.17.0
[INFO] [stderr]    Compiling half v1.7.1
[INFO] [stderr]    Compiling oorandom v11.1.3
[INFO] [stderr]    Compiling ansi_term v0.12.1
[INFO] [stderr]    Compiling glob v0.3.0
[INFO] [stderr]    Compiling crossbeam-utils v0.8.4
[INFO] [stderr]    Compiling memoffset v0.6.3
[INFO] [stderr]    Compiling rayon v1.5.1
[INFO] [stderr]    Compiling tokio v1.6.0
[INFO] [stderr]    Compiling proc-macro-error-attr v1.0.4
[INFO] [stderr]    Compiling tracing-core v0.1.18
[INFO] [stderr]    Compiling proc-macro-error v1.0.4
[INFO] [stderr]    Compiling sharded-slab v0.1.1
[INFO] [stderr]    Compiling thread_local v1.1.3
[INFO] [stderr]    Compiling num_cpus v1.13.0
[INFO] [stderr]    Compiling socket2 v0.4.0
[INFO] [stderr]    Compiling csv-core v0.1.10
[INFO] [stderr]    Compiling atty v0.2.14
[INFO] [stderr]    Compiling clap v2.33.3
[INFO] [stderr]    Compiling num-integer v0.1.44
[INFO] [stderr]    Compiling async-attributes v1.1.2
[INFO] [stderr]    Compiling tokio-macros v1.2.0
[INFO] [stderr]    Compiling polling v2.0.3
[INFO] [stderr]    Compiling kv-log-macro v1.0.7
[INFO] [stderr]    Compiling concurrent-queue v1.2.2
[INFO] [stderr]    Compiling async-mutex v1.4.0
[INFO] [stderr]    Compiling async-lock v2.4.0
[INFO] [stderr]    Compiling regex-automata v0.1.9
[INFO] [stderr]    Compiling itertools v0.9.0
[INFO] [stderr]    Compiling itertools v0.10.0
[INFO] [stderr]    Compiling pest v2.1.3
[INFO] [stderr]    Compiling plotters-svg v0.3.0
[INFO] [stderr]    Compiling tracing-log v0.1.2
[INFO] [stderr]    Compiling tracing v0.1.26
[INFO] [stderr]    Compiling chrono v0.4.19
[INFO] [stderr]    Compiling plotters v0.3.1
[INFO] [stderr]    Compiling futures-lite v1.11.3
[INFO] [stderr]    Compiling async-channel v1.6.1
[INFO] [stderr]    Compiling matchers v0.0.1
[INFO] [stderr]    Compiling semver-parser v0.10.2
[INFO] [stderr]    Compiling async-io v1.4.1
[INFO] [stderr]    Compiling async-executor v1.4.1
[INFO] [stderr]    Compiling blocking v1.0.2
[INFO] [stderr]    Compiling semver v0.11.0
[INFO] [stderr]    Compiling rustc_version v0.3.3
[INFO] [stderr]    Compiling async-global-executor v2.0.2
[INFO] [stderr]    Compiling maud_macros v0.22.2
[INFO] [stderr]    Compiling cast v0.2.6
[INFO] [stderr]    Compiling crossbeam-epoch v0.9.4
[INFO] [stderr]    Compiling crossbeam-channel v0.5.1
[INFO] [stderr]    Compiling async-std v1.9.0
[INFO] [stderr]    Compiling crossbeam-deque v0.8.0
[INFO] [stderr]    Compiling criterion-plot v0.4.3
[INFO] [stderr]    Compiling maud v0.22.2
[INFO] [stderr]    Compiling bstr v0.2.16
[INFO] [stderr]    Compiling serde_cbor v0.11.1
[INFO] [stderr]    Compiling tracing-serde v0.1.2
[INFO] [stderr]    Compiling csv v1.1.6
[INFO] [stderr]    Compiling tinytemplate v1.2.1
[INFO] [stderr]    Compiling tracing-subscriber v0.2.18
[INFO] [stderr]    Compiling criterion v0.3.4
[INFO] [stderr]    Compiling lettre v0.10.0-rc.3 (/opt/rustwide/workdir)
[INFO] [stderr]     Finished test [unoptimized + debuginfo] target(s) in 29.92s
[INFO] running `Command { std: "docker" "inspect" "c166993686ded4fa3889c8b4d532b7b4cc1d6b836ed5254b269f3ded973aa7fb", kill_on_drop: false }`
[INFO] running `Command { std: "docker" "rm" "-f" "c166993686ded4fa3889c8b4d532b7b4cc1d6b836ed5254b269f3ded973aa7fb", kill_on_drop: false }`
[INFO] [stdout] c166993686ded4fa3889c8b4d532b7b4cc1d6b836ed5254b269f3ded973aa7fb
[INFO] running `Command { std: "docker" "create" "-v" "/var/lib/crater-agent-workspace/builds/worker-62/target:/opt/rustwide/target:rw,Z" "-v" "/var/lib/crater-agent-workspace/builds/worker-62/source:/opt/rustwide/workdir:ro,Z" "-v" "/var/lib/crater-agent-workspace/cargo-home:/opt/rustwide/cargo-home:ro,Z" "-v" "/var/lib/crater-agent-workspace/rustup-home:/opt/rustwide/rustup-home:ro,Z" "-e" "SOURCE_DIR=/opt/rustwide/workdir" "-e" "CARGO_TARGET_DIR=/opt/rustwide/target" "-e" "CARGO_INCREMENTAL=0" "-e" "RUST_BACKTRACE=full" "-e" "RUSTFLAGS=--cap-lints=warn" "-e" "CARGO_HOME=/opt/rustwide/cargo-home" "-e" "RUSTUP_HOME=/opt/rustwide/rustup-home" "-w" "/opt/rustwide/workdir" "-m" "1610612736" "--user" "0:0" "--network" "none" "ghcr.io/rust-lang/crates-build-env/linux@sha256:34b6a614d2c27851fe6cbf88fbd1137609cefab8b10d0615aaeb6fd47975d74e" "/opt/rustwide/cargo-home/bin/cargo" "+beta-2021-08-01" "test" "--frozen", kill_on_drop: false }`
[INFO] [stdout] cc9aba50faeaf7b39d4e50deb93df67a3a2f7508d57eaa61b161a36b2a78eb15
[INFO] running `Command { std: "docker" "start" "-a" "cc9aba50faeaf7b39d4e50deb93df67a3a2f7508d57eaa61b161a36b2a78eb15", kill_on_drop: false }`
[INFO] [stderr]     Blocking waiting for file lock on package cache
[INFO] [stderr]     Finished test [unoptimized + debuginfo] target(s) in 1.96s
[INFO] [stderr]      Running unittests (/opt/rustwide/target/debug/deps/lettre-be6da8dabc6d75da)
[INFO] [stdout] 
[INFO] [stdout] running 114 tests
[INFO] [stdout] test message::attachment::tests::attachment_inline ... ok
[INFO] [stdout] test message::attachment::tests::attachment ... ok
[INFO] [stdout] test message::body::test::base64_detect ... ok
[INFO] [stdout] test message::body::test::base64_encode_ascii ... ok
[INFO] [stdout] test message::body::test::base64_encode_ascii_wrapping ... ok
[INFO] [stdout] test message::body::test::crlf ... ok
[INFO] [stdout] test message::body::test::base64_encode_bytes ... ok
[INFO] [stdout] test message::body::test::eight_bit_encode ... ok
[INFO] [stdout] test message::body::test::harsh_crlf ... ok
[INFO] [stdout] test message::body::test::eight_bit_too_long_fail ... ok
[INFO] [stdout] test message::body::test::quoted_printable_encode_ascii ... ok
[INFO] [stdout] test message::body::test::crlf_noop ... ok
[INFO] [stdout] test message::body::test::quoted_printable_detect ... ok
[INFO] [stdout] test message::body::test::base64_encode_bytes_wrapping ... ok
[INFO] [stdout] test message::body::test::quoted_printable_encode_utf8 ... ok
[INFO] [stdout] test message::body::test::seven_bit_detect ... ok
[INFO] [stdout] test message::body::test::seven_bit_invalid ... ok
[INFO] [stdout] test message::body::test::seven_bit_too_long_fail ... ok
[INFO] [stdout] test message::header::content::test::format_content_transfer_encoding ... ok
[INFO] [stdout] test message::header::content::test::parse_content_transfer_encoding ... ok
[INFO] [stdout] test message::body::test::seven_bit_too_long_detect ... ok
[INFO] [stdout] test message::header::content_disposition::test::parse_content_disposition ... ok
[INFO] [stdout] test message::body::test::seven_bit_too_long_encode_quotedprintable ... ok
[INFO] [stdout] test message::body::test::quoted_printable_encode_line_wrap ... ok
[INFO] [stdout] test message::header::content_type::test::parse_content_type ... ok
[INFO] [stdout] test message::body::test::seven_bit_encode ... ok
[INFO] [stdout] test message::header::content_type::test::format_content_type ... ok
[INFO] [stdout] test message::header::date::test::format_date ... ok
[INFO] [stdout] test message::header::content_disposition::test::format_content_disposition ... ok
[INFO] [stdout] test message::header::date::test::parse_date ... ok
[INFO] [stdout] test address::types::tests::parse_address ... ok
[INFO] [stdout] test message::header::mailbox::test::format_multi_without_name ... ok
[INFO] [stdout] test message::header::mailbox::test::format_multi_with_name ... ok
[INFO] [stdout] test message::header::mailbox::test::format_single_with_name ... ok
[INFO] [stdout] test message::header::mailbox::test::format_single_with_utf8_name ... ok
[INFO] [stdout] test message::header::mailbox::test::format_single_without_name ... ok
[INFO] [stdout] test message::header::special::test::parse_mime_version ... ok
[INFO] [stdout] test message::header::tests::colons_in_headername ... ok
[INFO] [stdout] test message::header::mailbox::test::parse_single_without_name ... ok
[INFO] [stdout] test message::header::mailbox::test::parse_multi_without_name ... ok
[INFO] [stdout] test message::header::tests::empty_headername ... ok
[INFO] [stdout] test message::header::tests::const_valid_headername ... ok
[INFO] [stdout] test message::header::tests::format_ascii ... ok
[INFO] [stdout] test message::header::tests::format_ascii_with_folding ... ok
[INFO] [stdout] test message::header::special::test::format_mime_version ... ok
[INFO] [stdout] test message::header::tests::format_ascii_with_folding_giant_word ... ok
[INFO] [stdout] test message::header::mailbox::test::parse_multi_with_name ... ok
[INFO] [stdout] test message::header::tests::format_ascii_with_folding_long_line ... ok
[INFO] [stdout] test message::header::mailbox::test::parse_single_with_name ... ok
[INFO] [stdout] test message::header::tests::format_ascii_with_folding_very_long_line ... ok
[INFO] [stdout] test message::header::tests::format_bad_stuff ... ok
[INFO] [stdout] test message::header::tests::format_slice_on_char_boundary_bug ... ok
[INFO] [stdout] test message::header::tests::format_special ... ok
[INFO] [stdout] test message::header::tests::format_everything ... ok
[INFO] [stdout] test message::header::tests::format_special_emoji ... ok
[INFO] [stdout] test message::header::tests::non_ascii_headername ... ok
[INFO] [stdout] test message::header::tests::format_special_with_folding ... ok
[INFO] [stdout] test message::header::tests::spaces_in_headername ... ok
[INFO] [stdout] test message::header::textual::test::format_ascii ... ok
[INFO] [stdout] test message::header::tests::valid_headername ... ok
[INFO] [stdout] test message::header::textual::test::parse_ascii ... ok
[INFO] [stdout] test message::header::textual::test::format_utf8 ... ok
[INFO] [stdout] test message::mailbox::types::test::format_address_with_empty_name ... ok
[INFO] [stdout] test message::mailbox::types::test::mailbox_format_address_only ... ok
[INFO] [stdout] test message::mailbox::types::test::mailbox_format_address_with_name ... ok
[INFO] [stdout] test message::mailbox::types::test::format_address_with_name_trim ... ok
[INFO] [stdout] test message::mailbox::types::test::parse_address_only ... ok
[INFO] [stdout] test message::mailbox::types::test::parse_address_from_tuple ... ok
[INFO] [stdout] test message::mailbox::types::test::parse_address_with_empty_name ... ok
[INFO] [stdout] test message::mailbox::types::test::parse_address_with_empty_name_trim ... ok
[INFO] [stdout] test message::mailbox::types::test::parse_address_with_name ... ok
[INFO] [stdout] test message::mimebody::test::multi_part_alternative ... ok
[INFO] [stdout] test message::mimebody::test::multi_part_encrypted ... ok
[INFO] [stdout] test message::mimebody::test::multi_part_mixed ... ok
[INFO] [stdout] test message::mimebody::test::multi_part_mixed_related ... ok
[INFO] [stdout] test message::mimebody::test::single_part_base64 ... ok
[INFO] [stdout] test message::mimebody::test::single_part_binary ... ok
[INFO] [stdout] test message::mimebody::test::multi_part_signed ... ok
[INFO] [stdout] test message::mimebody::test::single_part_quoted_printable ... ok
[INFO] [stdout] test message::test::email_miminal_message ... ok
[INFO] [stdout] test message::test::email_message ... ok
[INFO] [stdout] test message::test::email_missing_originator ... ok
[INFO] [stdout] test message::test::email_missing_sender ... ok
[INFO] [stdout] test transport::smtp::authentication::test::test_from_user_pass_for_credentials ... ok
[INFO] [stdout] test test::envelope_from_headers_no_to ... ok
[INFO] [stdout] test test::envelope_from_headers ... ok
[INFO] [stdout] test transport::smtp::authentication::test::test_login ... ok
[INFO] [stdout] test transport::smtp::authentication::test::test_plain ... ok
[INFO] [stdout] test test::envelope_from_headers_sender ... ok
[INFO] [stdout] test transport::smtp::extension::test::test_extension_fmt ... ok
[INFO] [stdout] test transport::smtp::extension::test::test_serverinfo_fmt ... ok
[INFO] [stdout] test transport::smtp::extension::test::test_serverinfo ... ok
[INFO] [stdout] test transport::smtp::client::test::test_codec ... ok
[INFO] [stdout] test transport::smtp::commands::test::test_display ... ok
[INFO] [stdout] test transport::smtp::authentication::test::test_xoauth2 ... ok
[INFO] [stdout] test transport::smtp::response::test::test_category_fmt ... ok
[INFO] [stdout] test message::test::email_with_png ... ok
[INFO] [stdout] test transport::smtp::response::test::test_code_display ... ok
[INFO] [stdout] test transport::smtp::response::test::test_code_new ... ok
[INFO] [stdout] test transport::smtp::extension::test::test_clientid_fmt ... ok
[INFO] [stdout] test transport::smtp::response::test::test_response_first_word ... ok
[INFO] [stdout] test transport::smtp::response::test::test_response_first_line ... ok
[INFO] [stdout] test transport::smtp::response::test::test_response_from_str ... ok
[INFO] [stdout] test transport::smtp::response::test::test_response_has_code ... ok
[INFO] [stdout] test transport::smtp::response::test::test_response_is_positive ... ok
[INFO] [stdout] test transport::smtp::response::test::test_response_incomplete ... ok
[INFO] [stdout] test transport::smtp::response::test::test_severity_fmt ... ok
[INFO] [stdout] test transport::smtp::util::tests::test ... ok
[INFO] [stdout] test message::test::test_make_message_id ... ok
[INFO] [stdout] test message::mimebody::test::test_make_boundary ... ok
[INFO] [stdout] test message::header::tests::const_colons_in_headername - should panic ... ok
[INFO] [stdout] test message::header::tests::const_empty_headername - should panic ... ok
[INFO] [stdout] test message::header::tests::const_non_ascii_headername - should panic ... ok
[INFO] [stdout] test message::header::tests::const_spaces_in_headername - should panic ... ok
[INFO] [stdout] 
[INFO] [stdout] test result: ok. 114 passed; 0 failed; 0 ignored; 0 measured; 0 filtered out; finished in 0.12s
[INFO] [stdout] 
[INFO] [stderr]      Running tests/transport_file.rs (/opt/rustwide/target/debug/deps/transport_file-cbf6254fcd8dbad3)
[INFO] [stdout] 
[INFO] [stderr]      Running tests/transport_sendmail.rs (/opt/rustwide/target/debug/deps/transport_sendmail-b3b65e75858a9569)
[INFO] [stdout] running 0 tests
[INFO] [stdout] 
[INFO] [stdout] test result: ok. 0 passed; 0 failed; 0 ignored; 0 measured; 0 filtered out; finished in 0.00s
[INFO] [stdout] 
[INFO] [stdout] 
[INFO] [stdout] running 0 tests
[INFO] [stdout] 
[INFO] [stdout] test result: ok. 0 passed; 0 failed; 0 ignored; 0 measured; 0 filtered out; finished in 0.00s
[INFO] [stdout] 
[INFO] [stderr]      Running tests/transport_smtp.rs (/opt/rustwide/target/debug/deps/transport_smtp-cb57130f2194e10d)
[INFO] [stdout] 
[INFO] [stdout] running 1 test
[INFO] [stdout] test sync::smtp_transport_simple ... FAILED
[INFO] [stdout] 
[INFO] [stdout] failures:
[INFO] [stdout] 
[INFO] [stdout] ---- sync::smtp_transport_simple stdout ----
[INFO] [stdout] thread 'sync::smtp_transport_simple' panicked at 'called `Result::unwrap()` on an `Err` value: lettre::transport::smtp::Error { kind: Client, source: Error(Some("Connection error: Could not connect")) }', tests/transport_smtp.rs:19:29
[INFO] [stdout] stack backtrace:
[INFO] [stdout]    0:     0x564616d0afa0 - std::backtrace_rs::backtrace::libunwind::trace::hff4d1766e93f64f1
[INFO] [stdout]                                at /rustc/53fd98ca776cb875bc9e5514f56b52eb74f9e7a9/library/std/src/../../backtrace/src/backtrace/libunwind.rs:90:5
[INFO] [stdout]    1:     0x564616d0afa0 - std::backtrace_rs::backtrace::trace_unsynchronized::h56bbc8eb78770bcb
[INFO] [stdout]                                at /rustc/53fd98ca776cb875bc9e5514f56b52eb74f9e7a9/library/std/src/../../backtrace/src/backtrace/mod.rs:66:5
[INFO] [stdout]    2:     0x564616d0afa0 - std::sys_common::backtrace::_print_fmt::h5c8e75464faca780
[INFO] [stdout]                                at /rustc/53fd98ca776cb875bc9e5514f56b52eb74f9e7a9/library/std/src/sys_common/backtrace.rs:67:5
[INFO] [stdout]    3:     0x564616d0afa0 - <std::sys_common::backtrace::_print::DisplayBacktrace as core::fmt::Display>::fmt::h48b88277def8b362
[INFO] [stdout]                                at /rustc/53fd98ca776cb875bc9e5514f56b52eb74f9e7a9/library/std/src/sys_common/backtrace.rs:46:22
[INFO] [stdout]    4:     0x564616d2e61c - core::fmt::write::h3381b3176fe2b3d3
[INFO] [stdout]                                at /rustc/53fd98ca776cb875bc9e5514f56b52eb74f9e7a9/library/core/src/fmt/mod.rs:1115:17
[INFO] [stdout]    5:     0x564616d04ad5 - std::io::Write::write_fmt::h5f34a676f60246b5
[INFO] [stdout]                                at /rustc/53fd98ca776cb875bc9e5514f56b52eb74f9e7a9/library/std/src/io/mod.rs:1665:15
[INFO] [stdout]    6:     0x564616d0d23b - std::sys_common::backtrace::_print::ha537687d6c17dd0d
[INFO] [stdout]                                at /rustc/53fd98ca776cb875bc9e5514f56b52eb74f9e7a9/library/std/src/sys_common/backtrace.rs:49:5
[INFO] [stdout]    7:     0x564616d0d23b - std::sys_common::backtrace::print::h61376ae57d131d72
[INFO] [stdout]                                at /rustc/53fd98ca776cb875bc9e5514f56b52eb74f9e7a9/library/std/src/sys_common/backtrace.rs:36:9
[INFO] [stdout]    8:     0x564616d0d23b - std::panicking::default_hook::{{closure}}::h0f7208c0b9644a54
[INFO] [stdout]                                at /rustc/53fd98ca776cb875bc9e5514f56b52eb74f9e7a9/library/std/src/panicking.rs:208:50
[INFO] [stdout]    9:     0x564616d0cd4c - std::panicking::default_hook::hdac7fc06578c14ce
[INFO] [stdout]                                at /rustc/53fd98ca776cb875bc9e5514f56b52eb74f9e7a9/library/std/src/panicking.rs:222:9
[INFO] [stdout]   10:     0x564616d0d904 - std::panicking::rust_panic_with_hook::h72b21c283da3d1ef
[INFO] [stdout]                                at /rustc/53fd98ca776cb875bc9e5514f56b52eb74f9e7a9/library/std/src/panicking.rs:622:17
[INFO] [stdout]   11:     0x564616d0d3e7 - std::panicking::begin_panic_handler::{{closure}}::he5778f1729cff84a
[INFO] [stdout]                                at /rustc/53fd98ca776cb875bc9e5514f56b52eb74f9e7a9/library/std/src/panicking.rs:519:13
[INFO] [stdout]   12:     0x564616d0b47c - std::sys_common::backtrace::__rust_end_short_backtrace::h2d11ca8b453b4b1d
[INFO] [stdout]                                at /rustc/53fd98ca776cb875bc9e5514f56b52eb74f9e7a9/library/std/src/sys_common/backtrace.rs:141:18
[INFO] [stdout]   13:     0x564616d0d349 - rust_begin_unwind
[INFO] [stdout]                                at /rustc/53fd98ca776cb875bc9e5514f56b52eb74f9e7a9/library/std/src/panicking.rs:515:5
[INFO] [stdout]   14:     0x564616af3581 - core::panicking::panic_fmt::hf9de31d4acbce4db
[INFO] [stdout]                                at /rustc/53fd98ca776cb875bc9e5514f56b52eb74f9e7a9/library/core/src/panicking.rs:92:14
[INFO] [stdout]   15:     0x564616af3673 - core::result::unwrap_failed::ha0c84e81219e5878
[INFO] [stdout]                                at /rustc/53fd98ca776cb875bc9e5514f56b52eb74f9e7a9/library/core/src/result.rs:1599:5
[INFO] [stdout]   16:     0x564616af4b0c - core::result::Result<T,E>::unwrap::h624fe9a7abb4fa3d
[INFO] [stdout]                                at /rustc/53fd98ca776cb875bc9e5514f56b52eb74f9e7a9/library/core/src/result.rs:1281:23
[INFO] [stdout]   17:     0x564616af5d69 - transport_smtp::sync::smtp_transport_simple::he8099b69a135e999
[INFO] [stdout]                                at /opt/rustwide/workdir/tests/transport_smtp.rs:19:9
[INFO] [stdout]   18:     0x564616af597a - transport_smtp::sync::smtp_transport_simple::{{closure}}::hd28ccaf29331d249
[INFO] [stdout]                                at /opt/rustwide/workdir/tests/transport_smtp.rs:7:5
[INFO] [stdout]   19:     0x564616af60ce - core::ops::function::FnOnce::call_once::ha3a2123f75eb526a
[INFO] [stdout]                                at /rustc/53fd98ca776cb875bc9e5514f56b52eb74f9e7a9/library/core/src/ops/function.rs:227:5
[INFO] [stdout]   20:     0x564616b29713 - core::ops::function::FnOnce::call_once::hbb52c4519d3137b0
[INFO] [stdout]                                at /rustc/53fd98ca776cb875bc9e5514f56b52eb74f9e7a9/library/core/src/ops/function.rs:227:5
[INFO] [stdout]   21:     0x564616b29713 - test::__rust_begin_short_backtrace::h86fe3a2a5a5121af
[INFO] [stdout]                                at /rustc/53fd98ca776cb875bc9e5514f56b52eb74f9e7a9/library/test/src/lib.rs:578:5
[INFO] [stdout]   22:     0x564616b281c8 - <alloc::boxed::Box<F,A> as core::ops::function::FnOnce<Args>>::call_once::hfd956bc3d57399be
[INFO] [stdout]                                at /rustc/53fd98ca776cb875bc9e5514f56b52eb74f9e7a9/library/alloc/src/boxed.rs:1572:9
[INFO] [stdout]   23:     0x564616b281c8 - <std::panic::AssertUnwindSafe<F> as core::ops::function::FnOnce<()>>::call_once::h40dc93e0ddb5938a
[INFO] [stdout]                                at /rustc/53fd98ca776cb875bc9e5514f56b52eb74f9e7a9/library/std/src/panic.rs:347:9
[INFO] [stdout]   24:     0x564616b281c8 - std::panicking::try::do_call::h90d07750cb47c562
[INFO] [stdout]                                at /rustc/53fd98ca776cb875bc9e5514f56b52eb74f9e7a9/library/std/src/panicking.rs:401:40
[INFO] [stdout]   25:     0x564616b281c8 - std::panicking::try::h063c84733ad2a629
[INFO] [stdout]                                at /rustc/53fd98ca776cb875bc9e5514f56b52eb74f9e7a9/library/std/src/panicking.rs:365:19
[INFO] [stdout]   26:     0x564616b281c8 - std::panic::catch_unwind::h0c464836a84e7c08
[INFO] [stdout]                                at /rustc/53fd98ca776cb875bc9e5514f56b52eb74f9e7a9/library/std/src/panic.rs:434:14
[INFO] [stdout]   27:     0x564616b281c8 - test::run_test_in_process::h5cb06ef620b157fc
[INFO] [stdout]                                at /rustc/53fd98ca776cb875bc9e5514f56b52eb74f9e7a9/library/test/src/lib.rs:601:18
[INFO] [stdout]   28:     0x564616b281c8 - test::run_test::run_test_inner::{{closure}}::h76f677f4b93f9828
[INFO] [stdout]                                at /rustc/53fd98ca776cb875bc9e5514f56b52eb74f9e7a9/library/test/src/lib.rs:493:39
[INFO] [stdout]   29:     0x564616af695d - test::run_test::run_test_inner::{{closure}}::h366d01fe04f4d67a
[INFO] [stdout]                                at /rustc/53fd98ca776cb875bc9e5514f56b52eb74f9e7a9/library/test/src/lib.rs:520:37
[INFO] [stdout]   30:     0x564616af695d - std::sys_common::backtrace::__rust_begin_short_backtrace::h7dfa0de4eb395af2
[INFO] [stdout]                                at /rustc/53fd98ca776cb875bc9e5514f56b52eb74f9e7a9/library/std/src/sys_common/backtrace.rs:125:18
[INFO] [stdout]   31:     0x564616afb128 - std::thread::Builder::spawn_unchecked::{{closure}}::{{closure}}::hf0a74bb58798037f
[INFO] [stdout]                                at /rustc/53fd98ca776cb875bc9e5514f56b52eb74f9e7a9/library/std/src/thread/mod.rs:476:17
[INFO] [stdout]   32:     0x564616afb128 - <std::panic::AssertUnwindSafe<F> as core::ops::function::FnOnce<()>>::call_once::hb024e854818586ac
[INFO] [stdout]                                at /rustc/53fd98ca776cb875bc9e5514f56b52eb74f9e7a9/library/std/src/panic.rs:347:9
[INFO] [stdout]   33:     0x564616afb128 - std::panicking::try::do_call::hb2dd9f1d0d48e41d
[INFO] [stdout]                                at /rustc/53fd98ca776cb875bc9e5514f56b52eb74f9e7a9/library/std/src/panicking.rs:401:40
[INFO] [stdout]   34:     0x564616afb128 - std::panicking::try::h4717ae7bac8b2bf3
[INFO] [stdout]                                at /rustc/53fd98ca776cb875bc9e5514f56b52eb74f9e7a9/library/std/src/panicking.rs:365:19
[INFO] [stdout]   35:     0x564616afb128 - std::panic::catch_unwind::h0dc8a061326ce8d8
[INFO] [stdout]                                at /rustc/53fd98ca776cb875bc9e5514f56b52eb74f9e7a9/library/std/src/panic.rs:434:14
[INFO] [stdout]   36:     0x564616afb128 - std::thread::Builder::spawn_unchecked::{{closure}}::haa369e2d6fd00aa1
[INFO] [stdout]                                at /rustc/53fd98ca776cb875bc9e5514f56b52eb74f9e7a9/library/std/src/thread/mod.rs:475:30
[INFO] [stdout]   37:     0x564616afb128 - core::ops::function::FnOnce::call_once{{vtable.shim}}::h36dcf3de8b056f17
[INFO] [stdout]                                at /rustc/53fd98ca776cb875bc9e5514f56b52eb74f9e7a9/library/core/src/ops/function.rs:227:5
[INFO] [stdout]   38:     0x564616d12fa7 - <alloc::boxed::Box<F,A> as core::ops::function::FnOnce<Args>>::call_once::h65c29e4642be2358
[INFO] [stdout]                                at /rustc/53fd98ca776cb875bc9e5514f56b52eb74f9e7a9/library/alloc/src/boxed.rs:1572:9
[INFO] [stdout]   39:     0x564616d12fa7 - <alloc::boxed::Box<F,A> as core::ops::function::FnOnce<Args>>::call_once::hd0f8f7fbbd9fffbf
[INFO] [stdout]                                at /rustc/53fd98ca776cb875bc9e5514f56b52eb74f9e7a9/library/alloc/src/boxed.rs:1572:9
[INFO] [stdout]   40:     0x564616d12fa7 - std::sys::unix::thread::Thread::new::thread_start::h2fd22fee3ca77b65
[INFO] [stdout]                                at /rustc/53fd98ca776cb875bc9e5514f56b52eb74f9e7a9/library/std/src/sys/unix/thread.rs:74:17
[INFO] [stdout]   41:     0x7f0e52ef5609 - start_thread
[INFO] [stdout]   42:     0x7f0e52cc5293 - clone
[INFO] [stdout]   43:                0x0 - <unknown>
[INFO] [stdout] 
[INFO] [stdout] 
[INFO] [stdout] failures:
[INFO] [stdout]     sync::smtp_transport_simple
[INFO] [stdout] 
[INFO] [stdout] test result: FAILED. 0 passed; 1 failed; 0 ignored; 0 measured; 0 filtered out; finished in 30.33s
[INFO] [stdout] 
[INFO] [stderr] error: test failed, to rerun pass '--test transport_smtp'
[INFO] running `Command { std: "docker" "inspect" "cc9aba50faeaf7b39d4e50deb93df67a3a2f7508d57eaa61b161a36b2a78eb15", kill_on_drop: false }`
[INFO] running `Command { std: "docker" "rm" "-f" "cc9aba50faeaf7b39d4e50deb93df67a3a2f7508d57eaa61b161a36b2a78eb15", kill_on_drop: false }`
[INFO] [stdout] cc9aba50faeaf7b39d4e50deb93df67a3a2f7508d57eaa61b161a36b2a78eb15
