[INFO] fetching crate leslie_lamport 0.3.1...
[INFO] testing leslie_lamport-0.3.1 against beta-2021-08-01 for beta-1.55-1
[INFO] extracting crate leslie_lamport 0.3.1 into /workspace/builds/worker-41/source
[INFO] validating manifest of crates.io crate leslie_lamport 0.3.1 on toolchain beta-2021-08-01
[INFO] running `Command { std: "/workspace/cargo-home/bin/cargo" "+beta-2021-08-01" "metadata" "--manifest-path" "Cargo.toml" "--no-deps", kill_on_drop: false }`
[INFO] started tweaking crates.io crate leslie_lamport 0.3.1
[INFO] removed 0 missing examples
[INFO] finished tweaking crates.io crate leslie_lamport 0.3.1
[INFO] tweaked toml for crates.io crate leslie_lamport 0.3.1 written to /workspace/builds/worker-41/source/Cargo.toml
[INFO] crate crates.io crate leslie_lamport 0.3.1 already has a lockfile, it will not be regenerated
[INFO] running `Command { std: "/workspace/cargo-home/bin/cargo" "+beta-2021-08-01" "fetch" "--manifest-path" "Cargo.toml", kill_on_drop: false }`
[INFO] [stderr]     Blocking waiting for file lock on package cache
[INFO] [stderr]     Blocking waiting for file lock on package cache
[INFO] [stderr]  Downloading crates ...
[INFO] [stderr]   Downloaded linked-hash-map v0.5.4
[INFO] [stderr]   Downloaded crypto-hash v0.3.4
[INFO] [stderr]   Downloaded getrandom v0.1.16
[INFO] [stderr]   Downloaded serde_yaml v0.8.15
[INFO] [stderr]   Downloaded hex v0.3.2
[INFO] [stderr]   Downloaded blake2-rfc v0.2.18
[INFO] [stderr]   Downloaded commoncrypto-sys v0.2.0
[INFO] [stderr]   Downloaded arrayvec v0.4.12
[INFO] [stderr]   Downloaded nodrop v0.1.14
[INFO] [stderr]   Downloaded dtoa v0.4.7
[INFO] [stderr]   Downloaded yaml-rust v0.4.5
[INFO] [stderr]   Downloaded serde_derive v1.0.118
[INFO] [stderr]   Downloaded serde v1.0.118
[INFO] [stderr]   Downloaded commoncrypto v0.2.0
[INFO] running `Command { std: "docker" "create" "-v" "/var/lib/crater-agent-workspace/builds/worker-41/target:/opt/rustwide/target:rw,Z" "-v" "/var/lib/crater-agent-workspace/builds/worker-41/source:/opt/rustwide/workdir:ro,Z" "-v" "/var/lib/crater-agent-workspace/cargo-home:/opt/rustwide/cargo-home:ro,Z" "-v" "/var/lib/crater-agent-workspace/rustup-home:/opt/rustwide/rustup-home:ro,Z" "-e" "SOURCE_DIR=/opt/rustwide/workdir" "-e" "CARGO_TARGET_DIR=/opt/rustwide/target" "-e" "CARGO_HOME=/opt/rustwide/cargo-home" "-e" "RUSTUP_HOME=/opt/rustwide/rustup-home" "-w" "/opt/rustwide/workdir" "-m" "1610612736" "--user" "0:0" "--network" "none" "ghcr.io/rust-lang/crates-build-env/linux@sha256:34b6a614d2c27851fe6cbf88fbd1137609cefab8b10d0615aaeb6fd47975d74e" "/opt/rustwide/cargo-home/bin/cargo" "+beta-2021-08-01" "metadata" "--no-deps" "--format-version=1", kill_on_drop: false }`
[INFO] [stdout] 64430b29e50a3b3d8dc0486984face6aa15316d3e8537641684d168152bcd9de
[INFO] running `Command { std: "docker" "start" "-a" "64430b29e50a3b3d8dc0486984face6aa15316d3e8537641684d168152bcd9de", kill_on_drop: false }`
[INFO] running `Command { std: "docker" "inspect" "64430b29e50a3b3d8dc0486984face6aa15316d3e8537641684d168152bcd9de", kill_on_drop: false }`
[INFO] running `Command { std: "docker" "rm" "-f" "64430b29e50a3b3d8dc0486984face6aa15316d3e8537641684d168152bcd9de", kill_on_drop: false }`
[INFO] [stdout] 64430b29e50a3b3d8dc0486984face6aa15316d3e8537641684d168152bcd9de
[INFO] running `Command { std: "docker" "create" "-v" "/var/lib/crater-agent-workspace/builds/worker-41/target:/opt/rustwide/target:rw,Z" "-v" "/var/lib/crater-agent-workspace/builds/worker-41/source:/opt/rustwide/workdir:ro,Z" "-v" "/var/lib/crater-agent-workspace/cargo-home:/opt/rustwide/cargo-home:ro,Z" "-v" "/var/lib/crater-agent-workspace/rustup-home:/opt/rustwide/rustup-home:ro,Z" "-e" "SOURCE_DIR=/opt/rustwide/workdir" "-e" "CARGO_TARGET_DIR=/opt/rustwide/target" "-e" "CARGO_INCREMENTAL=0" "-e" "RUST_BACKTRACE=full" "-e" "RUSTFLAGS=--cap-lints=warn" "-e" "CARGO_HOME=/opt/rustwide/cargo-home" "-e" "RUSTUP_HOME=/opt/rustwide/rustup-home" "-w" "/opt/rustwide/workdir" "-m" "1610612736" "--user" "0:0" "--network" "none" "ghcr.io/rust-lang/crates-build-env/linux@sha256:34b6a614d2c27851fe6cbf88fbd1137609cefab8b10d0615aaeb6fd47975d74e" "/opt/rustwide/cargo-home/bin/cargo" "+beta-2021-08-01" "build" "--frozen" "--message-format=json", kill_on_drop: false }`
[INFO] [stdout] 746f8f04a62eec9dcd78d6a20ec7a98e28282fb23819069b91c4ee8d247a4428
[INFO] running `Command { std: "docker" "start" "-a" "746f8f04a62eec9dcd78d6a20ec7a98e28282fb23819069b91c4ee8d247a4428", kill_on_drop: false }`
[INFO] [stderr]     Blocking waiting for file lock on package cache
[INFO] [stderr]    Compiling libc v0.2.82
[INFO] [stderr]    Compiling cc v1.0.66
[INFO] [stderr]    Compiling syn v1.0.58
[INFO] [stderr]    Compiling serde_derive v1.0.118
[INFO] [stderr]    Compiling arrayvec v0.4.12
[INFO] [stderr]    Compiling openssl v0.10.32
[INFO] [stderr]    Compiling serde v1.0.118
[INFO] [stderr]    Compiling getrandom v0.1.16
[INFO] [stderr]    Compiling nodrop v0.1.14
[INFO] [stderr]    Compiling linked-hash-map v0.5.4
[INFO] [stderr]    Compiling dtoa v0.4.7
[INFO] [stderr]    Compiling hex v0.3.2
[INFO] [stderr]    Compiling hex v0.4.2
[INFO] [stderr]    Compiling quote v1.0.8
[INFO] [stderr]    Compiling yaml-rust v0.4.5
[INFO] [stderr]    Compiling openssl-sys v0.9.60
[INFO] [stderr]    Compiling blake2-rfc v0.2.18
[INFO] [stderr]    Compiling crypto-hash v0.3.4
[INFO] [stderr]    Compiling serde_yaml v0.8.15
[INFO] [stderr]    Compiling leslie_lamport v0.3.1 (/opt/rustwide/workdir)
[INFO] [stdout] warning: panic message contains braces
[INFO] [stdout]    --> src/lib.rs:213:82
[INFO] [stdout]     |
[INFO] [stdout] 213 |             panic!("Invalid Parameter for `d`. `d` should be a member of the set {32,48,64,128}")
[INFO] [stdout]     |                                                                                  ^            ^
[INFO] [stdout]     |
[INFO] [stdout]     = note: `#[warn(non_fmt_panics)]` on by default
[INFO] [stdout]     = note: this message is not used as a format string, but will be in Rust 2021
[INFO] [stdout] help: add a "{}" format string to use the message literally
[INFO] [stdout]     |
[INFO] [stdout] 213 |             panic!("{}", "Invalid Parameter for `d`. `d` should be a member of the set {32,48,64,128}")
[INFO] [stdout]     |                    ^^^^^
[INFO] [stdout] 
[INFO] [stdout] 
[INFO] [stdout] warning: 1 warning emitted
[INFO] [stdout] 
[INFO] [stdout] 
[INFO] [stderr]     Finished dev [unoptimized + debuginfo] target(s) in 50.61s
[INFO] running `Command { std: "docker" "inspect" "746f8f04a62eec9dcd78d6a20ec7a98e28282fb23819069b91c4ee8d247a4428", kill_on_drop: false }`
[INFO] running `Command { std: "docker" "rm" "-f" "746f8f04a62eec9dcd78d6a20ec7a98e28282fb23819069b91c4ee8d247a4428", kill_on_drop: false }`
[INFO] [stdout] 746f8f04a62eec9dcd78d6a20ec7a98e28282fb23819069b91c4ee8d247a4428
[INFO] running `Command { std: "docker" "create" "-v" "/var/lib/crater-agent-workspace/builds/worker-41/target:/opt/rustwide/target:rw,Z" "-v" "/var/lib/crater-agent-workspace/builds/worker-41/source:/opt/rustwide/workdir:ro,Z" "-v" "/var/lib/crater-agent-workspace/cargo-home:/opt/rustwide/cargo-home:ro,Z" "-v" "/var/lib/crater-agent-workspace/rustup-home:/opt/rustwide/rustup-home:ro,Z" "-e" "SOURCE_DIR=/opt/rustwide/workdir" "-e" "CARGO_TARGET_DIR=/opt/rustwide/target" "-e" "CARGO_INCREMENTAL=0" "-e" "RUST_BACKTRACE=full" "-e" "RUSTFLAGS=--cap-lints=warn" "-e" "CARGO_HOME=/opt/rustwide/cargo-home" "-e" "RUSTUP_HOME=/opt/rustwide/rustup-home" "-w" "/opt/rustwide/workdir" "-m" "1610612736" "--user" "0:0" "--network" "none" "ghcr.io/rust-lang/crates-build-env/linux@sha256:34b6a614d2c27851fe6cbf88fbd1137609cefab8b10d0615aaeb6fd47975d74e" "/opt/rustwide/cargo-home/bin/cargo" "+beta-2021-08-01" "test" "--frozen" "--no-run" "--message-format=json", kill_on_drop: false }`
[INFO] [stdout] e32fd826f5b0c6ca62d052000e530f79612c4a8c4357b6c39b9986b270776543
[INFO] running `Command { std: "docker" "start" "-a" "e32fd826f5b0c6ca62d052000e530f79612c4a8c4357b6c39b9986b270776543", kill_on_drop: false }`
[INFO] [stderr]    Compiling leslie_lamport v0.3.1 (/opt/rustwide/workdir)
[INFO] [stdout] warning: panic message contains braces
[INFO] [stdout]    --> src/lib.rs:213:82
[INFO] [stdout]     |
[INFO] [stdout] 213 |             panic!("Invalid Parameter for `d`. `d` should be a member of the set {32,48,64,128}")
[INFO] [stdout]     |                                                                                  ^            ^
[INFO] [stdout]     |
[INFO] [stdout]     = note: `#[warn(non_fmt_panics)]` on by default
[INFO] [stdout]     = note: this message is not used as a format string, but will be in Rust 2021
[INFO] [stdout] help: add a "{}" format string to use the message literally
[INFO] [stdout]     |
[INFO] [stdout] 213 |             panic!("{}", "Invalid Parameter for `d`. `d` should be a member of the set {32,48,64,128}")
[INFO] [stdout]     |                    ^^^^^
[INFO] [stdout] 
[INFO] [stdout] 
[INFO] [stdout] warning: 1 warning emitted
[INFO] [stdout] 
[INFO] [stdout] 
[INFO] [stdout] warning: panic message contains braces
[INFO] [stdout]    --> src/lib.rs:213:82
[INFO] [stdout]     |
[INFO] [stdout] 213 |             panic!("Invalid Parameter for `d`. `d` should be a member of the set {32,48,64,128}")
[INFO] [stdout]     |                                                                                  ^            ^
[INFO] [stdout]     |
[INFO] [stdout]     = note: `#[warn(non_fmt_panics)]` on by default
[INFO] [stdout]     = note: this message is not used as a format string, but will be in Rust 2021
[INFO] [stdout] help: add a "{}" format string to use the message literally
[INFO] [stdout]     |
[INFO] [stdout] 213 |             panic!("{}", "Invalid Parameter for `d`. `d` should be a member of the set {32,48,64,128}")
[INFO] [stdout]     |                    ^^^^^
[INFO] [stdout] 
[INFO] [stdout] 
[INFO] [stdout] warning: 1 warning emitted
[INFO] [stdout] 
[INFO] [stdout] 
[INFO] [stderr]     Finished test [unoptimized + debuginfo] target(s) in 2.36s
[INFO] running `Command { std: "docker" "inspect" "e32fd826f5b0c6ca62d052000e530f79612c4a8c4357b6c39b9986b270776543", kill_on_drop: false }`
[INFO] running `Command { std: "docker" "rm" "-f" "e32fd826f5b0c6ca62d052000e530f79612c4a8c4357b6c39b9986b270776543", kill_on_drop: false }`
[INFO] [stdout] e32fd826f5b0c6ca62d052000e530f79612c4a8c4357b6c39b9986b270776543
[INFO] running `Command { std: "docker" "create" "-v" "/var/lib/crater-agent-workspace/builds/worker-41/target:/opt/rustwide/target:rw,Z" "-v" "/var/lib/crater-agent-workspace/builds/worker-41/source:/opt/rustwide/workdir:ro,Z" "-v" "/var/lib/crater-agent-workspace/cargo-home:/opt/rustwide/cargo-home:ro,Z" "-v" "/var/lib/crater-agent-workspace/rustup-home:/opt/rustwide/rustup-home:ro,Z" "-e" "SOURCE_DIR=/opt/rustwide/workdir" "-e" "CARGO_TARGET_DIR=/opt/rustwide/target" "-e" "CARGO_INCREMENTAL=0" "-e" "RUST_BACKTRACE=full" "-e" "RUSTFLAGS=--cap-lints=warn" "-e" "CARGO_HOME=/opt/rustwide/cargo-home" "-e" "RUSTUP_HOME=/opt/rustwide/rustup-home" "-w" "/opt/rustwide/workdir" "-m" "1610612736" "--user" "0:0" "--network" "none" "ghcr.io/rust-lang/crates-build-env/linux@sha256:34b6a614d2c27851fe6cbf88fbd1137609cefab8b10d0615aaeb6fd47975d74e" "/opt/rustwide/cargo-home/bin/cargo" "+beta-2021-08-01" "test" "--frozen", kill_on_drop: false }`
[INFO] [stdout] d4f2ee348d1c564f1b0cfab0902a7ba567266d47f4ad92029a39b16d881caf0c
[INFO] running `Command { std: "docker" "start" "-a" "d4f2ee348d1c564f1b0cfab0902a7ba567266d47f4ad92029a39b16d881caf0c", kill_on_drop: false }`
[INFO] [stderr]     Blocking waiting for file lock on package cache
[INFO] [stderr] warning: panic message contains braces
[INFO] [stderr]    --> src/lib.rs:213:82
[INFO] [stderr]     |
[INFO] [stderr] 213 |             panic!("Invalid Parameter for `d`. `d` should be a member of the set {32,48,64,128}")
[INFO] [stderr]     |                                                                                  ^            ^
[INFO] [stderr]     |
[INFO] [stderr]     = note: `#[warn(non_fmt_panics)]` on by default
[INFO] [stderr]     = note: this message is not used as a format string, but will be in Rust 2021
[INFO] [stderr] help: add a "{}" format string to use the message literally
[INFO] [stderr]     |
[INFO] [stderr] 213 |             panic!("{}", "Invalid Parameter for `d`. `d` should be a member of the set {32,48,64,128}")
[INFO] [stderr]     |                    ^^^^^
[INFO] [stderr] 
[INFO] [stderr] warning: `leslie_lamport` (lib) generated 1 warning
[INFO] [stderr] warning: `leslie_lamport` (lib test) generated 1 warning (1 duplicate)
[INFO] [stderr]     Finished test [unoptimized + debuginfo] target(s) in 0.20s
[INFO] [stderr]      Running unittests (/opt/rustwide/target/debug/deps/leslie_lamport-0580ca42d01189a4)
[INFO] [stdout] 
[INFO] [stderr]      Running tests/unit_tests.rs (/opt/rustwide/target/debug/deps/unit_tests-d66b6e21e5ffcad4)
[INFO] [stdout] running 0 tests
[INFO] [stdout] 
[INFO] [stdout] test result: ok. 0 passed; 0 failed; 0 ignored; 0 measured; 0 filtered out; finished in 0.00s
[INFO] [stdout] 
[INFO] [stdout] 
[INFO] [stdout] running 28 tests
[INFO] [stdout] test random_tests::retrieve_32 ... ok
[INFO] [stdout] test random_tests::retrieve_all ... ok
[INFO] [stdout] test advanced_generation_tests::advanced_generate_blake2b_64 ... ok
[INFO] [stdout] test simple_generation_tests::generate_sha256 ... ok
[INFO] [stdout] test simple_verification::verify_wrong_signature ... ok
[INFO] [stdout] test simple_verification::verify_blake2b_64 ... ok
[INFO] [stdout] test simple_generation_tests::generate_blake2b ... ok
[INFO] [stdout] test simple_verification::verify_wrong_pk ... ok
[INFO] [stdout] test simple_signing_tests::sign_sha256_less_bytes ... ok
[INFO] [stdout] test advanced_generation_tests::advanced_generate_sha256 ... ok
[INFO] [stdout] test simple_signing_tests::sign_blake2b_64 ... ok
[INFO] [stdout] test simple_generation_tests::generate_blake2b_64 ... ok
[INFO] [stdout] test simple_verification::verify_blake2b ... ok
[INFO] [stdout] test simple_verification::verify_sha256 ... ok
[INFO] [stdout] test simple_signing_tests::sign_blake2b ... ok
[INFO] [stdout] test simple_verification::verify_wrong_pk_but_right_bit ... ok
[INFO] [stdout] test simple_generation_tests::generate_sha512 ... ok
[INFO] [stdout] test simple_verification::verify_sha512 ... ok
[INFO] [stdout] test simple_signing_tests::sign_sha256 ... ok
[INFO] [stdout] test simple_signing_tests::sign_sha512 ... ok
[INFO] [stdout] test advanced_generation_tests::panic_advanced_generate_d_of_24 - should panic ... ok
[INFO] [stdout] test advanced_generation_tests::panic_generate_d_of_256 - should panic ... ok
[INFO] [stdout] test simple_signing_tests::panic_sign_sha256_extra_byte - should panic ... ok
[INFO] [stdout] test simple_signing_tests::panic_sign_sha256_odd_length - should panic ... ok
[INFO] [stdout] test simple_verification::panic_verify_extra_byte_in_input - should panic ... ok
[INFO] [stdout] test simple_verification::verify_wrong_input ... ok
[INFO] [stdout] test advanced_generation_tests::advanced_generate_sha512 ... ok
[INFO] [stdout] test advanced_generation_tests::advanced_generate_blake2b ... ok
[INFO] [stdout] 
[INFO] [stdout] test result: ok. 28 passed; 0 failed; 0 ignored; 0 measured; 0 filtered out; finished in 0.56s
[INFO] [stdout] 
[INFO] [stderr]    Doc-tests leslie_lamport
[INFO] [stdout] 
[INFO] [stdout] running 5 tests
[INFO] [stdout] test src/lib.rs - LamportKeyPair (line 67) ... FAILED
[INFO] [stdout] test src/lib.rs - LamportKeyPair::generate_advanced (line 185) ... ok
[INFO] [stdout] test src/lib.rs - LamportKeyPair (line 51) ... ok
[INFO] [stdout] test src/lib.rs - LamportKeyPair::generate (line 138) ... ok
[INFO] [stdout] test src/lib.rs - LamportSignature (line 103) ... ok
[INFO] [stdout] 
[INFO] [stdout] failures:
[INFO] [stdout] 
[INFO] [stdout] ---- src/lib.rs - LamportKeyPair (line 67) stdout ----
[INFO] [stdout] error[E0308]: mismatched types
[INFO] [stdout]   --> src/lib.rs:79:65
[INFO] [stdout]    |
[INFO] [stdout] 15 | let deserialized_keypair: LamportKeyPair = serde_yaml::from_str(&serialized_keypair).unwrap();
[INFO] [stdout]    |                                                                 ^^^^^^^^^^^^^^^^^^^ expected `str`, found enum `Result`
[INFO] [stdout]    |
[INFO] [stdout]    = note: expected reference `&str`
[INFO] [stdout]               found reference `&Result<std::string::String, serde_yaml::Error>`
[INFO] [stdout] 
[INFO] [stdout] error: aborting due to previous error
[INFO] [stdout] 
[INFO] [stdout] For more information about this error, try `rustc --explain E0308`.
[INFO] [stdout] Couldn't compile the test.
[INFO] [stdout] 
[INFO] [stdout] failures:
[INFO] [stdout]     src/lib.rs - LamportKeyPair (line 67)
[INFO] [stdout] 
[INFO] [stdout] test result: FAILED. 4 passed; 1 failed; 0 ignored; 0 measured; 0 filtered out; finished in 0.61s
[INFO] [stdout] 
[INFO] [stderr] error: test failed, to rerun pass '--doc'
[INFO] running `Command { std: "docker" "inspect" "d4f2ee348d1c564f1b0cfab0902a7ba567266d47f4ad92029a39b16d881caf0c", kill_on_drop: false }`
[INFO] running `Command { std: "docker" "rm" "-f" "d4f2ee348d1c564f1b0cfab0902a7ba567266d47f4ad92029a39b16d881caf0c", kill_on_drop: false }`
[INFO] [stdout] d4f2ee348d1c564f1b0cfab0902a7ba567266d47f4ad92029a39b16d881caf0c
