[INFO] fetching crate lenient_semver 0.4.2...
[INFO] testing lenient_semver-0.4.2 against 1.54.0 for beta-1.55-1
[INFO] extracting crate lenient_semver 0.4.2 into /workspace/builds/worker-16/source
[INFO] validating manifest of crates.io crate lenient_semver 0.4.2 on toolchain 1.54.0
[INFO] running `Command { std: "/workspace/cargo-home/bin/cargo" "+1.54.0" "metadata" "--manifest-path" "Cargo.toml" "--no-deps", kill_on_drop: false }`
[INFO] started tweaking crates.io crate lenient_semver 0.4.2
[INFO] finished tweaking crates.io crate lenient_semver 0.4.2
[INFO] tweaked toml for crates.io crate lenient_semver 0.4.2 written to /workspace/builds/worker-16/source/Cargo.toml
[INFO] running `Command { std: "/workspace/cargo-home/bin/cargo" "+1.54.0" "generate-lockfile" "--manifest-path" "Cargo.toml" "-Zno-index-update", kill_on_drop: false }`
[INFO] running `Command { std: "/workspace/cargo-home/bin/cargo" "+1.54.0" "fetch" "--manifest-path" "Cargo.toml", kill_on_drop: false }`
[INFO] running `Command { std: "docker" "create" "-v" "/var/lib/crater-agent-workspace/builds/worker-16/target:/opt/rustwide/target:rw,Z" "-v" "/var/lib/crater-agent-workspace/builds/worker-16/source:/opt/rustwide/workdir:ro,Z" "-v" "/var/lib/crater-agent-workspace/cargo-home:/opt/rustwide/cargo-home:ro,Z" "-v" "/var/lib/crater-agent-workspace/rustup-home:/opt/rustwide/rustup-home:ro,Z" "-e" "SOURCE_DIR=/opt/rustwide/workdir" "-e" "CARGO_TARGET_DIR=/opt/rustwide/target" "-e" "CARGO_HOME=/opt/rustwide/cargo-home" "-e" "RUSTUP_HOME=/opt/rustwide/rustup-home" "-w" "/opt/rustwide/workdir" "-m" "1610612736" "--user" "0:0" "--network" "none" "ghcr.io/rust-lang/crates-build-env/linux@sha256:34b6a614d2c27851fe6cbf88fbd1137609cefab8b10d0615aaeb6fd47975d74e" "/opt/rustwide/cargo-home/bin/cargo" "+1.54.0" "metadata" "--no-deps" "--format-version=1", kill_on_drop: false }`
[INFO] [stdout] f773fe29bf762c5746199286f3e66b3649ed9234033c3aef412773bffe96fc9f
[INFO] running `Command { std: "docker" "start" "-a" "f773fe29bf762c5746199286f3e66b3649ed9234033c3aef412773bffe96fc9f", kill_on_drop: false }`
[INFO] running `Command { std: "docker" "inspect" "f773fe29bf762c5746199286f3e66b3649ed9234033c3aef412773bffe96fc9f", kill_on_drop: false }`
[INFO] running `Command { std: "docker" "rm" "-f" "f773fe29bf762c5746199286f3e66b3649ed9234033c3aef412773bffe96fc9f", kill_on_drop: false }`
[INFO] [stdout] f773fe29bf762c5746199286f3e66b3649ed9234033c3aef412773bffe96fc9f
[INFO] running `Command { std: "docker" "create" "-v" "/var/lib/crater-agent-workspace/builds/worker-16/target:/opt/rustwide/target:rw,Z" "-v" "/var/lib/crater-agent-workspace/builds/worker-16/source:/opt/rustwide/workdir:ro,Z" "-v" "/var/lib/crater-agent-workspace/cargo-home:/opt/rustwide/cargo-home:ro,Z" "-v" "/var/lib/crater-agent-workspace/rustup-home:/opt/rustwide/rustup-home:ro,Z" "-e" "SOURCE_DIR=/opt/rustwide/workdir" "-e" "CARGO_TARGET_DIR=/opt/rustwide/target" "-e" "CARGO_INCREMENTAL=0" "-e" "RUST_BACKTRACE=full" "-e" "RUSTFLAGS=--cap-lints=warn" "-e" "CARGO_HOME=/opt/rustwide/cargo-home" "-e" "RUSTUP_HOME=/opt/rustwide/rustup-home" "-w" "/opt/rustwide/workdir" "-m" "1610612736" "--user" "0:0" "--network" "none" "ghcr.io/rust-lang/crates-build-env/linux@sha256:34b6a614d2c27851fe6cbf88fbd1137609cefab8b10d0615aaeb6fd47975d74e" "/opt/rustwide/cargo-home/bin/cargo" "+1.54.0" "build" "--frozen" "--message-format=json", kill_on_drop: false }`
[INFO] [stdout] 5c320cff1109fca329945537b5b5aac7a2466e4f7b85948b5729e99b8c465869
[INFO] running `Command { std: "docker" "start" "-a" "5c320cff1109fca329945537b5b5aac7a2466e4f7b85948b5729e99b8c465869", kill_on_drop: false }`
[INFO] [stderr]     Blocking waiting for file lock on package cache
[INFO] [stderr]    Compiling lenient_semver_version_builder v0.4.2
[INFO] [stderr]    Compiling lenient_semver_parser v0.4.2
[INFO] [stderr]    Compiling lenient_semver v0.4.2 (/opt/rustwide/workdir)
[INFO] [stderr]     Finished dev [unoptimized + debuginfo] target(s) in 2.62s
[INFO] running `Command { std: "docker" "inspect" "5c320cff1109fca329945537b5b5aac7a2466e4f7b85948b5729e99b8c465869", kill_on_drop: false }`
[INFO] running `Command { std: "docker" "rm" "-f" "5c320cff1109fca329945537b5b5aac7a2466e4f7b85948b5729e99b8c465869", kill_on_drop: false }`
[INFO] [stdout] 5c320cff1109fca329945537b5b5aac7a2466e4f7b85948b5729e99b8c465869
[INFO] running `Command { std: "docker" "create" "-v" "/var/lib/crater-agent-workspace/builds/worker-16/target:/opt/rustwide/target:rw,Z" "-v" "/var/lib/crater-agent-workspace/builds/worker-16/source:/opt/rustwide/workdir:ro,Z" "-v" "/var/lib/crater-agent-workspace/cargo-home:/opt/rustwide/cargo-home:ro,Z" "-v" "/var/lib/crater-agent-workspace/rustup-home:/opt/rustwide/rustup-home:ro,Z" "-e" "SOURCE_DIR=/opt/rustwide/workdir" "-e" "CARGO_TARGET_DIR=/opt/rustwide/target" "-e" "CARGO_INCREMENTAL=0" "-e" "RUST_BACKTRACE=full" "-e" "RUSTFLAGS=--cap-lints=warn" "-e" "CARGO_HOME=/opt/rustwide/cargo-home" "-e" "RUSTUP_HOME=/opt/rustwide/rustup-home" "-w" "/opt/rustwide/workdir" "-m" "1610612736" "--user" "0:0" "--network" "none" "ghcr.io/rust-lang/crates-build-env/linux@sha256:34b6a614d2c27851fe6cbf88fbd1137609cefab8b10d0615aaeb6fd47975d74e" "/opt/rustwide/cargo-home/bin/cargo" "+1.54.0" "test" "--frozen" "--no-run" "--message-format=json", kill_on_drop: false }`
[INFO] [stdout] 66adaf51a110144959f8cbc6ce33c4188f8c4394d035a97df268b15d54941435
[INFO] running `Command { std: "docker" "start" "-a" "66adaf51a110144959f8cbc6ce33c4188f8c4394d035a97df268b15d54941435", kill_on_drop: false }`
[INFO] [stderr]    Compiling syn v1.0.74
[INFO] [stderr]    Compiling serde_derive v1.0.127
[INFO] [stderr]    Compiling serde v1.0.127
[INFO] [stderr]    Compiling serde_json v1.0.66
[INFO] [stderr]    Compiling lenient_semver v0.4.2 (/opt/rustwide/workdir)
[INFO] [stderr]     Finished test [unoptimized + debuginfo] target(s) in 35.20s
[INFO] running `Command { std: "docker" "inspect" "66adaf51a110144959f8cbc6ce33c4188f8c4394d035a97df268b15d54941435", kill_on_drop: false }`
[INFO] running `Command { std: "docker" "rm" "-f" "66adaf51a110144959f8cbc6ce33c4188f8c4394d035a97df268b15d54941435", kill_on_drop: false }`
[INFO] [stdout] 66adaf51a110144959f8cbc6ce33c4188f8c4394d035a97df268b15d54941435
[INFO] running `Command { std: "docker" "create" "-v" "/var/lib/crater-agent-workspace/builds/worker-16/target:/opt/rustwide/target:rw,Z" "-v" "/var/lib/crater-agent-workspace/builds/worker-16/source:/opt/rustwide/workdir:ro,Z" "-v" "/var/lib/crater-agent-workspace/cargo-home:/opt/rustwide/cargo-home:ro,Z" "-v" "/var/lib/crater-agent-workspace/rustup-home:/opt/rustwide/rustup-home:ro,Z" "-e" "SOURCE_DIR=/opt/rustwide/workdir" "-e" "CARGO_TARGET_DIR=/opt/rustwide/target" "-e" "CARGO_INCREMENTAL=0" "-e" "RUST_BACKTRACE=full" "-e" "RUSTFLAGS=--cap-lints=warn" "-e" "CARGO_HOME=/opt/rustwide/cargo-home" "-e" "RUSTUP_HOME=/opt/rustwide/rustup-home" "-w" "/opt/rustwide/workdir" "-m" "1610612736" "--user" "0:0" "--network" "none" "ghcr.io/rust-lang/crates-build-env/linux@sha256:34b6a614d2c27851fe6cbf88fbd1137609cefab8b10d0615aaeb6fd47975d74e" "/opt/rustwide/cargo-home/bin/cargo" "+1.54.0" "test" "--frozen", kill_on_drop: false }`
[INFO] [stdout] 3ec5e849558d607c6daaa4939a3e8ed2144d648a8e4794bbf086bebc4bc9617f
[INFO] running `Command { std: "docker" "start" "-a" "3ec5e849558d607c6daaa4939a3e8ed2144d648a8e4794bbf086bebc4bc9617f", kill_on_drop: false }`
[INFO] [stderr]     Finished test [unoptimized + debuginfo] target(s) in 0.06s
[INFO] [stderr]      Running unittests (/opt/rustwide/target/debug/deps/lenient_semver-5898589837e2a440)
[INFO] [stdout] 
[INFO] [stdout] running 2 tests
[INFO] [stdout] test tests::builder_as_validation_test::test_custom_version_validation ... ok
[INFO] [stdout] test tests::custom_test::test_custom_version_builder ... ok
[INFO] [stdout] 
[INFO] [stdout] test result: ok. 2 passed; 0 failed; 0 ignored; 0 measured; 0 filtered out; finished in 0.00s
[INFO] [stdout] 
[INFO] [stderr]    Doc-tests lenient_semver
[INFO] [stdout] 
[INFO] [stdout] running 14 tests
[INFO] [stdout] test src/lib.rs - (line 420) ... FAILED
[INFO] [stdout] test src/lib.rs - (line 347) ... FAILED
[INFO] [stdout] test src/lib.rs - (line 369) ... FAILED
[INFO] [stdout] test src/lib.rs - (line 267) ... FAILED
[INFO] [stdout] test src/lib.rs - (line 278) ... FAILED
[INFO] [stdout] test src/lib.rs - parse_into (line 577) ... FAILED
[INFO] [stdout] test src/lib.rs - (line 298) ... FAILED
[INFO] [stdout] test src/lib.rs - (line 243) ... FAILED
[INFO] [stdout] test src/lib.rs - (line 224) ... FAILED
[INFO] [stdout] test src/lib.rs - (line 139) ... ok
[INFO] [stdout] test src/lib.rs - (line 203) ... ok
[INFO] [stdout] test src/lib.rs - (line 25) ... ok
[INFO] [stdout] test src/lib.rs - parse (line 505) ... ok
[INFO] [stdout] test src/lib.rs - (line 77) ... ok
[INFO] [stdout] 
[INFO] [stdout] failures:
[INFO] [stdout] 
[INFO] [stdout] ---- src/lib.rs - (line 420) stdout ----
[INFO] [stdout] error: Please run doc tests with --all-features
[INFO] [stdout]  --> src/lib.rs:424:1
[INFO] [stdout]   |
[INFO] [stdout] 7 | compile_error!("Please run doc tests with --all-features");
[INFO] [stdout]   | ^^^^^^^^^^^^^^^^^^^^^^^^^^^^^^^^^^^^^^^^^^^^^^^^^^^^^^^^^^^
[INFO] [stdout] 
[INFO] [stdout] error[E0432]: unresolved import `lenient_semver::Version`
[INFO] [stdout]  --> src/lib.rs:425:22
[INFO] [stdout]   |
[INFO] [stdout] 8 | use lenient_semver::{Version, VersionBuilder, parser};
[INFO] [stdout]   |                      ^^^^^^^ no `Version` in the root
[INFO] [stdout] 
[INFO] [stdout] error[E0425]: cannot find function `parse_partial` in crate `parser`
[INFO] [stdout]   --> src/lib.rs:429:36
[INFO] [stdout]    |
[INFO] [stdout] 12 | let (version, remainder) = parser::parse_partial::<Version>(input).unwrap();
[INFO] [stdout]    |                                    ^^^^^^^^^^^^^ not found in `parser`
[INFO] [stdout] 
[INFO] [stdout] error[E0425]: cannot find function `parse_partial` in crate `parser`
[INFO] [stdout]   --> src/lib.rs:436:36
[INFO] [stdout]    |
[INFO] [stdout] 19 | let (version, remainder) = parser::parse_partial::<Version>(remainder).unwrap();
[INFO] [stdout]    |                                    ^^^^^^^^^^^^^ not found in `parser`
[INFO] [stdout] 
[INFO] [stdout] error[E0425]: cannot find function `parse_partial` in crate `parser`
[INFO] [stdout]   --> src/lib.rs:443:36
[INFO] [stdout]    |
[INFO] [stdout] 26 | let (version, remainder) = parser::parse_partial::<Version>(remainder).unwrap();
[INFO] [stdout]    |                                    ^^^^^^^^^^^^^ not found in `parser`
[INFO] [stdout] 
[INFO] [stdout] error[E0425]: cannot find function `parse_partial` in crate `parser`
[INFO] [stdout]   --> src/lib.rs:452:21
[INFO] [stdout]    |
[INFO] [stdout] 35 | let error = parser::parse_partial::<Version>(remainder).unwrap_err();
[INFO] [stdout]    |                     ^^^^^^^^^^^^^ not found in `parser`
[INFO] [stdout] 
[INFO] [stdout] error[E0425]: cannot find function `parse_partial` in crate `parser`
[INFO] [stdout]   --> src/lib.rs:457:21
[INFO] [stdout]    |
[INFO] [stdout] 40 | let error = parser::parse_partial::<Version>("         ").unwrap_err();
[INFO] [stdout]    |                     ^^^^^^^^^^^^^ not found in `parser`
[INFO] [stdout] 
[INFO] [stdout] error[E0425]: cannot find function `parse_partial` in crate `parser`
[INFO] [stdout]   --> src/lib.rs:465:36
[INFO] [stdout]    |
[INFO] [stdout] 48 | let (version, remainder) = parser::parse_partial::<Version>("1foobar").unwrap();
[INFO] [stdout]    |                                    ^^^^^^^^^^^^^ not found in `parser`
[INFO] [stdout] 
[INFO] [stdout] error[E0425]: cannot find function `parse_partial` in crate `parser`
[INFO] [stdout]   --> src/lib.rs:473:36
[INFO] [stdout]    |
[INFO] [stdout] 56 | let (version, remainder) = parser::parse_partial::<Version>("1.2.*+final?").unwrap();
[INFO] [stdout]    |                                    ^^^^^^^^^^^^^ not found in `parser`
[INFO] [stdout] 
[INFO] [stdout] error: aborting due to 9 previous errors
[INFO] [stdout] 
[INFO] [stdout] Some errors have detailed explanations: E0425, E0432.
[INFO] [stdout] For more information about an error, try `rustc --explain E0425`.
[INFO] [stdout] Couldn't compile the test.
[INFO] [stdout] ---- src/lib.rs - (line 347) stdout ----
[INFO] [stdout] error: Please run doc tests with --all-features
[INFO] [stdout]  --> src/lib.rs:349:1
[INFO] [stdout]   |
[INFO] [stdout] 5 | compile_error!("Please run doc tests with --all-features");
[INFO] [stdout]   | ^^^^^^^^^^^^^^^^^^^^^^^^^^^^^^^^^^^^^^^^^^^^^^^^^^^^^^^^^^^
[INFO] [stdout] 
[INFO] [stdout] error[E0433]: failed to resolve: could not find `Version` in `lenient_semver`
[INFO] [stdout]   --> src/lib.rs:354:31
[INFO] [stdout]    |
[INFO] [stdout] 10 | let version = lenient_semver::Version::parse(&input).unwrap();
[INFO] [stdout]    |                               ^^^^^^^ not found in `lenient_semver`
[INFO] [stdout]    |
[INFO] [stdout] help: consider importing this struct
[INFO] [stdout]    |
[INFO] [stdout] 3  | use semver_v100::Version;
[INFO] [stdout]    |
[INFO] [stdout] 
[INFO] [stdout] error: aborting due to 2 previous errors
[INFO] [stdout] 
[INFO] [stdout] For more information about this error, try `rustc --explain E0433`.
[INFO] [stdout] Couldn't compile the test.
[INFO] [stdout] ---- src/lib.rs - (line 369) stdout ----
[INFO] [stdout] error: Please run doc tests with --all-features
[INFO] [stdout]  --> src/lib.rs:373:1
[INFO] [stdout]   |
[INFO] [stdout] 7 | compile_error!("Please run doc tests with --all-features");
[INFO] [stdout]   | ^^^^^^^^^^^^^^^^^^^^^^^^^^^^^^^^^^^^^^^^^^^^^^^^^^^^^^^^^^^
[INFO] [stdout] 
[INFO] [stdout] error[E0432]: unresolved import `lenient_semver::Version`
[INFO] [stdout]  --> src/lib.rs:374:22
[INFO] [stdout]   |
[INFO] [stdout] 8 | use lenient_semver::{Version, VersionBuilder};
[INFO] [stdout]   |                      ^^^^^^^ no `Version` in the root
[INFO] [stdout] 
[INFO] [stdout] error[E0392]: parameter `'input` is never used
[INFO] [stdout]   --> src/lib.rs:378:23
[INFO] [stdout]    |
[INFO] [stdout] 12 | struct DependencySpec<'input> {
[INFO] [stdout]    |                       ^^^^^^ unused parameter
[INFO] [stdout]    |
[INFO] [stdout]    = help: consider removing `'input`, referring to it in a field, or using a marker such as `PhantomData`
[INFO] [stdout] 
[INFO] [stdout] error: aborting due to 3 previous errors
[INFO] [stdout] 
[INFO] [stdout] Some errors have detailed explanations: E0392, E0432.
[INFO] [stdout] For more information about an error, try `rustc --explain E0392`.
[INFO] [stdout] Couldn't compile the test.
[INFO] [stdout] ---- src/lib.rs - (line 267) stdout ----
[INFO] [stdout] error: Please run doc tests with --all-features
[INFO] [stdout]  --> src/lib.rs:269:1
[INFO] [stdout]   |
[INFO] [stdout] 5 | compile_error!("Please run doc tests with --all-features");
[INFO] [stdout]   | ^^^^^^^^^^^^^^^^^^^^^^^^^^^^^^^^^^^^^^^^^^^^^^^^^^^^^^^^^^^
[INFO] [stdout] 
[INFO] [stdout] error[E0432]: unresolved import `lenient_semver::Version`
[INFO] [stdout]  --> src/lib.rs:270:5
[INFO] [stdout]   |
[INFO] [stdout] 6 | use lenient_semver::Version;
[INFO] [stdout]   |     ^^^^^^^^^^^^^^^^^^^^^^^ no `Version` in the root
[INFO] [stdout] 
[INFO] [stdout] error: aborting due to 2 previous errors
[INFO] [stdout] 
[INFO] [stdout] For more information about this error, try `rustc --explain E0432`.
[INFO] [stdout] Couldn't compile the test.
[INFO] [stdout] ---- src/lib.rs - (line 278) stdout ----
[INFO] [stdout] error: Please run doc tests with --all-features
[INFO] [stdout]  --> src/lib.rs:280:1
[INFO] [stdout]   |
[INFO] [stdout] 5 | compile_error!("Please run doc tests with --all-features");
[INFO] [stdout]   | ^^^^^^^^^^^^^^^^^^^^^^^^^^^^^^^^^^^^^^^^^^^^^^^^^^^^^^^^^^^
[INFO] [stdout] 
[INFO] [stdout] error[E0432]: unresolved import `lenient_semver::Version`
[INFO] [stdout]  --> src/lib.rs:282:5
[INFO] [stdout]   |
[INFO] [stdout] 7 | use lenient_semver::Version;
[INFO] [stdout]   |     ^^^^^^^^^^^^^^^^^^^^^^^ no `Version` in the root
[INFO] [stdout] 
[INFO] [stdout] error[E0432]: unresolved import `semver_v011`
[INFO] [stdout]  --> src/lib.rs:281:5
[INFO] [stdout]   |
[INFO] [stdout] 6 | use semver_v011 as semver;
[INFO] [stdout]   |     ^^^^^^^^^^^^^^^^^^^^^ no external crate `semver_v011`
[INFO] [stdout] 
[INFO] [stdout] error: aborting due to 3 previous errors
[INFO] [stdout] 
[INFO] [stdout] For more information about this error, try `rustc --explain E0432`.
[INFO] [stdout] Couldn't compile the test.
[INFO] [stdout] ---- src/lib.rs - parse_into (line 577) stdout ----
[INFO] [stdout] error[E0432]: unresolved import `lenient_semver::Version`
[INFO] [stdout]  --> src/lib.rs:578:5
[INFO] [stdout]   |
[INFO] [stdout] 4 | use lenient_semver::Version;
[INFO] [stdout]   |     ^^^^^^^^^^^^^^^^^^^^^^^ no `Version` in the root
[INFO] [stdout] 
[INFO] [stdout] error: aborting due to previous error
[INFO] [stdout] 
[INFO] [stdout] For more information about this error, try `rustc --explain E0432`.
[INFO] [stdout] Couldn't compile the test.
[INFO] [stdout] ---- src/lib.rs - (line 298) stdout ----
[INFO] [stdout] error: Please run doc tests with --all-features
[INFO] [stdout]  --> src/lib.rs:302:1
[INFO] [stdout]   |
[INFO] [stdout] 7 | compile_error!("Please run doc tests with --all-features");
[INFO] [stdout]   | ^^^^^^^^^^^^^^^^^^^^^^^^^^^^^^^^^^^^^^^^^^^^^^^^^^^^^^^^^^^
[INFO] [stdout] 
[INFO] [stdout] error[E0432]: unresolved import `lenient_semver::Version`
[INFO] [stdout]  --> src/lib.rs:303:22
[INFO] [stdout]   |
[INFO] [stdout] 8 | use lenient_semver::{Version, VersionBuilder};
[INFO] [stdout]   |                      ^^^^^^^ no `Version` in the root
[INFO] [stdout] 
[INFO] [stdout] error: aborting due to 2 previous errors
[INFO] [stdout] 
[INFO] [stdout] For more information about this error, try `rustc --explain E0432`.
[INFO] [stdout] Couldn't compile the test.
[INFO] [stdout] ---- src/lib.rs - (line 243) stdout ----
[INFO] [stdout] error: Please run doc tests with --all-features
[INFO] [stdout]  --> src/lib.rs:245:1
[INFO] [stdout]   |
[INFO] [stdout] 5 | compile_error!("Please run doc tests with --all-features");
[INFO] [stdout]   | ^^^^^^^^^^^^^^^^^^^^^^^^^^^^^^^^^^^^^^^^^^^^^^^^^^^^^^^^^^^
[INFO] [stdout] 
[INFO] [stdout] error[E0432]: unresolved import `semver_v010`
[INFO] [stdout]  --> src/lib.rs:246:5
[INFO] [stdout]   |
[INFO] [stdout] 6 | use semver_v010 as semver;
[INFO] [stdout]   |     ^^^^^^^^^^^^^^^^^^^^^ no external crate `semver_v010`
[INFO] [stdout] 
[INFO] [stdout] error[E0433]: failed to resolve: use of undeclared type `Version010`
[INFO] [stdout]   --> src/lib.rs:253:21
[INFO] [stdout]    |
[INFO] [stdout] 13 | assert_eq!(version, Version010::parse("1.2.3+Final").unwrap());
[INFO] [stdout]    |                     ^^^^^^^^^^ use of undeclared type `Version010`
[INFO] [stdout] 
[INFO] [stdout] error[E0412]: cannot find type `Version010` in this scope
[INFO] [stdout]   --> src/lib.rs:252:44
[INFO] [stdout]    |
[INFO] [stdout] 3  | fn main() { #[allow(non_snake_case)] fn _doctest_main_src_lib_rs_243_0() {
[INFO] [stdout]    |                                                                       - help: you might be missing a type parameter: `<Version010>`
[INFO] [stdout] ...
[INFO] [stdout] 12 | let version = lenient_semver::parse_into::<Version010>("v1.2.3.Final").unwrap();
[INFO] [stdout]    |                                            ^^^^^^^^^^ not found in this scope
[INFO] [stdout] 
[INFO] [stdout] error: aborting due to 4 previous errors
[INFO] [stdout] 
[INFO] [stdout] Some errors have detailed explanations: E0412, E0432, E0433.
[INFO] [stdout] For more information about an error, try `rustc --explain E0412`.
[INFO] [stdout] Couldn't compile the test.
[INFO] [stdout] ---- src/lib.rs - (line 224) stdout ----
[INFO] [stdout] error: Please run doc tests with --all-features
[INFO] [stdout]  --> src/lib.rs:226:1
[INFO] [stdout]   |
[INFO] [stdout] 5 | compile_error!("Please run doc tests with --all-features");
[INFO] [stdout]   | ^^^^^^^^^^^^^^^^^^^^^^^^^^^^^^^^^^^^^^^^^^^^^^^^^^^^^^^^^^^
[INFO] [stdout] 
[INFO] [stdout] error[E0432]: unresolved import `semver_v011`
[INFO] [stdout]  --> src/lib.rs:227:5
[INFO] [stdout]   |
[INFO] [stdout] 6 | use semver_v011 as semver;
[INFO] [stdout]   |     ^^^^^^^^^^^^^^^^^^^^^ no external crate `semver_v011`
[INFO] [stdout] 
[INFO] [stdout] error[E0433]: failed to resolve: use of undeclared type `Version011`
[INFO] [stdout]   --> src/lib.rs:234:21
[INFO] [stdout]    |
[INFO] [stdout] 13 | assert_eq!(version, Version011::parse("1.2.3+Final").unwrap());
[INFO] [stdout]    |                     ^^^^^^^^^^ use of undeclared type `Version011`
[INFO] [stdout] 
[INFO] [stdout] error[E0412]: cannot find type `Version011` in this scope
[INFO] [stdout]   --> src/lib.rs:233:44
[INFO] [stdout]    |
[INFO] [stdout] 3  | fn main() { #[allow(non_snake_case)] fn _doctest_main_src_lib_rs_224_0() {
[INFO] [stdout]    |                                                                       - help: you might be missing a type parameter: `<Version011>`
[INFO] [stdout] ...
[INFO] [stdout] 12 | let version = lenient_semver::parse_into::<Version011>("v1.2.3.Final").unwrap();
[INFO] [stdout]    |                                            ^^^^^^^^^^ not found in this scope
[INFO] [stdout] 
[INFO] [stdout] error: aborting due to 4 previous errors
[INFO] [stdout] 
[INFO] [stdout] Some errors have detailed explanations: E0412, E0432, E0433.
[INFO] [stdout] For more information about an error, try `rustc --explain E0412`.
[INFO] [stdout] Couldn't compile the test.
[INFO] [stdout] 
[INFO] [stdout] failures:
[INFO] [stdout]     src/lib.rs - (line 224)
[INFO] [stdout]     src/lib.rs - (line 243)
[INFO] [stdout]     src/lib.rs - (line 267)
[INFO] [stdout]     src/lib.rs - (line 278)
[INFO] [stdout]     src/lib.rs - (line 298)
[INFO] [stdout]     src/lib.rs - (line 347)
[INFO] [stdout]     src/lib.rs - (line 369)
[INFO] [stdout]     src/lib.rs - (line 420)
[INFO] [stdout]     src/lib.rs - parse_into (line 577)
[INFO] [stdout] 
[INFO] [stdout] test result: FAILED. 5 passed; 9 failed; 0 ignored; 0 measured; 0 filtered out; finished in 0.45s
[INFO] [stdout] 
[INFO] [stderr] error: test failed, to rerun pass '--doc'
[INFO] running `Command { std: "docker" "inspect" "3ec5e849558d607c6daaa4939a3e8ed2144d648a8e4794bbf086bebc4bc9617f", kill_on_drop: false }`
[INFO] running `Command { std: "docker" "rm" "-f" "3ec5e849558d607c6daaa4939a3e8ed2144d648a8e4794bbf086bebc4bc9617f", kill_on_drop: false }`
[INFO] [stdout] 3ec5e849558d607c6daaa4939a3e8ed2144d648a8e4794bbf086bebc4bc9617f
