[INFO] fetching crate leetup-cache 0.1.0...
[INFO] testing leetup-cache-0.1.0 against 1.54.0 for beta-1.55-1
[INFO] extracting crate leetup-cache 0.1.0 into /workspace/builds/worker-96/source
[INFO] validating manifest of crates.io crate leetup-cache 0.1.0 on toolchain 1.54.0
[INFO] running `Command { std: "/workspace/cargo-home/bin/cargo" "+1.54.0" "metadata" "--manifest-path" "Cargo.toml" "--no-deps", kill_on_drop: false }`
[INFO] started tweaking crates.io crate leetup-cache 0.1.0
[INFO] finished tweaking crates.io crate leetup-cache 0.1.0
[INFO] tweaked toml for crates.io crate leetup-cache 0.1.0 written to /workspace/builds/worker-96/source/Cargo.toml
[INFO] running `Command { std: "/workspace/cargo-home/bin/cargo" "+1.54.0" "generate-lockfile" "--manifest-path" "Cargo.toml" "-Zno-index-update", kill_on_drop: false }`
[INFO] [stderr]     Blocking waiting for file lock on package cache
[INFO] running `Command { std: "/workspace/cargo-home/bin/cargo" "+1.54.0" "fetch" "--manifest-path" "Cargo.toml", kill_on_drop: false }`
[INFO] running `Command { std: "docker" "create" "-v" "/var/lib/crater-agent-workspace/builds/worker-96/target:/opt/rustwide/target:rw,Z" "-v" "/var/lib/crater-agent-workspace/builds/worker-96/source:/opt/rustwide/workdir:ro,Z" "-v" "/var/lib/crater-agent-workspace/cargo-home:/opt/rustwide/cargo-home:ro,Z" "-v" "/var/lib/crater-agent-workspace/rustup-home:/opt/rustwide/rustup-home:ro,Z" "-e" "SOURCE_DIR=/opt/rustwide/workdir" "-e" "CARGO_TARGET_DIR=/opt/rustwide/target" "-e" "CARGO_HOME=/opt/rustwide/cargo-home" "-e" "RUSTUP_HOME=/opt/rustwide/rustup-home" "-w" "/opt/rustwide/workdir" "-m" "1610612736" "--user" "0:0" "--network" "none" "ghcr.io/rust-lang/crates-build-env/linux@sha256:34b6a614d2c27851fe6cbf88fbd1137609cefab8b10d0615aaeb6fd47975d74e" "/opt/rustwide/cargo-home/bin/cargo" "+1.54.0" "metadata" "--no-deps" "--format-version=1", kill_on_drop: false }`
[INFO] [stdout] 2851a8589dcff19a09dbbb340defbd886f400f6ed670ae06655a3967e9103b80
[INFO] running `Command { std: "docker" "start" "-a" "2851a8589dcff19a09dbbb340defbd886f400f6ed670ae06655a3967e9103b80", kill_on_drop: false }`
[INFO] running `Command { std: "docker" "inspect" "2851a8589dcff19a09dbbb340defbd886f400f6ed670ae06655a3967e9103b80", kill_on_drop: false }`
[INFO] running `Command { std: "docker" "rm" "-f" "2851a8589dcff19a09dbbb340defbd886f400f6ed670ae06655a3967e9103b80", kill_on_drop: false }`
[INFO] [stdout] 2851a8589dcff19a09dbbb340defbd886f400f6ed670ae06655a3967e9103b80
[INFO] running `Command { std: "docker" "create" "-v" "/var/lib/crater-agent-workspace/builds/worker-96/target:/opt/rustwide/target:rw,Z" "-v" "/var/lib/crater-agent-workspace/builds/worker-96/source:/opt/rustwide/workdir:ro,Z" "-v" "/var/lib/crater-agent-workspace/cargo-home:/opt/rustwide/cargo-home:ro,Z" "-v" "/var/lib/crater-agent-workspace/rustup-home:/opt/rustwide/rustup-home:ro,Z" "-e" "SOURCE_DIR=/opt/rustwide/workdir" "-e" "CARGO_TARGET_DIR=/opt/rustwide/target" "-e" "CARGO_INCREMENTAL=0" "-e" "RUST_BACKTRACE=full" "-e" "RUSTFLAGS=--cap-lints=warn" "-e" "CARGO_HOME=/opt/rustwide/cargo-home" "-e" "RUSTUP_HOME=/opt/rustwide/rustup-home" "-w" "/opt/rustwide/workdir" "-m" "1610612736" "--user" "0:0" "--network" "none" "ghcr.io/rust-lang/crates-build-env/linux@sha256:34b6a614d2c27851fe6cbf88fbd1137609cefab8b10d0615aaeb6fd47975d74e" "/opt/rustwide/cargo-home/bin/cargo" "+1.54.0" "build" "--frozen" "--message-format=json", kill_on_drop: false }`
[INFO] [stdout] 8d39479afc52a96c78933944cc2a55bbe8e5ca55518c189deceee7955b52782e
[INFO] running `Command { std: "docker" "start" "-a" "8d39479afc52a96c78933944cc2a55bbe8e5ca55518c189deceee7955b52782e", kill_on_drop: false }`
[INFO] [stderr]    Compiling proc-macro2 v1.0.28
[INFO] [stderr]    Compiling unicode-xid v0.2.2
[INFO] [stderr]    Compiling syn v1.0.74
[INFO] [stderr]    Compiling serde_derive v1.0.127
[INFO] [stderr]    Compiling serde v1.0.127
[INFO] [stderr]    Compiling ryu v1.0.5
[INFO] [stderr]    Compiling anyhow v1.0.42
[INFO] [stderr]    Compiling serde_json v1.0.66
[INFO] [stderr]    Compiling itoa v0.4.7
[INFO] [stderr]    Compiling quote v1.0.9
[INFO] [stderr]    Compiling leetup-cache v0.1.0 (/opt/rustwide/workdir)
[INFO] [stderr]     Finished dev [unoptimized + debuginfo] target(s) in 15.16s
[INFO] running `Command { std: "docker" "inspect" "8d39479afc52a96c78933944cc2a55bbe8e5ca55518c189deceee7955b52782e", kill_on_drop: false }`
[INFO] running `Command { std: "docker" "rm" "-f" "8d39479afc52a96c78933944cc2a55bbe8e5ca55518c189deceee7955b52782e", kill_on_drop: false }`
[INFO] [stdout] 8d39479afc52a96c78933944cc2a55bbe8e5ca55518c189deceee7955b52782e
[INFO] running `Command { std: "docker" "create" "-v" "/var/lib/crater-agent-workspace/builds/worker-96/target:/opt/rustwide/target:rw,Z" "-v" "/var/lib/crater-agent-workspace/builds/worker-96/source:/opt/rustwide/workdir:ro,Z" "-v" "/var/lib/crater-agent-workspace/cargo-home:/opt/rustwide/cargo-home:ro,Z" "-v" "/var/lib/crater-agent-workspace/rustup-home:/opt/rustwide/rustup-home:ro,Z" "-e" "SOURCE_DIR=/opt/rustwide/workdir" "-e" "CARGO_TARGET_DIR=/opt/rustwide/target" "-e" "CARGO_INCREMENTAL=0" "-e" "RUST_BACKTRACE=full" "-e" "RUSTFLAGS=--cap-lints=warn" "-e" "CARGO_HOME=/opt/rustwide/cargo-home" "-e" "RUSTUP_HOME=/opt/rustwide/rustup-home" "-w" "/opt/rustwide/workdir" "-m" "1610612736" "--user" "0:0" "--network" "none" "ghcr.io/rust-lang/crates-build-env/linux@sha256:34b6a614d2c27851fe6cbf88fbd1137609cefab8b10d0615aaeb6fd47975d74e" "/opt/rustwide/cargo-home/bin/cargo" "+1.54.0" "test" "--frozen" "--no-run" "--message-format=json", kill_on_drop: false }`
[INFO] [stdout] 0401d73614e6ca56d6df5d7883afbb61445f1a1fe77abd129ea966553d181734
[INFO] running `Command { std: "docker" "start" "-a" "0401d73614e6ca56d6df5d7883afbb61445f1a1fe77abd129ea966553d181734", kill_on_drop: false }`
[INFO] [stderr]    Compiling leetup-cache v0.1.0 (/opt/rustwide/workdir)
[INFO] [stderr]     Finished test [unoptimized + debuginfo] target(s) in 0.50s
[INFO] running `Command { std: "docker" "inspect" "0401d73614e6ca56d6df5d7883afbb61445f1a1fe77abd129ea966553d181734", kill_on_drop: false }`
[INFO] running `Command { std: "docker" "rm" "-f" "0401d73614e6ca56d6df5d7883afbb61445f1a1fe77abd129ea966553d181734", kill_on_drop: false }`
[INFO] [stdout] 0401d73614e6ca56d6df5d7883afbb61445f1a1fe77abd129ea966553d181734
[INFO] running `Command { std: "docker" "create" "-v" "/var/lib/crater-agent-workspace/builds/worker-96/target:/opt/rustwide/target:rw,Z" "-v" "/var/lib/crater-agent-workspace/builds/worker-96/source:/opt/rustwide/workdir:ro,Z" "-v" "/var/lib/crater-agent-workspace/cargo-home:/opt/rustwide/cargo-home:ro,Z" "-v" "/var/lib/crater-agent-workspace/rustup-home:/opt/rustwide/rustup-home:ro,Z" "-e" "SOURCE_DIR=/opt/rustwide/workdir" "-e" "CARGO_TARGET_DIR=/opt/rustwide/target" "-e" "CARGO_INCREMENTAL=0" "-e" "RUST_BACKTRACE=full" "-e" "RUSTFLAGS=--cap-lints=warn" "-e" "CARGO_HOME=/opt/rustwide/cargo-home" "-e" "RUSTUP_HOME=/opt/rustwide/rustup-home" "-w" "/opt/rustwide/workdir" "-m" "1610612736" "--user" "0:0" "--network" "none" "ghcr.io/rust-lang/crates-build-env/linux@sha256:34b6a614d2c27851fe6cbf88fbd1137609cefab8b10d0615aaeb6fd47975d74e" "/opt/rustwide/cargo-home/bin/cargo" "+1.54.0" "test" "--frozen", kill_on_drop: false }`
[INFO] [stdout] 4cf969addfeaeb8f2e54a0c82ac41ba0193d8df82621c445fc1ae50c71c2da0a
[INFO] running `Command { std: "docker" "start" "-a" "4cf969addfeaeb8f2e54a0c82ac41ba0193d8df82621c445fc1ae50c71c2da0a", kill_on_drop: false }`
[INFO] [stderr]     Blocking waiting for file lock on package cache
[INFO] [stderr]     Blocking waiting for file lock on package cache
[INFO] [stderr]     Finished test [unoptimized + debuginfo] target(s) in 0.73s
[INFO] [stderr]      Running unittests (/opt/rustwide/target/debug/deps/leetup_cache-49ea800511377b60)
[INFO] [stdout] 
[INFO] [stdout] running 0 tests
[INFO] [stderr]    Doc-tests leetup-cache
[INFO] [stdout] 
[INFO] [stdout] test result: ok. 0 passed; 0 failed; 0 ignored; 0 measured; 0 filtered out; finished in 0.00s
[INFO] [stdout] 
[INFO] [stdout] 
[INFO] [stdout] running 1 test
[INFO] [stdout] test src/kvstore.rs - kvstore::KvStore (line 22) ... FAILED
[INFO] [stdout] 
[INFO] [stdout] failures:
[INFO] [stdout] 
[INFO] [stdout] ---- src/kvstore.rs - kvstore::KvStore (line 22) stdout ----
[INFO] [stdout] error[E0432]: unresolved import `yakv`
[INFO] [stdout]  --> src/kvstore.rs:23:5
[INFO] [stdout]   |
[INFO] [stdout] 3 | use yakv::{KvStore, Result};
[INFO] [stdout]   |     ^^^^ use of undeclared crate or module `yakv`
[INFO] [stdout] 
[INFO] [stdout] error[E0599]: no method named `to_owne` found for reference `&'static str` in the current scope
[INFO] [stdout]  --> src/kvstore.rs:28:27
[INFO] [stdout]   |
[INFO] [stdout] 8 | let val = store.get("key".to_owne())?;
[INFO] [stdout]   |                           ^^^^^^^ method not found in `&'static str`
[INFO] [stdout] 
[INFO] [stdout] error: aborting due to 2 previous errors
[INFO] [stdout] 
[INFO] [stdout] Some errors have detailed explanations: E0432, E0599.
[INFO] [stdout] For more information about an error, try `rustc --explain E0432`.
[INFO] [stdout] Couldn't compile the test.
[INFO] [stdout] 
[INFO] [stdout] failures:
[INFO] [stdout]     src/kvstore.rs - kvstore::KvStore (line 22)
[INFO] [stdout] 
[INFO] [stdout] test result: FAILED. 0 passed; 1 failed; 0 ignored; 0 measured; 0 filtered out; finished in 0.11s
[INFO] [stdout] 
[INFO] [stderr] error: test failed, to rerun pass '--doc'
[INFO] running `Command { std: "docker" "inspect" "4cf969addfeaeb8f2e54a0c82ac41ba0193d8df82621c445fc1ae50c71c2da0a", kill_on_drop: false }`
[INFO] running `Command { std: "docker" "rm" "-f" "4cf969addfeaeb8f2e54a0c82ac41ba0193d8df82621c445fc1ae50c71c2da0a", kill_on_drop: false }`
[INFO] [stdout] 4cf969addfeaeb8f2e54a0c82ac41ba0193d8df82621c445fc1ae50c71c2da0a
