[INFO] fetching crate ledger-hw-app-btc 0.0.1...
[INFO] testing ledger-hw-app-btc-0.0.1 against beta-2021-08-01 for beta-1.55-1
[INFO] extracting crate ledger-hw-app-btc 0.0.1 into /workspace/builds/worker-66/source
[INFO] validating manifest of crates.io crate ledger-hw-app-btc 0.0.1 on toolchain beta-2021-08-01
[INFO] running `Command { std: "/workspace/cargo-home/bin/cargo" "+beta-2021-08-01" "metadata" "--manifest-path" "Cargo.toml" "--no-deps", kill_on_drop: false }`
[INFO] started tweaking crates.io crate ledger-hw-app-btc 0.0.1
[INFO] finished tweaking crates.io crate ledger-hw-app-btc 0.0.1
[INFO] tweaked toml for crates.io crate ledger-hw-app-btc 0.0.1 written to /workspace/builds/worker-66/source/Cargo.toml
[INFO] crate crates.io crate ledger-hw-app-btc 0.0.1 already has a lockfile, it will not be regenerated
[INFO] running `Command { std: "/workspace/cargo-home/bin/cargo" "+beta-2021-08-01" "fetch" "--manifest-path" "Cargo.toml", kill_on_drop: false }`
[INFO] [stderr]     Blocking waiting for file lock on package cache
[INFO] [stderr]     Blocking waiting for file lock on package cache
[INFO] running `Command { std: "docker" "create" "-v" "/var/lib/crater-agent-workspace/builds/worker-66/target:/opt/rustwide/target:rw,Z" "-v" "/var/lib/crater-agent-workspace/builds/worker-66/source:/opt/rustwide/workdir:ro,Z" "-v" "/var/lib/crater-agent-workspace/cargo-home:/opt/rustwide/cargo-home:ro,Z" "-v" "/var/lib/crater-agent-workspace/rustup-home:/opt/rustwide/rustup-home:ro,Z" "-e" "SOURCE_DIR=/opt/rustwide/workdir" "-e" "CARGO_TARGET_DIR=/opt/rustwide/target" "-e" "CARGO_HOME=/opt/rustwide/cargo-home" "-e" "RUSTUP_HOME=/opt/rustwide/rustup-home" "-w" "/opt/rustwide/workdir" "-m" "1610612736" "--user" "0:0" "--network" "none" "ghcr.io/rust-lang/crates-build-env/linux@sha256:34b6a614d2c27851fe6cbf88fbd1137609cefab8b10d0615aaeb6fd47975d74e" "/opt/rustwide/cargo-home/bin/cargo" "+beta-2021-08-01" "metadata" "--no-deps" "--format-version=1", kill_on_drop: false }`
[INFO] [stdout] c1c0835c6b0f492fe5927b129a92b856a9a8e502e588a4c0ff58e30e3b420a36
[INFO] running `Command { std: "docker" "start" "-a" "c1c0835c6b0f492fe5927b129a92b856a9a8e502e588a4c0ff58e30e3b420a36", kill_on_drop: false }`
[INFO] running `Command { std: "docker" "inspect" "c1c0835c6b0f492fe5927b129a92b856a9a8e502e588a4c0ff58e30e3b420a36", kill_on_drop: false }`
[INFO] running `Command { std: "docker" "rm" "-f" "c1c0835c6b0f492fe5927b129a92b856a9a8e502e588a4c0ff58e30e3b420a36", kill_on_drop: false }`
[INFO] [stdout] c1c0835c6b0f492fe5927b129a92b856a9a8e502e588a4c0ff58e30e3b420a36
[INFO] running `Command { std: "docker" "create" "-v" "/var/lib/crater-agent-workspace/builds/worker-66/target:/opt/rustwide/target:rw,Z" "-v" "/var/lib/crater-agent-workspace/builds/worker-66/source:/opt/rustwide/workdir:ro,Z" "-v" "/var/lib/crater-agent-workspace/cargo-home:/opt/rustwide/cargo-home:ro,Z" "-v" "/var/lib/crater-agent-workspace/rustup-home:/opt/rustwide/rustup-home:ro,Z" "-e" "SOURCE_DIR=/opt/rustwide/workdir" "-e" "CARGO_TARGET_DIR=/opt/rustwide/target" "-e" "CARGO_INCREMENTAL=0" "-e" "RUST_BACKTRACE=full" "-e" "RUSTFLAGS=--cap-lints=warn" "-e" "CARGO_HOME=/opt/rustwide/cargo-home" "-e" "RUSTUP_HOME=/opt/rustwide/rustup-home" "-w" "/opt/rustwide/workdir" "-m" "1610612736" "--user" "0:0" "--network" "none" "ghcr.io/rust-lang/crates-build-env/linux@sha256:34b6a614d2c27851fe6cbf88fbd1137609cefab8b10d0615aaeb6fd47975d74e" "/opt/rustwide/cargo-home/bin/cargo" "+beta-2021-08-01" "build" "--frozen" "--message-format=json", kill_on_drop: false }`
[INFO] [stdout] 4f2a1e483559c84a740d5c5f41d0f7cc5b806e7eae7002078b1e74254cdddd1d
[INFO] running `Command { std: "docker" "start" "-a" "4f2a1e483559c84a740d5c5f41d0f7cc5b806e7eae7002078b1e74254cdddd1d", kill_on_drop: false }`
[INFO] [stderr]    Compiling proc-macro2 v1.0.10
[INFO] [stderr]    Compiling unicode-xid v0.2.0
[INFO] [stderr]    Compiling cc v1.0.41
[INFO] [stderr]    Compiling syn v1.0.18
[INFO] [stderr]    Compiling ledger-hw v0.0.1
[INFO] [stderr]    Compiling bech32 v0.7.2
[INFO] [stderr]    Compiling bitcoin_hashes v0.7.6
[INFO] [stderr]    Compiling quote v1.0.3
[INFO] [stderr]    Compiling secp256k1-sys v0.1.2
[INFO] [stderr]    Compiling secp256k1 v0.17.2
[INFO] [stderr]    Compiling bitcoin v0.23.0
[INFO] [stderr]    Compiling async-trait v0.1.30
[INFO] [stderr]    Compiling ledger-hw-transport v0.0.1
[INFO] [stderr]    Compiling ledger-hw-app-btc v0.0.1 (/opt/rustwide/workdir)
[INFO] [stderr]     Finished dev [unoptimized + debuginfo] target(s) in 15.31s
[INFO] running `Command { std: "docker" "inspect" "4f2a1e483559c84a740d5c5f41d0f7cc5b806e7eae7002078b1e74254cdddd1d", kill_on_drop: false }`
[INFO] running `Command { std: "docker" "rm" "-f" "4f2a1e483559c84a740d5c5f41d0f7cc5b806e7eae7002078b1e74254cdddd1d", kill_on_drop: false }`
[INFO] [stdout] 4f2a1e483559c84a740d5c5f41d0f7cc5b806e7eae7002078b1e74254cdddd1d
[INFO] running `Command { std: "docker" "create" "-v" "/var/lib/crater-agent-workspace/builds/worker-66/target:/opt/rustwide/target:rw,Z" "-v" "/var/lib/crater-agent-workspace/builds/worker-66/source:/opt/rustwide/workdir:ro,Z" "-v" "/var/lib/crater-agent-workspace/cargo-home:/opt/rustwide/cargo-home:ro,Z" "-v" "/var/lib/crater-agent-workspace/rustup-home:/opt/rustwide/rustup-home:ro,Z" "-e" "SOURCE_DIR=/opt/rustwide/workdir" "-e" "CARGO_TARGET_DIR=/opt/rustwide/target" "-e" "CARGO_INCREMENTAL=0" "-e" "RUST_BACKTRACE=full" "-e" "RUSTFLAGS=--cap-lints=warn" "-e" "CARGO_HOME=/opt/rustwide/cargo-home" "-e" "RUSTUP_HOME=/opt/rustwide/rustup-home" "-w" "/opt/rustwide/workdir" "-m" "1610612736" "--user" "0:0" "--network" "none" "ghcr.io/rust-lang/crates-build-env/linux@sha256:34b6a614d2c27851fe6cbf88fbd1137609cefab8b10d0615aaeb6fd47975d74e" "/opt/rustwide/cargo-home/bin/cargo" "+beta-2021-08-01" "test" "--frozen" "--no-run" "--message-format=json", kill_on_drop: false }`
[INFO] [stdout] 8fc2d153b54d844b7c595f3e40393302298f47ee91b9e2246a0732c8cb340dde
[INFO] running `Command { std: "docker" "start" "-a" "8fc2d153b54d844b7c595f3e40393302298f47ee91b9e2246a0732c8cb340dde", kill_on_drop: false }`
[INFO] [stderr]    Compiling libc v0.2.69
[INFO] [stderr]    Compiling memchr v2.3.3
[INFO] [stderr]    Compiling pkg-config v0.3.17
[INFO] [stderr]    Compiling bitflags v1.2.1
[INFO] [stderr]    Compiling futures-core v0.3.4
[INFO] [stderr]    Compiling slab v0.4.2
[INFO] [stderr]    Compiling byteorder v1.3.4
[INFO] [stderr]    Compiling nix v0.13.1
[INFO] [stderr]    Compiling pin-utils v0.1.0
[INFO] [stderr]    Compiling futures-task v0.3.4
[INFO] [stderr]    Compiling lazy_static v1.4.0
[INFO] [stderr]    Compiling cfg-if v0.1.10
[INFO] [stderr]    Compiling regex-syntax v0.6.17
[INFO] [stderr]    Compiling void v1.0.2
[INFO] [stderr]    Compiling hex v0.4.2
[INFO] [stderr]    Compiling pin-project-lite v0.1.4
[INFO] [stderr]    Compiling bytes v0.5.4
[INFO] [stderr]    Compiling futures-await-test-macro v0.3.0
[INFO] [stderr]    Compiling tokio-macros v0.2.5
[INFO] [stderr]    Compiling thread_local v1.0.1
[INFO] [stderr]    Compiling futures-util v0.3.4
[INFO] [stderr]    Compiling aho-corasick v0.7.10
[INFO] [stderr]    Compiling hidapi v1.2.1
[INFO] [stderr]    Compiling tokio v0.2.19
[INFO] [stderr]    Compiling futures-executor v0.3.4
[INFO] [stderr]    Compiling futures-await-test v0.3.0
[INFO] [stderr]    Compiling regex v1.3.7
[INFO] [stderr]    Compiling ledger-hw-transport-mock v0.0.1
[INFO] [stderr]    Compiling ledger-hw-transport-hid v0.0.1
[INFO] [stderr]    Compiling ledger-hw-app-btc v0.0.1 (/opt/rustwide/workdir)
[INFO] [stderr]     Finished test [unoptimized + debuginfo] target(s) in 8.77s
[INFO] running `Command { std: "docker" "inspect" "8fc2d153b54d844b7c595f3e40393302298f47ee91b9e2246a0732c8cb340dde", kill_on_drop: false }`
[INFO] running `Command { std: "docker" "rm" "-f" "8fc2d153b54d844b7c595f3e40393302298f47ee91b9e2246a0732c8cb340dde", kill_on_drop: false }`
[INFO] [stdout] 8fc2d153b54d844b7c595f3e40393302298f47ee91b9e2246a0732c8cb340dde
[INFO] running `Command { std: "docker" "create" "-v" "/var/lib/crater-agent-workspace/builds/worker-66/target:/opt/rustwide/target:rw,Z" "-v" "/var/lib/crater-agent-workspace/builds/worker-66/source:/opt/rustwide/workdir:ro,Z" "-v" "/var/lib/crater-agent-workspace/cargo-home:/opt/rustwide/cargo-home:ro,Z" "-v" "/var/lib/crater-agent-workspace/rustup-home:/opt/rustwide/rustup-home:ro,Z" "-e" "SOURCE_DIR=/opt/rustwide/workdir" "-e" "CARGO_TARGET_DIR=/opt/rustwide/target" "-e" "CARGO_INCREMENTAL=0" "-e" "RUST_BACKTRACE=full" "-e" "RUSTFLAGS=--cap-lints=warn" "-e" "CARGO_HOME=/opt/rustwide/cargo-home" "-e" "RUSTUP_HOME=/opt/rustwide/rustup-home" "-w" "/opt/rustwide/workdir" "-m" "1610612736" "--user" "0:0" "--network" "none" "ghcr.io/rust-lang/crates-build-env/linux@sha256:34b6a614d2c27851fe6cbf88fbd1137609cefab8b10d0615aaeb6fd47975d74e" "/opt/rustwide/cargo-home/bin/cargo" "+beta-2021-08-01" "test" "--frozen", kill_on_drop: false }`
[INFO] [stdout] 8a014e6e9bcb67c5256f839c878473cf43cc3ecb7889e97f78454c198ac38176
[INFO] running `Command { std: "docker" "start" "-a" "8a014e6e9bcb67c5256f839c878473cf43cc3ecb7889e97f78454c198ac38176", kill_on_drop: false }`
[INFO] [stderr]     Blocking waiting for file lock on package cache
[INFO] [stderr]     Finished test [unoptimized + debuginfo] target(s) in 0.04s
[INFO] [stdout] 
[INFO] [stderr]      Running unittests (/opt/rustwide/target/debug/deps/ledger_hw_app_btc-ffd2627534b34061)
[INFO] [stdout] running 5 tests
[INFO] [stdout] test wallet::tests::test_sign_message ... ok
[INFO] [stdout] test wallet::tests::test_start_untrusted_hash_transaction_input ... ok
[INFO] [stdout] test wallet::tests::test_get_wallet_public_key ... ok
[INFO] [stdout] test wallet::tests::test_get_trusted_input ... ok
[INFO] [stderr]    Doc-tests ledger-hw-app-btc
[INFO] [stdout] test wallet::tests::test_example_payment ... ok
[INFO] [stdout] 
[INFO] [stdout] test result: ok. 5 passed; 0 failed; 0 ignored; 0 measured; 0 filtered out; finished in 0.01s
[INFO] [stdout] 
[INFO] [stdout] 
[INFO] [stdout] running 1 test
[INFO] [stdout] test src/lib.rs - (line 5) ... FAILED
[INFO] [stdout] 
[INFO] [stdout] failures:
[INFO] [stdout] 
[INFO] [stdout] ---- src/lib.rs - (line 5) stdout ----
[INFO] [stdout] Test executable failed (exit code 101).
[INFO] [stdout] 
[INFO] [stdout] stderr:
[INFO] [stdout] thread 'main' panicked at 'called `Result::unwrap()` on an `Err` value: DeviceNotFound', src/lib.rs:11:41
[INFO] [stdout] stack backtrace:
[INFO] [stdout]    0:     0x562ff8bffda0 - std::backtrace_rs::backtrace::libunwind::trace::hff4d1766e93f64f1
[INFO] [stdout]                                at /rustc/53fd98ca776cb875bc9e5514f56b52eb74f9e7a9/library/std/src/../../backtrace/src/backtrace/libunwind.rs:90:5
[INFO] [stdout]    1:     0x562ff8bffda0 - std::backtrace_rs::backtrace::trace_unsynchronized::h56bbc8eb78770bcb
[INFO] [stdout]                                at /rustc/53fd98ca776cb875bc9e5514f56b52eb74f9e7a9/library/std/src/../../backtrace/src/backtrace/mod.rs:66:5
[INFO] [stdout]    2:     0x562ff8bffda0 - std::sys_common::backtrace::_print_fmt::h5c8e75464faca780
[INFO] [stdout]                                at /rustc/53fd98ca776cb875bc9e5514f56b52eb74f9e7a9/library/std/src/sys_common/backtrace.rs:67:5
[INFO] [stdout]    3:     0x562ff8bffda0 - <std::sys_common::backtrace::_print::DisplayBacktrace as core::fmt::Display>::fmt::h48b88277def8b362
[INFO] [stdout]                                at /rustc/53fd98ca776cb875bc9e5514f56b52eb74f9e7a9/library/std/src/sys_common/backtrace.rs:46:22
[INFO] [stdout]    4:     0x562ff8c1a3cc - core::fmt::write::h3381b3176fe2b3d3
[INFO] [stdout]                                at /rustc/53fd98ca776cb875bc9e5514f56b52eb74f9e7a9/library/core/src/fmt/mod.rs:1115:17
[INFO] [stdout]    5:     0x562ff8bfe525 - std::io::Write::write_fmt::hd42607e5d8e44db0
[INFO] [stdout]                                at /rustc/53fd98ca776cb875bc9e5514f56b52eb74f9e7a9/library/std/src/io/mod.rs:1665:15
[INFO] [stdout]    6:     0x562ff8c01c5b - std::sys_common::backtrace::_print::ha537687d6c17dd0d
[INFO] [stdout]                                at /rustc/53fd98ca776cb875bc9e5514f56b52eb74f9e7a9/library/std/src/sys_common/backtrace.rs:49:5
[INFO] [stdout]    7:     0x562ff8c01c5b - std::sys_common::backtrace::print::h61376ae57d131d72
[INFO] [stdout]                                at /rustc/53fd98ca776cb875bc9e5514f56b52eb74f9e7a9/library/std/src/sys_common/backtrace.rs:36:9
[INFO] [stdout]    8:     0x562ff8c01c5b - std::panicking::default_hook::{{closure}}::h0f7208c0b9644a54
[INFO] [stdout]                                at /rustc/53fd98ca776cb875bc9e5514f56b52eb74f9e7a9/library/std/src/panicking.rs:208:50
[INFO] [stdout]    9:     0x562ff8c01731 - std::panicking::default_hook::hdac7fc06578c14ce
[INFO] [stdout]                                at /rustc/53fd98ca776cb875bc9e5514f56b52eb74f9e7a9/library/std/src/panicking.rs:225:9
[INFO] [stdout]   10:     0x562ff8c02324 - std::panicking::rust_panic_with_hook::h72b21c283da3d1ef
[INFO] [stdout]                                at /rustc/53fd98ca776cb875bc9e5514f56b52eb74f9e7a9/library/std/src/panicking.rs:622:17
[INFO] [stdout]   11:     0x562ff8c01e07 - std::panicking::begin_panic_handler::{{closure}}::he5778f1729cff84a
[INFO] [stdout]                                at /rustc/53fd98ca776cb875bc9e5514f56b52eb74f9e7a9/library/std/src/panicking.rs:519:13
[INFO] [stdout]   12:     0x562ff8c0027c - std::sys_common::backtrace::__rust_end_short_backtrace::h2d11ca8b453b4b1d
[INFO] [stdout]                                at /rustc/53fd98ca776cb875bc9e5514f56b52eb74f9e7a9/library/std/src/sys_common/backtrace.rs:141:18
[INFO] [stdout]   13:     0x562ff8c01d69 - rust_begin_unwind
[INFO] [stdout]                                at /rustc/53fd98ca776cb875bc9e5514f56b52eb74f9e7a9/library/std/src/panicking.rs:515:5
[INFO] [stdout]   14:     0x562ff8b6d231 - core::panicking::panic_fmt::hf9de31d4acbce4db
[INFO] [stdout]                                at /rustc/53fd98ca776cb875bc9e5514f56b52eb74f9e7a9/library/core/src/panicking.rs:92:14
[INFO] [stdout]   15:     0x562ff8b6d2c3 - core::result::unwrap_failed::ha0c84e81219e5878
[INFO] [stdout]                                at /rustc/53fd98ca776cb875bc9e5514f56b52eb74f9e7a9/library/core/src/result.rs:1599:5
[INFO] [stdout]   16:     0x562ff8b7150e - core::result::Result<T,E>::unwrap::hc229759c12eabdd7
[INFO] [stdout]   17:     0x562ff8b740f6 - rust_out::main::{{closure}}::hbd68294f9f7fd2b6
[INFO] [stdout]   18:     0x562ff8b73d3c - <core::future::from_generator::GenFuture<T> as core::future::future::Future>::poll::h19ea8b42ddb331bc
[INFO] [stdout]   19:     0x562ff8b72dcc - tokio::runtime::shell::Shell::block_on::{{closure}}::hf175193c36c35a76
[INFO] [stdout]   20:     0x562ff8b72934 - tokio::coop::budget::{{closure}}::hf9cb6917b94fedde
[INFO] [stdout]   21:     0x562ff8b6f9c5 - std::thread::local::LocalKey<T>::try_with::h5bf668c9ac26fe30
[INFO] [stdout]   22:     0x562ff8b6f7e6 - std::thread::local::LocalKey<T>::with::hc7a8d471ee604624
[INFO] [stdout]   23:     0x562ff8b72cd6 - tokio::runtime::shell::Shell::block_on::h76b21b31fcd9f322
[INFO] [stdout]   24:     0x562ff8b72f05 - tokio::runtime::Runtime::block_on::{{closure}}::h3774b4494d4e9b68
[INFO] [stdout]   25:     0x562ff8b72f79 - tokio::runtime::context::enter::h08aa480a8344c39a
[INFO] [stdout]   26:     0x562ff8b72e32 - tokio::runtime::handle::Handle::enter::h3dd19d208cd668a8
[INFO] [stdout]   27:     0x562ff8b72ebb - tokio::runtime::Runtime::block_on::hfab422ff2de19f2b
[INFO] [stdout]   28:     0x562ff8b73fc5 - rust_out::main::h61823b600df25383
[INFO] [stdout]   29:     0x562ff8b6fdc3 - core::ops::function::FnOnce::call_once::h3d07824a44777914
[INFO] [stdout]   30:     0x562ff8b6f6f9 - std::sys_common::backtrace::__rust_begin_short_backtrace::h1ee1ba859d3174aa
[INFO] [stdout]   31:     0x562ff8b6f779 - std::rt::lang_start::{{closure}}::hee9719d6b6efb7fa
[INFO] [stdout]   32:     0x562ff8c0282a - core::ops::function::impls::<impl core::ops::function::FnOnce<A> for &F>::call_once::ha88a7d1a4d24e549
[INFO] [stdout]                                at /rustc/53fd98ca776cb875bc9e5514f56b52eb74f9e7a9/library/core/src/ops/function.rs:259:13
[INFO] [stdout]   33:     0x562ff8c0282a - std::panicking::try::do_call::hd3b1d7740607ccc7
[INFO] [stdout]                                at /rustc/53fd98ca776cb875bc9e5514f56b52eb74f9e7a9/library/std/src/panicking.rs:401:40
[INFO] [stdout]   34:     0x562ff8c0282a - std::panicking::try::h0ee8c65ac7461507
[INFO] [stdout]                                at /rustc/53fd98ca776cb875bc9e5514f56b52eb74f9e7a9/library/std/src/panicking.rs:365:19
[INFO] [stdout]   35:     0x562ff8c0282a - std::panic::catch_unwind::head47f0de4ccd838
[INFO] [stdout]                                at /rustc/53fd98ca776cb875bc9e5514f56b52eb74f9e7a9/library/std/src/panic.rs:434:14
[INFO] [stdout]   36:     0x562ff8c0282a - std::rt::lang_start_internal::{{closure}}::hbc7de8ec820ac085
[INFO] [stdout]                                at /rustc/53fd98ca776cb875bc9e5514f56b52eb74f9e7a9/library/std/src/rt.rs:45:48
[INFO] [stdout]   37:     0x562ff8c0282a - std::panicking::try::do_call::h2609e52e8bad4a7b
[INFO] [stdout]                                at /rustc/53fd98ca776cb875bc9e5514f56b52eb74f9e7a9/library/std/src/panicking.rs:401:40
[INFO] [stdout]   38:     0x562ff8c0282a - std::panicking::try::hd0929f0b603e0389
[INFO] [stdout]                                at /rustc/53fd98ca776cb875bc9e5514f56b52eb74f9e7a9/library/std/src/panicking.rs:365:19
[INFO] [stdout]   39:     0x562ff8c0282a - std::panic::catch_unwind::h27902b81c3e47571
[INFO] [stdout]                                at /rustc/53fd98ca776cb875bc9e5514f56b52eb74f9e7a9/library/std/src/panic.rs:434:14
[INFO] [stdout]   40:     0x562ff8c0282a - std::rt::lang_start_internal::h3fb2d794dd391e3e
[INFO] [stdout]                                at /rustc/53fd98ca776cb875bc9e5514f56b52eb74f9e7a9/library/std/src/rt.rs:45:20
[INFO] [stdout]   41:     0x562ff8b6f751 - std::rt::lang_start::h0745d281d96e0cdb
[INFO] [stdout]   42:     0x562ff8b745d3 - main
[INFO] [stdout]   43:     0x7fac262760b3 - __libc_start_main
[INFO] [stdout]   44:     0x562ff8b6d98e - _start
[INFO] [stdout]   45:                0x0 - <unknown>
[INFO] [stdout] 
[INFO] [stdout] 
[INFO] [stdout] 
[INFO] [stdout] failures:
[INFO] [stdout]     src/lib.rs - (line 5)
[INFO] [stdout] 
[INFO] [stdout] test result: FAILED. 0 passed; 1 failed; 0 ignored; 0 measured; 0 filtered out; finished in 1.23s
[INFO] [stdout] 
[INFO] [stderr] error: test failed, to rerun pass '--doc'
[INFO] running `Command { std: "docker" "inspect" "8a014e6e9bcb67c5256f839c878473cf43cc3ecb7889e97f78454c198ac38176", kill_on_drop: false }`
[INFO] running `Command { std: "docker" "rm" "-f" "8a014e6e9bcb67c5256f839c878473cf43cc3ecb7889e97f78454c198ac38176", kill_on_drop: false }`
[INFO] [stdout] 8a014e6e9bcb67c5256f839c878473cf43cc3ecb7889e97f78454c198ac38176
