[INFO] fetching crate leafrender 0.1.0...
[INFO] testing leafrender-0.1.0 against 1.54.0 for beta-1.55-1
[INFO] extracting crate leafrender 0.1.0 into /workspace/builds/worker-46/source
[INFO] validating manifest of crates.io crate leafrender 0.1.0 on toolchain 1.54.0
[INFO] running `Command { std: "/workspace/cargo-home/bin/cargo" "+1.54.0" "metadata" "--manifest-path" "Cargo.toml" "--no-deps", kill_on_drop: false }`
[INFO] started tweaking crates.io crate leafrender 0.1.0
[INFO] finished tweaking crates.io crate leafrender 0.1.0
[INFO] tweaked toml for crates.io crate leafrender 0.1.0 written to /workspace/builds/worker-46/source/Cargo.toml
[INFO] running `Command { std: "/workspace/cargo-home/bin/cargo" "+1.54.0" "generate-lockfile" "--manifest-path" "Cargo.toml" "-Zno-index-update", kill_on_drop: false }`
[INFO] running `Command { std: "/workspace/cargo-home/bin/cargo" "+1.54.0" "fetch" "--manifest-path" "Cargo.toml", kill_on_drop: false }`
[INFO] [stderr]     Blocking waiting for file lock on package cache
[INFO] [stderr]     Blocking waiting for file lock on package cache
[INFO] running `Command { std: "docker" "create" "-v" "/var/lib/crater-agent-workspace/builds/worker-46/target:/opt/rustwide/target:rw,Z" "-v" "/var/lib/crater-agent-workspace/builds/worker-46/source:/opt/rustwide/workdir:ro,Z" "-v" "/var/lib/crater-agent-workspace/cargo-home:/opt/rustwide/cargo-home:ro,Z" "-v" "/var/lib/crater-agent-workspace/rustup-home:/opt/rustwide/rustup-home:ro,Z" "-e" "SOURCE_DIR=/opt/rustwide/workdir" "-e" "CARGO_TARGET_DIR=/opt/rustwide/target" "-e" "CARGO_HOME=/opt/rustwide/cargo-home" "-e" "RUSTUP_HOME=/opt/rustwide/rustup-home" "-w" "/opt/rustwide/workdir" "-m" "1610612736" "--user" "0:0" "--network" "none" "ghcr.io/rust-lang/crates-build-env/linux@sha256:34b6a614d2c27851fe6cbf88fbd1137609cefab8b10d0615aaeb6fd47975d74e" "/opt/rustwide/cargo-home/bin/cargo" "+1.54.0" "metadata" "--no-deps" "--format-version=1", kill_on_drop: false }`
[INFO] [stdout] 7f61d9b9e0db3de993040d322958c347a4b6c452fb36aa8b73e303ff8b9a4c63
[INFO] running `Command { std: "docker" "start" "-a" "7f61d9b9e0db3de993040d322958c347a4b6c452fb36aa8b73e303ff8b9a4c63", kill_on_drop: false }`
[INFO] running `Command { std: "docker" "inspect" "7f61d9b9e0db3de993040d322958c347a4b6c452fb36aa8b73e303ff8b9a4c63", kill_on_drop: false }`
[INFO] running `Command { std: "docker" "rm" "-f" "7f61d9b9e0db3de993040d322958c347a4b6c452fb36aa8b73e303ff8b9a4c63", kill_on_drop: false }`
[INFO] [stdout] 7f61d9b9e0db3de993040d322958c347a4b6c452fb36aa8b73e303ff8b9a4c63
[INFO] running `Command { std: "docker" "create" "-v" "/var/lib/crater-agent-workspace/builds/worker-46/target:/opt/rustwide/target:rw,Z" "-v" "/var/lib/crater-agent-workspace/builds/worker-46/source:/opt/rustwide/workdir:ro,Z" "-v" "/var/lib/crater-agent-workspace/cargo-home:/opt/rustwide/cargo-home:ro,Z" "-v" "/var/lib/crater-agent-workspace/rustup-home:/opt/rustwide/rustup-home:ro,Z" "-e" "SOURCE_DIR=/opt/rustwide/workdir" "-e" "CARGO_TARGET_DIR=/opt/rustwide/target" "-e" "CARGO_INCREMENTAL=0" "-e" "RUST_BACKTRACE=full" "-e" "RUSTFLAGS=--cap-lints=warn" "-e" "CARGO_HOME=/opt/rustwide/cargo-home" "-e" "RUSTUP_HOME=/opt/rustwide/rustup-home" "-w" "/opt/rustwide/workdir" "-m" "1610612736" "--user" "0:0" "--network" "none" "ghcr.io/rust-lang/crates-build-env/linux@sha256:34b6a614d2c27851fe6cbf88fbd1137609cefab8b10d0615aaeb6fd47975d74e" "/opt/rustwide/cargo-home/bin/cargo" "+1.54.0" "build" "--frozen" "--message-format=json", kill_on_drop: false }`
[INFO] [stdout] 9bd08f76ae51f29f44c249054c0a69094cf17f7215a26963e353f0df7ad35c2d
[INFO] running `Command { std: "docker" "start" "-a" "9bd08f76ae51f29f44c249054c0a69094cf17f7215a26963e353f0df7ad35c2d", kill_on_drop: false }`
[INFO] [stderr]     Blocking waiting for file lock on package cache
[INFO] [stderr]    Compiling autocfg v1.0.1
[INFO] [stderr]    Compiling cfg-if v1.0.0
[INFO] [stderr]    Compiling libc v0.2.98
[INFO] [stderr]    Compiling xml-rs v0.8.4
[INFO] [stderr]    Compiling lazy_static v1.4.0
[INFO] [stderr]    Compiling proc-macro2 v0.4.30
[INFO] [stderr]    Compiling unicode-xid v0.1.0
[INFO] [stderr]    Compiling log v0.4.14
[INFO] [stderr]    Compiling khronos_api v3.1.0
[INFO] [stderr]    Compiling bitflags v1.2.1
[INFO] [stderr]    Compiling byteorder v1.4.3
[INFO] [stderr]    Compiling scopeguard v1.1.0
[INFO] [stderr]    Compiling semver-parser v0.7.0
[INFO] [stderr]    Compiling crossbeam-utils v0.8.5
[INFO] [stderr]    Compiling cfg-if v0.1.10
[INFO] [stderr]    Compiling maybe-uninit v2.0.0
[INFO] [stderr]    Compiling nix v0.14.1
[INFO] [stderr]    Compiling crossbeam-epoch v0.9.5
[INFO] [stderr]    Compiling void v1.0.2
[INFO] [stderr]    Compiling rayon-core v1.9.1
[INFO] [stderr]    Compiling pkg-config v0.3.19
[INFO] [stderr]    Compiling downcast-rs v1.2.0
[INFO] [stderr]    Compiling same-file v1.0.6
[INFO] [stderr]    Compiling syn v0.15.44
[INFO] [stderr]    Compiling num-derive v0.2.5
[INFO] [stderr]    Compiling adler32 v1.2.0
[INFO] [stderr]    Compiling cc v1.0.69
[INFO] [stderr]    Compiling xdg v2.2.0
[INFO] [stderr]    Compiling either v1.6.1
[INFO] [stderr]    Compiling lzw v0.10.0
[INFO] [stderr]    Compiling percent-encoding v2.1.0
[INFO] [stderr]    Compiling color_quant v1.1.0
[INFO] [stderr]    Compiling scoped_threadpool v0.1.9
[INFO] [stderr]    Compiling libc v0.1.12
[INFO] [stderr]    Compiling lock_api v0.3.4
[INFO] [stderr]    Compiling libloading v0.6.7
[INFO] [stderr]    Compiling walkdir v2.3.2
[INFO] [stderr]    Compiling semver v0.9.0
[INFO] [stderr]    Compiling stb_truetype v0.3.1
[INFO] [stderr]    Compiling gif v0.10.3
[INFO] [stderr]    Compiling inflate v0.4.5
[INFO] [stderr]    Compiling deflate v0.7.20
[INFO] [stderr]    Compiling dlib v0.4.2
[INFO] [stderr]    Compiling wayland-sys v0.21.13
[INFO] [stderr]    Compiling rustc_version v0.2.3
[INFO] [stderr]    Compiling smallvec v0.6.14
[INFO] [stderr]    Compiling num-traits v0.2.14
[INFO] [stderr]    Compiling memoffset v0.6.4
[INFO] [stderr]    Compiling num-integer v0.1.44
[INFO] [stderr]    Compiling rayon v1.5.1
[INFO] [stderr]    Compiling num-iter v0.1.42
[INFO] [stderr]    Compiling num-rational v0.2.4
[INFO] [stderr]    Compiling gl_generator v0.14.0
[INFO] [stderr]    Compiling gl_generator v0.11.0
[INFO] [stderr]    Compiling x11-dl v2.18.5
[INFO] [stderr]    Compiling parking_lot_core v0.6.2
[INFO] [stderr]    Compiling parking_lot v0.9.0
[INFO] [stderr]    Compiling crossbeam-channel v0.5.1
[INFO] [stderr]    Compiling num_cpus v1.13.0
[INFO] [stderr]    Compiling memmap v0.7.0
[INFO] [stderr]    Compiling shared_library v0.1.9
[INFO] [stderr]    Compiling raw-window-handle v0.3.3
[INFO] [stderr]    Compiling quote v0.6.13
[INFO] [stderr]    Compiling osmesa-sys v0.1.2
[INFO] [stderr]    Compiling libloading v0.5.2
[INFO] [stderr]    Compiling wayland-scanner v0.21.13
[INFO] [stderr]    Compiling crossbeam-deque v0.8.1
[INFO] [stderr]    Compiling gl v0.12.0
[INFO] [stderr]    Compiling glutin_egl_sys v0.1.5
[INFO] [stderr]    Compiling glutin_glx_sys v0.1.7
[INFO] [stderr]    Compiling ordered-float v1.1.1
[INFO] [stderr]    Compiling approx v0.3.2
[INFO] [stderr]    Compiling line_drawing v0.7.0
[INFO] [stderr]    Compiling rusttype v0.8.3
[INFO] [stderr]    Compiling wayland-client v0.21.13
[INFO] [stderr]    Compiling wayland-protocols v0.21.13
[INFO] [stderr]    Compiling png v0.14.1
[INFO] [stderr]    Compiling rusttype v0.7.9
[INFO] [stderr]    Compiling andrew v0.2.1
[INFO] [stderr]    Compiling wayland-commons v0.21.13
[INFO] [stderr]    Compiling jpeg-decoder v0.1.22
[INFO] [stderr]    Compiling tiff v0.2.2
[INFO] [stderr]    Compiling image v0.21.3
[INFO] [stderr]    Compiling smithay-client-toolkit v0.4.6
[INFO] [stderr]    Compiling winit v0.19.5
[INFO] [stderr]    Compiling glutin v0.21.2
[INFO] [stderr]    Compiling leafrender v0.1.0 (/opt/rustwide/workdir)
[INFO] [stdout] warning: trait objects without an explicit `dyn` are deprecated
[INFO] [stdout]   --> src/render/font.rs:57:20
[INFO] [stdout]    |
[INFO] [stdout] 57 |         draw: &mut Drawer<NativeTexture = T>,
[INFO] [stdout]    |                    ^^^^^^^^^^^^^^^^^^^^^^^^^ help: use `dyn`: `dyn Drawer<NativeTexture = T>`
[INFO] [stdout]    |
[INFO] [stdout]    = note: `#[warn(bare_trait_objects)]` on by default
[INFO] [stdout]    = warning: this was previously accepted by the compiler but is being phased out; it will become a hard error in the 2021 edition!
[INFO] [stdout]    = note: for more information, see issue #80165 <https://github.com/rust-lang/rust/issues/80165>
[INFO] [stdout] 
[INFO] [stdout] 
[INFO] [stdout] warning: use of deprecated function `std::mem::uninitialized`: use `mem::MaybeUninit` instead
[INFO] [stdout]   --> src/render/glutin/texture.rs:21:40
[INFO] [stdout]    |
[INFO] [stdout] 21 |         let mut texture_ref = unsafe { mem::uninitialized() };
[INFO] [stdout]    |                                        ^^^^^^^^^^^^^^^^^^
[INFO] [stdout]    |
[INFO] [stdout]    = note: `#[warn(deprecated)]` on by default
[INFO] [stdout] 
[INFO] [stdout] 
[INFO] [stdout] warning: use of deprecated function `std::mem::uninitialized`: use `mem::MaybeUninit` instead
[INFO] [stdout]   --> src/render/glutin/vbo.rs:32:32
[INFO] [stdout]    |
[INFO] [stdout] 32 |         let mut ptr = unsafe { mem::uninitialized() };
[INFO] [stdout]    |                                ^^^^^^^^^^^^^^^^^^
[INFO] [stdout] 
[INFO] [stdout] 
[INFO] [stdout] warning: use of deprecated function `std::mem::uninitialized`: use `mem::MaybeUninit` instead
[INFO] [stdout]    --> src/render/glutin/drawer.rs:356:27
[INFO] [stdout]     |
[INFO] [stdout] 356 |             let mut ptr = mem::uninitialized();
[INFO] [stdout]     |                           ^^^^^^^^^^^^^^^^^^
[INFO] [stdout] 
[INFO] [stdout] 
[INFO] [stdout] warning: 4 warnings emitted
[INFO] [stdout] 
[INFO] [stdout] 
[INFO] [stderr]     Finished dev [unoptimized + debuginfo] target(s) in 58.23s
[INFO] running `Command { std: "docker" "inspect" "9bd08f76ae51f29f44c249054c0a69094cf17f7215a26963e353f0df7ad35c2d", kill_on_drop: false }`
[INFO] running `Command { std: "docker" "rm" "-f" "9bd08f76ae51f29f44c249054c0a69094cf17f7215a26963e353f0df7ad35c2d", kill_on_drop: false }`
[INFO] [stdout] 9bd08f76ae51f29f44c249054c0a69094cf17f7215a26963e353f0df7ad35c2d
[INFO] running `Command { std: "docker" "create" "-v" "/var/lib/crater-agent-workspace/builds/worker-46/target:/opt/rustwide/target:rw,Z" "-v" "/var/lib/crater-agent-workspace/builds/worker-46/source:/opt/rustwide/workdir:ro,Z" "-v" "/var/lib/crater-agent-workspace/cargo-home:/opt/rustwide/cargo-home:ro,Z" "-v" "/var/lib/crater-agent-workspace/rustup-home:/opt/rustwide/rustup-home:ro,Z" "-e" "SOURCE_DIR=/opt/rustwide/workdir" "-e" "CARGO_TARGET_DIR=/opt/rustwide/target" "-e" "CARGO_INCREMENTAL=0" "-e" "RUST_BACKTRACE=full" "-e" "RUSTFLAGS=--cap-lints=warn" "-e" "CARGO_HOME=/opt/rustwide/cargo-home" "-e" "RUSTUP_HOME=/opt/rustwide/rustup-home" "-w" "/opt/rustwide/workdir" "-m" "1610612736" "--user" "0:0" "--network" "none" "ghcr.io/rust-lang/crates-build-env/linux@sha256:34b6a614d2c27851fe6cbf88fbd1137609cefab8b10d0615aaeb6fd47975d74e" "/opt/rustwide/cargo-home/bin/cargo" "+1.54.0" "test" "--frozen" "--no-run" "--message-format=json", kill_on_drop: false }`
[INFO] [stdout] 5887474a40df9b88919bc25d528279f634d4f89afa2d6c19c17c345b2cf5aa64
[INFO] running `Command { std: "docker" "start" "-a" "5887474a40df9b88919bc25d528279f634d4f89afa2d6c19c17c345b2cf5aa64", kill_on_drop: false }`
[INFO] [stdout] warning: trait objects without an explicit `dyn` are deprecated
[INFO] [stdout]   --> src/render/font.rs:57:20
[INFO] [stdout]    |
[INFO] [stdout] 57 |         draw: &mut Drawer<NativeTexture = T>,
[INFO] [stdout]    |                    ^^^^^^^^^^^^^^^^^^^^^^^^^ help: use `dyn`: `dyn Drawer<NativeTexture = T>`
[INFO] [stdout]    |
[INFO] [stdout]    = note: `#[warn(bare_trait_objects)]` on by default
[INFO] [stdout]    = warning: this was previously accepted by the compiler but is being phased out; it will become a hard error in the 2021 edition!
[INFO] [stdout]    = note: for more information, see issue #80165 <https://github.com/rust-lang/rust/issues/80165>
[INFO] [stdout] 
[INFO] [stdout] 
[INFO] [stdout] warning: use of deprecated function `std::mem::uninitialized`: use `mem::MaybeUninit` instead
[INFO] [stdout]   --> src/render/glutin/texture.rs:21:40
[INFO] [stdout]    |
[INFO] [stdout] 21 |         let mut texture_ref = unsafe { mem::uninitialized() };
[INFO] [stdout]    |                                        ^^^^^^^^^^^^^^^^^^
[INFO] [stdout]    |
[INFO] [stdout]    = note: `#[warn(deprecated)]` on by default
[INFO] [stdout] 
[INFO] [stdout] 
[INFO] [stderr]    Compiling leafrender v0.1.0 (/opt/rustwide/workdir)
[INFO] [stdout] warning: use of deprecated function `std::mem::uninitialized`: use `mem::MaybeUninit` instead
[INFO] [stdout]   --> src/render/glutin/vbo.rs:32:32
[INFO] [stdout]    |
[INFO] [stdout] 32 |         let mut ptr = unsafe { mem::uninitialized() };
[INFO] [stdout]    |                                ^^^^^^^^^^^^^^^^^^
[INFO] [stdout] 
[INFO] [stdout] 
[INFO] [stdout] warning: use of deprecated function `std::mem::uninitialized`: use `mem::MaybeUninit` instead
[INFO] [stdout]    --> src/render/glutin/drawer.rs:356:27
[INFO] [stdout]     |
[INFO] [stdout] 356 |             let mut ptr = mem::uninitialized();
[INFO] [stdout]     |                           ^^^^^^^^^^^^^^^^^^
[INFO] [stdout] 
[INFO] [stdout] 
[INFO] [stdout] warning: 4 warnings emitted
[INFO] [stdout] 
[INFO] [stdout] 
[INFO] [stdout] warning: trait objects without an explicit `dyn` are deprecated
[INFO] [stdout]   --> src/render/font.rs:57:20
[INFO] [stdout]    |
[INFO] [stdout] 57 |         draw: &mut Drawer<NativeTexture = T>,
[INFO] [stdout]    |                    ^^^^^^^^^^^^^^^^^^^^^^^^^ help: use `dyn`: `dyn Drawer<NativeTexture = T>`
[INFO] [stdout]    |
[INFO] [stdout]    = note: `#[warn(bare_trait_objects)]` on by default
[INFO] [stdout]    = warning: this was previously accepted by the compiler but is being phased out; it will become a hard error in the 2021 edition!
[INFO] [stdout]    = note: for more information, see issue #80165 <https://github.com/rust-lang/rust/issues/80165>
[INFO] [stdout] 
[INFO] [stdout] 
[INFO] [stdout] warning: use of deprecated function `std::mem::uninitialized`: use `mem::MaybeUninit` instead
[INFO] [stdout]   --> src/render/glutin/texture.rs:21:40
[INFO] [stdout]    |
[INFO] [stdout] 21 |         let mut texture_ref = unsafe { mem::uninitialized() };
[INFO] [stdout]    |                                        ^^^^^^^^^^^^^^^^^^
[INFO] [stdout]    |
[INFO] [stdout]    = note: `#[warn(deprecated)]` on by default
[INFO] [stdout] 
[INFO] [stdout] 
[INFO] [stdout] warning: use of deprecated function `std::mem::uninitialized`: use `mem::MaybeUninit` instead
[INFO] [stdout]   --> src/render/glutin/vbo.rs:32:32
[INFO] [stdout]    |
[INFO] [stdout] 32 |         let mut ptr = unsafe { mem::uninitialized() };
[INFO] [stdout]    |                                ^^^^^^^^^^^^^^^^^^
[INFO] [stdout] 
[INFO] [stdout] 
[INFO] [stdout] warning: use of deprecated function `std::mem::uninitialized`: use `mem::MaybeUninit` instead
[INFO] [stdout]    --> src/render/glutin/drawer.rs:356:27
[INFO] [stdout]     |
[INFO] [stdout] 356 |             let mut ptr = mem::uninitialized();
[INFO] [stdout]     |                           ^^^^^^^^^^^^^^^^^^
[INFO] [stdout] 
[INFO] [stdout] 
[INFO] [stdout] warning: 4 warnings emitted
[INFO] [stdout] 
[INFO] [stdout] 
[INFO] [stderr]     Finished test [unoptimized + debuginfo] target(s) in 0.84s
[INFO] running `Command { std: "docker" "inspect" "5887474a40df9b88919bc25d528279f634d4f89afa2d6c19c17c345b2cf5aa64", kill_on_drop: false }`
[INFO] running `Command { std: "docker" "rm" "-f" "5887474a40df9b88919bc25d528279f634d4f89afa2d6c19c17c345b2cf5aa64", kill_on_drop: false }`
[INFO] [stdout] 5887474a40df9b88919bc25d528279f634d4f89afa2d6c19c17c345b2cf5aa64
[INFO] running `Command { std: "docker" "create" "-v" "/var/lib/crater-agent-workspace/builds/worker-46/target:/opt/rustwide/target:rw,Z" "-v" "/var/lib/crater-agent-workspace/builds/worker-46/source:/opt/rustwide/workdir:ro,Z" "-v" "/var/lib/crater-agent-workspace/cargo-home:/opt/rustwide/cargo-home:ro,Z" "-v" "/var/lib/crater-agent-workspace/rustup-home:/opt/rustwide/rustup-home:ro,Z" "-e" "SOURCE_DIR=/opt/rustwide/workdir" "-e" "CARGO_TARGET_DIR=/opt/rustwide/target" "-e" "CARGO_INCREMENTAL=0" "-e" "RUST_BACKTRACE=full" "-e" "RUSTFLAGS=--cap-lints=warn" "-e" "CARGO_HOME=/opt/rustwide/cargo-home" "-e" "RUSTUP_HOME=/opt/rustwide/rustup-home" "-w" "/opt/rustwide/workdir" "-m" "1610612736" "--user" "0:0" "--network" "none" "ghcr.io/rust-lang/crates-build-env/linux@sha256:34b6a614d2c27851fe6cbf88fbd1137609cefab8b10d0615aaeb6fd47975d74e" "/opt/rustwide/cargo-home/bin/cargo" "+1.54.0" "test" "--frozen", kill_on_drop: false }`
[INFO] [stdout] fcab8ff73a61935242601020368c23f3f02496069752a634c8f2824922457eef
[INFO] running `Command { std: "docker" "start" "-a" "fcab8ff73a61935242601020368c23f3f02496069752a634c8f2824922457eef", kill_on_drop: false }`
[INFO] [stderr] warning: trait objects without an explicit `dyn` are deprecated
[INFO] [stderr]   --> src/render/font.rs:57:20
[INFO] [stderr]    |
[INFO] [stderr] 57 |         draw: &mut Drawer<NativeTexture = T>,
[INFO] [stderr]    |                    ^^^^^^^^^^^^^^^^^^^^^^^^^ help: use `dyn`: `dyn Drawer<NativeTexture = T>`
[INFO] [stderr]    |
[INFO] [stderr]    = note: `#[warn(bare_trait_objects)]` on by default
[INFO] [stderr]    = warning: this was previously accepted by the compiler but is being phased out; it will become a hard error in the 2021 edition!
[INFO] [stderr]    = note: for more information, see issue #80165 <https://github.com/rust-lang/rust/issues/80165>
[INFO] [stderr] 
[INFO] [stderr] warning: use of deprecated function `std::mem::uninitialized`: use `mem::MaybeUninit` instead
[INFO] [stderr]   --> src/render/glutin/texture.rs:21:40
[INFO] [stderr]    |
[INFO] [stderr] 21 |         let mut texture_ref = unsafe { mem::uninitialized() };
[INFO] [stderr]    |                                        ^^^^^^^^^^^^^^^^^^
[INFO] [stderr]    |
[INFO] [stderr]    = note: `#[warn(deprecated)]` on by default
[INFO] [stderr] 
[INFO] [stderr] warning: use of deprecated function `std::mem::uninitialized`: use `mem::MaybeUninit` instead
[INFO] [stderr]   --> src/render/glutin/vbo.rs:32:32
[INFO] [stderr]    |
[INFO] [stderr] 32 |         let mut ptr = unsafe { mem::uninitialized() };
[INFO] [stderr]    |                                ^^^^^^^^^^^^^^^^^^
[INFO] [stderr] 
[INFO] [stderr] warning: use of deprecated function `std::mem::uninitialized`: use `mem::MaybeUninit` instead
[INFO] [stderr]    --> src/render/glutin/drawer.rs:356:27
[INFO] [stderr]     |
[INFO] [stderr] 356 |             let mut ptr = mem::uninitialized();
[INFO] [stderr]     |                           ^^^^^^^^^^^^^^^^^^
[INFO] [stderr] 
[INFO] [stderr] warning: 4 warnings emitted
[INFO] [stderr] 
[INFO] [stderr] warning: trait objects without an explicit `dyn` are deprecated
[INFO] [stderr]   --> src/render/font.rs:57:20
[INFO] [stderr]    |
[INFO] [stderr] 57 |         draw: &mut Drawer<NativeTexture = T>,
[INFO] [stderr]    |                    ^^^^^^^^^^^^^^^^^^^^^^^^^ help: use `dyn`: `dyn Drawer<NativeTexture = T>`
[INFO] [stderr]    |
[INFO] [stderr]    = note: `#[warn(bare_trait_objects)]` on by default
[INFO] [stderr]    = warning: this was previously accepted by the compiler but is being phased out; it will become a hard error in the 2021 edition!
[INFO] [stderr]    = note: for more information, see issue #80165 <https://github.com/rust-lang/rust/issues/80165>
[INFO] [stderr] 
[INFO] [stderr] warning: use of deprecated function `std::mem::uninitialized`: use `mem::MaybeUninit` instead
[INFO] [stderr]   --> src/render/glutin/texture.rs:21:40
[INFO] [stderr]    |
[INFO] [stderr] 21 |         let mut texture_ref = unsafe { mem::uninitialized() };
[INFO] [stderr]    |                                        ^^^^^^^^^^^^^^^^^^
[INFO] [stderr]    |
[INFO] [stderr]    = note: `#[warn(deprecated)]` on by default
[INFO] [stderr] 
[INFO] [stderr] warning: use of deprecated function `std::mem::uninitialized`: use `mem::MaybeUninit` instead
[INFO] [stderr]   --> src/render/glutin/vbo.rs:32:32
[INFO] [stderr]    |
[INFO] [stderr] 32 |         let mut ptr = unsafe { mem::uninitialized() };
[INFO] [stderr]    |                                ^^^^^^^^^^^^^^^^^^
[INFO] [stderr] 
[INFO] [stderr] warning: use of deprecated function `std::mem::uninitialized`: use `mem::MaybeUninit` instead
[INFO] [stderr]    --> src/render/glutin/drawer.rs:356:27
[INFO] [stderr]     |
[INFO] [stderr] 356 |             let mut ptr = mem::uninitialized();
[INFO] [stderr]     |                           ^^^^^^^^^^^^^^^^^^
[INFO] [stderr] 
[INFO] [stderr] warning: 4 warnings emitted
[INFO] [stderr] 
[INFO] [stderr]     Finished test [unoptimized + debuginfo] target(s) in 0.08s
[INFO] [stderr]      Running unittests (/opt/rustwide/target/debug/deps/leafrender-da0dd84cb9168081)
[INFO] [stdout] 
[INFO] [stderr]    Doc-tests leafrender
[INFO] [stdout] running 0 tests
[INFO] [stdout] 
[INFO] [stdout] test result: ok. 0 passed; 0 failed; 0 ignored; 0 measured; 0 filtered out; finished in 0.00s
[INFO] [stdout] 
[INFO] [stdout] 
[INFO] [stdout] running 4 tests
[INFO] [stdout] test src/lib.rs - (line 14) ... FAILED
[INFO] [stdout] test src/lib.rs - (line 65) ... FAILED
[INFO] [stdout] test src/lib.rs - (line 95) ... FAILED
[INFO] [stdout] test src/lib.rs - (line 20) ... FAILED
[INFO] [stdout] 
[INFO] [stdout] failures:
[INFO] [stdout] 
[INFO] [stdout] ---- src/lib.rs - (line 14) stdout ----
[INFO] [stdout] error[E0423]: expected value, found crate `leafrender`
[INFO] [stdout]  --> src/lib.rs:15:1
[INFO] [stdout]   |
[INFO] [stdout] 4 | leafrender = "0.1.0"
[INFO] [stdout]   | ^^^^^^^^^^ not a value
[INFO] [stdout] 
[INFO] [stdout] error: aborting due to previous error
[INFO] [stdout] 
[INFO] [stdout] For more information about this error, try `rustc --explain E0423`.
[INFO] [stdout] Couldn't compile the test.
[INFO] [stdout] ---- src/lib.rs - (line 65) stdout ----
[INFO] [stdout] error: expected one of `!`, `)`, `,`, `.`, `::`, `?`, `{`, or an operator, found `;`
[INFO] [stdout]   --> src/lib.rs:90:1
[INFO] [stdout]    |
[INFO] [stdout] 13 | font.draw(
[INFO] [stdout]    |          - unclosed delimiter
[INFO] [stdout] ...
[INFO] [stdout] 26 |    &mut drawer
[INFO] [stdout]    |               - help: `)` may belong here
[INFO] [stdout] 27 | ;
[INFO] [stdout]    | ^
[INFO] [stdout] 
[INFO] [stdout] error: expected expression, found `)`
[INFO] [stdout]   --> src/lib.rs:91:1
[INFO] [stdout]    |
[INFO] [stdout] 28 | } _doctest_main_src_lib_rs_65_0() }
[INFO] [stdout]    | ^ expected expression
[INFO] [stdout] 
[INFO] [stdout] error: couldn't read src/Lato-Regular.ttf: No such file or directory (os error 2)
[INFO] [stdout]  --> src/lib.rs:69:38
[INFO] [stdout]   |
[INFO] [stdout] 6 | let mut font = FontCache::from_bytes(include_bytes!("Lato-Regular.ttf"))
[INFO] [stdout]   |                                      ^^^^^^^^^^^^^^^^^^^^^^^^^^^^^^^^^^
[INFO] [stdout]   |
[INFO] [stdout]   = note: this error originates in the macro `include_bytes` (in Nightly builds, run with -Z macro-backtrace for more info)
[INFO] [stdout] 
[INFO] [stdout] error[E0433]: failed to resolve: unresolved import
[INFO] [stdout]  --> src/lib.rs:66:12
[INFO] [stdout]   |
[INFO] [stdout] 3 | use crate::render::font::FontCache;
[INFO] [stdout]   |            ^^^^^^
[INFO] [stdout]   |            |
[INFO] [stdout]   |            unresolved import
[INFO] [stdout]   |            help: a similar path exists: `leafrender::render`
[INFO] [stdout] 
[INFO] [stdout] error[E0432]: unresolved import `crate::pos`
[INFO] [stdout]  --> src/lib.rs:67:12
[INFO] [stdout]   |
[INFO] [stdout] 4 | use crate::pos::Position;
[INFO] [stdout]   |            ^^^
[INFO] [stdout]   |            |
[INFO] [stdout]   |            unresolved import
[INFO] [stdout]   |            help: a similar path exists: `leafrender::pos`
[INFO] [stdout] 
[INFO] [stdout] error[E0433]: failed to resolve: use of undeclared type `FontCache`
[INFO] [stdout]  --> src/lib.rs:69:16
[INFO] [stdout]   |
[INFO] [stdout] 6 | let mut font = FontCache::from_bytes(include_bytes!("Lato-Regular.ttf"))
[INFO] [stdout]   |                ^^^^^^^^^ not found in this scope
[INFO] [stdout]   |
[INFO] [stdout] help: consider importing this struct
[INFO] [stdout]   |
[INFO] [stdout] 2 | use leafrender::render::font::FontCache;
[INFO] [stdout]   |
[INFO] [stdout] 
[INFO] [stdout] error[E0422]: cannot find struct, variant or union type `Color` in this scope
[INFO] [stdout]   --> src/lib.rs:78:5
[INFO] [stdout]    |
[INFO] [stdout] 15 |    &Color {
[INFO] [stdout]    |     ^^^^^ not found in this scope
[INFO] [stdout]    |
[INFO] [stdout] help: consider importing this struct
[INFO] [stdout]    |
[INFO] [stdout] 2  | use leafrender::render::Color;
[INFO] [stdout]    |
[INFO] [stdout] 
[INFO] [stdout] error[E0425]: cannot find value `drawer` in this scope
[INFO] [stdout]   --> src/lib.rs:89:9
[INFO] [stdout]    |
[INFO] [stdout] 26 |    &mut drawer
[INFO] [stdout]    |         ^^^^^^ not found in this scope
[INFO] [stdout] 
[INFO] [stdout] error: aborting due to 8 previous errors
[INFO] [stdout] 
[INFO] [stdout] Some errors have detailed explanations: E0422, E0425, E0432, E0433.
[INFO] [stdout] For more information about an error, try `rustc --explain E0422`.
[INFO] [stdout] Couldn't compile the test.
[INFO] [stdout] ---- src/lib.rs - (line 95) stdout ----
[INFO] [stdout] error: couldn't read src/img.jpg: No such file or directory (os error 2)
[INFO] [stdout]  --> src/lib.rs:98:37
[INFO] [stdout]   |
[INFO] [stdout] 5 | let image = image::load_from_memory(include_bytes!("img.jpg"))
[INFO] [stdout]   |                                     ^^^^^^^^^^^^^^^^^^^^^^^^^
[INFO] [stdout]   |
[INFO] [stdout]   = note: this error originates in the macro `include_bytes` (in Nightly builds, run with -Z macro-backtrace for more info)
[INFO] [stdout] 
[INFO] [stdout] error[E0425]: cannot find value `drawer` in this scope
[INFO] [stdout]  --> src/lib.rs:101:13
[INFO] [stdout]   |
[INFO] [stdout] 8 | let image = drawer.convert_image(&image);
[INFO] [stdout]   |             ^^^^^^ not found in this scope
[INFO] [stdout] 
[INFO] [stdout] error[E0425]: cannot find value `drawer` in this scope
[INFO] [stdout]   --> src/lib.rs:107:1
[INFO] [stdout]    |
[INFO] [stdout] 14 | drawer.draw_texture(&image, &Position {
[INFO] [stdout]    | ^^^^^^ not found in this scope
[INFO] [stdout] 
[INFO] [stdout] error[E0422]: cannot find struct, variant or union type `Position` in this scope
[INFO] [stdout]   --> src/lib.rs:107:30
[INFO] [stdout]    |
[INFO] [stdout] 14 | drawer.draw_texture(&image, &Position {
[INFO] [stdout]    |                              ^^^^^^^^ not found in this scope
[INFO] [stdout]    |
[INFO] [stdout] help: consider importing this struct
[INFO] [stdout]    |
[INFO] [stdout] 2  | use leafrender::pos::Position;
[INFO] [stdout]    |
[INFO] [stdout] 
[INFO] [stdout] error: aborting due to 4 previous errors
[INFO] [stdout] 
[INFO] [stdout] Some errors have detailed explanations: E0422, E0425.
[INFO] [stdout] For more information about an error, try `rustc --explain E0422`.
[INFO] [stdout] Couldn't compile the test.
[INFO] [stdout] ---- src/lib.rs - (line 20) stdout ----
[INFO] [stdout] Test executable failed (exit code 101).
[INFO] [stdout] 
[INFO] [stdout] stderr:
[INFO] [stdout] thread 'main' panicked at 'Failed to initialize any backend! Wayland status: XdgRuntimeDirNotSet X11 status: XOpenDisplayFailed', /opt/rustwide/cargo-home/registry/src/github.com-1ecc6299db9ec823/winit-0.19.5/src/platform/linux/mod.rs:467:9
[INFO] [stdout] stack backtrace:
[INFO] [stdout]    0:     0x5636bb4ee110 - std::backtrace_rs::backtrace::libunwind::trace::h34055254b57d8e79
[INFO] [stdout]                                at /rustc/a178d0322ce20e33eac124758e837cbd80a6f633/library/std/src/../../backtrace/src/backtrace/libunwind.rs:90:5
[INFO] [stdout]    1:     0x5636bb4ee110 - std::backtrace_rs::backtrace::trace_unsynchronized::h8f1e3fbd9afff6ec
[INFO] [stdout]                                at /rustc/a178d0322ce20e33eac124758e837cbd80a6f633/library/std/src/../../backtrace/src/backtrace/mod.rs:66:5
[INFO] [stdout]    2:     0x5636bb4ee110 - std::sys_common::backtrace::_print_fmt::h3a99a796b770c360
[INFO] [stdout]                                at /rustc/a178d0322ce20e33eac124758e837cbd80a6f633/library/std/src/sys_common/backtrace.rs:67:5
[INFO] [stdout]    3:     0x5636bb4ee110 - <std::sys_common::backtrace::_print::DisplayBacktrace as core::fmt::Display>::fmt::h32d1f94a80615d18
[INFO] [stdout]                                at /rustc/a178d0322ce20e33eac124758e837cbd80a6f633/library/std/src/sys_common/backtrace.rs:46:22
[INFO] [stdout]    4:     0x5636bb50f2dc - core::fmt::write::h306731c068f7162c
[INFO] [stdout]                                at /rustc/a178d0322ce20e33eac124758e837cbd80a6f633/library/core/src/fmt/mod.rs:1110:17
[INFO] [stdout]    5:     0x5636bb4eb855 - std::io::Write::write_fmt::hd2fa90334eee2a21
[INFO] [stdout]                                at /rustc/a178d0322ce20e33eac124758e837cbd80a6f633/library/std/src/io/mod.rs:1588:15
[INFO] [stdout]    6:     0x5636bb4f012b - std::sys_common::backtrace::_print::h5abaa2601a852287
[INFO] [stdout]                                at /rustc/a178d0322ce20e33eac124758e837cbd80a6f633/library/std/src/sys_common/backtrace.rs:49:5
[INFO] [stdout]    7:     0x5636bb4f012b - std::sys_common::backtrace::print::h8d81445442bb638f
[INFO] [stdout]                                at /rustc/a178d0322ce20e33eac124758e837cbd80a6f633/library/std/src/sys_common/backtrace.rs:36:9
[INFO] [stdout]    8:     0x5636bb4f012b - std::panicking::default_hook::{{closure}}::hcfe804496a9fa747
[INFO] [stdout]                                at /rustc/a178d0322ce20e33eac124758e837cbd80a6f633/library/std/src/panicking.rs:208:50
[INFO] [stdout]    9:     0x5636bb4efc01 - std::panicking::default_hook::hbea8e3ccf2ba8901
[INFO] [stdout]                                at /rustc/a178d0322ce20e33eac124758e837cbd80a6f633/library/std/src/panicking.rs:225:9
[INFO] [stdout]   10:     0x5636bb4f07f4 - std::panicking::rust_panic_with_hook::h7ee9e1a2d0f8975a
[INFO] [stdout]                                at /rustc/a178d0322ce20e33eac124758e837cbd80a6f633/library/std/src/panicking.rs:622:17
[INFO] [stdout]   11:     0x5636bb2fee90 - std::panicking::begin_panic::{{closure}}::hb382b292f0245e7c
[INFO] [stdout]                                at /rustc/a178d0322ce20e33eac124758e837cbd80a6f633/library/std/src/panicking.rs:542:9
[INFO] [stdout]   12:     0x5636bb2febff - std::sys_common::backtrace::__rust_end_short_backtrace::hba07f64b0ceff48c
[INFO] [stdout]                                at /rustc/a178d0322ce20e33eac124758e837cbd80a6f633/library/std/src/sys_common/backtrace.rs:141:18
[INFO] [stdout]   13:     0x5636bb2fed8b - std::panicking::begin_panic::h5aaceff7dc1d9ada
[INFO] [stdout]                                at /rustc/a178d0322ce20e33eac124758e837cbd80a6f633/library/std/src/panicking.rs:541:12
[INFO] [stdout]   14:     0x5636bb284175 - winit::platform::platform::EventsLoop::new::he36373b414f9a44c
[INFO] [stdout]                                at /opt/rustwide/cargo-home/registry/src/github.com-1ecc6299db9ec823/winit-0.19.5/src/platform/linux/mod.rs:467:9
[INFO] [stdout]   15:     0x5636bb260b4b - winit::EventsLoop::new::h5bac7ca0d8de070e
[INFO] [stdout]                                at /opt/rustwide/cargo-home/registry/src/github.com-1ecc6299db9ec823/winit-0.19.5/src/lib.rs:251:26
[INFO] [stdout]   16:     0x5636bb1e2ab2 - <leafrender::render::glutin::drawer::GlutinDrawer as leafrender::render::Drawer>::new::hb5261026739f3357
[INFO] [stdout]                                at /opt/rustwide/workdir/src/render/glutin/drawer.rs:319:27
[INFO] [stdout]   17:     0x5636bb1cc41c - rust_out::main::_doctest_main_src_lib_rs_20_0::ha78378d910fc2cc1
[INFO] [stdout]   18:     0x5636bb1cc3e6 - rust_out::main::h2a38bb51b9580a7d
[INFO] [stdout]   19:     0x5636bb1cc053 - core::ops::function::FnOnce::call_once::hb73b95e6982fd3f0
[INFO] [stdout]   20:     0x5636bb1cbf49 - std::sys_common::backtrace::__rust_begin_short_backtrace::h8371d112165838d3
[INFO] [stdout]   21:     0x5636bb1cbfb9 - std::rt::lang_start::{{closure}}::h783adf50233ec5ec
[INFO] [stdout]   22:     0x5636bb4f0cf9 - core::ops::function::impls::<impl core::ops::function::FnOnce<A> for &F>::call_once::h2aabc384aab89b7b
[INFO] [stdout]                                at /rustc/a178d0322ce20e33eac124758e837cbd80a6f633/library/core/src/ops/function.rs:259:13
[INFO] [stdout]   23:     0x5636bb4f0cf9 - std::panicking::try::do_call::hc5fcacb7a85fc7b1
[INFO] [stdout]                                at /rustc/a178d0322ce20e33eac124758e837cbd80a6f633/library/std/src/panicking.rs:401:40
[INFO] [stdout]   24:     0x5636bb4f0cf9 - std::panicking::try::hb5d9603af3abbe3a
[INFO] [stdout]                                at /rustc/a178d0322ce20e33eac124758e837cbd80a6f633/library/std/src/panicking.rs:365:19
[INFO] [stdout]   25:     0x5636bb4f0cf9 - std::panic::catch_unwind::h98fe6ac3925e64b4
[INFO] [stdout]                                at /rustc/a178d0322ce20e33eac124758e837cbd80a6f633/library/std/src/panic.rs:434:14
[INFO] [stdout]   26:     0x5636bb4f0cf9 - std::rt::lang_start_internal::h22ac7383c516f93e
[INFO] [stdout]                                at /rustc/a178d0322ce20e33eac124758e837cbd80a6f633/library/std/src/rt.rs:34:21
[INFO] [stdout]   27:     0x5636bb1cbfa1 - std::rt::lang_start::h11b9716471e37ff8
[INFO] [stdout]   28:     0x5636bb1cc553 - main
[INFO] [stdout]   29:     0x7fa31a28f0b3 - __libc_start_main
[INFO] [stdout]   30:     0x5636bb1cb9fe - _start
[INFO] [stdout]   31:                0x0 - <unknown>
[INFO] [stdout] 
[INFO] [stdout] 
[INFO] [stdout] 
[INFO] [stdout] failures:
[INFO] [stdout]     src/lib.rs - (line 14)
[INFO] [stdout]     src/lib.rs - (line 20)
[INFO] [stdout]     src/lib.rs - (line 65)
[INFO] [stdout]     src/lib.rs - (line 95)
[INFO] [stdout] 
[INFO] [stdout] test result: FAILED. 0 passed; 4 failed; 0 ignored; 0 measured; 0 filtered out; finished in 4.48s
[INFO] [stdout] 
[INFO] [stderr] error: test failed, to rerun pass '--doc'
[INFO] running `Command { std: "docker" "inspect" "fcab8ff73a61935242601020368c23f3f02496069752a634c8f2824922457eef", kill_on_drop: false }`
[INFO] running `Command { std: "docker" "rm" "-f" "fcab8ff73a61935242601020368c23f3f02496069752a634c8f2824922457eef", kill_on_drop: false }`
[INFO] [stdout] fcab8ff73a61935242601020368c23f3f02496069752a634c8f2824922457eef
