[INFO] fetching crate ldscript-parser 0.1.0...
[INFO] testing ldscript-parser-0.1.0 against beta-2021-08-01 for beta-1.55-1
[INFO] extracting crate ldscript-parser 0.1.0 into /workspace/builds/worker-23/source
[INFO] validating manifest of crates.io crate ldscript-parser 0.1.0 on toolchain beta-2021-08-01
[INFO] running `Command { std: "/workspace/cargo-home/bin/cargo" "+beta-2021-08-01" "metadata" "--manifest-path" "Cargo.toml" "--no-deps", kill_on_drop: false }`
[INFO] started tweaking crates.io crate ldscript-parser 0.1.0
[INFO] finished tweaking crates.io crate ldscript-parser 0.1.0
[INFO] tweaked toml for crates.io crate ldscript-parser 0.1.0 written to /workspace/builds/worker-23/source/Cargo.toml
[INFO] running `Command { std: "/workspace/cargo-home/bin/cargo" "+beta-2021-08-01" "generate-lockfile" "--manifest-path" "Cargo.toml" "-Zno-index-update", kill_on_drop: false }`
[INFO] [stderr]     Blocking waiting for file lock on package cache
[INFO] running `Command { std: "/workspace/cargo-home/bin/cargo" "+beta-2021-08-01" "fetch" "--manifest-path" "Cargo.toml", kill_on_drop: false }`
[INFO] [stderr]     Blocking waiting for file lock on package cache
[INFO] [stderr]     Blocking waiting for file lock on package cache
[INFO] [stderr]  Downloading crates ...
[INFO] [stderr]   Downloaded nom v2.2.1
[INFO] running `Command { std: "docker" "create" "-v" "/var/lib/crater-agent-workspace/builds/worker-23/target:/opt/rustwide/target:rw,Z" "-v" "/var/lib/crater-agent-workspace/builds/worker-23/source:/opt/rustwide/workdir:ro,Z" "-v" "/var/lib/crater-agent-workspace/cargo-home:/opt/rustwide/cargo-home:ro,Z" "-v" "/var/lib/crater-agent-workspace/rustup-home:/opt/rustwide/rustup-home:ro,Z" "-e" "SOURCE_DIR=/opt/rustwide/workdir" "-e" "CARGO_TARGET_DIR=/opt/rustwide/target" "-e" "CARGO_HOME=/opt/rustwide/cargo-home" "-e" "RUSTUP_HOME=/opt/rustwide/rustup-home" "-w" "/opt/rustwide/workdir" "-m" "1610612736" "--user" "0:0" "--network" "none" "ghcr.io/rust-lang/crates-build-env/linux@sha256:34b6a614d2c27851fe6cbf88fbd1137609cefab8b10d0615aaeb6fd47975d74e" "/opt/rustwide/cargo-home/bin/cargo" "+beta-2021-08-01" "metadata" "--no-deps" "--format-version=1", kill_on_drop: false }`
[INFO] [stdout] c2b36609e895196d91fbd49f55ffaa1cf276cf61219e98654446e447155efc28
[INFO] running `Command { std: "docker" "start" "-a" "c2b36609e895196d91fbd49f55ffaa1cf276cf61219e98654446e447155efc28", kill_on_drop: false }`
[INFO] running `Command { std: "docker" "inspect" "c2b36609e895196d91fbd49f55ffaa1cf276cf61219e98654446e447155efc28", kill_on_drop: false }`
[INFO] running `Command { std: "docker" "rm" "-f" "c2b36609e895196d91fbd49f55ffaa1cf276cf61219e98654446e447155efc28", kill_on_drop: false }`
[INFO] [stdout] c2b36609e895196d91fbd49f55ffaa1cf276cf61219e98654446e447155efc28
[INFO] running `Command { std: "docker" "create" "-v" "/var/lib/crater-agent-workspace/builds/worker-23/target:/opt/rustwide/target:rw,Z" "-v" "/var/lib/crater-agent-workspace/builds/worker-23/source:/opt/rustwide/workdir:ro,Z" "-v" "/var/lib/crater-agent-workspace/cargo-home:/opt/rustwide/cargo-home:ro,Z" "-v" "/var/lib/crater-agent-workspace/rustup-home:/opt/rustwide/rustup-home:ro,Z" "-e" "SOURCE_DIR=/opt/rustwide/workdir" "-e" "CARGO_TARGET_DIR=/opt/rustwide/target" "-e" "CARGO_INCREMENTAL=0" "-e" "RUST_BACKTRACE=full" "-e" "RUSTFLAGS=--cap-lints=warn" "-e" "CARGO_HOME=/opt/rustwide/cargo-home" "-e" "RUSTUP_HOME=/opt/rustwide/rustup-home" "-w" "/opt/rustwide/workdir" "-m" "1610612736" "--user" "0:0" "--network" "none" "ghcr.io/rust-lang/crates-build-env/linux@sha256:34b6a614d2c27851fe6cbf88fbd1137609cefab8b10d0615aaeb6fd47975d74e" "/opt/rustwide/cargo-home/bin/cargo" "+beta-2021-08-01" "build" "--frozen" "--message-format=json", kill_on_drop: false }`
[INFO] [stdout] f5d04ce261e1f18746069a2aeee857bbe2a5d968fd1915358e8f5be15d72bac6
[INFO] running `Command { std: "docker" "start" "-a" "f5d04ce261e1f18746069a2aeee857bbe2a5d968fd1915358e8f5be15d72bac6", kill_on_drop: false }`
[INFO] [stderr]     Blocking waiting for file lock on package cache
[INFO] [stderr]    Compiling nom v2.2.1
[INFO] [stderr]    Compiling ldscript-parser v0.1.0 (/opt/rustwide/workdir)
[INFO] [stdout] warning: unused macro definition
[INFO] [stdout]   --> src/utils.rs:15:1
[INFO] [stdout]    |
[INFO] [stdout] 15 | / macro_rules! assert_done {
[INFO] [stdout] 16 | |     ($res:expr) => (
[INFO] [stdout] 17 | |         match $res {
[INFO] [stdout] 18 | |             ::nom::IResult::Done("", _) => {},
[INFO] [stdout] ...  |
[INFO] [stdout] 29 | |     );
[INFO] [stdout] 30 | | }
[INFO] [stdout]    | |_^
[INFO] [stdout]    |
[INFO] [stdout]    = note: `#[warn(unused_macros)]` on by default
[INFO] [stdout] 
[INFO] [stdout] 
[INFO] [stdout] warning: unused macro definition
[INFO] [stdout]   --> src/utils.rs:32:1
[INFO] [stdout]    |
[INFO] [stdout] 32 | / macro_rules! assert_done_vec {
[INFO] [stdout] 33 | |     ($res:expr, $num:expr) => (
[INFO] [stdout] 34 | |         match $res {
[INFO] [stdout] 35 | |             ::nom::IResult::Done("", v @ _) => {
[INFO] [stdout] ...  |
[INFO] [stdout] 40 | |     );
[INFO] [stdout] 41 | | }
[INFO] [stdout]    | |_^
[INFO] [stdout] 
[INFO] [stdout] 
[INFO] [stdout] warning: unused macro definition
[INFO] [stdout]   --> src/utils.rs:43:1
[INFO] [stdout]    |
[INFO] [stdout] 43 | / macro_rules! assert_fail {
[INFO] [stdout] 44 | |     ($res:expr) => (
[INFO] [stdout] 45 | |         match $res {
[INFO] [stdout] 46 | |             ::nom::IResult::Done("", r @ _) => {
[INFO] [stdout] ...  |
[INFO] [stdout] 51 | |     );
[INFO] [stdout] 52 | | }
[INFO] [stdout]    | |_^
[INFO] [stdout] 
[INFO] [stdout] 
[INFO] [stdout] warning: `...` range patterns are deprecated
[INFO] [stdout]   --> src/numbers.rs:28:12
[INFO] [stdout]    |
[INFO] [stdout] 28 |         '0'...'9' | 'A'...'F' | 'a'...'f' | 'h' | 'H' | 'o' | 'O' | 'k' | 'K' | 'm' | 'M' => true,
[INFO] [stdout]    |            ^^^ help: use `..=` for an inclusive range
[INFO] [stdout]    |
[INFO] [stdout]    = note: `#[warn(ellipsis_inclusive_range_patterns)]` on by default
[INFO] [stdout]    = warning: this is accepted in the current edition (Rust 2015) but is a hard error in Rust 2021!
[INFO] [stdout]    = note: for more information, see issue #80165 <https://github.com/rust-lang/rust/issues/80165>
[INFO] [stdout] 
[INFO] [stdout] 
[INFO] [stdout] warning: `...` range patterns are deprecated
[INFO] [stdout]   --> src/numbers.rs:28:24
[INFO] [stdout]    |
[INFO] [stdout] 28 |         '0'...'9' | 'A'...'F' | 'a'...'f' | 'h' | 'H' | 'o' | 'O' | 'k' | 'K' | 'm' | 'M' => true,
[INFO] [stdout]    |                        ^^^ help: use `..=` for an inclusive range
[INFO] [stdout]    |
[INFO] [stdout]    = warning: this is accepted in the current edition (Rust 2015) but is a hard error in Rust 2021!
[INFO] [stdout]    = note: for more information, see issue #80165 <https://github.com/rust-lang/rust/issues/80165>
[INFO] [stdout] 
[INFO] [stdout] 
[INFO] [stdout] warning: `...` range patterns are deprecated
[INFO] [stdout]   --> src/numbers.rs:28:36
[INFO] [stdout]    |
[INFO] [stdout] 28 |         '0'...'9' | 'A'...'F' | 'a'...'f' | 'h' | 'H' | 'o' | 'O' | 'k' | 'K' | 'm' | 'M' => true,
[INFO] [stdout]    |                                    ^^^ help: use `..=` for an inclusive range
[INFO] [stdout]    |
[INFO] [stdout]    = warning: this is accepted in the current edition (Rust 2015) but is a hard error in Rust 2021!
[INFO] [stdout]    = note: for more information, see issue #80165 <https://github.com/rust-lang/rust/issues/80165>
[INFO] [stdout] 
[INFO] [stdout] 
[INFO] [stdout] warning: 6 warnings emitted
[INFO] [stdout] 
[INFO] [stdout] 
[INFO] [stderr]     Finished dev [unoptimized + debuginfo] target(s) in 4.16s
[INFO] running `Command { std: "docker" "inspect" "f5d04ce261e1f18746069a2aeee857bbe2a5d968fd1915358e8f5be15d72bac6", kill_on_drop: false }`
[INFO] running `Command { std: "docker" "rm" "-f" "f5d04ce261e1f18746069a2aeee857bbe2a5d968fd1915358e8f5be15d72bac6", kill_on_drop: false }`
[INFO] [stdout] f5d04ce261e1f18746069a2aeee857bbe2a5d968fd1915358e8f5be15d72bac6
[INFO] running `Command { std: "docker" "create" "-v" "/var/lib/crater-agent-workspace/builds/worker-23/target:/opt/rustwide/target:rw,Z" "-v" "/var/lib/crater-agent-workspace/builds/worker-23/source:/opt/rustwide/workdir:ro,Z" "-v" "/var/lib/crater-agent-workspace/cargo-home:/opt/rustwide/cargo-home:ro,Z" "-v" "/var/lib/crater-agent-workspace/rustup-home:/opt/rustwide/rustup-home:ro,Z" "-e" "SOURCE_DIR=/opt/rustwide/workdir" "-e" "CARGO_TARGET_DIR=/opt/rustwide/target" "-e" "CARGO_INCREMENTAL=0" "-e" "RUST_BACKTRACE=full" "-e" "RUSTFLAGS=--cap-lints=warn" "-e" "CARGO_HOME=/opt/rustwide/cargo-home" "-e" "RUSTUP_HOME=/opt/rustwide/rustup-home" "-w" "/opt/rustwide/workdir" "-m" "1610612736" "--user" "0:0" "--network" "none" "ghcr.io/rust-lang/crates-build-env/linux@sha256:34b6a614d2c27851fe6cbf88fbd1137609cefab8b10d0615aaeb6fd47975d74e" "/opt/rustwide/cargo-home/bin/cargo" "+beta-2021-08-01" "test" "--frozen" "--no-run" "--message-format=json", kill_on_drop: false }`
[INFO] [stdout] 5abad87b3f5589b63cda3184795d55e61106e2f5d4b4c0d8eda2cfa0e2d4122c
[INFO] running `Command { std: "docker" "start" "-a" "5abad87b3f5589b63cda3184795d55e61106e2f5d4b4c0d8eda2cfa0e2d4122c", kill_on_drop: false }`
[INFO] [stderr]    Compiling ldscript-parser v0.1.0 (/opt/rustwide/workdir)
[INFO] [stdout] warning: unused macro definition
[INFO] [stdout]   --> src/utils.rs:15:1
[INFO] [stdout]    |
[INFO] [stdout] 15 | / macro_rules! assert_done {
[INFO] [stdout] 16 | |     ($res:expr) => (
[INFO] [stdout] 17 | |         match $res {
[INFO] [stdout] 18 | |             ::nom::IResult::Done("", _) => {},
[INFO] [stdout] ...  |
[INFO] [stdout] 29 | |     );
[INFO] [stdout] 30 | | }
[INFO] [stdout]    | |_^
[INFO] [stdout]    |
[INFO] [stdout]    = note: `#[warn(unused_macros)]` on by default
[INFO] [stdout] 
[INFO] [stdout] 
[INFO] [stdout] warning: unused macro definition
[INFO] [stdout]   --> src/utils.rs:32:1
[INFO] [stdout]    |
[INFO] [stdout] 32 | / macro_rules! assert_done_vec {
[INFO] [stdout] 33 | |     ($res:expr, $num:expr) => (
[INFO] [stdout] 34 | |         match $res {
[INFO] [stdout] 35 | |             ::nom::IResult::Done("", v @ _) => {
[INFO] [stdout] ...  |
[INFO] [stdout] 40 | |     );
[INFO] [stdout] 41 | | }
[INFO] [stdout]    | |_^
[INFO] [stdout] 
[INFO] [stdout] 
[INFO] [stdout] warning: unused macro definition
[INFO] [stdout]   --> src/utils.rs:43:1
[INFO] [stdout]    |
[INFO] [stdout] 43 | / macro_rules! assert_fail {
[INFO] [stdout] 44 | |     ($res:expr) => (
[INFO] [stdout] 45 | |         match $res {
[INFO] [stdout] 46 | |             ::nom::IResult::Done("", r @ _) => {
[INFO] [stdout] ...  |
[INFO] [stdout] 51 | |     );
[INFO] [stdout] 52 | | }
[INFO] [stdout]    | |_^
[INFO] [stdout] 
[INFO] [stdout] 
[INFO] [stdout] warning: `...` range patterns are deprecated
[INFO] [stdout]   --> src/numbers.rs:28:12
[INFO] [stdout]    |
[INFO] [stdout] 28 |         '0'...'9' | 'A'...'F' | 'a'...'f' | 'h' | 'H' | 'o' | 'O' | 'k' | 'K' | 'm' | 'M' => true,
[INFO] [stdout]    |            ^^^ help: use `..=` for an inclusive range
[INFO] [stdout]    |
[INFO] [stdout]    = note: `#[warn(ellipsis_inclusive_range_patterns)]` on by default
[INFO] [stdout]    = warning: this is accepted in the current edition (Rust 2015) but is a hard error in Rust 2021!
[INFO] [stdout]    = note: for more information, see issue #80165 <https://github.com/rust-lang/rust/issues/80165>
[INFO] [stdout] 
[INFO] [stdout] 
[INFO] [stdout] warning: `...` range patterns are deprecated
[INFO] [stdout]   --> src/numbers.rs:28:24
[INFO] [stdout]    |
[INFO] [stdout] 28 |         '0'...'9' | 'A'...'F' | 'a'...'f' | 'h' | 'H' | 'o' | 'O' | 'k' | 'K' | 'm' | 'M' => true,
[INFO] [stdout]    |                        ^^^ help: use `..=` for an inclusive range
[INFO] [stdout]    |
[INFO] [stdout]    = warning: this is accepted in the current edition (Rust 2015) but is a hard error in Rust 2021!
[INFO] [stdout]    = note: for more information, see issue #80165 <https://github.com/rust-lang/rust/issues/80165>
[INFO] [stdout] 
[INFO] [stdout] 
[INFO] [stdout] warning: `...` range patterns are deprecated
[INFO] [stdout]   --> src/numbers.rs:28:36
[INFO] [stdout]    |
[INFO] [stdout] 28 |         '0'...'9' | 'A'...'F' | 'a'...'f' | 'h' | 'H' | 'o' | 'O' | 'k' | 'K' | 'm' | 'M' => true,
[INFO] [stdout]    |                                    ^^^ help: use `..=` for an inclusive range
[INFO] [stdout]    |
[INFO] [stdout]    = warning: this is accepted in the current edition (Rust 2015) but is a hard error in Rust 2021!
[INFO] [stdout]    = note: for more information, see issue #80165 <https://github.com/rust-lang/rust/issues/80165>
[INFO] [stdout] 
[INFO] [stdout] 
[INFO] [stdout] warning: 6 warnings emitted
[INFO] [stdout] 
[INFO] [stdout] 
[INFO] [stdout] warning: `...` range patterns are deprecated
[INFO] [stdout]   --> src/numbers.rs:28:12
[INFO] [stdout]    |
[INFO] [stdout] 28 |         '0'...'9' | 'A'...'F' | 'a'...'f' | 'h' | 'H' | 'o' | 'O' | 'k' | 'K' | 'm' | 'M' => true,
[INFO] [stdout]    |            ^^^ help: use `..=` for an inclusive range
[INFO] [stdout]    |
[INFO] [stdout]    = note: `#[warn(ellipsis_inclusive_range_patterns)]` on by default
[INFO] [stdout]    = warning: this is accepted in the current edition (Rust 2015) but is a hard error in Rust 2021!
[INFO] [stdout]    = note: for more information, see issue #80165 <https://github.com/rust-lang/rust/issues/80165>
[INFO] [stdout] 
[INFO] [stdout] 
[INFO] [stdout] warning: `...` range patterns are deprecated
[INFO] [stdout]   --> src/numbers.rs:28:24
[INFO] [stdout]    |
[INFO] [stdout] 28 |         '0'...'9' | 'A'...'F' | 'a'...'f' | 'h' | 'H' | 'o' | 'O' | 'k' | 'K' | 'm' | 'M' => true,
[INFO] [stdout]    |                        ^^^ help: use `..=` for an inclusive range
[INFO] [stdout]    |
[INFO] [stdout]    = warning: this is accepted in the current edition (Rust 2015) but is a hard error in Rust 2021!
[INFO] [stdout]    = note: for more information, see issue #80165 <https://github.com/rust-lang/rust/issues/80165>
[INFO] [stdout] 
[INFO] [stdout] 
[INFO] [stdout] warning: `...` range patterns are deprecated
[INFO] [stdout]   --> src/numbers.rs:28:36
[INFO] [stdout]    |
[INFO] [stdout] 28 |         '0'...'9' | 'A'...'F' | 'a'...'f' | 'h' | 'H' | 'o' | 'O' | 'k' | 'K' | 'm' | 'M' => true,
[INFO] [stdout]    |                                    ^^^ help: use `..=` for an inclusive range
[INFO] [stdout]    |
[INFO] [stdout]    = warning: this is accepted in the current edition (Rust 2015) but is a hard error in Rust 2021!
[INFO] [stdout]    = note: for more information, see issue #80165 <https://github.com/rust-lang/rust/issues/80165>
[INFO] [stdout] 
[INFO] [stdout] 
[INFO] [stdout] warning: 3 warnings emitted
[INFO] [stdout] 
[INFO] [stdout] 
[INFO] [stderr]     Finished test [unoptimized + debuginfo] target(s) in 2.69s
[INFO] running `Command { std: "docker" "inspect" "5abad87b3f5589b63cda3184795d55e61106e2f5d4b4c0d8eda2cfa0e2d4122c", kill_on_drop: false }`
[INFO] running `Command { std: "docker" "rm" "-f" "5abad87b3f5589b63cda3184795d55e61106e2f5d4b4c0d8eda2cfa0e2d4122c", kill_on_drop: false }`
[INFO] [stdout] 5abad87b3f5589b63cda3184795d55e61106e2f5d4b4c0d8eda2cfa0e2d4122c
[INFO] running `Command { std: "docker" "create" "-v" "/var/lib/crater-agent-workspace/builds/worker-23/target:/opt/rustwide/target:rw,Z" "-v" "/var/lib/crater-agent-workspace/builds/worker-23/source:/opt/rustwide/workdir:ro,Z" "-v" "/var/lib/crater-agent-workspace/cargo-home:/opt/rustwide/cargo-home:ro,Z" "-v" "/var/lib/crater-agent-workspace/rustup-home:/opt/rustwide/rustup-home:ro,Z" "-e" "SOURCE_DIR=/opt/rustwide/workdir" "-e" "CARGO_TARGET_DIR=/opt/rustwide/target" "-e" "CARGO_INCREMENTAL=0" "-e" "RUST_BACKTRACE=full" "-e" "RUSTFLAGS=--cap-lints=warn" "-e" "CARGO_HOME=/opt/rustwide/cargo-home" "-e" "RUSTUP_HOME=/opt/rustwide/rustup-home" "-w" "/opt/rustwide/workdir" "-m" "1610612736" "--user" "0:0" "--network" "none" "ghcr.io/rust-lang/crates-build-env/linux@sha256:34b6a614d2c27851fe6cbf88fbd1137609cefab8b10d0615aaeb6fd47975d74e" "/opt/rustwide/cargo-home/bin/cargo" "+beta-2021-08-01" "test" "--frozen", kill_on_drop: false }`
[INFO] [stdout] c112fce5568ed8e42dadef3e124e0f42cda8895e8f162b0654e0d92885be49d0
[INFO] running `Command { std: "docker" "start" "-a" "c112fce5568ed8e42dadef3e124e0f42cda8895e8f162b0654e0d92885be49d0", kill_on_drop: false }`
[INFO] [stderr]     Blocking waiting for file lock on package cache
[INFO] [stderr] warning: unused macro definition
[INFO] [stderr]   --> src/utils.rs:15:1
[INFO] [stderr]    |
[INFO] [stderr] 15 | / macro_rules! assert_done {
[INFO] [stderr] 16 | |     ($res:expr) => (
[INFO] [stderr] 17 | |         match $res {
[INFO] [stderr] 18 | |             ::nom::IResult::Done("", _) => {},
[INFO] [stderr] ...  |
[INFO] [stderr] 29 | |     );
[INFO] [stderr] 30 | | }
[INFO] [stderr]    | |_^
[INFO] [stderr]    |
[INFO] [stderr]    = note: `#[warn(unused_macros)]` on by default
[INFO] [stderr] 
[INFO] [stderr] warning: unused macro definition
[INFO] [stderr]   --> src/utils.rs:32:1
[INFO] [stderr]    |
[INFO] [stderr] 32 | / macro_rules! assert_done_vec {
[INFO] [stderr] 33 | |     ($res:expr, $num:expr) => (
[INFO] [stderr] 34 | |         match $res {
[INFO] [stderr] 35 | |             ::nom::IResult::Done("", v @ _) => {
[INFO] [stderr] ...  |
[INFO] [stderr] 40 | |     );
[INFO] [stderr] 41 | | }
[INFO] [stderr]    | |_^
[INFO] [stderr] 
[INFO] [stderr] warning: unused macro definition
[INFO] [stderr]   --> src/utils.rs:43:1
[INFO] [stderr]    |
[INFO] [stderr] 43 | / macro_rules! assert_fail {
[INFO] [stderr] 44 | |     ($res:expr) => (
[INFO] [stderr] 45 | |         match $res {
[INFO] [stderr] 46 | |             ::nom::IResult::Done("", r @ _) => {
[INFO] [stderr] ...  |
[INFO] [stderr] 51 | |     );
[INFO] [stderr] 52 | | }
[INFO] [stderr]    | |_^
[INFO] [stderr] 
[INFO] [stderr] warning: `...` range patterns are deprecated
[INFO] [stderr]   --> src/numbers.rs:28:12
[INFO] [stderr]    |
[INFO] [stderr] 28 |         '0'...'9' | 'A'...'F' | 'a'...'f' | 'h' | 'H' | 'o' | 'O' | 'k' | 'K' | 'm' | 'M' => true,
[INFO] [stderr]    |            ^^^ help: use `..=` for an inclusive range
[INFO] [stderr]    |
[INFO] [stderr]    = note: `#[warn(ellipsis_inclusive_range_patterns)]` on by default
[INFO] [stderr]    = warning: this is accepted in the current edition (Rust 2015) but is a hard error in Rust 2021!
[INFO] [stderr]    = note: for more information, see issue #80165 <https://github.com/rust-lang/rust/issues/80165>
[INFO] [stderr] 
[INFO] [stderr] warning: `...` range patterns are deprecated
[INFO] [stderr]   --> src/numbers.rs:28:24
[INFO] [stderr]    |
[INFO] [stderr] 28 |         '0'...'9' | 'A'...'F' | 'a'...'f' | 'h' | 'H' | 'o' | 'O' | 'k' | 'K' | 'm' | 'M' => true,
[INFO] [stderr]    |                        ^^^ help: use `..=` for an inclusive range
[INFO] [stderr]    |
[INFO] [stderr]    = warning: this is accepted in the current edition (Rust 2015) but is a hard error in Rust 2021!
[INFO] [stderr]    = note: for more information, see issue #80165 <https://github.com/rust-lang/rust/issues/80165>
[INFO] [stderr] 
[INFO] [stderr] warning: `...` range patterns are deprecated
[INFO] [stderr]   --> src/numbers.rs:28:36
[INFO] [stderr]    |
[INFO] [stderr] 28 |         '0'...'9' | 'A'...'F' | 'a'...'f' | 'h' | 'H' | 'o' | 'O' | 'k' | 'K' | 'm' | 'M' => true,
[INFO] [stderr]    |                                    ^^^ help: use `..=` for an inclusive range
[INFO] [stderr]    |
[INFO] [stderr]    = warning: this is accepted in the current edition (Rust 2015) but is a hard error in Rust 2021!
[INFO] [stderr]    = note: for more information, see issue #80165 <https://github.com/rust-lang/rust/issues/80165>
[INFO] [stderr] 
[INFO] [stderr] warning: `ldscript-parser` (lib) generated 6 warnings
[INFO] [stderr] warning: `ldscript-parser` (lib test) generated 3 warnings (3 duplicates)
[INFO] [stderr]     Finished test [unoptimized + debuginfo] target(s) in 0.11s
[INFO] [stderr]      Running unittests (/opt/rustwide/target/debug/deps/ldscript_parser-5351f3923b090097)
[INFO] [stdout] 
[INFO] [stdout] running 16 tests
[INFO] [stdout] test idents::tests::test_pattern ... ok
[INFO] [stdout] test idents::tests::test_symbol ... ok
[INFO] [stdout] test memory::tests::test_region ... ok
[INFO] [stdout] test numbers::test::test_binary ... ok
[INFO] [stdout] test commands::tests::test_command ... ok
[INFO] [stdout] test expressions::tests::test_expression ... ok
[INFO] [stdout] test numbers::test::test_decimal ... ok
[INFO] [stdout] test numbers::test::test_octal ... ok
[INFO] [stdout] test numbers::test::test_hexadecimal ... ok
[INFO] [stdout] test script::tests::test_empty ... ok
[INFO] [stdout] test whitespace::tests::test_opt_space ... ok
[INFO] [stdout] test whitespace::tests::test_wsc ... ok
[INFO] [stdout] test expressions::tests::test_ws ... ok
[INFO] [stdout] test sections::tests::test_section_command ... ok
[INFO] [stdout] test statements::tests::test_statement ... ok
[INFO] [stdout] test script::tests::test_parse ... FAILED
[INFO] [stdout] 
[INFO] [stdout] failures:
[INFO] [stdout] 
[INFO] [stdout] ---- script::tests::test_parse stdout ----
[INFO] [stdout] thread 'script::tests::test_parse' panicked at 'called `Result::unwrap()` on an `Err` value: Os { code: 2, kind: NotFound, message: "No such file or directory" }', src/script.rs:84:44
[INFO] [stdout] stack backtrace:
[INFO] [stdout]    0:     0x55b01b2256b0 - std::backtrace_rs::backtrace::libunwind::trace::hff4d1766e93f64f1
[INFO] [stdout]                                at /rustc/53fd98ca776cb875bc9e5514f56b52eb74f9e7a9/library/std/src/../../backtrace/src/backtrace/libunwind.rs:90:5
[INFO] [stdout]    1:     0x55b01b2256b0 - std::backtrace_rs::backtrace::trace_unsynchronized::h56bbc8eb78770bcb
[INFO] [stdout]                                at /rustc/53fd98ca776cb875bc9e5514f56b52eb74f9e7a9/library/std/src/../../backtrace/src/backtrace/mod.rs:66:5
[INFO] [stdout]    2:     0x55b01b2256b0 - std::sys_common::backtrace::_print_fmt::h5c8e75464faca780
[INFO] [stdout]                                at /rustc/53fd98ca776cb875bc9e5514f56b52eb74f9e7a9/library/std/src/sys_common/backtrace.rs:67:5
[INFO] [stdout]    3:     0x55b01b2256b0 - <std::sys_common::backtrace::_print::DisplayBacktrace as core::fmt::Display>::fmt::h48b88277def8b362
[INFO] [stdout]                                at /rustc/53fd98ca776cb875bc9e5514f56b52eb74f9e7a9/library/std/src/sys_common/backtrace.rs:46:22
[INFO] [stdout]    4:     0x55b01b24842c - core::fmt::write::h3381b3176fe2b3d3
[INFO] [stdout]                                at /rustc/53fd98ca776cb875bc9e5514f56b52eb74f9e7a9/library/core/src/fmt/mod.rs:1115:17
[INFO] [stdout]    5:     0x55b01b2224c5 - std::io::Write::write_fmt::h5f34a676f60246b5
[INFO] [stdout]                                at /rustc/53fd98ca776cb875bc9e5514f56b52eb74f9e7a9/library/std/src/io/mod.rs:1665:15
[INFO] [stdout]    6:     0x55b01b22782b - std::sys_common::backtrace::_print::ha537687d6c17dd0d
[INFO] [stdout]                                at /rustc/53fd98ca776cb875bc9e5514f56b52eb74f9e7a9/library/std/src/sys_common/backtrace.rs:49:5
[INFO] [stdout]    7:     0x55b01b22782b - std::sys_common::backtrace::print::h61376ae57d131d72
[INFO] [stdout]                                at /rustc/53fd98ca776cb875bc9e5514f56b52eb74f9e7a9/library/std/src/sys_common/backtrace.rs:36:9
[INFO] [stdout]    8:     0x55b01b22782b - std::panicking::default_hook::{{closure}}::h0f7208c0b9644a54
[INFO] [stdout]                                at /rustc/53fd98ca776cb875bc9e5514f56b52eb74f9e7a9/library/std/src/panicking.rs:208:50
[INFO] [stdout]    9:     0x55b01b22733c - std::panicking::default_hook::hdac7fc06578c14ce
[INFO] [stdout]                                at /rustc/53fd98ca776cb875bc9e5514f56b52eb74f9e7a9/library/std/src/panicking.rs:222:9
[INFO] [stdout]   10:     0x55b01b227ef4 - std::panicking::rust_panic_with_hook::h72b21c283da3d1ef
[INFO] [stdout]                                at /rustc/53fd98ca776cb875bc9e5514f56b52eb74f9e7a9/library/std/src/panicking.rs:622:17
[INFO] [stdout]   11:     0x55b01b2279d7 - std::panicking::begin_panic_handler::{{closure}}::he5778f1729cff84a
[INFO] [stdout]                                at /rustc/53fd98ca776cb875bc9e5514f56b52eb74f9e7a9/library/std/src/panicking.rs:519:13
[INFO] [stdout]   12:     0x55b01b225b8c - std::sys_common::backtrace::__rust_end_short_backtrace::h2d11ca8b453b4b1d
[INFO] [stdout]                                at /rustc/53fd98ca776cb875bc9e5514f56b52eb74f9e7a9/library/std/src/sys_common/backtrace.rs:141:18
[INFO] [stdout]   13:     0x55b01b227939 - rust_begin_unwind
[INFO] [stdout]                                at /rustc/53fd98ca776cb875bc9e5514f56b52eb74f9e7a9/library/std/src/panicking.rs:515:5
[INFO] [stdout]   14:     0x55b01b11e3b1 - core::panicking::panic_fmt::hf9de31d4acbce4db
[INFO] [stdout]                                at /rustc/53fd98ca776cb875bc9e5514f56b52eb74f9e7a9/library/core/src/panicking.rs:92:14
[INFO] [stdout]   15:     0x55b01b11e4a3 - core::result::unwrap_failed::ha0c84e81219e5878
[INFO] [stdout]                                at /rustc/53fd98ca776cb875bc9e5514f56b52eb74f9e7a9/library/core/src/result.rs:1599:5
[INFO] [stdout]   16:     0x55b01b179f08 - core::result::Result<T,E>::unwrap::h335060aa4c256794
[INFO] [stdout]                                at /rustc/53fd98ca776cb875bc9e5514f56b52eb74f9e7a9/library/core/src/result.rs:1281:23
[INFO] [stdout]   17:     0x55b01b1bc51c - ldscript_parser::script::tests::test_parse::h47407269651e170a
[INFO] [stdout]                                at /opt/rustwide/workdir/src/script.rs:84:22
[INFO] [stdout]   18:     0x55b01b1bc4ba - ldscript_parser::script::tests::test_parse::{{closure}}::h14200f014849c19d
[INFO] [stdout]                                at /opt/rustwide/workdir/src/script.rs:83:5
[INFO] [stdout]   19:     0x55b01b17516e - core::ops::function::FnOnce::call_once::h04b8d77eb08c7f66
[INFO] [stdout]                                at /rustc/53fd98ca776cb875bc9e5514f56b52eb74f9e7a9/library/core/src/ops/function.rs:227:5
[INFO] [stdout]   20:     0x55b01b201cd3 - core::ops::function::FnOnce::call_once::hbb52c4519d3137b0
[INFO] [stdout]                                at /rustc/53fd98ca776cb875bc9e5514f56b52eb74f9e7a9/library/core/src/ops/function.rs:227:5
[INFO] [stdout]   21:     0x55b01b201cd3 - test::__rust_begin_short_backtrace::h86fe3a2a5a5121af
[INFO] [stdout]                                at /rustc/53fd98ca776cb875bc9e5514f56b52eb74f9e7a9/library/test/src/lib.rs:578:5
[INFO] [stdout]   22:     0x55b01b200788 - <alloc::boxed::Box<F,A> as core::ops::function::FnOnce<Args>>::call_once::hfd956bc3d57399be
[INFO] [stdout]                                at /rustc/53fd98ca776cb875bc9e5514f56b52eb74f9e7a9/library/alloc/src/boxed.rs:1572:9
[INFO] [stdout]   23:     0x55b01b200788 - <std::panic::AssertUnwindSafe<F> as core::ops::function::FnOnce<()>>::call_once::h40dc93e0ddb5938a
[INFO] [stdout]                                at /rustc/53fd98ca776cb875bc9e5514f56b52eb74f9e7a9/library/std/src/panic.rs:347:9
[INFO] [stdout]   24:     0x55b01b200788 - std::panicking::try::do_call::h90d07750cb47c562
[INFO] [stdout]                                at /rustc/53fd98ca776cb875bc9e5514f56b52eb74f9e7a9/library/std/src/panicking.rs:401:40
[INFO] [stdout]   25:     0x55b01b200788 - std::panicking::try::h063c84733ad2a629
[INFO] [stdout]                                at /rustc/53fd98ca776cb875bc9e5514f56b52eb74f9e7a9/library/std/src/panicking.rs:365:19
[INFO] [stdout]   26:     0x55b01b200788 - std::panic::catch_unwind::h0c464836a84e7c08
[INFO] [stdout]                                at /rustc/53fd98ca776cb875bc9e5514f56b52eb74f9e7a9/library/std/src/panic.rs:434:14
[INFO] [stdout]   27:     0x55b01b200788 - test::run_test_in_process::h5cb06ef620b157fc
[INFO] [stdout]                                at /rustc/53fd98ca776cb875bc9e5514f56b52eb74f9e7a9/library/test/src/lib.rs:601:18
[INFO] [stdout]   28:     0x55b01b200788 - test::run_test::run_test_inner::{{closure}}::h76f677f4b93f9828
[INFO] [stdout]                                at /rustc/53fd98ca776cb875bc9e5514f56b52eb74f9e7a9/library/test/src/lib.rs:493:39
[INFO] [stdout]   29:     0x55b01b1cef1d - test::run_test::run_test_inner::{{closure}}::h366d01fe04f4d67a
[INFO] [stdout]                                at /rustc/53fd98ca776cb875bc9e5514f56b52eb74f9e7a9/library/test/src/lib.rs:520:37
[INFO] [stdout]   30:     0x55b01b1cef1d - std::sys_common::backtrace::__rust_begin_short_backtrace::h7dfa0de4eb395af2
[INFO] [stdout]                                at /rustc/53fd98ca776cb875bc9e5514f56b52eb74f9e7a9/library/std/src/sys_common/backtrace.rs:125:18
[INFO] [stdout]   31:     0x55b01b1d36e8 - std::thread::Builder::spawn_unchecked::{{closure}}::{{closure}}::hf0a74bb58798037f
[INFO] [stdout]                                at /rustc/53fd98ca776cb875bc9e5514f56b52eb74f9e7a9/library/std/src/thread/mod.rs:476:17
[INFO] [stdout]   32:     0x55b01b1d36e8 - <std::panic::AssertUnwindSafe<F> as core::ops::function::FnOnce<()>>::call_once::hb024e854818586ac
[INFO] [stdout]                                at /rustc/53fd98ca776cb875bc9e5514f56b52eb74f9e7a9/library/std/src/panic.rs:347:9
[INFO] [stdout]   33:     0x55b01b1d36e8 - std::panicking::try::do_call::hb2dd9f1d0d48e41d
[INFO] [stdout]                                at /rustc/53fd98ca776cb875bc9e5514f56b52eb74f9e7a9/library/std/src/panicking.rs:401:40
[INFO] [stdout]   34:     0x55b01b1d36e8 - std::panicking::try::h4717ae7bac8b2bf3
[INFO] [stdout]                                at /rustc/53fd98ca776cb875bc9e5514f56b52eb74f9e7a9/library/std/src/panicking.rs:365:19
[INFO] [stdout]   35:     0x55b01b1d36e8 - std::panic::catch_unwind::h0dc8a061326ce8d8
[INFO] [stdout]                                at /rustc/53fd98ca776cb875bc9e5514f56b52eb74f9e7a9/library/std/src/panic.rs:434:14
[INFO] [stdout]   36:     0x55b01b1d36e8 - std::thread::Builder::spawn_unchecked::{{closure}}::haa369e2d6fd00aa1
[INFO] [stdout]                                at /rustc/53fd98ca776cb875bc9e5514f56b52eb74f9e7a9/library/std/src/thread/mod.rs:475:30
[INFO] [stdout]   37:     0x55b01b1d36e8 - core::ops::function::FnOnce::call_once{{vtable.shim}}::h36dcf3de8b056f17
[INFO] [stdout]                                at /rustc/53fd98ca776cb875bc9e5514f56b52eb74f9e7a9/library/core/src/ops/function.rs:227:5
[INFO] [stdout]   38:     0x55b01b22ce87 - <alloc::boxed::Box<F,A> as core::ops::function::FnOnce<Args>>::call_once::h65c29e4642be2358
[INFO] [stdout]                                at /rustc/53fd98ca776cb875bc9e5514f56b52eb74f9e7a9/library/alloc/src/boxed.rs:1572:9
[INFO] [stdout]   39:     0x55b01b22ce87 - <alloc::boxed::Box<F,A> as core::ops::function::FnOnce<Args>>::call_once::hd0f8f7fbbd9fffbf
[INFO] [stdout]                                at /rustc/53fd98ca776cb875bc9e5514f56b52eb74f9e7a9/library/alloc/src/boxed.rs:1572:9
[INFO] [stdout]   40:     0x55b01b22ce87 - std::sys::unix::thread::Thread::new::thread_start::h2fd22fee3ca77b65
[INFO] [stdout]                                at /rustc/53fd98ca776cb875bc9e5514f56b52eb74f9e7a9/library/std/src/sys/unix/thread.rs:74:17
[INFO] [stdout]   41:     0x7ff8670fa609 - start_thread
[INFO] [stdout]   42:     0x7ff866ecc293 - clone
[INFO] [stdout]   43:                0x0 - <unknown>
[INFO] [stdout] 
[INFO] [stdout] 
[INFO] [stdout] failures:
[INFO] [stdout]     script::tests::test_parse
[INFO] [stdout] 
[INFO] [stdout] test result: FAILED. 15 passed; 1 failed; 0 ignored; 0 measured; 0 filtered out; finished in 0.03s
[INFO] [stdout] 
[INFO] [stderr] error: test failed, to rerun pass '--lib'
[INFO] running `Command { std: "docker" "inspect" "c112fce5568ed8e42dadef3e124e0f42cda8895e8f162b0654e0d92885be49d0", kill_on_drop: false }`
[INFO] running `Command { std: "docker" "rm" "-f" "c112fce5568ed8e42dadef3e124e0f42cda8895e8f162b0654e0d92885be49d0", kill_on_drop: false }`
[INFO] [stdout] c112fce5568ed8e42dadef3e124e0f42cda8895e8f162b0654e0d92885be49d0
