[INFO] fetching crate lava_torrent 0.5.0...
[INFO] testing lava_torrent-0.5.0 against 1.54.0 for beta-1.55-1
[INFO] extracting crate lava_torrent 0.5.0 into /workspace/builds/worker-5/source
[INFO] validating manifest of crates.io crate lava_torrent 0.5.0 on toolchain 1.54.0
[INFO] running `Command { std: "/workspace/cargo-home/bin/cargo" "+1.54.0" "metadata" "--manifest-path" "Cargo.toml" "--no-deps", kill_on_drop: false }`
[INFO] started tweaking crates.io crate lava_torrent 0.5.0
[INFO] finished tweaking crates.io crate lava_torrent 0.5.0
[INFO] tweaked toml for crates.io crate lava_torrent 0.5.0 written to /workspace/builds/worker-5/source/Cargo.toml
[INFO] running `Command { std: "/workspace/cargo-home/bin/cargo" "+1.54.0" "generate-lockfile" "--manifest-path" "Cargo.toml" "-Zno-index-update", kill_on_drop: false }`
[INFO] [stderr]     Blocking waiting for file lock on package cache
[INFO] running `Command { std: "/workspace/cargo-home/bin/cargo" "+1.54.0" "fetch" "--manifest-path" "Cargo.toml", kill_on_drop: false }`
[INFO] running `Command { std: "docker" "create" "-v" "/var/lib/crater-agent-workspace/builds/worker-5/target:/opt/rustwide/target:rw,Z" "-v" "/var/lib/crater-agent-workspace/builds/worker-5/source:/opt/rustwide/workdir:ro,Z" "-v" "/var/lib/crater-agent-workspace/cargo-home:/opt/rustwide/cargo-home:ro,Z" "-v" "/var/lib/crater-agent-workspace/rustup-home:/opt/rustwide/rustup-home:ro,Z" "-e" "SOURCE_DIR=/opt/rustwide/workdir" "-e" "CARGO_TARGET_DIR=/opt/rustwide/target" "-e" "CARGO_HOME=/opt/rustwide/cargo-home" "-e" "RUSTUP_HOME=/opt/rustwide/rustup-home" "-w" "/opt/rustwide/workdir" "-m" "1610612736" "--user" "0:0" "--network" "none" "ghcr.io/rust-lang/crates-build-env/linux@sha256:34b6a614d2c27851fe6cbf88fbd1137609cefab8b10d0615aaeb6fd47975d74e" "/opt/rustwide/cargo-home/bin/cargo" "+1.54.0" "metadata" "--no-deps" "--format-version=1", kill_on_drop: false }`
[INFO] [stdout] b54109496ab8445b5ea43146451831a47f8d93f555e50bf6e4737ae3bc541b24
[INFO] running `Command { std: "docker" "start" "-a" "b54109496ab8445b5ea43146451831a47f8d93f555e50bf6e4737ae3bc541b24", kill_on_drop: false }`
[INFO] running `Command { std: "docker" "inspect" "b54109496ab8445b5ea43146451831a47f8d93f555e50bf6e4737ae3bc541b24", kill_on_drop: false }`
[INFO] running `Command { std: "docker" "rm" "-f" "b54109496ab8445b5ea43146451831a47f8d93f555e50bf6e4737ae3bc541b24", kill_on_drop: false }`
[INFO] [stdout] b54109496ab8445b5ea43146451831a47f8d93f555e50bf6e4737ae3bc541b24
[INFO] running `Command { std: "docker" "create" "-v" "/var/lib/crater-agent-workspace/builds/worker-5/target:/opt/rustwide/target:rw,Z" "-v" "/var/lib/crater-agent-workspace/builds/worker-5/source:/opt/rustwide/workdir:ro,Z" "-v" "/var/lib/crater-agent-workspace/cargo-home:/opt/rustwide/cargo-home:ro,Z" "-v" "/var/lib/crater-agent-workspace/rustup-home:/opt/rustwide/rustup-home:ro,Z" "-e" "SOURCE_DIR=/opt/rustwide/workdir" "-e" "CARGO_TARGET_DIR=/opt/rustwide/target" "-e" "CARGO_INCREMENTAL=0" "-e" "RUST_BACKTRACE=full" "-e" "RUSTFLAGS=--cap-lints=warn" "-e" "CARGO_HOME=/opt/rustwide/cargo-home" "-e" "RUSTUP_HOME=/opt/rustwide/rustup-home" "-w" "/opt/rustwide/workdir" "-m" "1610612736" "--user" "0:0" "--network" "none" "ghcr.io/rust-lang/crates-build-env/linux@sha256:34b6a614d2c27851fe6cbf88fbd1137609cefab8b10d0615aaeb6fd47975d74e" "/opt/rustwide/cargo-home/bin/cargo" "+1.54.0" "build" "--frozen" "--message-format=json", kill_on_drop: false }`
[INFO] [stdout] 50deadad913e54c973b312efea0311a0360021aae4c10e9605a3789196778c68
[INFO] running `Command { std: "docker" "start" "-a" "50deadad913e54c973b312efea0311a0360021aae4c10e9605a3789196778c68", kill_on_drop: false }`
[INFO] [stderr]    Compiling typenum v1.13.0
[INFO] [stderr]    Compiling memchr v2.4.0
[INFO] [stderr]    Compiling cc v1.0.69
[INFO] [stderr]    Compiling libc v0.2.98
[INFO] [stderr]    Compiling adler v1.0.2
[INFO] [stderr]    Compiling version_check v0.9.3
[INFO] [stderr]    Compiling byte-tools v0.3.1
[INFO] [stderr]    Compiling gimli v0.25.0
[INFO] [stderr]    Compiling tinyvec_macros v0.1.0
[INFO] [stderr]    Compiling byteorder v1.4.3
[INFO] [stderr]    Compiling rustc-demangle v0.1.20
[INFO] [stderr]    Compiling cfg-if v1.0.0
[INFO] [stderr]    Compiling either v1.6.1
[INFO] [stderr]    Compiling opaque-debug v0.2.3
[INFO] [stderr]    Compiling fake-simd v0.1.2
[INFO] [stderr]    Compiling custom_derive v0.1.7
[INFO] [stderr]    Compiling miniz_oxide v0.4.4
[INFO] [stderr]    Compiling block-padding v0.1.5
[INFO] [stderr]    Compiling tinyvec v1.3.1
[INFO] [stderr]    Compiling conv v0.3.3
[INFO] [stderr]    Compiling itertools v0.9.0
[INFO] [stderr]    Compiling error-chain v0.12.4
[INFO] [stderr]    Compiling object v0.26.0
[INFO] [stderr]    Compiling unicode-normalization v0.1.19
[INFO] [stderr]    Compiling backtrace v0.3.61
[INFO] [stderr]    Compiling generic-array v0.12.4
[INFO] [stderr]    Compiling block-buffer v0.7.3
[INFO] [stderr]    Compiling digest v0.8.1
[INFO] [stderr]    Compiling sha-1 v0.8.2
[INFO] [stderr]    Compiling addr2line v0.16.0
[INFO] [stderr]    Compiling lava_torrent v0.5.0 (/opt/rustwide/workdir)
[INFO] [stdout] warning: panic message is not a string literal
[INFO] [stdout]    --> src/tracker/mod.rs:166:20
[INFO] [stdout]     |
[INFO] [stdout] 166 |               panic!(format!(
[INFO] [stdout]     |  ____________________^
[INFO] [stdout] 167 | |                 "Peer::from_bytes() expects 6 bytes, {} received.",
[INFO] [stdout] 168 | |                 bytes.len()
[INFO] [stdout] 169 | |             ))
[INFO] [stdout]     | |_____________^
[INFO] [stdout]     |
[INFO] [stdout]     = note: `#[warn(non_fmt_panic)]` on by default
[INFO] [stdout]     = note: this is no longer accepted in Rust 2021
[INFO] [stdout]     = note: the panic!() macro supports formatting, so there's no need for the format!() macro here
[INFO] [stdout] help: remove the `format!(..)` macro call
[INFO] [stdout]     |
[INFO] [stdout] 166 |             panic!(
[INFO] [stdout] 167 |                 "Peer::from_bytes() expects 6 bytes, {} received.",
[INFO] [stdout] 168 |                 bytes.len()
[INFO] [stdout] 169 |             )
[INFO] [stdout]     |
[INFO] [stdout] 
[INFO] [stdout] 
[INFO] [stdout] warning: 1 warning emitted
[INFO] [stdout] 
[INFO] [stdout] 
[INFO] [stderr]     Finished dev [unoptimized + debuginfo] target(s) in 11.66s
[INFO] running `Command { std: "docker" "inspect" "50deadad913e54c973b312efea0311a0360021aae4c10e9605a3789196778c68", kill_on_drop: false }`
[INFO] running `Command { std: "docker" "rm" "-f" "50deadad913e54c973b312efea0311a0360021aae4c10e9605a3789196778c68", kill_on_drop: false }`
[INFO] [stdout] 50deadad913e54c973b312efea0311a0360021aae4c10e9605a3789196778c68
[INFO] running `Command { std: "docker" "create" "-v" "/var/lib/crater-agent-workspace/builds/worker-5/target:/opt/rustwide/target:rw,Z" "-v" "/var/lib/crater-agent-workspace/builds/worker-5/source:/opt/rustwide/workdir:ro,Z" "-v" "/var/lib/crater-agent-workspace/cargo-home:/opt/rustwide/cargo-home:ro,Z" "-v" "/var/lib/crater-agent-workspace/rustup-home:/opt/rustwide/rustup-home:ro,Z" "-e" "SOURCE_DIR=/opt/rustwide/workdir" "-e" "CARGO_TARGET_DIR=/opt/rustwide/target" "-e" "CARGO_INCREMENTAL=0" "-e" "RUST_BACKTRACE=full" "-e" "RUSTFLAGS=--cap-lints=warn" "-e" "CARGO_HOME=/opt/rustwide/cargo-home" "-e" "RUSTUP_HOME=/opt/rustwide/rustup-home" "-w" "/opt/rustwide/workdir" "-m" "1610612736" "--user" "0:0" "--network" "none" "ghcr.io/rust-lang/crates-build-env/linux@sha256:34b6a614d2c27851fe6cbf88fbd1137609cefab8b10d0615aaeb6fd47975d74e" "/opt/rustwide/cargo-home/bin/cargo" "+1.54.0" "test" "--frozen" "--no-run" "--message-format=json", kill_on_drop: false }`
[INFO] [stdout] 494befd74802d9936e31cd2cd408baa66705f573139823ef9bccfbd69699c247
[INFO] running `Command { std: "docker" "start" "-a" "494befd74802d9936e31cd2cd408baa66705f573139823ef9bccfbd69699c247", kill_on_drop: false }`
[INFO] [stderr]    Compiling getrandom v0.1.16
[INFO] [stderr]    Compiling ppv-lite86 v0.2.10
[INFO] [stdout] warning: panic message is not a string literal
[INFO] [stdout]    --> src/tracker/mod.rs:166:20
[INFO] [stdout]     |
[INFO] [stdout] 166 |               panic!(format!(
[INFO] [stdout]     |  ____________________^
[INFO] [stdout] 167 | |                 "Peer::from_bytes() expects 6 bytes, {} received.",
[INFO] [stdout] 168 | |                 bytes.len()
[INFO] [stdout] 169 | |             ))
[INFO] [stdout]     | |_____________^
[INFO] [stdout]     |
[INFO] [stdout]     = note: `#[warn(non_fmt_panic)]` on by default
[INFO] [stdout]     = note: this is no longer accepted in Rust 2021
[INFO] [stdout]     = note: the panic!() macro supports formatting, so there's no need for the format!() macro here
[INFO] [stdout] help: remove the `format!(..)` macro call
[INFO] [stdout]     |
[INFO] [stdout] 166 |             panic!(
[INFO] [stdout] 167 |                 "Peer::from_bytes() expects 6 bytes, {} received.",
[INFO] [stdout] 168 |                 bytes.len()
[INFO] [stdout] 169 |             )
[INFO] [stdout]     |
[INFO] [stdout] 
[INFO] [stdout] 
[INFO] [stdout] warning: 1 warning emitted
[INFO] [stdout] 
[INFO] [stdout] 
[INFO] [stderr]    Compiling rand_core v0.5.1
[INFO] [stderr]    Compiling rand_chacha v0.2.2
[INFO] [stderr]    Compiling rand v0.7.3
[INFO] [stderr]    Compiling lava_torrent v0.5.0 (/opt/rustwide/workdir)
[INFO] [stdout] warning: panic message is not a string literal
[INFO] [stdout]    --> src/tracker/mod.rs:166:20
[INFO] [stdout]     |
[INFO] [stdout] 166 |               panic!(format!(
[INFO] [stdout]     |  ____________________^
[INFO] [stdout] 167 | |                 "Peer::from_bytes() expects 6 bytes, {} received.",
[INFO] [stdout] 168 | |                 bytes.len()
[INFO] [stdout] 169 | |             ))
[INFO] [stdout]     | |_____________^
[INFO] [stdout]     |
[INFO] [stdout]     = note: `#[warn(non_fmt_panic)]` on by default
[INFO] [stdout]     = note: this is no longer accepted in Rust 2021
[INFO] [stdout]     = note: the panic!() macro supports formatting, so there's no need for the format!() macro here
[INFO] [stdout] help: remove the `format!(..)` macro call
[INFO] [stdout]     |
[INFO] [stdout] 166 |             panic!(
[INFO] [stdout] 167 |                 "Peer::from_bytes() expects 6 bytes, {} received.",
[INFO] [stdout] 168 |                 bytes.len()
[INFO] [stdout] 169 |             )
[INFO] [stdout]     |
[INFO] [stdout] 
[INFO] [stdout] 
[INFO] [stdout] warning: 1 warning emitted
[INFO] [stdout] 
[INFO] [stdout] 
[INFO] [stderr]     Finished test [unoptimized + debuginfo] target(s) in 11.25s
[INFO] running `Command { std: "docker" "inspect" "494befd74802d9936e31cd2cd408baa66705f573139823ef9bccfbd69699c247", kill_on_drop: false }`
[INFO] running `Command { std: "docker" "rm" "-f" "494befd74802d9936e31cd2cd408baa66705f573139823ef9bccfbd69699c247", kill_on_drop: false }`
[INFO] [stdout] 494befd74802d9936e31cd2cd408baa66705f573139823ef9bccfbd69699c247
[INFO] running `Command { std: "docker" "create" "-v" "/var/lib/crater-agent-workspace/builds/worker-5/target:/opt/rustwide/target:rw,Z" "-v" "/var/lib/crater-agent-workspace/builds/worker-5/source:/opt/rustwide/workdir:ro,Z" "-v" "/var/lib/crater-agent-workspace/cargo-home:/opt/rustwide/cargo-home:ro,Z" "-v" "/var/lib/crater-agent-workspace/rustup-home:/opt/rustwide/rustup-home:ro,Z" "-e" "SOURCE_DIR=/opt/rustwide/workdir" "-e" "CARGO_TARGET_DIR=/opt/rustwide/target" "-e" "CARGO_INCREMENTAL=0" "-e" "RUST_BACKTRACE=full" "-e" "RUSTFLAGS=--cap-lints=warn" "-e" "CARGO_HOME=/opt/rustwide/cargo-home" "-e" "RUSTUP_HOME=/opt/rustwide/rustup-home" "-w" "/opt/rustwide/workdir" "-m" "1610612736" "--user" "0:0" "--network" "none" "ghcr.io/rust-lang/crates-build-env/linux@sha256:34b6a614d2c27851fe6cbf88fbd1137609cefab8b10d0615aaeb6fd47975d74e" "/opt/rustwide/cargo-home/bin/cargo" "+1.54.0" "test" "--frozen", kill_on_drop: false }`
[INFO] [stdout] ad99d53ae3da60fdc1d5cfb768ac1664e965bca6adaf97ce8fd47e87060a0e64
[INFO] running `Command { std: "docker" "start" "-a" "ad99d53ae3da60fdc1d5cfb768ac1664e965bca6adaf97ce8fd47e87060a0e64", kill_on_drop: false }`
[INFO] [stderr] warning: panic message is not a string literal
[INFO] [stderr]    --> src/tracker/mod.rs:166:20
[INFO] [stderr]     |
[INFO] [stderr] 166 |               panic!(format!(
[INFO] [stderr]     |  ____________________^
[INFO] [stderr] 167 | |                 "Peer::from_bytes() expects 6 bytes, {} received.",
[INFO] [stderr] 168 | |                 bytes.len()
[INFO] [stderr] 169 | |             ))
[INFO] [stderr]     | |_____________^
[INFO] [stderr]     |
[INFO] [stderr]     = note: `#[warn(non_fmt_panic)]` on by default
[INFO] [stderr]     = note: this is no longer accepted in Rust 2021
[INFO] [stderr]     = note: the panic!() macro supports formatting, so there's no need for the format!() macro here
[INFO] [stderr] help: remove the `format!(..)` macro call
[INFO] [stderr]     |
[INFO] [stderr] 166 |             panic!(
[INFO] [stderr] 167 |                 "Peer::from_bytes() expects 6 bytes, {} received.",
[INFO] [stderr] 168 |                 bytes.len()
[INFO] [stderr] 169 |             )
[INFO] [stderr]     |
[INFO] [stderr] 
[INFO] [stderr] warning: 1 warning emitted
[INFO] [stderr] 
[INFO] [stderr] warning: panic message is not a string literal
[INFO] [stderr]    --> src/tracker/mod.rs:166:20
[INFO] [stderr]     |
[INFO] [stderr] 166 |               panic!(format!(
[INFO] [stderr]     |  ____________________^
[INFO] [stderr] 167 | |                 "Peer::from_bytes() expects 6 bytes, {} received.",
[INFO] [stderr] 168 | |                 bytes.len()
[INFO] [stderr] 169 | |             ))
[INFO] [stderr]     | |_____________^
[INFO] [stderr]     |
[INFO] [stderr]     = note: `#[warn(non_fmt_panic)]` on by default
[INFO] [stderr]     = note: this is no longer accepted in Rust 2021
[INFO] [stderr]     = note: the panic!() macro supports formatting, so there's no need for the format!() macro here
[INFO] [stderr] help: remove the `format!(..)` macro call
[INFO] [stderr]     |
[INFO] [stderr] 166 |             panic!(
[INFO] [stderr] 167 |                 "Peer::from_bytes() expects 6 bytes, {} received.",
[INFO] [stderr] 168 |                 bytes.len()
[INFO] [stderr] 169 |             )
[INFO] [stderr]     |
[INFO] [stderr] 
[INFO] [stderr] warning: 1 warning emitted
[INFO] [stderr] 
[INFO] [stderr]     Finished test [unoptimized + debuginfo] target(s) in 0.05s
[INFO] [stdout] 
[INFO] [stderr]      Running unittests (/opt/rustwide/target/debug/deps/lava_torrent-822e9eeb2fa71ab6)
[INFO] [stdout] running 216 tests
[INFO] [stdout] test bencode::bencode_elem_display_tests::display_test_bytes ... ok
[INFO] [stdout] test bencode::bencode_elem_display_tests::display_test_dictionary ... ok
[INFO] [stdout] test bencode::bencode_elem_display_tests::display_test_integer ... ok
[INFO] [stdout] test bencode::bencode_elem_display_tests::display_test_list ... ok
[INFO] [stdout] test bencode::bencode_elem_display_tests::display_test_string ... ok
[INFO] [stdout] test bencode::macros::bencode_elem_macro_tests::bytes_empty ... ok
[INFO] [stdout] test bencode::macros::bencode_elem_macro_tests::bytes_ok ... ok
[INFO] [stdout] test bencode::macros::bencode_elem_macro_tests::dict_empty ... ok
[INFO] [stdout] test bencode::macros::bencode_elem_macro_tests::dict_ok ... ok
[INFO] [stdout] test bencode::macros::bencode_elem_macro_tests::i64_to_integer_ok ... ok
[INFO] [stdout] test bencode::macros::bencode_elem_macro_tests::i8_to_integer_ok ... ok
[INFO] [stdout] test bencode::macros::bencode_elem_macro_tests::list_empty ... ok
[INFO] [stdout] test bencode::macros::bencode_elem_macro_tests::list_ok ... ok
[INFO] [stdout] test bencode::macros::bencode_elem_macro_tests::raw_dict_empty ... ok
[INFO] [stdout] test bencode::macros::bencode_elem_macro_tests::raw_dict_ok ... ok
[INFO] [stdout] test bencode::macros::bencode_elem_macro_tests::str_ref_to_integer_ok ... ok
[INFO] [stdout] test bencode::macros::bencode_elem_macro_tests::string_to_integer_ok ... ok
[INFO] [stdout] test bencode::macros::bencode_elem_macro_tests::u16_to_integer_ok ... ok
[INFO] [stdout] test bencode::macros::bencode_elem_macro_tests::u32_to_integer_ok ... ok
[INFO] [stdout] test bencode::macros::bencode_elem_macro_tests::u8_to_integer_ok ... ok
[INFO] [stdout] test bencode::read::bencode_elem_read_tests::decode_dictionary_empty ... ok
[INFO] [stdout] test bencode::read::bencode_elem_read_tests::decode_dictionary_nested ... ok
[INFO] [stdout] test bencode::read::bencode_elem_read_tests::decode_dictionary_non_string_key_1 ... ok
[INFO] [stdout] test bencode::read::bencode_elem_read_tests::decode_dictionary_not_sorted ... ok
[INFO] [stdout] test bencode::read::bencode_elem_read_tests::decode_integer_invalid_int_2 ... ok
[INFO] [stdout] test bencode::read::bencode_elem_read_tests::decode_integer_invalid_int_3 ... ok
[INFO] [stdout] test bencode::read::bencode_elem_read_tests::decode_integer_invalid_int_4 ... ok
[INFO] [stdout] test bencode::read::bencode_elem_read_tests::decode_integer_invalid_int_5 ... ok
[INFO] [stdout] test bencode::macros::bencode_elem_macro_tests::i32_to_integer_ok ... ok
[INFO] [stdout] test bencode::macros::bencode_elem_macro_tests::i16_to_integer_ok ... ok
[INFO] [stdout] test bencode::read::bencode_elem_read_tests::decode_dictionary_ok ... ok
[INFO] [stdout] test bencode::read::bencode_elem_read_tests::decode_integer_invalid_int ... ok
[INFO] [stdout] test bencode::read::bencode_elem_read_tests::decode_integer_ok ... ok
[INFO] [stdout] test bencode::read::bencode_elem_read_tests::decode_dictionary_bad_structure ... ok
[INFO] [stdout] test bencode::read::bencode_elem_read_tests::decode_integer_bad_utf8 ... ok
[INFO] [stdout] test bencode::read::bencode_elem_read_tests::decode_list_empty ... ok
[INFO] [stdout] test bencode::read::bencode_elem_read_tests::decode_list_nested ... ok
[INFO] [stdout] test bencode::read::bencode_elem_read_tests::decode_list_ok ... ok
[INFO] [stdout] test bencode::read::bencode_elem_read_tests::decode_raw_dictionary_ok ... ok
[INFO] [stdout] test bencode::read::bencode_elem_read_tests::decode_string_as_bytes ... ok
[INFO] [stdout] test bencode::read::bencode_elem_read_tests::decode_raw_dictionary_ok_2 ... ok
[INFO] [stdout] test bencode::read::bencode_elem_read_tests::decode_integer_ok_2 ... ok
[INFO] [stdout] test bencode::read::bencode_elem_read_tests::decode_integer_overflow ... ok
[INFO] [stdout] test bencode::read::bencode_elem_read_tests::decode_string_invalid_len ... ok
[INFO] [stdout] test bencode::read::bencode_elem_read_tests::decode_list_bad_structure ... ok
[INFO] [stdout] test bencode::read::bencode_elem_read_tests::decode_integer_no_delimiter ... ok
[INFO] [stdout] test bencode::read::bencode_elem_read_tests::decode_string_negative_len ... ok
[INFO] [stdout] test bencode::read::bencode_elem_read_tests::decode_string_no_delimiter_2 ... ok
[INFO] [stdout] test bencode::read::bencode_elem_read_tests::decode_string_no_delimiter ... ok
[INFO] [stdout] test bencode::read::bencode_elem_read_tests::decode_string_no_len ... ok
[INFO] [stdout] test bencode::read::bencode_elem_read_tests::decode_string_ok ... ok
[INFO] [stdout] test bencode::read::bencode_elem_read_tests::parse_bytes_ok ... ok
[INFO] [stdout] test bencode::read::bencode_elem_read_tests::parse_integer_ok ... ok
[INFO] [stdout] test bencode::read::bencode_elem_read_tests::parse_dictionary_ok ... ok
[INFO] [stdout] test bencode::read::bencode_elem_read_tests::parse_string_ok ... ok
[INFO] [stdout] test bencode::read::bencode_elem_read_tests::parse_list_ok ... ok
[INFO] [stdout] test bencode::read::bencode_elem_read_tests::peek_byte_ok ... ok
[INFO] [stdout] test bencode::read::bencode_elem_read_tests::peek_byte_err ... ok
[INFO] [stdout] test bencode::write::bencode_elem_write_tests::bencode_elem_encode_bytes_ok ... ok
[INFO] [stdout] test bencode::write::bencode_elem_write_tests::bencode_elem_encode_dictionary_ok ... ok
[INFO] [stdout] test bencode::write::bencode_elem_write_tests::bencode_elem_encode_integer_ok ... ok
[INFO] [stdout] test bencode::write::bencode_elem_write_tests::bencode_elem_encode_list_ok ... ok
[INFO] [stdout] test bencode::write::bencode_elem_write_tests::bencode_elem_encode_string_ok ... ok
[INFO] [stdout] test bencode::write::bencode_elem_write_tests::bencode_elem_write_bytes_ok ... ok
[INFO] [stdout] test bencode::write::bencode_elem_write_tests::bencode_elem_write_dictionary_ok ... ok
[INFO] [stdout] test bencode::write::bencode_elem_write_tests::bencode_elem_write_integer_ok ... ok
[INFO] [stdout] test bencode::write::bencode_elem_write_tests::bencode_elem_write_list_ok ... ok
[INFO] [stdout] test bencode::write::bencode_elem_write_tests::bencode_elem_write_string_ok ... ok
[INFO] [stdout] test bencode::write::bencode_elem_write_tests::encode_bytes_ok ... ok
[INFO] [stdout] test bencode::write::bencode_elem_write_tests::encode_dictionary_ok ... ok
[INFO] [stdout] test bencode::write::bencode_elem_write_tests::encode_integer_ok ... ok
[INFO] [stdout] test bencode::write::bencode_elem_write_tests::encode_list_ok ... ok
[INFO] [stdout] test bencode::write::bencode_elem_write_tests::encode_string_ok ... ok
[INFO] [stdout] test bencode::write::bencode_elem_write_tests::write_dictionary_ok ... ok
[INFO] [stdout] test bencode::write::bencode_elem_write_tests::write_integer_ok ... ok
[INFO] [stdout] test bencode::write::bencode_elem_write_tests::write_string_ok ... ok
[INFO] [stdout] test bencode::write::bencode_elem_write_tests::write_bytes_ok ... ok
[INFO] [stdout] test torrent::v1::build::torrent_builder_tests::new_ok ... ok
[INFO] [stdout] test torrent::v1::build::torrent_builder_tests::add_extra_info_field_ok ... ok
[INFO] [stdout] test torrent::v1::build::torrent_builder_tests::set_announce_ok ... ok
[INFO] [stdout] test torrent::v1::build::torrent_builder_tests::set_name_ok ... ok
[INFO] [stdout] test torrent::v1::build::torrent_builder_tests::set_path_ok ... ok
[INFO] [stdout] test torrent::v1::build::torrent_builder_tests::add_extra_field_ok ... ok
[INFO] [stdout] test torrent::v1::build::torrent_builder_tests::set_piece_length_ok ... ok
[INFO] [stdout] test torrent::v1::build::torrent_builder_tests::set_privacy_ok ... ok
[INFO] [stdout] test torrent::v1::build::torrent_builder_tests::read_file_ok ... ok
[INFO] [stdout] test torrent::v1::build::torrent_builder_tests::validate_announce_list_empty ... ok
[INFO] [stdout] test torrent::v1::build::torrent_builder_tests::validate_announce_list_none ... ok
[INFO] [stdout] test torrent::v1::build::torrent_builder_tests::validate_announce_list_empty_tier ... ok
[INFO] [stdout] test torrent::v1::build::torrent_builder_tests::validate_announce_ok ... ok
[INFO] [stdout] test torrent::v1::build::torrent_builder_tests::validate_announce_ok_2 ... ok
[INFO] [stdout] test torrent::v1::build::torrent_builder_tests::validate_extra_fields_empty_key ... ok
[INFO] [stdout] test torrent::v1::build::torrent_builder_tests::validate_extra_fields_none ... ok
[INFO] [stdout] test torrent::v1::build::torrent_builder_tests::validate_extra_fields_ok ... ok
[INFO] [stdout] test torrent::v1::build::torrent_builder_tests::validate_extra_info_fields_empty_key ... ok
[INFO] [stdout] test torrent::v1::build::torrent_builder_tests::validate_extra_info_fields_none ... ok
[INFO] [stdout] test torrent::v1::build::torrent_builder_tests::validate_extra_info_fields_ok ... ok
[INFO] [stdout] test torrent::v1::build::torrent_builder_tests::validate_name_empty ... ok
[INFO] [stdout] test torrent::v1::build::torrent_builder_tests::validate_name_ok ... ok
[INFO] [stdout] test torrent::v1::build::torrent_builder_tests::validate_path_does_not_exist ... ok
[INFO] [stdout] test torrent::v1::build::torrent_builder_tests::validate_path_has_hidden_component ... ok
[INFO] [stdout] test torrent::v1::build::torrent_builder_tests::validate_path_not_absolute ... ok
[INFO] [stdout] test torrent::v1::file_display_tests::file_display_with_extra_fields ... ok
[INFO] [stdout] test torrent::v1::file_display_tests::file_display_ok ... ok
[INFO] [stdout] test torrent::v1::build::torrent_builder_tests::validate_announce_list_ok ... ok
[INFO] [stdout] test torrent::v1::build::torrent_builder_tests::set_announce_list_ok ... ok
[INFO] [stdout] test torrent::v1::build::torrent_builder_tests::validate_piece_length_ok ... ok
[INFO] [stdout] test torrent::v1::build::torrent_builder_tests::validate_name_none ... ok
[INFO] [stdout] test torrent::v1::file_tests::absolute_path_ok ... ok
[INFO] [stdout] test torrent::v1::read::file_read_tests::extract_file_extra_fields_ok ... ok
[INFO] [stdout] test torrent::v1::read::file_read_tests::extract_file_length_ok ... ok
[INFO] [stdout] test torrent::v1::read::file_read_tests::extract_file_ok ... ok
[INFO] [stdout] test torrent::v1::read::torrent_read_tests::extract_announce_list_missing ... ok
[INFO] [stdout] test torrent::v1::read::torrent_read_tests::extract_announce_list_tier_ok ... ok
[INFO] [stdout] test torrent::v1::read::torrent_read_tests::extract_extra_fields_none ... ok
[INFO] [stdout] test torrent::v1::read::torrent_read_tests::extract_extra_fields_ok ... ok
[INFO] [stdout] test torrent::v1::read::torrent_read_tests::extract_files_missing ... ok
[INFO] [stdout] test torrent::v1::read::torrent_read_tests::extract_pieces_ok ... ok
[INFO] [stdout] test torrent::v1::read::torrent_read_tests::from_parsed_ok ... ok
[INFO] [stdout] test torrent::v1::read::torrent_read_tests::validate_ok ... ok
[INFO] [stdout] test torrent::v1::read::file_read_tests::extract_file_extra_fields_none ... ok
[INFO] [stdout] test torrent::v1::read::torrent_read_tests::extract_piece_length_ok ... ok
[INFO] [stdout] test torrent::v1::torrent_display_tests::torrent_display_with_extra_info_fields ... ok
[INFO] [stdout] test torrent::v1::read::file_read_tests::extract_file_path_ok ... ok
[INFO] [stdout] test torrent::v1::read::torrent_read_tests::extract_announce_ok ... ok
[INFO] [stdout] test torrent::v1::read::torrent_read_tests::extract_announce_missing ... ok
[INFO] [stdout] test torrent::v1::torrent_tests::info_hash_ok ... ok
[INFO] [stdout] test torrent::v1::torrent_display_tests::torrent_display_ok ... ok
[INFO] [stdout] test torrent::v1::torrent_tests::is_private_incorrect_val ... ok
[INFO] [stdout] test torrent::v1::torrent_tests::is_private_incorrect_val_type ... ok
[INFO] [stdout] test torrent::v1::torrent_tests::is_private_no_extra_fields ... ok
[INFO] [stdout] test torrent::v1::torrent_tests::is_private_ok ... ok
[INFO] [stdout] test torrent::v1::write::file_write_tests::into_bencode_elem_ok ... ok
[INFO] [stdout] test torrent::v1::torrent_tests::magnet_link_ok ... ok
[INFO] [stdout] test torrent::v1::torrent_tests::magnet_link_with_announce_list ... ok
[INFO] [stdout] test torrent::v1::write::torrent_write_tests::encode_with_announce_list ... ok
[INFO] [stdout] test torrent::v1::torrent_tests::construct_info_ok ... ok
[INFO] [stdout] test torrent::v1::write::torrent_write_tests::encode_with_extra_fields ... ok
[INFO] [stdout] test torrent::v1::write::torrent_write_tests::encode_with_extra_info_fields ... ok
[INFO] [stdout] test torrent::v1::write::torrent_write_tests::write_with_extra_fields ... ok
[INFO] [stdout] test torrent::v1::write::torrent_write_tests::write_with_multiple_files ... ok
[INFO] [stdout] test torrent::v1::write::torrent_write_tests::encode_ok ... ok
[INFO] [stdout] test torrent::v1::read::torrent_read_tests::extract_announce_list_ok ... ok
[INFO] [stdout] test torrent::v1::torrent_display_tests::torrent_display_with_extra_fields ... ok
[INFO] [stdout] test bencode::write::bencode_elem_write_tests::write_list_ok ... ok
[INFO] [stdout] test util::util_tests::i64_to_usize_ok ... ok
[INFO] [stdout] test util::util_tests::last_component_ok ... ok
[INFO] [stdout] test util::util_tests::last_component_ok_2 ... ok
[INFO] [stdout] test util::util_tests::list_dir_ok ... ok
[INFO] [stdout] test util::util_tests::u64_to_usize_ok ... ok
[INFO] [stdout] test util::util_tests::list_dir_with_subdir ... ok
[INFO] [stdout] test util::util_tests::u64_to_i64_ok ... ok
[INFO] [stdout] test torrent::v1::read::torrent_read_tests::extract_length_missing_have_files ... ok
[INFO] [stdout] test util::util_tests::usize_to_u64_ok ... ok
[INFO] [stdout] test torrent::v1::torrent_display_tests::torrent_display_with_multiple_files ... ok
[INFO] [stdout] test torrent::v1::read::torrent_read_tests::extract_files_ok ... ok
[INFO] [stdout] test torrent::v1::write::file_write_tests::into_bencode_elem_with_extra_fields ... ok
[INFO] [stdout] test torrent::v1::torrent_tests::is_private_no_key ... ok
[INFO] [stdout] test torrent::v1::read::torrent_read_tests::extract_name_ok ... ok
[INFO] [stdout] test torrent::v1::torrent_display_tests::torrent_display_with_announce_list ... ok
[INFO] [stdout] test torrent::v1::read::torrent_read_tests::extract_length_ok ... ok
[INFO] [stdout] test torrent::v1::write::torrent_write_tests::encode_with_multiple_files ... ok
[INFO] [stdout] test torrent::v1::write::torrent_write_tests::write_with_extra_info_fields ... ok
[INFO] [stdout] test torrent::v1::write::torrent_write_tests::write_with_announce_list ... ok
[INFO] [stdout] test util::byte_buffer_tests::byte_buffer_iterator_test ... ok
[INFO] [stdout] test util::byte_buffer_tests::byte_buffer_sanity_test ... ok
[INFO] [stdout] test util::util_tests::i64_to_u64_ok ... ok
[INFO] [stdout] test torrent::v1::write::torrent_write_tests::write_ok ... ok
[INFO] [stdout] test torrent::v1::build::torrent_builder_tests::validate_piece_length_not_power_of_two ... ok
[INFO] [stdout] test torrent::v1::build::torrent_builder_tests::validate_path_has_invalid_component ... ok
[INFO] [stdout] test torrent::v1::build::torrent_builder_tests::validate_piece_length_not_positive ... ok
[INFO] [stdout] test torrent::v1::file_tests::absolute_path_not_absolute ... ok
[INFO] [stdout] test torrent::v1::build::torrent_builder_tests::validate_announce_empty ... ok
[INFO] [stdout] test torrent::v1::read::file_read_tests::extract_file_length_is_negative ... ok
[INFO] [stdout] test torrent::v1::read::file_read_tests::extract_file_length_not_integer ... ok
[INFO] [stdout] test torrent::v1::read::file_read_tests::extract_file_path_component_invalid ... ok
[INFO] [stdout] test torrent::v1::read::file_read_tests::extract_file_not_dictionary ... ok
[INFO] [stdout] test torrent::v1::read::file_read_tests::extract_file_path_component_not_string ... ok
[INFO] [stdout] test torrent::v1::read::file_read_tests::extract_file_path_empty_list ... ok
[INFO] [stdout] test torrent::v1::read::file_read_tests::extract_file_path_component_invalid_2 ... ok
[INFO] [stdout] test torrent::v1::read::file_read_tests::extract_file_path_missing ... ok
[INFO] [stdout] test torrent::v1::read::file_read_tests::extract_file_path_not_list ... ok
[INFO] [stdout] test torrent::v1::read::torrent_read_tests::extract_announce_list_tier_not_list ... ok
[INFO] [stdout] test torrent::v1::read::torrent_read_tests::extract_announce_list_not_list ... ok
[INFO] [stdout] test torrent::v1::read::torrent_read_tests::extract_files_empty_list ... ok
[INFO] [stdout] test torrent::v1::read::torrent_read_tests::extract_files_not_list ... ok
[INFO] [stdout] test torrent::v1::read::torrent_read_tests::extract_piece_length_missing ... ok
[INFO] [stdout] test torrent::v1::read::torrent_read_tests::extract_name_not_string ... ok
[INFO] [stdout] test torrent::v1::read::torrent_read_tests::extract_piece_length_not_positive ... ok
[INFO] [stdout] test torrent::v1::read::torrent_read_tests::extract_pieces_empty ... ok
[INFO] [stdout] test torrent::v1::read::torrent_read_tests::extract_pieces_missing ... ok
[INFO] [stdout] test torrent::v1::read::torrent_read_tests::extract_pieces_not_bytes ... ok
[INFO] [stdout] test torrent::v1::read::torrent_read_tests::from_parsed_info_missing ... ok
[INFO] [stdout] test torrent::v1::read::torrent_read_tests::from_parsed_top_level_multiple_elem ... ok
[INFO] [stdout] test torrent::v1::read::torrent_read_tests::from_parsed_top_level_not_dict ... ok
[INFO] [stdout] test torrent::v1::read::torrent_read_tests::validate_length_mismatch ... ok
[INFO] [stdout] test torrent::v1::read::torrent_read_tests::validate_length_overflow ... ok
[INFO] [stdout] test torrent::v1::read::torrent_read_tests::extract_announce_not_string ... ok
[INFO] [stdout] test torrent::v1::read::file_read_tests::extract_file_length_missing ... ok
[INFO] [stdout] test torrent::v1::read::torrent_read_tests::extract_pieces_invalid_length ... ok
[INFO] [stdout] test torrent::v1::read::torrent_read_tests::from_parsed_info_not_dict ... ok
[INFO] [stdout] test torrent::v1::read::torrent_read_tests::from_parsed_top_level_no_elem ... ok
[INFO] [stdout] test util::util_tests::i64_to_u64_err ... ok
[INFO] [stdout] test torrent::v1::read::torrent_read_tests::extract_length_missing_have_files_overflow ... ok
[INFO] [stdout] test util::util_tests::i64_to_usize_err ... ok
[INFO] [stdout] test util::util_tests::last_component_err ... ok
[INFO] [stdout] test torrent::v1::read::torrent_read_tests::extract_length_not_integer ... ok
[INFO] [stdout] test torrent::v1::read::torrent_read_tests::validate_length_not_positive ... ok
[INFO] [stdout] test torrent::v1::build::torrent_builder_tests::validate_announce_list_empty_url ... ok
[INFO] [stdout] test torrent::v1::read::torrent_read_tests::extract_length_missing_no_files ... ok
[INFO] [stdout] test util::util_tests::u64_to_i64_err ... ok
[INFO] [stdout] test torrent::v1::read::torrent_read_tests::extract_length_conflict_with_files ... ok
[INFO] [stdout] test torrent::v1::read::torrent_read_tests::extract_piece_length_not_integer ... ok
[INFO] [stdout] test torrent::v1::read::torrent_read_tests::extract_name_missing ... ok
[INFO] [stdout] test torrent::v1::read::torrent_read_tests::extract_announce_list_tier_url_not_string ... ok
[INFO] [stdout] test torrent::v1::build::torrent_builder_tests::validate_path_ok ... FAILED
[INFO] [stdout] 
[INFO] [stdout] failures:
[INFO] [stdout] 
[INFO] [stdout] ---- torrent::v1::build::torrent_builder_tests::validate_path_ok stdout ----
[INFO] [stdout] thread 'torrent::v1::build::torrent_builder_tests::validate_path_ok' panicked at 'called `Result::unwrap()` on an `Err` value: Error(TorrentBuilderFailure("TorrentBuilder has `path` but it does not point to anything."), State { next_error: None, backtrace: InternalBacktrace { backtrace: Some(   0: error_chain::backtrace::imp::InternalBacktrace::new
[INFO] [stdout]              at /opt/rustwide/cargo-home/registry/src/github.com-1ecc6299db9ec823/error-chain-0.12.4/src/backtrace.rs:56:48
[INFO] [stdout]    1: <error_chain::State as core::default::Default>::default
[INFO] [stdout]              at /opt/rustwide/cargo-home/registry/src/github.com-1ecc6299db9ec823/error-chain-0.12.4/src/lib.rs:687:24
[INFO] [stdout]    2: lava_torrent::error::Error::from_kind
[INFO] [stdout]              at /opt/rustwide/cargo-home/registry/src/github.com-1ecc6299db9ec823/error-chain-0.12.4/src/error_chain.rs:269:21
[INFO] [stdout]    3: <lava_torrent::error::Error as core::convert::From<lava_torrent::error::ErrorKind>>::from
[INFO] [stdout]              at /opt/rustwide/cargo-home/registry/src/github.com-1ecc6299db9ec823/error-chain-0.12.4/src/error_chain.rs:370:17
[INFO] [stdout]    4: <T as core::convert::Into<U>>::into
[INFO] [stdout]              at /rustc/a178d0322ce20e33eac124758e837cbd80a6f633/library/core/src/convert/mod.rs:538:9
[INFO] [stdout]    5: lava_torrent::torrent::v1::build::<impl lava_torrent::torrent::v1::TorrentBuilder>::validate_path
[INFO] [stdout]              at src/torrent/v1/build.rs:341:13
[INFO] [stdout]    6: lava_torrent::torrent::v1::build::torrent_builder_tests::validate_path_ok
[INFO] [stdout]              at src/torrent/v1/build.rs:864:9
[INFO] [stdout]    7: lava_torrent::torrent::v1::build::torrent_builder_tests::validate_path_ok::{{closure}}
[INFO] [stdout]              at src/torrent/v1/build.rs:859:5
[INFO] [stdout]    8: core::ops::function::FnOnce::call_once
[INFO] [stdout]              at /rustc/a178d0322ce20e33eac124758e837cbd80a6f633/library/core/src/ops/function.rs:227:5
[INFO] [stdout]    9: core::ops::function::FnOnce::call_once
[INFO] [stdout]              at /rustc/a178d0322ce20e33eac124758e837cbd80a6f633/library/core/src/ops/function.rs:227:5
[INFO] [stdout]       test::__rust_begin_short_backtrace
[INFO] [stdout]              at /rustc/a178d0322ce20e33eac124758e837cbd80a6f633/library/test/src/lib.rs:577:5
[INFO] [stdout]   10: <alloc::boxed::Box<F,A> as core::ops::function::FnOnce<Args>>::call_once
[INFO] [stdout]              at /rustc/a178d0322ce20e33eac124758e837cbd80a6f633/library/alloc/src/boxed.rs:1575:9
[INFO] [stdout]       <std::panic::AssertUnwindSafe<F> as core::ops::function::FnOnce<()>>::call_once
[INFO] [stdout]              at /rustc/a178d0322ce20e33eac124758e837cbd80a6f633/library/std/src/panic.rs:347:9
[INFO] [stdout]       std::panicking::try::do_call
[INFO] [stdout]              at /rustc/a178d0322ce20e33eac124758e837cbd80a6f633/library/std/src/panicking.rs:401:40
[INFO] [stdout]       std::panicking::try
[INFO] [stdout]              at /rustc/a178d0322ce20e33eac124758e837cbd80a6f633/library/std/src/panicking.rs:365:19
[INFO] [stdout]       std::panic::catch_unwind
[INFO] [stdout]              at /rustc/a178d0322ce20e33eac124758e837cbd80a6f633/library/std/src/panic.rs:434:14
[INFO] [stdout]       test::run_test_in_process
[INFO] [stdout]              at /rustc/a178d0322ce20e33eac124758e837cbd80a6f633/library/test/src/lib.rs:600:18
[INFO] [stdout]       test::run_test::run_test_inner::{{closure}}
[INFO] [stdout]              at /rustc/a178d0322ce20e33eac124758e837cbd80a6f633/library/test/src/lib.rs:492:39
[INFO] [stdout]   11: test::run_test::run_test_inner::{{closure}}
[INFO] [stdout]              at /rustc/a178d0322ce20e33eac124758e837cbd80a6f633/library/test/src/lib.rs:519:37
[INFO] [stdout]       std::sys_common::backtrace::__rust_begin_short_backtrace
[INFO] [stdout]              at /rustc/a178d0322ce20e33eac124758e837cbd80a6f633/library/std/src/sys_common/backtrace.rs:125:18
[INFO] [stdout]   12: std::thread::Builder::spawn_unchecked::{{closure}}::{{closure}}
[INFO] [stdout]              at /rustc/a178d0322ce20e33eac124758e837cbd80a6f633/library/std/src/thread/mod.rs:481:17
[INFO] [stdout]       <std::panic::AssertUnwindSafe<F> as core::ops::function::FnOnce<()>>::call_once
[INFO] [stdout]              at /rustc/a178d0322ce20e33eac124758e837cbd80a6f633/library/std/src/panic.rs:347:9
[INFO] [stdout]       std::panicking::try::do_call
[INFO] [stdout]              at /rustc/a178d0322ce20e33eac124758e837cbd80a6f633/library/std/src/panicking.rs:401:40
[INFO] [stdout]       std::panicking::try
[INFO] [stdout]              at /rustc/a178d0322ce20e33eac124758e837cbd80a6f633/library/std/src/panicking.rs:365:19
[INFO] [stdout]       std::panic::catch_unwind
[INFO] [stdout]              at /rustc/a178d0322ce20e33eac124758e837cbd80a6f633/library/std/src/panic.rs:434:14
[INFO] [stdout]       std::thread::Builder::spawn_unchecked::{{closure}}
[INFO] [stdout]              at /rustc/a178d0322ce20e33eac124758e837cbd80a6f633/library/std/src/thread/mod.rs:480:30
[INFO] [stdout]       core::ops::function::FnOnce::call_once{{vtable.shim}}
[INFO] [stdout]              at /rustc/a178d0322ce20e33eac124758e837cbd80a6f633/library/core/src/ops/function.rs:227:5
[INFO] [stdout]   13: <alloc::boxed::Box<F,A> as core::ops::function::FnOnce<Args>>::call_once
[INFO] [stdout]              at /rustc/a178d0322ce20e33eac124758e837cbd80a6f633/library/alloc/src/boxed.rs:1575:9
[INFO] [stdout]       <alloc::boxed::Box<F,A> as core::ops::function::FnOnce<Args>>::call_once
[INFO] [stdout]              at /rustc/a178d0322ce20e33eac124758e837cbd80a6f633/library/alloc/src/boxed.rs:1575:9
[INFO] [stdout]       std::sys::unix::thread::Thread::new::thread_start
[INFO] [stdout]              at /rustc/a178d0322ce20e33eac124758e837cbd80a6f633/library/std/src/sys/unix/thread.rs:71:17
[INFO] [stdout]   14: start_thread
[INFO] [stdout]   15: clone
[INFO] [stdout] ) } })', src/torrent/v1/build.rs:864:33
[INFO] [stdout] stack backtrace:
[INFO] [stdout]    0:     0x55f3a6bf8900 - std::backtrace_rs::backtrace::libunwind::trace::h34055254b57d8e79
[INFO] [stdout]                                at /rustc/a178d0322ce20e33eac124758e837cbd80a6f633/library/std/src/../../backtrace/src/backtrace/libunwind.rs:90:5
[INFO] [stdout]    1:     0x55f3a6bf8900 - std::backtrace_rs::backtrace::trace_unsynchronized::h8f1e3fbd9afff6ec
[INFO] [stdout]                                at /rustc/a178d0322ce20e33eac124758e837cbd80a6f633/library/std/src/../../backtrace/src/backtrace/mod.rs:66:5
[INFO] [stdout]    2:     0x55f3a6bf8900 - std::sys_common::backtrace::_print_fmt::h3a99a796b770c360
[INFO] [stdout]                                at /rustc/a178d0322ce20e33eac124758e837cbd80a6f633/library/std/src/sys_common/backtrace.rs:67:5
[INFO] [stdout]    3:     0x55f3a6bf8900 - <std::sys_common::backtrace::_print::DisplayBacktrace as core::fmt::Display>::fmt::h32d1f94a80615d18
[INFO] [stdout]                                at /rustc/a178d0322ce20e33eac124758e837cbd80a6f633/library/std/src/sys_common/backtrace.rs:46:22
[INFO] [stdout]    4:     0x55f3a6c1bacc - core::fmt::write::h306731c068f7162c
[INFO] [stdout]                                at /rustc/a178d0322ce20e33eac124758e837cbd80a6f633/library/core/src/fmt/mod.rs:1110:17
[INFO] [stdout]    5:     0x55f3a6bf5325 - std::io::Write::write_fmt::h87f19b0a2cd190bc
[INFO] [stdout]                                at /rustc/a178d0322ce20e33eac124758e837cbd80a6f633/library/std/src/io/mod.rs:1588:15
[INFO] [stdout]    6:     0x55f3a6bfaabb - std::sys_common::backtrace::_print::h5abaa2601a852287
[INFO] [stdout]                                at /rustc/a178d0322ce20e33eac124758e837cbd80a6f633/library/std/src/sys_common/backtrace.rs:49:5
[INFO] [stdout]    7:     0x55f3a6bfaabb - std::sys_common::backtrace::print::h8d81445442bb638f
[INFO] [stdout]                                at /rustc/a178d0322ce20e33eac124758e837cbd80a6f633/library/std/src/sys_common/backtrace.rs:36:9
[INFO] [stdout]    8:     0x55f3a6bfaabb - std::panicking::default_hook::{{closure}}::hcfe804496a9fa747
[INFO] [stdout]                                at /rustc/a178d0322ce20e33eac124758e837cbd80a6f633/library/std/src/panicking.rs:208:50
[INFO] [stdout]    9:     0x55f3a6bfa5cc - std::panicking::default_hook::hbea8e3ccf2ba8901
[INFO] [stdout]                                at /rustc/a178d0322ce20e33eac124758e837cbd80a6f633/library/std/src/panicking.rs:222:9
[INFO] [stdout]   10:     0x55f3a6bfb184 - std::panicking::rust_panic_with_hook::h7ee9e1a2d0f8975a
[INFO] [stdout]                                at /rustc/a178d0322ce20e33eac124758e837cbd80a6f633/library/std/src/panicking.rs:622:17
[INFO] [stdout]   11:     0x55f3a6bfac67 - std::panicking::begin_panic_handler::{{closure}}::h8ab3b4491718b2c7
[INFO] [stdout]                                at /rustc/a178d0322ce20e33eac124758e837cbd80a6f633/library/std/src/panicking.rs:519:13
[INFO] [stdout]   12:     0x55f3a6bf8dfc - std::sys_common::backtrace::__rust_end_short_backtrace::hd489062ffa586a9f
[INFO] [stdout]                                at /rustc/a178d0322ce20e33eac124758e837cbd80a6f633/library/std/src/sys_common/backtrace.rs:141:18
[INFO] [stdout]   13:     0x55f3a6bfabc9 - rust_begin_unwind
[INFO] [stdout]                                at /rustc/a178d0322ce20e33eac124758e837cbd80a6f633/library/std/src/panicking.rs:515:5
[INFO] [stdout]   14:     0x55f3a69e9751 - core::panicking::panic_fmt::hca6330e3e14086b4
[INFO] [stdout]                                at /rustc/a178d0322ce20e33eac124758e837cbd80a6f633/library/core/src/panicking.rs:92:14
[INFO] [stdout]   15:     0x55f3a69e9843 - core::result::unwrap_failed::h6160d2b4bfbb0e87
[INFO] [stdout]                                at /rustc/a178d0322ce20e33eac124758e837cbd80a6f633/library/core/src/result.rs:1355:5
[INFO] [stdout]   16:     0x55f3a6a108a5 - core::result::Result<T,E>::unwrap::h8959a9348d8133ef
[INFO] [stdout]                                at /rustc/a178d0322ce20e33eac124758e837cbd80a6f633/library/core/src/result.rs:1037:23
[INFO] [stdout]   17:     0x55f3a6a20f00 - lava_torrent::torrent::v1::build::torrent_builder_tests::validate_path_ok::h6acf00d13e5cdc51
[INFO] [stdout]                                at /opt/rustwide/workdir/src/torrent/v1/build.rs:864:9
[INFO] [stdout]   18:     0x55f3a6a20daa - lava_torrent::torrent::v1::build::torrent_builder_tests::validate_path_ok::{{closure}}::hcc4a7a5a392b3fee
[INFO] [stdout]                                at /opt/rustwide/workdir/src/torrent/v1/build.rs:859:5
[INFO] [stdout]   19:     0x55f3a6a8c71e - core::ops::function::FnOnce::call_once::h0490e9925d9bce00
[INFO] [stdout]                                at /rustc/a178d0322ce20e33eac124758e837cbd80a6f633/library/core/src/ops/function.rs:227:5
[INFO] [stdout]   20:     0x55f3a6adfc43 - core::ops::function::FnOnce::call_once::h152e7e439ff59e19
[INFO] [stdout]                                at /rustc/a178d0322ce20e33eac124758e837cbd80a6f633/library/core/src/ops/function.rs:227:5
[INFO] [stdout]   21:     0x55f3a6adfc43 - test::__rust_begin_short_backtrace::h0908f3b1fdbb72ab
[INFO] [stdout]                                at /rustc/a178d0322ce20e33eac124758e837cbd80a6f633/library/test/src/lib.rs:577:5
[INFO] [stdout]   22:     0x55f3a6ade700 - <alloc::boxed::Box<F,A> as core::ops::function::FnOnce<Args>>::call_once::hf6d2a51e5587546c
[INFO] [stdout]                                at /rustc/a178d0322ce20e33eac124758e837cbd80a6f633/library/alloc/src/boxed.rs:1575:9
[INFO] [stdout]   23:     0x55f3a6ade700 - <std::panic::AssertUnwindSafe<F> as core::ops::function::FnOnce<()>>::call_once::h8af660f3a89ef593
[INFO] [stdout]                                at /rustc/a178d0322ce20e33eac124758e837cbd80a6f633/library/std/src/panic.rs:347:9
[INFO] [stdout]   24:     0x55f3a6ade700 - std::panicking::try::do_call::hd36aef60f84b6d36
[INFO] [stdout]                                at /rustc/a178d0322ce20e33eac124758e837cbd80a6f633/library/std/src/panicking.rs:401:40
[INFO] [stdout]   25:     0x55f3a6ade700 - std::panicking::try::h9932b4480e69817c
[INFO] [stdout]                                at /rustc/a178d0322ce20e33eac124758e837cbd80a6f633/library/std/src/panicking.rs:365:19
[INFO] [stdout]   26:     0x55f3a6ade700 - std::panic::catch_unwind::h6aa177099cfff5f8
[INFO] [stdout]                                at /rustc/a178d0322ce20e33eac124758e837cbd80a6f633/library/std/src/panic.rs:434:14
[INFO] [stdout]   27:     0x55f3a6ade700 - test::run_test_in_process::h5884d6f2d99e20c3
[INFO] [stdout]                                at /rustc/a178d0322ce20e33eac124758e837cbd80a6f633/library/test/src/lib.rs:600:18
[INFO] [stdout]   28:     0x55f3a6ade700 - test::run_test::run_test_inner::{{closure}}::h6fdc58c6d5f5b6e3
[INFO] [stdout]                                at /rustc/a178d0322ce20e33eac124758e837cbd80a6f633/library/test/src/lib.rs:492:39
[INFO] [stdout]   29:     0x55f3a6ab7db2 - test::run_test::run_test_inner::{{closure}}::h408365d67a78ade8
[INFO] [stdout]                                at /rustc/a178d0322ce20e33eac124758e837cbd80a6f633/library/test/src/lib.rs:519:37
[INFO] [stdout]   30:     0x55f3a6ab7db2 - std::sys_common::backtrace::__rust_begin_short_backtrace::hb560b77c4f701523
[INFO] [stdout]                                at /rustc/a178d0322ce20e33eac124758e837cbd80a6f633/library/std/src/sys_common/backtrace.rs:125:18
[INFO] [stdout]   31:     0x55f3a6abb968 - std::thread::Builder::spawn_unchecked::{{closure}}::{{closure}}::hf2e7831dad93c597
[INFO] [stdout]                                at /rustc/a178d0322ce20e33eac124758e837cbd80a6f633/library/std/src/thread/mod.rs:481:17
[INFO] [stdout]   32:     0x55f3a6abb968 - <std::panic::AssertUnwindSafe<F> as core::ops::function::FnOnce<()>>::call_once::hd2e08783d8be4d02
[INFO] [stdout]                                at /rustc/a178d0322ce20e33eac124758e837cbd80a6f633/library/std/src/panic.rs:347:9
[INFO] [stdout]   33:     0x55f3a6abb968 - std::panicking::try::do_call::h062597b7acfd6b82
[INFO] [stdout]                                at /rustc/a178d0322ce20e33eac124758e837cbd80a6f633/library/std/src/panicking.rs:401:40
[INFO] [stdout]   34:     0x55f3a6abb968 - std::panicking::try::h0d7b79db04c14552
[INFO] [stdout]                                at /rustc/a178d0322ce20e33eac124758e837cbd80a6f633/library/std/src/panicking.rs:365:19
[INFO] [stdout]   35:     0x55f3a6abb968 - std::panic::catch_unwind::hb01a0b5e7c8cd43b
[INFO] [stdout]                                at /rustc/a178d0322ce20e33eac124758e837cbd80a6f633/library/std/src/panic.rs:434:14
[INFO] [stdout]   36:     0x55f3a6abb968 - std::thread::Builder::spawn_unchecked::{{closure}}::h5bde48cc887e0d1e
[INFO] [stdout]                                at /rustc/a178d0322ce20e33eac124758e837cbd80a6f633/library/std/src/thread/mod.rs:480:30
[INFO] [stdout]   37:     0x55f3a6abb968 - core::ops::function::FnOnce::call_once{{vtable.shim}}::h745ea30807a29e55
[INFO] [stdout]                                at /rustc/a178d0322ce20e33eac124758e837cbd80a6f633/library/core/src/ops/function.rs:227:5
[INFO] [stdout]   38:     0x55f3a6c002d7 - <alloc::boxed::Box<F,A> as core::ops::function::FnOnce<Args>>::call_once::h7ece6cfefaff1005
[INFO] [stdout]                                at /rustc/a178d0322ce20e33eac124758e837cbd80a6f633/library/alloc/src/boxed.rs:1575:9
[INFO] [stdout]   39:     0x55f3a6c002d7 - <alloc::boxed::Box<F,A> as core::ops::function::FnOnce<Args>>::call_once::hb8b48e55c21f193e
[INFO] [stdout]                                at /rustc/a178d0322ce20e33eac124758e837cbd80a6f633/library/alloc/src/boxed.rs:1575:9
[INFO] [stdout]   40:     0x55f3a6c002d7 - std::sys::unix::thread::Thread::new::thread_start::h8c7c4450dba62914
[INFO] [stdout]                                at /rustc/a178d0322ce20e33eac124758e837cbd80a6f633/library/std/src/sys/unix/thread.rs:71:17
[INFO] [stdout]   41:     0x7f352a91f609 - start_thread
[INFO] [stdout]   42:     0x7f352abaa293 - clone
[INFO] [stdout]   43:                0x0 - <unknown>
[INFO] [stdout] 
[INFO] [stdout] 
[INFO] [stdout] failures:
[INFO] [stdout]     torrent::v1::build::torrent_builder_tests::validate_path_ok
[INFO] [stdout] 
[INFO] [stdout] test result: FAILED. 215 passed; 1 failed; 0 ignored; 0 measured; 0 filtered out; finished in 0.73s
[INFO] [stdout] 
[INFO] [stderr] error: test failed, to rerun pass '--lib'
[INFO] running `Command { std: "docker" "inspect" "ad99d53ae3da60fdc1d5cfb768ac1664e965bca6adaf97ce8fd47e87060a0e64", kill_on_drop: false }`
[INFO] running `Command { std: "docker" "rm" "-f" "ad99d53ae3da60fdc1d5cfb768ac1664e965bca6adaf97ce8fd47e87060a0e64", kill_on_drop: false }`
[INFO] [stdout] ad99d53ae3da60fdc1d5cfb768ac1664e965bca6adaf97ce8fd47e87060a0e64
