[INFO] fetching crate las 0.7.4...
[INFO] testing las-0.7.4 against beta-2021-08-01 for beta-1.55-1
[INFO] extracting crate las 0.7.4 into /workspace/builds/worker-80/source
[INFO] validating manifest of crates.io crate las 0.7.4 on toolchain beta-2021-08-01
[INFO] running `Command { std: "/workspace/cargo-home/bin/cargo" "+beta-2021-08-01" "metadata" "--manifest-path" "Cargo.toml" "--no-deps", kill_on_drop: false }`
[INFO] started tweaking crates.io crate las 0.7.4
[INFO] finished tweaking crates.io crate las 0.7.4
[INFO] tweaked toml for crates.io crate las 0.7.4 written to /workspace/builds/worker-80/source/Cargo.toml
[INFO] crate crates.io crate las 0.7.4 already has a lockfile, it will not be regenerated
[INFO] running `Command { std: "/workspace/cargo-home/bin/cargo" "+beta-2021-08-01" "fetch" "--manifest-path" "Cargo.toml", kill_on_drop: false }`
[INFO] [stderr]     Blocking waiting for file lock on package cache
[INFO] running `Command { std: "docker" "create" "-v" "/var/lib/crater-agent-workspace/builds/worker-80/target:/opt/rustwide/target:rw,Z" "-v" "/var/lib/crater-agent-workspace/builds/worker-80/source:/opt/rustwide/workdir:ro,Z" "-v" "/var/lib/crater-agent-workspace/cargo-home:/opt/rustwide/cargo-home:ro,Z" "-v" "/var/lib/crater-agent-workspace/rustup-home:/opt/rustwide/rustup-home:ro,Z" "-e" "SOURCE_DIR=/opt/rustwide/workdir" "-e" "CARGO_TARGET_DIR=/opt/rustwide/target" "-e" "CARGO_HOME=/opt/rustwide/cargo-home" "-e" "RUSTUP_HOME=/opt/rustwide/rustup-home" "-w" "/opt/rustwide/workdir" "-m" "1610612736" "--user" "0:0" "--network" "none" "ghcr.io/rust-lang/crates-build-env/linux@sha256:34b6a614d2c27851fe6cbf88fbd1137609cefab8b10d0615aaeb6fd47975d74e" "/opt/rustwide/cargo-home/bin/cargo" "+beta-2021-08-01" "metadata" "--no-deps" "--format-version=1", kill_on_drop: false }`
[INFO] [stdout] d8561d7037e72bd6c9805f72e3c02b3840be89d0782a9939d637f6eac1382ba6
[INFO] running `Command { std: "docker" "start" "-a" "d8561d7037e72bd6c9805f72e3c02b3840be89d0782a9939d637f6eac1382ba6", kill_on_drop: false }`
[INFO] running `Command { std: "docker" "inspect" "d8561d7037e72bd6c9805f72e3c02b3840be89d0782a9939d637f6eac1382ba6", kill_on_drop: false }`
[INFO] running `Command { std: "docker" "rm" "-f" "d8561d7037e72bd6c9805f72e3c02b3840be89d0782a9939d637f6eac1382ba6", kill_on_drop: false }`
[INFO] [stdout] d8561d7037e72bd6c9805f72e3c02b3840be89d0782a9939d637f6eac1382ba6
[INFO] running `Command { std: "docker" "create" "-v" "/var/lib/crater-agent-workspace/builds/worker-80/target:/opt/rustwide/target:rw,Z" "-v" "/var/lib/crater-agent-workspace/builds/worker-80/source:/opt/rustwide/workdir:ro,Z" "-v" "/var/lib/crater-agent-workspace/cargo-home:/opt/rustwide/cargo-home:ro,Z" "-v" "/var/lib/crater-agent-workspace/rustup-home:/opt/rustwide/rustup-home:ro,Z" "-e" "SOURCE_DIR=/opt/rustwide/workdir" "-e" "CARGO_TARGET_DIR=/opt/rustwide/target" "-e" "CARGO_INCREMENTAL=0" "-e" "RUST_BACKTRACE=full" "-e" "RUSTFLAGS=--cap-lints=warn" "-e" "CARGO_HOME=/opt/rustwide/cargo-home" "-e" "RUSTUP_HOME=/opt/rustwide/rustup-home" "-w" "/opt/rustwide/workdir" "-m" "1610612736" "--user" "0:0" "--network" "none" "ghcr.io/rust-lang/crates-build-env/linux@sha256:34b6a614d2c27851fe6cbf88fbd1137609cefab8b10d0615aaeb6fd47975d74e" "/opt/rustwide/cargo-home/bin/cargo" "+beta-2021-08-01" "build" "--frozen" "--message-format=json", kill_on_drop: false }`
[INFO] [stdout] 6c413a42e34a05e7d6082b96499d0c05a9d55817225467a74dc78118abfdf3d3
[INFO] running `Command { std: "docker" "start" "-a" "6c413a42e34a05e7d6082b96499d0c05a9d55817225467a74dc78118abfdf3d3", kill_on_drop: false }`
[INFO] [stderr]    Compiling autocfg v1.0.1
[INFO] [stderr]    Compiling proc-macro2 v1.0.24
[INFO] [stderr]    Compiling unicode-xid v0.2.1
[INFO] [stderr]    Compiling syn v1.0.60
[INFO] [stderr]    Compiling libc v0.2.86
[INFO] [stderr]    Compiling log v0.4.14
[INFO] [stderr]    Compiling cfg-if v1.0.0
[INFO] [stderr]    Compiling byteorder v1.4.2
[INFO] [stderr]    Compiling uuid v0.8.2
[INFO] [stderr]    Compiling num-traits v0.2.14
[INFO] [stderr]    Compiling num-integer v0.1.44
[INFO] [stderr]    Compiling num-bigint v0.3.1
[INFO] [stderr]    Compiling num-rational v0.3.2
[INFO] [stderr]    Compiling num-iter v0.1.42
[INFO] [stderr]    Compiling quote v1.0.8
[INFO] [stderr]    Compiling time v0.1.44
[INFO] [stderr]    Compiling num-complex v0.3.1
[INFO] [stderr]    Compiling chrono v0.4.19
[INFO] [stderr]    Compiling thiserror-impl v1.0.23
[INFO] [stderr]    Compiling num v0.3.1
[INFO] [stderr]    Compiling thiserror v1.0.23
[INFO] [stderr]    Compiling las v0.7.4 (/opt/rustwide/workdir)
[INFO] [stderr]     Finished dev [unoptimized + debuginfo] target(s) in 13.21s
[INFO] running `Command { std: "docker" "inspect" "6c413a42e34a05e7d6082b96499d0c05a9d55817225467a74dc78118abfdf3d3", kill_on_drop: false }`
[INFO] running `Command { std: "docker" "rm" "-f" "6c413a42e34a05e7d6082b96499d0c05a9d55817225467a74dc78118abfdf3d3", kill_on_drop: false }`
[INFO] [stdout] 6c413a42e34a05e7d6082b96499d0c05a9d55817225467a74dc78118abfdf3d3
[INFO] running `Command { std: "docker" "create" "-v" "/var/lib/crater-agent-workspace/builds/worker-80/target:/opt/rustwide/target:rw,Z" "-v" "/var/lib/crater-agent-workspace/builds/worker-80/source:/opt/rustwide/workdir:ro,Z" "-v" "/var/lib/crater-agent-workspace/cargo-home:/opt/rustwide/cargo-home:ro,Z" "-v" "/var/lib/crater-agent-workspace/rustup-home:/opt/rustwide/rustup-home:ro,Z" "-e" "SOURCE_DIR=/opt/rustwide/workdir" "-e" "CARGO_TARGET_DIR=/opt/rustwide/target" "-e" "CARGO_INCREMENTAL=0" "-e" "RUST_BACKTRACE=full" "-e" "RUSTFLAGS=--cap-lints=warn" "-e" "CARGO_HOME=/opt/rustwide/cargo-home" "-e" "RUSTUP_HOME=/opt/rustwide/rustup-home" "-w" "/opt/rustwide/workdir" "-m" "1610612736" "--user" "0:0" "--network" "none" "ghcr.io/rust-lang/crates-build-env/linux@sha256:34b6a614d2c27851fe6cbf88fbd1137609cefab8b10d0615aaeb6fd47975d74e" "/opt/rustwide/cargo-home/bin/cargo" "+beta-2021-08-01" "test" "--frozen" "--no-run" "--message-format=json", kill_on_drop: false }`
[INFO] [stdout] f8935756fb13e9ecaf90a17e26340720f23aec5de9da58b2d9a0460ec0392653
[INFO] running `Command { std: "docker" "start" "-a" "f8935756fb13e9ecaf90a17e26340720f23aec5de9da58b2d9a0460ec0392653", kill_on_drop: false }`
[INFO] [stderr]    Compiling las v0.7.4 (/opt/rustwide/workdir)
[INFO] [stderr]     Finished test [unoptimized + debuginfo] target(s) in 5.16s
[INFO] running `Command { std: "docker" "inspect" "f8935756fb13e9ecaf90a17e26340720f23aec5de9da58b2d9a0460ec0392653", kill_on_drop: false }`
[INFO] running `Command { std: "docker" "rm" "-f" "f8935756fb13e9ecaf90a17e26340720f23aec5de9da58b2d9a0460ec0392653", kill_on_drop: false }`
[INFO] [stdout] f8935756fb13e9ecaf90a17e26340720f23aec5de9da58b2d9a0460ec0392653
[INFO] running `Command { std: "docker" "create" "-v" "/var/lib/crater-agent-workspace/builds/worker-80/target:/opt/rustwide/target:rw,Z" "-v" "/var/lib/crater-agent-workspace/builds/worker-80/source:/opt/rustwide/workdir:ro,Z" "-v" "/var/lib/crater-agent-workspace/cargo-home:/opt/rustwide/cargo-home:ro,Z" "-v" "/var/lib/crater-agent-workspace/rustup-home:/opt/rustwide/rustup-home:ro,Z" "-e" "SOURCE_DIR=/opt/rustwide/workdir" "-e" "CARGO_TARGET_DIR=/opt/rustwide/target" "-e" "CARGO_INCREMENTAL=0" "-e" "RUST_BACKTRACE=full" "-e" "RUSTFLAGS=--cap-lints=warn" "-e" "CARGO_HOME=/opt/rustwide/cargo-home" "-e" "RUSTUP_HOME=/opt/rustwide/rustup-home" "-w" "/opt/rustwide/workdir" "-m" "1610612736" "--user" "0:0" "--network" "none" "ghcr.io/rust-lang/crates-build-env/linux@sha256:34b6a614d2c27851fe6cbf88fbd1137609cefab8b10d0615aaeb6fd47975d74e" "/opt/rustwide/cargo-home/bin/cargo" "+beta-2021-08-01" "test" "--frozen", kill_on_drop: false }`
[INFO] [stdout] 62c034bdd05ba0e8f350b73e392f4612bfac88944d9704ee8a858a51ff7d4ba9
[INFO] running `Command { std: "docker" "start" "-a" "62c034bdd05ba0e8f350b73e392f4612bfac88944d9704ee8a858a51ff7d4ba9", kill_on_drop: false }`
[INFO] [stderr]     Blocking waiting for file lock on package cache
[INFO] [stderr]     Finished test [unoptimized + debuginfo] target(s) in 1.40s
[INFO] [stderr]      Running unittests (/opt/rustwide/target/debug/deps/las-498d234e71c8d749)
[INFO] [stdout] 
[INFO] [stdout] running 127 tests
[INFO] [stdout] test header::builder::tests::evlr_downgrade ... ok
[INFO] [stdout] test bounds::tests::grow ... ok
[INFO] [stdout] test header::builder::tests::no_day_no_date ... ok
[INFO] [stdout] test header::builder::tests::evlr_upgrade ... ok
[INFO] [stdout] test header::builder::tests::no_year_no_date ... ok
[INFO] [stdout] test header::tests::header_too_large ... ok
[INFO] [stdout] test header::tests::number_of_points_by_return_large ... ok
[INFO] [stdout] test header::builder::tests::point_data_start_signature ... ok
[INFO] [stdout] test header::builder::tests::point_padding_no_evlrs ... ok
[INFO] [stdout] test header::tests::number_of_points_by_return_zero_return_number ... ok
[INFO] [stdout] test header::tests::number_of_points_large ... ok
[INFO] [stdout] test header::tests::prefer_legacy_fields ... ok
[INFO] [stdout] test header::tests::synchronize_legacy_fields ... ok
[INFO] [stdout] test point::format::tests::extended_without_gps_time ... ok
[INFO] [stdout] test header::tests::zero_legacy_fields_when_too_large ... ok
[INFO] [stdout] test point::format::tests::extra_bytes ... ok
[INFO] [stdout] test point::format::tests::format_0::new ... ok
[INFO] [stdout] test point::format::tests::format_0::to_u8 ... ok
[INFO] [stdout] test header::tests::wkt_bit ... ok
[INFO] [stdout] test point::format::tests::format_10::len ... ok
[INFO] [stdout] test point::format::tests::format_10::new ... ok
[INFO] [stdout] test point::format::tests::format_10::to_u8 ... ok
[INFO] [stdout] test header::tests::number_of_points_by_return_las_1_2 ... ok
[INFO] [stdout] test header::tests::number_of_points_by_return_las_1_2_return_6 ... ok
[INFO] [stdout] test point::format::tests::format_0::len ... ok
[INFO] [stdout] test point::format::tests::format_1::new ... ok
[INFO] [stdout] test point::format::tests::format_1::to_u8 ... ok
[INFO] [stdout] test point::format::tests::format_2::len ... ok
[INFO] [stdout] test header::tests::offset_to_point_data_too_large ... ok
[INFO] [stdout] test point::format::tests::format_1::len ... ok
[INFO] [stdout] test point::format::tests::format_2::new ... ok
[INFO] [stdout] test point::format::tests::format_2::to_u8 ... ok
[INFO] [stdout] test point::format::tests::format_3::len ... ok
[INFO] [stdout] test point::format::tests::format_3::new ... ok
[INFO] [stdout] test point::format::tests::format_3::to_u8 ... ok
[INFO] [stdout] test point::format::tests::format_4::len ... ok
[INFO] [stdout] test point::format::tests::format_4::new ... ok
[INFO] [stdout] test point::format::tests::format_4::to_u8 ... ok
[INFO] [stdout] test point::format::tests::format_5::len ... ok
[INFO] [stdout] test point::format::tests::format_5::new ... ok
[INFO] [stdout] test point::format::tests::format_5::to_u8 ... ok
[INFO] [stdout] test point::format::tests::format_6::len ... ok
[INFO] [stdout] test point::format::tests::format_6::new ... ok
[INFO] [stdout] test point::format::tests::format_6::to_u8 ... ok
[INFO] [stdout] test point::format::tests::format_7::len ... ok
[INFO] [stdout] test point::format::tests::format_7::new ... ok
[INFO] [stdout] test point::format::tests::format_7::to_u8 ... ok
[INFO] [stdout] test point::format::tests::format_8::len ... ok
[INFO] [stdout] test point::format::tests::format_8::new ... ok
[INFO] [stdout] test point::format::tests::format_8::to_u8 ... ok
[INFO] [stdout] test point::format::tests::format_9::len ... ok
[INFO] [stdout] test point::format::tests::format_9::new ... ok
[INFO] [stdout] test point::format::tests::format_9::to_u8 ... ok
[INFO] [stdout] test point::format::tests::is_compressed ... ok
[INFO] [stdout] test point::format::tests::nir_without_color ... ok
[INFO] [stdout] test point::format::tests::nir_without_extended ... ok
[INFO] [stdout] test point::format::tests::waveform_without_gps_time ... ok
[INFO] [stdout] test point::tests::flags_invalid_number_of_returns ... ok
[INFO] [stdout] test point::tests::flags_invalid_return_number ... ok
[INFO] [stdout] test point::tests::flags_invalid_scanner_channel ... ok
[INFO] [stdout] test point::tests::overlap ... ok
[INFO] [stdout] test raw::header::tests::invalid_file_signature ... ok
[INFO] [stdout] test raw::header::tests::las_1_0::roundtrip ... ok
[INFO] [stdout] test raw::header::tests::las_1_1::roundtrip ... ok
[INFO] [stdout] test raw::header::tests::las_1_3::roundtrip ... ok
[INFO] [stdout] test raw::header::tests::las_1_2::roundtrip ... ok
[INFO] [stdout] test raw::header::tests::number_of_evlrs_none ... ok
[INFO] [stdout] test raw::header::tests::las_1_4::roundtrip ... ok
[INFO] [stdout] test raw::header::tests::number_of_evlrs_some ... ok
[INFO] [stdout] test raw::point::tests::classification ... ok
[INFO] [stdout] test raw::point::tests::format_0::roundtrip ... ok
[INFO] [stdout] test raw::point::tests::format_10::roundtrip ... ok
[INFO] [stdout] test raw::point::tests::format_1::roundtrip ... ok
[INFO] [stdout] test raw::point::tests::format_2::roundtrip ... ok
[INFO] [stdout] test raw::point::tests::format_3::roundtrip ... ok
[INFO] [stdout] test raw::point::tests::format_4::roundtrip ... ok
[INFO] [stdout] test raw::point::tests::format_5::roundtrip ... ok
[INFO] [stdout] test raw::point::tests::format_7::roundtrip ... ok
[INFO] [stdout] test raw::point::tests::is_edge_of_flight_line ... ok
[INFO] [stdout] test raw::point::tests::format_9::roundtrip ... ok
[INFO] [stdout] test raw::point::tests::format_8::roundtrip ... ok
[INFO] [stdout] test raw::point::tests::is_key_point ... ok
[INFO] [stdout] test raw::point::tests::format_6::roundtrip ... ok
[INFO] [stdout] test raw::point::tests::is_overlap ... ok
[INFO] [stdout] test raw::point::tests::is_synthetic ... ok
[INFO] [stdout] test raw::point::tests::is_withheld ... ok
[INFO] [stdout] test raw::point::tests::number_of_returns ... ok
[INFO] [stdout] test raw::point::tests::return_number ... ok
[INFO] [stdout] test raw::point::tests::scan_angle ... ok
[INFO] [stdout] test raw::point::tests::scan_direction ... ok
[INFO] [stdout] test raw::point::tests::scanner_channel ... ok
[INFO] [stdout] test raw::vlr::tests::roundtrip ... ok
[INFO] [stdout] test raw::vlr::tests::roundtrip_evlr ... ok
[INFO] [stdout] test transform::tests::too_large ... ok
[INFO] [stdout] test transform::tests::too_small ... ok
[INFO] [stdout] test reader::tests::seek ... ok
[INFO] [stdout] test utils::tests::from_good_las_str ... ok
[INFO] [stdout] test utils::tests::from_too_long ... ok
[INFO] [stdout] test utils::tests::to_good_las_str ... ok
[INFO] [stdout] test utils::tests::to_just_a_zero ... ok
[INFO] [stdout] test utils::tests::to_not_ascii ... ok
[INFO] [stdout] test utils::tests::to_not_nul_filled ... ok
[INFO] [stdout] test version::tests::las_1_0::features ... ok
[INFO] [stdout] test version::tests::las_1_0::point_formats ... ok
[INFO] [stdout] test version::tests::las_1_1::features ... ok
[INFO] [stdout] test version::tests::las_1_1::point_formats ... ok
[INFO] [stdout] test version::tests::las_1_2::features ... ok
[INFO] [stdout] test version::tests::las_1_2::point_formats ... ok
[INFO] [stdout] test version::tests::las_1_3::features ... ok
[INFO] [stdout] test version::tests::las_1_3::point_formats ... ok
[INFO] [stdout] test version::tests::las_1_4::features ... ok
[INFO] [stdout] test version::tests::las_1_4::point_formats ... ok
[INFO] [stdout] test version::tests::las_1_5::features ... ok
[INFO] [stdout] test version::tests::las_1_5::point_formats ... ok
[INFO] [stdout] test version::tests::las_2_0::features ... ok
[INFO] [stdout] test version::tests::las_2_0::point_formats ... ok
[INFO] [stdout] test vlr::tests::allow_non_ascii_description ... ok
[INFO] [stdout] test vlr::tests::allow_non_ascii_user_id ... ok
[INFO] [stdout] test vlr::tests::len ... ok
[INFO] [stdout] test vlr::tests::too_long ... ok
[INFO] [stdout] test writer::tests::already_closed ... ok
[INFO] [stdout] test writer::tests::missing_color ... ok
[INFO] [stdout] test writer::tests::missing_gps_time ... ok
[INFO] [stdout] test writer::tests::missing_extra_bytes ... ok
[INFO] [stdout] test writer::tests::missing_waveform ... ok
[INFO] [stdout] test writer::tests::missing_nir ... ok
[INFO] [stdout] test writer::tests::write_not_at_start ... ok
[INFO] [stdout] 
[INFO] [stdout] test result: ok. 127 passed; 0 failed; 0 ignored; 0 measured; 0 filtered out; finished in 0.03s
[INFO] [stdout] 
[INFO] [stderr]      Running tests/autzen.rs (/opt/rustwide/target/debug/deps/autzen-36d1dcb59c10f27b)
[INFO] [stdout] 
[INFO] [stdout] running 8 tests
[INFO] [stdout] test las_1_0::read_write ... ok
[INFO] [stdout] test test_seek_past_last_point_works_on_las ... ok
[INFO] [stdout] test las_1_1::read_write ... ok
[INFO] [stdout] test las_1_2::read_write ... ok
[INFO] [stdout] test test_seek_to_last_point_works_on_las ... ok
[INFO] [stdout] test test_seek_0_works_on_las ... ok
[INFO] [stdout] test las_1_4::read_write ... ok
[INFO] [stdout] test las_1_3::read_write ... ok
[INFO] [stdout] 
[INFO] [stdout] test result: ok. 8 passed; 0 failed; 0 ignored; 0 measured; 0 filtered out; finished in 0.01s
[INFO] [stdout] 
[INFO] [stderr]      Running tests/laszip.rs (/opt/rustwide/target/debug/deps/laszip-cc69bda0450c8878)
[INFO] [stdout] 
[INFO] [stdout] running 1 test
[INFO] [stdout] test detect_laszip ... ok
[INFO] [stdout] 
[INFO] [stdout] test result: ok. 1 passed; 0 failed; 0 ignored; 0 measured; 0 filtered out; finished in 0.00s
[INFO] [stdout] 
[INFO] [stderr]      Running tests/roundtrip.rs (/opt/rustwide/target/debug/deps/roundtrip-8549d82ba2d273f4)
[INFO] [stdout] 
[INFO] [stdout] running 160 tests
[INFO] [stdout] test las_1_0::builder::evlrs ... ok
[INFO] [stdout] test las_1_0::builder::gps_time_type ... ok
[INFO] [stdout] test las_1_0::builder::date ... ok
[INFO] [stdout] test las_1_0::builder::file_source_id ... ok
[INFO] [stdout] test las_1_0::builder::has_synthetic_return_numbers ... ok
[INFO] [stdout] test las_1_0::builder::generating_software ... ok
[INFO] [stdout] test las_1_0::builder::guid ... ok
[INFO] [stdout] test las_1_0::builder::system_identifier ... ok
[INFO] [stdout] test las_1_0::builder::point_padding ... ok
[INFO] [stdout] test las_1_0::builder::vlr_padding ... ok
[INFO] [stdout] test las_1_0::builder::transforms ... ok
[INFO] [stdout] test las_1_0::builder::padding ... ok
[INFO] [stdout] test las_1_0::builder::vlrs ... ok
[INFO] [stdout] test las_1_0::point::color ... ok
[INFO] [stdout] test las_1_0::point::extra_bytes ... ok
[INFO] [stdout] test las_1_0::point::classification ... ok
[INFO] [stdout] test las_1_0::point::gps_time ... ok
[INFO] [stdout] test las_1_0::point::nir ... ok
[INFO] [stdout] test las_1_0::point::is_key_point ... ok
[INFO] [stdout] test las_1_0::point::is_edge_of_flight_line ... ok
[INFO] [stdout] test las_1_0::point::intensity ... ok
[INFO] [stdout] test las_1_0::point::return_number ... ok
[INFO] [stdout] test las_1_0::point::is_synthetic ... ok
[INFO] [stdout] test las_1_0::point::scan_angle_rank ... ok
[INFO] [stdout] test las_1_0::point::is_overlap ... ok
[INFO] [stdout] test las_1_0::point::scanner_channel ... ok
[INFO] [stdout] test las_1_0::point::number_of_returns ... ok
[INFO] [stdout] test las_1_0::point::scan_direction ... ok
[INFO] [stdout] test las_1_0::point::is_withheld ... ok
[INFO] [stdout] test las_1_0::point::point_source_id ... ok
[INFO] [stdout] test las_1_0::point::user_data ... ok
[INFO] [stdout] test las_1_0::point::xyz ... ok
[INFO] [stdout] test las_1_1::builder::date ... ok
[INFO] [stdout] test las_1_1::builder::evlrs ... ok
[INFO] [stdout] test las_1_1::builder::file_source_id ... ok
[INFO] [stdout] test las_1_1::builder::gps_time_type ... ok
[INFO] [stdout] test las_1_1::builder::generating_software ... ok
[INFO] [stdout] test las_1_1::builder::has_synthetic_return_numbers ... ok
[INFO] [stdout] test las_1_1::builder::guid ... ok
[INFO] [stdout] test las_1_1::builder::point_padding ... ok
[INFO] [stdout] test las_1_1::builder::padding ... ok
[INFO] [stdout] test las_1_1::builder::transforms ... ok
[INFO] [stdout] test las_1_1::builder::vlr_padding ... ok
[INFO] [stdout] test las_1_1::builder::system_identifier ... ok
[INFO] [stdout] test las_1_1::point::classification ... ok
[INFO] [stdout] test las_1_1::builder::vlrs ... ok
[INFO] [stdout] test las_1_1::point::color ... ok
[INFO] [stdout] test las_1_1::point::extra_bytes ... ok
[INFO] [stdout] test las_1_1::point::gps_time ... ok
[INFO] [stdout] test las_1_1::point::intensity ... ok
[INFO] [stdout] test las_1_1::point::is_key_point ... ok
[INFO] [stdout] test las_1_1::point::is_overlap ... ok
[INFO] [stdout] test las_1_1::point::is_edge_of_flight_line ... ok
[INFO] [stdout] test las_1_1::point::is_synthetic ... ok
[INFO] [stdout] test las_1_1::point::is_withheld ... ok
[INFO] [stdout] test las_1_1::point::nir ... ok
[INFO] [stdout] test las_1_1::point::point_source_id ... ok
[INFO] [stdout] test las_1_1::point::return_number ... ok
[INFO] [stdout] test las_1_1::point::number_of_returns ... ok
[INFO] [stdout] test las_1_1::point::scan_direction ... ok
[INFO] [stdout] test las_1_1::point::scan_angle_rank ... ok
[INFO] [stdout] test las_1_1::point::scanner_channel ... ok
[INFO] [stdout] test las_1_1::point::xyz ... ok
[INFO] [stdout] test las_1_2::builder::date ... ok
[INFO] [stdout] test las_1_1::point::user_data ... ok
[INFO] [stdout] test las_1_2::builder::evlrs ... ok
[INFO] [stdout] test las_1_2::builder::file_source_id ... ok
[INFO] [stdout] test las_1_2::builder::generating_software ... ok
[INFO] [stdout] test las_1_2::builder::has_synthetic_return_numbers ... ok
[INFO] [stdout] test las_1_2::builder::gps_time_type ... ok
[INFO] [stdout] test las_1_2::builder::guid ... ok
[INFO] [stdout] test las_1_2::builder::point_padding ... ok
[INFO] [stdout] test las_1_2::builder::system_identifier ... ok
[INFO] [stdout] test las_1_2::builder::vlr_padding ... ok
[INFO] [stdout] test las_1_2::point::classification ... ok
[INFO] [stdout] test las_1_2::builder::transforms ... ok
[INFO] [stdout] test las_1_2::builder::padding ... ok
[INFO] [stdout] test las_1_2::point::color ... ok
[INFO] [stdout] test las_1_2::builder::vlrs ... ok
[INFO] [stdout] test las_1_2::point::extra_bytes ... ok
[INFO] [stdout] test las_1_2::point::gps_time ... ok
[INFO] [stdout] test las_1_2::point::intensity ... ok
[INFO] [stdout] test las_1_2::point::is_overlap ... ok
[INFO] [stdout] test las_1_2::point::is_edge_of_flight_line ... ok
[INFO] [stdout] test las_1_2::point::nir ... ok
[INFO] [stdout] test las_1_2::point::is_withheld ... ok
[INFO] [stdout] test las_1_2::point::is_synthetic ... ok
[INFO] [stdout] test las_1_2::point::number_of_returns ... ok
[INFO] [stdout] test las_1_2::point::point_source_id ... ok
[INFO] [stdout] test las_1_2::point::is_key_point ... ok
[INFO] [stdout] test las_1_2::point::return_number ... ok
[INFO] [stdout] test las_1_2::point::scan_angle_rank ... ok
[INFO] [stdout] test las_1_2::point::scan_direction ... ok
[INFO] [stdout] test las_1_2::point::scanner_channel ... ok
[INFO] [stdout] test las_1_3::builder::evlrs ... ok
[INFO] [stdout] test las_1_2::point::user_data ... ok
[INFO] [stdout] test las_1_3::builder::file_source_id ... ok
[INFO] [stdout] test las_1_2::point::xyz ... ok
[INFO] [stdout] test las_1_3::builder::gps_time_type ... ok
[INFO] [stdout] test las_1_3::builder::date ... ok
[INFO] [stdout] test las_1_3::builder::has_synthetic_return_numbers ... ok
[INFO] [stdout] test las_1_3::builder::generating_software ... ok
[INFO] [stdout] test las_1_3::builder::guid ... ok
[INFO] [stdout] test las_1_3::builder::padding ... ok
[INFO] [stdout] test las_1_3::builder::point_padding ... ok
[INFO] [stdout] test las_1_3::builder::system_identifier ... ok
[INFO] [stdout] test las_1_3::builder::transforms ... ok
[INFO] [stdout] test las_1_3::builder::vlr_padding ... ok
[INFO] [stdout] test las_1_3::point::gps_time ... ok
[INFO] [stdout] test las_1_3::point::classification ... ok
[INFO] [stdout] test las_1_3::builder::vlrs ... ok
[INFO] [stdout] test las_1_3::point::extra_bytes ... ok
[INFO] [stdout] test las_1_3::point::color ... ok
[INFO] [stdout] test las_1_3::point::intensity ... ok
[INFO] [stdout] test las_1_3::point::is_key_point ... ok
[INFO] [stdout] test las_1_3::point::is_edge_of_flight_line ... ok
[INFO] [stdout] test las_1_3::point::is_overlap ... ok
[INFO] [stdout] test las_1_3::point::is_synthetic ... ok
[INFO] [stdout] test las_1_3::point::nir ... ok
[INFO] [stdout] test las_1_3::point::number_of_returns ... ok
[INFO] [stdout] test las_1_3::point::point_source_id ... ok
[INFO] [stdout] test las_1_3::point::scan_direction ... ok
[INFO] [stdout] test las_1_3::point::is_withheld ... ok
[INFO] [stdout] test las_1_3::point::scanner_channel ... ok
[INFO] [stdout] test las_1_3::point::return_number ... ok
[INFO] [stdout] test las_1_4::builder::date ... ok
[INFO] [stdout] test las_1_3::point::scan_angle_rank ... ok
[INFO] [stdout] test las_1_4::builder::point_padding ... ok
[INFO] [stdout] test las_1_4::builder::generating_software ... ok
[INFO] [stdout] test las_1_4::builder::has_synthetic_return_numbers ... ok
[INFO] [stdout] test las_1_4::builder::evlrs ... ok
[INFO] [stdout] test las_1_4::builder::file_source_id ... ok
[INFO] [stdout] test las_1_4::builder::guid ... ok
[INFO] [stdout] test las_1_4::builder::vlr_padding ... ok
[INFO] [stdout] test las_1_4::builder::gps_time_type ... ok
[INFO] [stdout] test las_1_3::point::user_data ... ok
[INFO] [stdout] test las_1_4::builder::padding ... ok
[INFO] [stdout] test las_1_4::builder::vlrs ... ok
[INFO] [stdout] test las_1_4::builder::transforms ... ok
[INFO] [stdout] test las_1_4::builder::system_identifier ... ok
[INFO] [stdout] test las_1_3::point::xyz ... ok
[INFO] [stdout] test las_1_4::point::classification ... ok
[INFO] [stdout] test las_1_4::point::color ... ok
[INFO] [stdout] test las_1_4::point::gps_time ... ok
[INFO] [stdout] test las_1_4::point::extra_bytes ... ok
[INFO] [stdout] test las_1_4::point::intensity ... ok
[INFO] [stdout] test las_1_4::point::is_edge_of_flight_line ... ok
[INFO] [stdout] test las_1_4::point::number_of_returns ... ok
[INFO] [stdout] test las_1_4::point::is_overlap ... ok
[INFO] [stdout] test las_1_4::point::scan_angle_rank ... ok
[INFO] [stdout] test las_1_4::point::nir ... ok
[INFO] [stdout] test las_1_4::point::is_synthetic ... ok
[INFO] [stdout] test las_1_4::point::is_key_point ... ok
[INFO] [stdout] test las_1_4::point::is_withheld ... ok
[INFO] [stdout] test las_1_4::point::scanner_channel ... ok
[INFO] [stdout] test las_1_4::point::user_data ... ok
[INFO] [stdout] test las_1_4::point::return_number ... ok
[INFO] [stdout] test las_1_4::point::xyz ... ok
[INFO] [stdout] test las_1_4::point::point_source_id ... ok
[INFO] [stdout] test las_1_4::point::scan_direction ... ok
[INFO] [stdout] 
[INFO] [stdout] test result: ok. 160 passed; 0 failed; 0 ignored; 0 measured; 0 filtered out; finished in 0.09s
[INFO] [stdout] 
[INFO] [stderr]    Doc-tests las
[INFO] [stdout] 
[INFO] [stdout] running 114 tests
[INFO] [stdout] test src/reader.rs - reader (line 37) ... FAILED
[INFO] [stdout] test src/lib.rs - (line 15) ... FAILED
[INFO] [stdout] test src/raw/mod.rs - raw (line 18) ... FAILED
[INFO] [stdout] test src/lib.rs - (line 70) ... FAILED
[INFO] [stdout] test src/writer.rs - writer::Writer<W>::into_inner (line 333) ... FAILED
[INFO] [stdout] test src/lib.rs - (line 60) ... FAILED
[INFO] [stdout] test src/writer.rs - writer::Writer<W>::close (line 262) ... FAILED
[INFO] [stdout] test src/raw/header.rs - raw::header::Header::read_from (line 249) ... FAILED
[INFO] [stdout] test src/color.rs - color::Color::new (line 17) ... FAILED
[INFO] [stdout] test src/lib.rs - (line 92) ... FAILED
[INFO] [stdout] test src/lib.rs - (line 8) ... FAILED
[INFO] [stdout] test src/writer.rs - writer::Write::header (line 170) ... FAILED
[INFO] [stdout] test src/header/mod.rs - header (line 19) ... FAILED
[INFO] [stdout] test src/header/mod.rs - header::Header::vlrs (line 437) ... FAILED
[INFO] [stdout] test src/raw/point.rs - raw::point::Flags::scan_direction (line 532) ... FAILED
[INFO] [stdout] test src/vlr.rs - vlr::Vlr::into_raw (line 89) ... FAILED
[INFO] [stdout] test src/reader.rs - reader::Read::header (line 138) ... FAILED
[INFO] [stdout] test src/header/mod.rs - header (line 42) ... FAILED
[INFO] [stdout] test src/writer.rs - writer (line 14) ... FAILED
[INFO] [stdout] test src/lib.rs - (line 40) ... FAILED
[INFO] [stdout] test src/writer.rs - writer::Write::write (line 181) ... FAILED
[INFO] [stdout] test src/raw/point.rs - raw::point::Point::read_from (line 347) ... FAILED
[INFO] [stdout] test src/raw/header.rs - raw::header::Header::write_to (line 337) ... FAILED
[INFO] [stdout] test src/raw/point.rs - raw::point::Flags::scanner_channel (line 618) ... FAILED
[INFO] [stdout] test src/reader.rs - reader (line 6) ... FAILED
[INFO] [stdout] test src/point/format.rs - point::format::Format::len (line 134) ... FAILED
[INFO] [stdout] test src/point/mod.rs - point::Point::into_raw (line 189) ... FAILED
[INFO] [stdout] test src/header/mod.rs - header::Header::system_identifier (line 279) ... FAILED
[INFO] [stdout] test src/raw/point.rs - raw::point::Flags::return_number (line 500) ... FAILED
[INFO] [stdout] test src/raw/vlr.rs - raw::vlr::Vlr::read_from (line 62) ... FAILED
[INFO] [stdout] test src/reader.rs - reader (line 24) ... FAILED
[INFO] [stdout] test src/raw/header.rs - raw::header::Header::offset_to_end_of_points (line 324) ... FAILED
[INFO] [stdout] test src/raw/point.rs - raw::point::Flags::clear_overlap_class (line 734) ... FAILED
[INFO] [stdout] test src/reader.rs - reader::Reader::from_path (line 316) ... FAILED
[INFO] [stdout] test src/point/format.rs - point::format::Format::to_u8 (line 164) ... FAILED
[INFO] [stdout] test src/header/mod.rs - header::Header::all_vlrs (line 473) ... FAILED
[INFO] [stdout] test src/lib.rs - (line 77) ... FAILED
[INFO] [stdout] test src/reader.rs - reader::Reader::new (line 199) ... FAILED
[INFO] [stdout] test src/point/mod.rs - point::Point::flags (line 216) ... FAILED
[INFO] [stdout] test src/writer.rs - writer::Writer<BufWriter<File>>::from_path (line 366) ... FAILED
[INFO] [stdout] test src/lib.rs - (line 32) ... FAILED
[INFO] [stdout] test src/header/mod.rs - header (line 7) ... FAILED
[INFO] [stdout] test src/point/classification.rs - point::classification::Classification (line 8) ... FAILED
[INFO] [stdout] test src/reader.rs - reader (line 17) ... FAILED
[INFO] [stdout] test src/version.rs - version::Version::header_size (line 56) ... FAILED
[INFO] [stdout] test src/raw/vlr.rs - raw::vlr::Vlr::write_to (line 94) ... FAILED
[INFO] [stdout] test src/reader.rs - reader::Read::seek (line 165) ... FAILED
[INFO] [stdout] test src/writer.rs - writer::Writer (line 198) ... FAILED
[INFO] [stdout] test src/point/mod.rs - point (line 5) ... FAILED
[INFO] [stdout] test src/point/classification.rs - point::classification::Classification::new (line 64) ... FAILED
[INFO] [stderr] error: test failed, to rerun pass '--doc'
[INFO] [stderr] 
[INFO] [stderr] Caused by:
[INFO] [stderr]   process didn't exit successfully: `rustdoc --crate-type lib --crate-name las --test /opt/rustwide/workdir/src/lib.rs -L dependency=/opt/rustwide/target/debug/deps -L dependency=/opt/rustwide/target/debug/deps --extern byteorder=/opt/rustwide/target/debug/deps/libbyteorder-b104c2f145611cff.rlib --extern chrono=/opt/rustwide/target/debug/deps/libchrono-f0cbfce0a7cacaa2.rlib --extern las=/opt/rustwide/target/debug/deps/liblas-ed0f6047106f8b61.rlib --extern log=/opt/rustwide/target/debug/deps/liblog-6eac8828b0293875.rlib --extern num=/opt/rustwide/target/debug/deps/libnum-1eb9fff04de6374d.rlib --extern thiserror=/opt/rustwide/target/debug/deps/libthiserror-094d26914506add2.rlib --extern uuid=/opt/rustwide/target/debug/deps/libuuid-2f7a64579c18f8c2.rlib -C embed-bitcode=no --error-format human` (signal: 9, SIGKILL: kill)
[INFO] running `Command { std: "docker" "inspect" "62c034bdd05ba0e8f350b73e392f4612bfac88944d9704ee8a858a51ff7d4ba9", kill_on_drop: false }`
[INFO] running `Command { std: "docker" "rm" "-f" "62c034bdd05ba0e8f350b73e392f4612bfac88944d9704ee8a858a51ff7d4ba9", kill_on_drop: false }`
[INFO] [stdout] 62c034bdd05ba0e8f350b73e392f4612bfac88944d9704ee8a858a51ff7d4ba9
