[INFO] fetching crate kurbo 0.8.1...
[INFO] testing kurbo-0.8.1 against beta-2021-08-01 for beta-1.55-1
[INFO] extracting crate kurbo 0.8.1 into /workspace/builds/worker-47/source
[INFO] validating manifest of crates.io crate kurbo 0.8.1 on toolchain beta-2021-08-01
[INFO] running `Command { std: "/workspace/cargo-home/bin/cargo" "+beta-2021-08-01" "metadata" "--manifest-path" "Cargo.toml" "--no-deps", kill_on_drop: false }`
[INFO] started tweaking crates.io crate kurbo 0.8.1
[INFO] finished tweaking crates.io crate kurbo 0.8.1
[INFO] tweaked toml for crates.io crate kurbo 0.8.1 written to /workspace/builds/worker-47/source/Cargo.toml
[INFO] crate crates.io crate kurbo 0.8.1 already has a lockfile, it will not be regenerated
[INFO] running `Command { std: "/workspace/cargo-home/bin/cargo" "+beta-2021-08-01" "fetch" "--manifest-path" "Cargo.toml", kill_on_drop: false }`
[INFO] [stderr]     Blocking waiting for file lock on package cache
[INFO] [stderr]     Blocking waiting for file lock on package cache
[INFO] [stderr]  Downloading crates ...
[INFO] [stderr]   Downloaded libc v0.2.91
[INFO] running `Command { std: "docker" "create" "-v" "/var/lib/crater-agent-workspace/builds/worker-47/target:/opt/rustwide/target:rw,Z" "-v" "/var/lib/crater-agent-workspace/builds/worker-47/source:/opt/rustwide/workdir:ro,Z" "-v" "/var/lib/crater-agent-workspace/cargo-home:/opt/rustwide/cargo-home:ro,Z" "-v" "/var/lib/crater-agent-workspace/rustup-home:/opt/rustwide/rustup-home:ro,Z" "-e" "SOURCE_DIR=/opt/rustwide/workdir" "-e" "CARGO_TARGET_DIR=/opt/rustwide/target" "-e" "CARGO_HOME=/opt/rustwide/cargo-home" "-e" "RUSTUP_HOME=/opt/rustwide/rustup-home" "-w" "/opt/rustwide/workdir" "-m" "1610612736" "--user" "0:0" "--network" "none" "ghcr.io/rust-lang/crates-build-env/linux@sha256:34b6a614d2c27851fe6cbf88fbd1137609cefab8b10d0615aaeb6fd47975d74e" "/opt/rustwide/cargo-home/bin/cargo" "+beta-2021-08-01" "metadata" "--no-deps" "--format-version=1", kill_on_drop: false }`
[INFO] [stdout] a2fd0acc213697efee3edf0b31c195f7f3eae2da1baf701f914d218405370f75
[INFO] running `Command { std: "docker" "start" "-a" "a2fd0acc213697efee3edf0b31c195f7f3eae2da1baf701f914d218405370f75", kill_on_drop: false }`
[INFO] running `Command { std: "docker" "inspect" "a2fd0acc213697efee3edf0b31c195f7f3eae2da1baf701f914d218405370f75", kill_on_drop: false }`
[INFO] running `Command { std: "docker" "rm" "-f" "a2fd0acc213697efee3edf0b31c195f7f3eae2da1baf701f914d218405370f75", kill_on_drop: false }`
[INFO] [stdout] a2fd0acc213697efee3edf0b31c195f7f3eae2da1baf701f914d218405370f75
[INFO] running `Command { std: "docker" "create" "-v" "/var/lib/crater-agent-workspace/builds/worker-47/target:/opt/rustwide/target:rw,Z" "-v" "/var/lib/crater-agent-workspace/builds/worker-47/source:/opt/rustwide/workdir:ro,Z" "-v" "/var/lib/crater-agent-workspace/cargo-home:/opt/rustwide/cargo-home:ro,Z" "-v" "/var/lib/crater-agent-workspace/rustup-home:/opt/rustwide/rustup-home:ro,Z" "-e" "SOURCE_DIR=/opt/rustwide/workdir" "-e" "CARGO_TARGET_DIR=/opt/rustwide/target" "-e" "CARGO_INCREMENTAL=0" "-e" "RUST_BACKTRACE=full" "-e" "RUSTFLAGS=--cap-lints=warn" "-e" "CARGO_HOME=/opt/rustwide/cargo-home" "-e" "RUSTUP_HOME=/opt/rustwide/rustup-home" "-w" "/opt/rustwide/workdir" "-m" "1610612736" "--user" "0:0" "--network" "none" "ghcr.io/rust-lang/crates-build-env/linux@sha256:34b6a614d2c27851fe6cbf88fbd1137609cefab8b10d0615aaeb6fd47975d74e" "/opt/rustwide/cargo-home/bin/cargo" "+beta-2021-08-01" "build" "--frozen" "--message-format=json", kill_on_drop: false }`
[INFO] [stdout] c435b2c0c8eac4299a4ca5e47a32705c5bdf34576140723de18022a71c8a42bc
[INFO] running `Command { std: "docker" "start" "-a" "c435b2c0c8eac4299a4ca5e47a32705c5bdf34576140723de18022a71c8a42bc", kill_on_drop: false }`
[INFO] [stderr]    Compiling arrayvec v0.5.2
[INFO] [stderr]    Compiling kurbo v0.8.1 (/opt/rustwide/workdir)
[INFO] [stderr]     Finished dev [unoptimized + debuginfo] target(s) in 17.21s
[INFO] running `Command { std: "docker" "inspect" "c435b2c0c8eac4299a4ca5e47a32705c5bdf34576140723de18022a71c8a42bc", kill_on_drop: false }`
[INFO] running `Command { std: "docker" "rm" "-f" "c435b2c0c8eac4299a4ca5e47a32705c5bdf34576140723de18022a71c8a42bc", kill_on_drop: false }`
[INFO] [stdout] c435b2c0c8eac4299a4ca5e47a32705c5bdf34576140723de18022a71c8a42bc
[INFO] running `Command { std: "docker" "create" "-v" "/var/lib/crater-agent-workspace/builds/worker-47/target:/opt/rustwide/target:rw,Z" "-v" "/var/lib/crater-agent-workspace/builds/worker-47/source:/opt/rustwide/workdir:ro,Z" "-v" "/var/lib/crater-agent-workspace/cargo-home:/opt/rustwide/cargo-home:ro,Z" "-v" "/var/lib/crater-agent-workspace/rustup-home:/opt/rustwide/rustup-home:ro,Z" "-e" "SOURCE_DIR=/opt/rustwide/workdir" "-e" "CARGO_TARGET_DIR=/opt/rustwide/target" "-e" "CARGO_INCREMENTAL=0" "-e" "RUST_BACKTRACE=full" "-e" "RUSTFLAGS=--cap-lints=warn" "-e" "CARGO_HOME=/opt/rustwide/cargo-home" "-e" "RUSTUP_HOME=/opt/rustwide/rustup-home" "-w" "/opt/rustwide/workdir" "-m" "1610612736" "--user" "0:0" "--network" "none" "ghcr.io/rust-lang/crates-build-env/linux@sha256:34b6a614d2c27851fe6cbf88fbd1137609cefab8b10d0615aaeb6fd47975d74e" "/opt/rustwide/cargo-home/bin/cargo" "+beta-2021-08-01" "test" "--frozen" "--no-run" "--message-format=json", kill_on_drop: false }`
[INFO] [stdout] 83be38bc454d914e8c97364daef55aa35e1a34e2bfe048366abd4e3581ddf0f2
[INFO] running `Command { std: "docker" "start" "-a" "83be38bc454d914e8c97364daef55aa35e1a34e2bfe048366abd4e3581ddf0f2", kill_on_drop: false }`
[INFO] [stderr]     Blocking waiting for file lock on package cache
[INFO] [stderr]    Compiling libc v0.2.91
[INFO] [stderr]    Compiling getrandom v0.1.16
[INFO] [stderr]    Compiling rand_core v0.5.1
[INFO] [stderr]    Compiling rand_chacha v0.2.2
[INFO] [stderr]    Compiling rand v0.7.3
[INFO] [stderr]    Compiling kurbo v0.8.1 (/opt/rustwide/workdir)
[INFO] [stderr]     Finished test [unoptimized + debuginfo] target(s) in 8.79s
[INFO] running `Command { std: "docker" "inspect" "83be38bc454d914e8c97364daef55aa35e1a34e2bfe048366abd4e3581ddf0f2", kill_on_drop: false }`
[INFO] running `Command { std: "docker" "rm" "-f" "83be38bc454d914e8c97364daef55aa35e1a34e2bfe048366abd4e3581ddf0f2", kill_on_drop: false }`
[INFO] [stdout] 83be38bc454d914e8c97364daef55aa35e1a34e2bfe048366abd4e3581ddf0f2
[INFO] running `Command { std: "docker" "create" "-v" "/var/lib/crater-agent-workspace/builds/worker-47/target:/opt/rustwide/target:rw,Z" "-v" "/var/lib/crater-agent-workspace/builds/worker-47/source:/opt/rustwide/workdir:ro,Z" "-v" "/var/lib/crater-agent-workspace/cargo-home:/opt/rustwide/cargo-home:ro,Z" "-v" "/var/lib/crater-agent-workspace/rustup-home:/opt/rustwide/rustup-home:ro,Z" "-e" "SOURCE_DIR=/opt/rustwide/workdir" "-e" "CARGO_TARGET_DIR=/opt/rustwide/target" "-e" "CARGO_INCREMENTAL=0" "-e" "RUST_BACKTRACE=full" "-e" "RUSTFLAGS=--cap-lints=warn" "-e" "CARGO_HOME=/opt/rustwide/cargo-home" "-e" "RUSTUP_HOME=/opt/rustwide/rustup-home" "-w" "/opt/rustwide/workdir" "-m" "1610612736" "--user" "0:0" "--network" "none" "ghcr.io/rust-lang/crates-build-env/linux@sha256:34b6a614d2c27851fe6cbf88fbd1137609cefab8b10d0615aaeb6fd47975d74e" "/opt/rustwide/cargo-home/bin/cargo" "+beta-2021-08-01" "test" "--frozen", kill_on_drop: false }`
[INFO] [stdout] 356067cfaf793fccb1817c5e40e11ee76d0964b8c7561698e4c71d66efe3950b
[INFO] running `Command { std: "docker" "start" "-a" "356067cfaf793fccb1817c5e40e11ee76d0964b8c7561698e4c71d66efe3950b", kill_on_drop: false }`
[INFO] [stderr]     Blocking waiting for file lock on package cache
[INFO] [stderr]     Finished test [unoptimized + debuginfo] target(s) in 0.07s
[INFO] [stderr]      Running unittests (/opt/rustwide/target/debug/deps/kurbo-c6149e9de6903774)
[INFO] [stdout] 
[INFO] [stdout] running 58 tests
[INFO] [stdout] test affine::tests::affine_basic ... ok
[INFO] [stdout] test affine::tests::affine_inv ... ok
[INFO] [stdout] test affine::tests::affine_mul ... ok
[INFO] [stdout] test bezpath::tests::test_elements_to_segments_starts_on_quad ... ok
[INFO] [stdout] test bezpath::tests::test_intersect_qad ... ok
[INFO] [stdout] test common::tests::test_inv_arclen ... ok
[INFO] [stdout] test common::tests::test_solve_cubic ... ok
[INFO] [stdout] test bezpath::tests::test_intersect_line ... ok
[INFO] [stdout] test bezpath::tests::test_intersect_cubic ... ok
[INFO] [stdout] test circle::tests::area_sign ... ok
[INFO] [stdout] test common::tests::test_solve_itp ... ok
[INFO] [stdout] test cubicbez::tests::cubicbez_deriv ... ok
[INFO] [stdout] test cubicbez::tests::cubicbez_signed_area ... ok
[INFO] [stdout] test cubicbez::tests::cubicbez_inv_arclen ... ok
[INFO] [stdout] test cubicbez::tests::cubicbez_toquads ... ok
[INFO] [stdout] test rounded_rect::tests::area ... ok
[INFO] [stdout] test svg::tests::test_parse_svg ... ok
[INFO] [stdout] test cubicbez::tests::degenerate_to_quads ... ok
[INFO] [stdout] test quadbez::tests::quadbez_nearest ... ok
[INFO] [stdout] test svg::tests::test_parse_svg_arc_pie ... ok
[INFO] [stdout] test line::tests::line_arclen ... ok
[INFO] [stdout] test cubicbez::tests::cubicbez_extrema ... ok
[INFO] [stdout] test svg::tests::test_parse_svg_arc ... ok
[INFO] [stdout] test common::tests::test_solve_quadratic ... ok
[INFO] [stdout] test quadbez::tests::quadbez_raise ... ok
[INFO] [stdout] test rounded_rect::tests::bez_conversion ... ok
[INFO] [stdout] test rounded_rect::tests::winding ... ok
[INFO] [stdout] test svg::tests::test_write_svg_two_move ... ok
[INFO] [stdout] test point::tests::distance ... ok
[INFO] [stdout] test cubicbez::tests::cubicbez_signed_area_linear ... ok
[INFO] [stdout] test quadbez::tests::quadbez_extrema ... ok
[INFO] [stdout] test quadbez::tests::quadbez_signed_area ... ok
[INFO] [stdout] test quadbez::tests::quadbez_subsegment ... ok
[INFO] [stdout] test rect::tests::area_sign ... ok
[INFO] [stdout] test rect::tests::aspect_ratio ... ok
[INFO] [stdout] test rect::tests::contained_rect_with_aspect_ratio ... ok
[INFO] [stdout] test quadbez::tests::quadbez_arclen_pathological ... ok
[INFO] [stdout] test quadbez::tests::quadbez_deriv ... ok
[INFO] [stdout] test size::tests::aspect_ratio ... ok
[INFO] [stdout] test quadbez::tests::quadbez_nearest_low_order ... ok
[INFO] [stdout] test rect::tests::display ... ok
[INFO] [stdout] test cubicbez::tests::cubicbez_nearest ... ok
[INFO] [stdout] test bezpath::tests::test_elements_to_segments_closepath_refers_to_last_moveto ... ok
[INFO] [stdout] test size::tests::display ... ok
[INFO] [stdout] test svg::tests::test_write_svg_single ... ok
[INFO] [stdout] test svg::tests::test_parse_svg2 ... ok
[INFO] [stdout] test ellipse::tests::area_sign ... ok
[INFO] [stdout] test quadbez::tests::quadbez_arclen ... ok
[INFO] [stdout] test svg::tests::test_write_svg_two_nomove ... ok
[INFO] [stdout] test translate_scale::tests::conversions ... ok
[INFO] [stdout] test translate_scale::tests::inverse ... ok
[INFO] [stdout] test translate_scale::tests::translate_scale ... ok
[INFO] [stdout] test vec2::tests::display ... ok
[INFO] [stdout] test point::tests::point_arithmetic ... ok
[INFO] [stdout] test cubicbez::tests::cubicbez_arclen ... ok
[INFO] [stdout] test point::tests::display ... ok
[INFO] [stdout] test svg::tests::test_serialize_deserialize ... ok
[INFO] [stdout] test bezpath::tests::test_elements_to_segments_starts_on_closepath - should panic ... ok
[INFO] [stdout] 
[INFO] [stdout] test result: ok. 58 passed; 0 failed; 0 ignored; 0 measured; 0 filtered out; finished in 0.06s
[INFO] [stdout] 
[INFO] [stderr]    Doc-tests kurbo
[INFO] [stderr] warning: lint `broken_intra_doc_links` has been renamed to `rustdoc::broken_intra_doc_links`
[INFO] [stderr]   --> /opt/rustwide/workdir/src/lib.rs:74:9
[INFO] [stderr]    |
[INFO] [stderr] 74 | #![warn(broken_intra_doc_links)]
[INFO] [stderr]    |         ^^^^^^^^^^^^^^^^^^^^^^ help: use the new name: `rustdoc::broken_intra_doc_links`
[INFO] [stderr]    |
[INFO] [stderr]    = note: `#[warn(renamed_and_removed_lints)]` on by default
[INFO] [stderr] 
[INFO] [stderr] warning: 1 warning emitted
[INFO] [stderr] 
[INFO] [stdout] 
[INFO] [stdout] running 43 tests
[INFO] [stdout] test src/size.rs - size::Size::round (line 99) ... FAILED
[INFO] [stdout] test src/bezpath.rs - bezpath::BezPath::from_vec (line 153) ... FAILED
[INFO] [stdout] test src/bezpath.rs - bezpath::BezPath (line 58) ... FAILED
[INFO] [stderr] error: test failed, to rerun pass '--doc'
[INFO] [stderr] 
[INFO] [stderr] Caused by:
[INFO] [stderr]   process didn't exit successfully: `rustdoc --edition=2018 --crate-type lib --crate-name kurbo --test /opt/rustwide/workdir/src/lib.rs -L dependency=/opt/rustwide/target/debug/deps -L dependency=/opt/rustwide/target/debug/deps --extern arrayvec=/opt/rustwide/target/debug/deps/libarrayvec-86ddbba81092fc3b.rlib --extern kurbo=/opt/rustwide/target/debug/deps/libkurbo-0b1b598e414ca113.rlib --extern rand=/opt/rustwide/target/debug/deps/librand-153fd5f3581b81fe.rlib -C embed-bitcode=no --error-format human` (signal: 9, SIGKILL: kill)
[INFO] running `Command { std: "docker" "inspect" "356067cfaf793fccb1817c5e40e11ee76d0964b8c7561698e4c71d66efe3950b", kill_on_drop: false }`
[INFO] running `Command { std: "docker" "rm" "-f" "356067cfaf793fccb1817c5e40e11ee76d0964b8c7561698e4c71d66efe3950b", kill_on_drop: false }`
[INFO] [stdout] 356067cfaf793fccb1817c5e40e11ee76d0964b8c7561698e4c71d66efe3950b
