[INFO] fetching crate krator 0.4.0...
[INFO] testing krator-0.4.0 against beta-2021-08-01 for beta-1.55-1
[INFO] extracting crate krator 0.4.0 into /workspace/builds/worker-82/source
[INFO] validating manifest of crates.io crate krator 0.4.0 on toolchain beta-2021-08-01
[INFO] running `Command { std: "/workspace/cargo-home/bin/cargo" "+beta-2021-08-01" "metadata" "--manifest-path" "Cargo.toml" "--no-deps", kill_on_drop: false }`
[INFO] started tweaking crates.io crate krator 0.4.0
[INFO] removed 0 missing examples
[INFO] finished tweaking crates.io crate krator 0.4.0
[INFO] tweaked toml for crates.io crate krator 0.4.0 written to /workspace/builds/worker-82/source/Cargo.toml
[INFO] crate crates.io crate krator 0.4.0 already has a lockfile, it will not be regenerated
[INFO] running `Command { std: "/workspace/cargo-home/bin/cargo" "+beta-2021-08-01" "fetch" "--manifest-path" "Cargo.toml", kill_on_drop: false }`
[INFO] [stderr]     Blocking waiting for file lock on package cache
[INFO] [stderr]     Blocking waiting for file lock on package cache
[INFO] running `Command { std: "docker" "create" "-v" "/var/lib/crater-agent-workspace/builds/worker-82/target:/opt/rustwide/target:rw,Z" "-v" "/var/lib/crater-agent-workspace/builds/worker-82/source:/opt/rustwide/workdir:ro,Z" "-v" "/var/lib/crater-agent-workspace/cargo-home:/opt/rustwide/cargo-home:ro,Z" "-v" "/var/lib/crater-agent-workspace/rustup-home:/opt/rustwide/rustup-home:ro,Z" "-e" "SOURCE_DIR=/opt/rustwide/workdir" "-e" "CARGO_TARGET_DIR=/opt/rustwide/target" "-e" "CARGO_HOME=/opt/rustwide/cargo-home" "-e" "RUSTUP_HOME=/opt/rustwide/rustup-home" "-w" "/opt/rustwide/workdir" "-m" "1610612736" "--user" "0:0" "--network" "none" "ghcr.io/rust-lang/crates-build-env/linux@sha256:34b6a614d2c27851fe6cbf88fbd1137609cefab8b10d0615aaeb6fd47975d74e" "/opt/rustwide/cargo-home/bin/cargo" "+beta-2021-08-01" "metadata" "--no-deps" "--format-version=1", kill_on_drop: false }`
[INFO] [stdout] 732e35c46281387daa13f24bcdda96f9df70170e8a53c46a6d5d7f7fda42e59c
[INFO] running `Command { std: "docker" "start" "-a" "732e35c46281387daa13f24bcdda96f9df70170e8a53c46a6d5d7f7fda42e59c", kill_on_drop: false }`
[INFO] running `Command { std: "docker" "inspect" "732e35c46281387daa13f24bcdda96f9df70170e8a53c46a6d5d7f7fda42e59c", kill_on_drop: false }`
[INFO] running `Command { std: "docker" "rm" "-f" "732e35c46281387daa13f24bcdda96f9df70170e8a53c46a6d5d7f7fda42e59c", kill_on_drop: false }`
[INFO] [stdout] 732e35c46281387daa13f24bcdda96f9df70170e8a53c46a6d5d7f7fda42e59c
[INFO] running `Command { std: "docker" "create" "-v" "/var/lib/crater-agent-workspace/builds/worker-82/target:/opt/rustwide/target:rw,Z" "-v" "/var/lib/crater-agent-workspace/builds/worker-82/source:/opt/rustwide/workdir:ro,Z" "-v" "/var/lib/crater-agent-workspace/cargo-home:/opt/rustwide/cargo-home:ro,Z" "-v" "/var/lib/crater-agent-workspace/rustup-home:/opt/rustwide/rustup-home:ro,Z" "-e" "SOURCE_DIR=/opt/rustwide/workdir" "-e" "CARGO_TARGET_DIR=/opt/rustwide/target" "-e" "CARGO_INCREMENTAL=0" "-e" "RUST_BACKTRACE=full" "-e" "RUSTFLAGS=--cap-lints=warn" "-e" "CARGO_HOME=/opt/rustwide/cargo-home" "-e" "RUSTUP_HOME=/opt/rustwide/rustup-home" "-w" "/opt/rustwide/workdir" "-m" "1610612736" "--user" "0:0" "--network" "none" "ghcr.io/rust-lang/crates-build-env/linux@sha256:34b6a614d2c27851fe6cbf88fbd1137609cefab8b10d0615aaeb6fd47975d74e" "/opt/rustwide/cargo-home/bin/cargo" "+beta-2021-08-01" "build" "--frozen" "--message-format=json", kill_on_drop: false }`
[INFO] [stdout] d66d3d15cbadd34b8bfc5299d699196f6524870b6e84fc5839e476f5d341cf9a
[INFO] running `Command { std: "docker" "start" "-a" "d66d3d15cbadd34b8bfc5299d699196f6524870b6e84fc5839e476f5d341cf9a", kill_on_drop: false }`
[INFO] [stderr]     Blocking waiting for file lock on package cache
[INFO] [stderr]     Blocking waiting for file lock on package cache
[INFO] [stderr]    Compiling proc-macro2 v1.0.27
[INFO] [stderr]    Compiling syn v1.0.73
[INFO] [stderr]    Compiling pin-project-lite v0.2.7
[INFO] [stderr]    Compiling memchr v2.3.4
[INFO] [stderr]    Compiling serde_derive v1.0.126
[INFO] [stderr]    Compiling once_cell v1.8.0
[INFO] [stderr]    Compiling serde v1.0.126
[INFO] [stderr]    Compiling proc-macro-hack v0.5.19
[INFO] [stderr]    Compiling futures-task v0.3.15
[INFO] [stderr]    Compiling proc-macro-nested v0.1.7
[INFO] [stderr]    Compiling futures-channel v0.3.15
[INFO] [stderr]    Compiling pkg-config v0.3.19
[INFO] [stderr]    Compiling cc v1.0.69
[INFO] [stderr]    Compiling futures-io v0.3.15
[INFO] [stderr]    Compiling serde_json v1.0.64
[INFO] [stderr]    Compiling hashbrown v0.11.2
[INFO] [stderr]    Compiling foreign-types-shared v0.1.1
[INFO] [stderr]    Compiling openssl v0.10.35
[INFO] [stderr]    Compiling native-tls v0.2.7
[INFO] [stderr]    Compiling httpdate v1.0.1
[INFO] [stderr]    Compiling k8s-openapi v0.12.0
[INFO] [stderr]    Compiling pin-project-internal v0.4.28
[INFO] [stderr]    Compiling openssl-probe v0.1.4
[INFO] [stderr]    Compiling linked-hash-map v0.5.4
[INFO] [stderr]    Compiling matches v0.1.8
[INFO] [stderr]    Compiling doc-comment v0.3.3
[INFO] [stderr]    Compiling dtoa v0.4.8
[INFO] [stderr]    Compiling anyhow v1.0.42
[INFO] [stderr]    Compiling smallvec v1.6.1
[INFO] [stderr]    Compiling futures-macro v0.3.15
[INFO] [stderr]    Compiling tokio v1.8.2
[INFO] [stderr]    Compiling futures-util v0.3.15
[INFO] [stderr]    Compiling indexmap v1.7.0
[INFO] [stderr]    Compiling num-traits v0.2.14
[INFO] [stderr]    Compiling tracing-core v0.1.18
[INFO] [stderr]    Compiling num_cpus v1.13.0
[INFO] [stderr]    Compiling mio v0.7.13
[INFO] [stderr]    Compiling signal-hook-registry v1.4.0
[INFO] [stderr]    Compiling want v0.3.0
[INFO] [stderr]    Compiling time v0.1.44
[INFO] [stderr]    Compiling socket2 v0.4.0
[INFO] [stderr]    Compiling dirs-sys-next v0.1.2
[INFO] [stderr]    Compiling http-body v0.4.2
[INFO] [stderr]    Compiling foreign-types v0.3.2
[INFO] [stderr]    Compiling form_urlencoded v1.0.1
[INFO] [stderr]    Compiling dirs-next v2.0.0
[INFO] [stderr]    Compiling dashmap v4.0.2
[INFO] [stderr]    Compiling yaml-rust v0.4.5
[INFO] [stderr]    Compiling aho-corasick v0.7.15
[INFO] [stderr]    Compiling quote v1.0.9
[INFO] [stderr]    Compiling openssl-sys v0.9.65
[INFO] [stderr]    Compiling num-integer v0.1.44
[INFO] [stderr]    Compiling ordered-float v2.7.0
[INFO] [stderr]    Compiling regex v1.4.6
[INFO] [stderr]    Compiling pem v0.8.3
[INFO] [stderr]    Compiling tokio-macros v1.3.0
[INFO] [stderr]    Compiling tracing-attributes v0.1.15
[INFO] [stderr]    Compiling pin-project-internal v1.0.7
[INFO] [stderr]    Compiling thiserror-impl v1.0.26
[INFO] [stderr]    Compiling snafu-derive v0.6.10
[INFO] [stderr]    Compiling derivative v2.2.0
[INFO] [stderr]    Compiling async-trait v0.1.50
[INFO] [stderr]    Compiling pin-project v1.0.7
[INFO] [stderr]    Compiling thiserror v1.0.26
[INFO] [stderr]    Compiling pin-project v0.4.28
[INFO] [stderr]    Compiling snafu v0.6.10
[INFO] [stderr]    Compiling tracing v0.1.26
[INFO] [stderr]    Compiling tracing-futures v0.2.5
[INFO] [stderr]    Compiling tokio-util v0.6.7
[INFO] [stderr]    Compiling tokio-io-timeout v1.1.1
[INFO] [stderr]    Compiling tokio-native-tls v0.3.0
[INFO] [stderr]    Compiling futures-executor v0.3.15
[INFO] [stderr]    Compiling tower-http v0.1.1
[INFO] [stderr]    Compiling tower v0.4.8
[INFO] [stderr]    Compiling tokio-stream v0.1.7
[INFO] [stderr]    Compiling futures v0.3.15
[INFO] [stderr]    Compiling hyper v0.14.10
[INFO] [stderr]    Compiling chrono v0.4.19
[INFO] [stderr]    Compiling serde-value v0.7.0
[INFO] [stderr]    Compiling serde_yaml v0.8.17
[INFO] [stderr]    Compiling treediff v3.0.2
[INFO] [stderr]    Compiling json-patch v0.2.6
[INFO] [stderr]    Compiling jsonpath_lib v0.3.0
[INFO] [stderr]    Compiling hyper-tls v0.5.0
[INFO] [stderr]    Compiling hyper-timeout v0.4.1
[INFO] [stderr]    Compiling kube-core v0.58.1
[INFO] [stderr]    Compiling kube v0.58.1
[INFO] [stderr]    Compiling kube-runtime v0.58.1
[INFO] [stderr]    Compiling krator v0.4.0 (/opt/rustwide/workdir)
[INFO] [stderr]     Finished dev [unoptimized + debuginfo] target(s) in 59.13s
[INFO] running `Command { std: "docker" "inspect" "d66d3d15cbadd34b8bfc5299d699196f6524870b6e84fc5839e476f5d341cf9a", kill_on_drop: false }`
[INFO] running `Command { std: "docker" "rm" "-f" "d66d3d15cbadd34b8bfc5299d699196f6524870b6e84fc5839e476f5d341cf9a", kill_on_drop: false }`
[INFO] [stdout] d66d3d15cbadd34b8bfc5299d699196f6524870b6e84fc5839e476f5d341cf9a
[INFO] running `Command { std: "docker" "create" "-v" "/var/lib/crater-agent-workspace/builds/worker-82/target:/opt/rustwide/target:rw,Z" "-v" "/var/lib/crater-agent-workspace/builds/worker-82/source:/opt/rustwide/workdir:ro,Z" "-v" "/var/lib/crater-agent-workspace/cargo-home:/opt/rustwide/cargo-home:ro,Z" "-v" "/var/lib/crater-agent-workspace/rustup-home:/opt/rustwide/rustup-home:ro,Z" "-e" "SOURCE_DIR=/opt/rustwide/workdir" "-e" "CARGO_TARGET_DIR=/opt/rustwide/target" "-e" "CARGO_INCREMENTAL=0" "-e" "RUST_BACKTRACE=full" "-e" "RUSTFLAGS=--cap-lints=warn" "-e" "CARGO_HOME=/opt/rustwide/cargo-home" "-e" "RUSTUP_HOME=/opt/rustwide/rustup-home" "-w" "/opt/rustwide/workdir" "-m" "1610612736" "--user" "0:0" "--network" "none" "ghcr.io/rust-lang/crates-build-env/linux@sha256:34b6a614d2c27851fe6cbf88fbd1137609cefab8b10d0615aaeb6fd47975d74e" "/opt/rustwide/cargo-home/bin/cargo" "+beta-2021-08-01" "test" "--frozen" "--no-run" "--message-format=json", kill_on_drop: false }`
[INFO] [stdout] e7084cec5fc1388f485876166458fa5d71ff176954a8d79751d9624e849f48fa
[INFO] running `Command { std: "docker" "start" "-a" "e7084cec5fc1388f485876166458fa5d71ff176954a8d79751d9624e849f48fa", kill_on_drop: false }`
[INFO] [stderr]     Blocking waiting for file lock on package cache
[INFO] [stderr]     Blocking waiting for file lock on package cache
[INFO] [stderr]     Blocking waiting for file lock on package cache
[INFO] [stderr]    Compiling version_check v0.9.3
[INFO] [stderr]    Compiling ident_case v1.0.1
[INFO] [stderr]    Compiling strsim v0.10.0
[INFO] [stderr]    Compiling ansi_term v0.12.1
[INFO] [stderr]    Compiling integer-encoding v1.1.7
[INFO] [stderr]    Compiling schemars v0.8.3
[INFO] [stderr]    Compiling compiletest_rs v0.6.0
[INFO] [stderr]    Compiling dyn-clone v1.0.4
[INFO] [stderr]    Compiling diff v0.1.12
[INFO] [stderr]    Compiling regex-automata v0.1.10
[INFO] [stderr]    Compiling getopts v0.2.21
[INFO] [stderr]    Compiling thread_local v1.1.3
[INFO] [stderr]    Compiling sharded-slab v0.1.1
[INFO] [stderr]    Compiling tracing-log v0.1.2
[INFO] [stderr]    Compiling filetime v0.2.14
[INFO] [stderr]    Compiling threadpool v1.8.1
[INFO] [stderr]    Compiling serde_derive_internals v0.25.0
[INFO] [stderr]    Compiling ordered-float v1.1.1
[INFO] [stderr]    Compiling term v0.7.0
[INFO] [stderr]    Compiling tracing-serde v0.1.2
[INFO] [stderr]    Compiling rustfix v0.5.1
[INFO] [stderr]    Compiling opentelemetry v0.12.0
[INFO] [stderr]    Compiling darling_core v0.12.4
[INFO] [stderr]    Compiling proc-macro-error-attr v1.0.4
[INFO] [stderr]    Compiling proc-macro-error v1.0.4
[INFO] [stderr]    Compiling tester v0.9.0
[INFO] [stderr]    Compiling thrift v0.13.0
[INFO] [stderr]    Compiling matchers v0.0.1
[INFO] [stderr]    Compiling tracing-subscriber v0.2.19
[INFO] [stderr]    Compiling schemars_derive v0.8.3
[INFO] [stderr]    Compiling opentelemetry-jaeger v0.11.0
[INFO] [stderr]    Compiling structopt-derive v0.4.15
[INFO] [stderr]    Compiling tracing-opentelemetry v0.11.0
[INFO] [stderr]    Compiling darling_macro v0.12.4
[INFO] [stderr]    Compiling structopt v0.3.22
[INFO] [stderr]    Compiling darling v0.12.4
[INFO] [stderr]    Compiling kube-derive v0.58.1
[INFO] [stderr]    Compiling krator v0.4.0 (/opt/rustwide/workdir)
[INFO] [stderr]     Finished test [unoptimized + debuginfo] target(s) in 20.01s
[INFO] running `Command { std: "docker" "inspect" "e7084cec5fc1388f485876166458fa5d71ff176954a8d79751d9624e849f48fa", kill_on_drop: false }`
[INFO] running `Command { std: "docker" "rm" "-f" "e7084cec5fc1388f485876166458fa5d71ff176954a8d79751d9624e849f48fa", kill_on_drop: false }`
[INFO] [stdout] e7084cec5fc1388f485876166458fa5d71ff176954a8d79751d9624e849f48fa
[INFO] running `Command { std: "docker" "create" "-v" "/var/lib/crater-agent-workspace/builds/worker-82/target:/opt/rustwide/target:rw,Z" "-v" "/var/lib/crater-agent-workspace/builds/worker-82/source:/opt/rustwide/workdir:ro,Z" "-v" "/var/lib/crater-agent-workspace/cargo-home:/opt/rustwide/cargo-home:ro,Z" "-v" "/var/lib/crater-agent-workspace/rustup-home:/opt/rustwide/rustup-home:ro,Z" "-e" "SOURCE_DIR=/opt/rustwide/workdir" "-e" "CARGO_TARGET_DIR=/opt/rustwide/target" "-e" "CARGO_INCREMENTAL=0" "-e" "RUST_BACKTRACE=full" "-e" "RUSTFLAGS=--cap-lints=warn" "-e" "CARGO_HOME=/opt/rustwide/cargo-home" "-e" "RUSTUP_HOME=/opt/rustwide/rustup-home" "-w" "/opt/rustwide/workdir" "-m" "1610612736" "--user" "0:0" "--network" "none" "ghcr.io/rust-lang/crates-build-env/linux@sha256:34b6a614d2c27851fe6cbf88fbd1137609cefab8b10d0615aaeb6fd47975d74e" "/opt/rustwide/cargo-home/bin/cargo" "+beta-2021-08-01" "test" "--frozen", kill_on_drop: false }`
[INFO] [stdout] 905a0c8178a87286b429a75cbc0575ba5a8bcd4842b98fade236f4a5deb98c8c
[INFO] running `Command { std: "docker" "start" "-a" "905a0c8178a87286b429a75cbc0575ba5a8bcd4842b98fade236f4a5deb98c8c", kill_on_drop: false }`
[INFO] [stderr]     Finished test [unoptimized + debuginfo] target(s) in 0.59s
[INFO] [stderr]      Running unittests (/opt/rustwide/target/debug/deps/krator-13b52cc0535cafe3)
[INFO] [stdout] 
[INFO] [stdout] running 1 test
[INFO] [stdout] test manifest::test::test ... ok
[INFO] [stdout] 
[INFO] [stdout] test result: ok. 1 passed; 0 failed; 0 ignored; 0 measured; 0 filtered out; finished in 4.02s
[INFO] [stdout] 
[INFO] [stderr]      Running tests/ui.rs (/opt/rustwide/target/debug/deps/ui-2dabf81b422928e4)
[INFO] [stdout] 
[INFO] [stdout] running 1 test
[INFO] [stdout] 
[INFO] [stdout] running 4 tests
[INFO] [stdout] test [ui] ui/state/cannot_construct_transition_next.rs ... FAILED
[INFO] [stdout] test [ui] ui/state/next_must_be_state.rs ... FAILED
[INFO] [stdout] test [ui] ui/state/require_same_object_state.rs ... FAILED
[INFO] [stdout] test [ui] ui/state/require_transition_to.rs ... FAILED
[INFO] [stdout] 
[INFO] [stdout] failures:
[INFO] [stdout] 
[INFO] [stdout] failures:
[INFO] [stdout]     [ui] ui/state/cannot_construct_transition_next.rs
[INFO] [stdout]     [ui] ui/state/next_must_be_state.rs
[INFO] [stdout]     [ui] ui/state/require_same_object_state.rs
[INFO] [stdout]     [ui] ui/state/require_transition_to.rs
[INFO] [stdout] 
[INFO] [stdout] test result: FAILED. 0 passed; 4 failed; 0 ignored; 0 measured; 0 filtered out; finished in 0.26s
[INFO] [stdout] 
[INFO] [stdout] test compile_test ... FAILED
[INFO] [stdout] 
[INFO] [stdout] failures:
[INFO] [stdout] 
[INFO] [stdout] ---- compile_test stdout ----
[INFO] [stdout] diff of stderr:
[INFO] [stdout] 
[INFO] [stdout] -error[E0277]: the trait bound `NotState: krator::State<PodState>` is not satisfied
[INFO] [stdout] -  --> $DIR/next_must_be_state.rs:39:9
[INFO] [stdout] -   |
[INFO] [stdout] -39 |         Transition::next(self, NotState)
[INFO] [stdout] -   |         ^^^^^^^^^^^^^^^^ the trait `krator::State<PodState>` is not implemented for `NotState`
[INFO] [stdout] -   |
[INFO] [stdout] -   = note: required by `Transition::<S>::next`
[INFO] [stdout] +error[E0464]: multiple matching crates for `async_trait`
[INFO] [stdout] + --> $DIR/next_must_be_state.rs:3:1
[INFO] [stdout] +  |
[INFO] [stdout] +3 | extern crate async_trait;
[INFO] [stdout] +  | ^^^^^^^^^^^^^^^^^^^^^^^^^
[INFO] [stdout] +  |
[INFO] [stdout] +  = note: candidates:
[INFO] [stdout] +          crate `async_trait`: /opt/rustwide/target/debug/deps/libasync_trait-d483eada87544776.so
[INFO] [stdout] +          crate `async_trait`: /opt/rustwide/target/debug/deps/libasync_trait-60432e6a8c65edbb.so
[INFO] [stdout]  
[INFO] [stdout]  error: aborting due to previous error
[INFO] [stdout]  
[INFO] [stdout] -For more information about this error, try `rustc --explain E0277`.
[INFO] [stdout]  
[INFO] [stdout] 
[INFO] [stdout] The actual stderr differed from the expected stderr.
[INFO] [stdout] diff of stderr:
[INFO] [stdout] 
[INFO] [stdout] Actual stderr saved to /tmp/state/next_must_be_state.stage-id.stderr
[INFO] [stdout] diff of stderr:
[INFO] [stdout] 
[INFO] [stdout] To update references, rerun the tests and pass the `--bless` flag
[INFO] [stdout] To only update this specific test, also pass `--test-args state/next_must_be_state.rs`
[INFO] [stdout] 
[INFO] [stdout] error: 1 errors occurred comparing output.
[INFO] [stdout] status: exit status: 1
[INFO] [stdout] command: "rustc" "tests/ui/state/next_must_be_state.rs" "-L" "/tmp" "--target=x86_64-unknown-linux-gnu" "--error-format" "json" "-C" "prefer-dynamic" "-o" "/tmp/state/next_must_be_state.stage-id" "-A" "unused" "-L" "/opt/rustwide/target/debug/deps" "-L" "/opt/rustwide/target/debug" "-L" "/opt/rustwide/rustup-home/toolchains/beta-2021-08-01-x86_64-unknown-linux-gnu/lib/rustlib/x86_64-unknown-linux-gnu/lib" "-L" "/opt/rustwide/rustup-home/toolchains/beta-2021-08-01-x86_64-unknown-linux-gnu/lib" "--edition=2018" "-L" "/tmp/state/next_must_be_state.stage-id.aux"
[INFO] [stdout] stdout:
[INFO] [stdout] ------------------------------------------
[INFO] [stdout] 
[INFO] [stdout] ------------------------------------------
[INFO] [stdout] stderr:
[INFO] [stdout] ------------------------------------------
[INFO] [stdout] {"message":"multiple matching crates for `async_trait`","code":{"code":"E0464","explanation":null},"level":"error","spans":[{"file_name":"tests/ui/state/next_must_be_state.rs","byte_start":70,"byte_end":95,"line_start":3,"line_end":3,"column_start":1,"column_end":26,"is_primary":true,"text":[{"text":"extern crate async_trait;","highlight_start":1,"highlight_end":26}],"label":null,"suggested_replacement":null,"suggestion_applicability":null,"expansion":null}],"children":[{"message":"candidates:\ncrate `async_trait`: /opt/rustwide/target/debug/deps/libasync_trait-d483eada87544776.so\ncrate `async_trait`: /opt/rustwide/target/debug/deps/libasync_trait-60432e6a8c65edbb.so","code":null,"level":"note","spans":[],"children":[],"rendered":null}],"rendered":"error[E0464]: multiple matching crates for `async_trait`\n --> tests/ui/state/next_must_be_state.rs:3:1\n  |\n3 | extern crate async_trait;\n  | ^^^^^^^^^^^^^^^^^^^^^^^^^\n  |\n  = note: candidates:\n          crate `async_trait`: /opt/rustwide/target/debug/deps/libasync_trait-d483eada87544776.so\n          crate `async_trait`: /opt/rustwide/target/debug/deps/libasync_trait-60432e6a8c65edbb.so\n\n"}
[INFO] [stdout] {"message":"aborting due to previous error","code":null,"level":"error","spans":[],"children":[],"rendered":"error: aborting due to previous error\n\n"}
[INFO] [stdout] 
[INFO] [stdout] ------------------------------------------
[INFO] [stdout] 
[INFO] [stdout] diff of stderr:
[INFO] [stdout] 
[INFO] [stdout] -error[E0277]: the trait bound `TestState: TransitionTo<_>` is not satisfied
[INFO] [stdout] -  --> $DIR/require_transition_to.rs:38:9
[INFO] [stdout] -   |
[INFO] [stdout] -38 |         Transition::next(self, TestState)
[INFO] [stdout] -   |         ^^^^^^^^^^^^^^^^ the trait `TransitionTo<_>` is not implemented for `TestState`
[INFO] [stdout] -   |
[INFO] [stdout] -   = note: required by `Transition::<S>::next`
[INFO] [stdout] +error[E0464]: multiple matching crates for `async_trait`
[INFO] [stdout] + --> $DIR/require_transition_to.rs:3:1
[INFO] [stdout] +  |
[INFO] [stdout] -error[E0451]: field `state` of struct `StateHolder` is private
[INFO] [stdout] -  --> $DIR/cannot_construct_transition_next.rs:26:9
[INFO] [stdout] -   |
[INFO] [stdout] -26 |         state: Box::new(Stub),
[INFO] [stdout] -   |         ^^^^^^^^^^^^^^^^^^^^^ private field
[INFO] [stdout] +error[E0464]: multiple matching crates for `async_trait`
[INFO] [stdout] + --> $DIR/cannot_construct_transition_next.rs:3:1
[INFO] [stdout] +  |
[INFO] [stdout] +3 | extern crate async_trait;
[INFO] [stdout] +  | ^^^^^^^^^^^^^^^^^^^^^^^^^
[INFO] [stdout] +  |
[INFO] [stdout] +  = note: candidates:
[INFO] [stdout] +          crate `async_trait`: /opt/rustwide/target/debug/deps/libasync_trait-d483eada87544776.so
[INFO] [stdout] +          crate `async_trait`: /opt/rustwide/target/debug/deps/libasync_trait-60432e6a8c65edbb.so
[INFO] [stdout]  
[INFO] [stdout]  error: aborting due to previous error
[INFO] [stdout]  
[INFO] [stdout] -For more information about this error, try `rustc --explain E0451`.
[INFO] [stdout]  
[INFO] [stdout] +3 | extern crate async_trait;
[INFO] [stdout] +  | ^^^^^^^^^^^^^^^^^^^^^^^^^
[INFO] [stdout] +  |
[INFO] [stdout] +  = note: candidates:
[INFO] [stdout] +          crate `async_trait`: /opt/rustwide/target/debug/deps/libasync_trait-d483eada87544776.so
[INFO] [stdout] +          crate `async_trait`: /opt/rustwide/target/debug/deps/libasync_trait-60432e6a8c65edbb.so
[INFO] [stdout]  
[INFO] [stdout]  error: aborting due to previous error
[INFO] [stdout]  
[INFO] [stdout] -For more information about this error, try `rustc --explain E0277`.
[INFO] [stdout]  
[INFO] [stdout] -error[E0277]: the trait bound `OtherState: krator::State<PodState>` is not satisfied
[INFO] [stdout] -  --> $DIR/require_same_object_state.rs:50:9
[INFO] [stdout] -   |
[INFO] [stdout] -50 |         Transition::next(self, OtherState)
[INFO] [stdout] -   |         ^^^^^^^^^^^^^^^^ the trait `krator::State<PodState>` is not implemented for `OtherState`
[INFO] [stdout] -   |
[INFO] [stdout] -   = help: the following implementations were found:
[INFO] [stdout] -             <OtherState as krator::State<OtherPodState>>
[INFO] [stdout] -   = note: required by `Transition::<S>::next`
[INFO] [stdout] +error[E0464]: multiple matching crates for `async_trait`
[INFO] [stdout] + --> $DIR/require_same_object_state.rs:3:1
[INFO] [stdout] +  |
[INFO] [stdout] +3 | extern crate async_trait;
[INFO] [stdout] +  | ^^^^^^^^^^^^^^^^^^^^^^^^^
[INFO] [stdout] +  |
[INFO] [stdout] +  = note: candidates:
[INFO] [stdout] +          crate `async_trait`: /opt/rustwide/target/debug/deps/libasync_trait-d483eada87544776.so
[INFO] [stdout] +          crate `async_trait`: /opt/rustwide/target/debug/deps/libasync_trait-60432e6a8c65edbb.so
[INFO] [stdout]  
[INFO] [stdout]  error: aborting due to previous error
[INFO] [stdout]  
[INFO] [stdout] -For more information about this error, try `rustc --explain E0277`.
[INFO] [stdout]  
[INFO] [stdout] 
[INFO] [stdout] The actual stderr differed from the expected stderr.
[INFO] [stdout] Actual stderr saved to /tmp/state/cannot_construct_transition_next.stage-id.stderr
[INFO] [stdout] To update references, rerun the tests and pass the `--bless` flag
[INFO] [stdout] To only update this specific test, also pass `--test-args state/cannot_construct_transition_next.rs`
[INFO] [stdout] 
[INFO] [stdout] error: 1 errors occurred comparing output.
[INFO] [stdout] status: exit status: 1
[INFO] [stdout] command: "rustc" "tests/ui/state/cannot_construct_transition_next.rs" "-L" "/tmp" "--target=x86_64-unknown-linux-gnu" "--error-format" "json" "-C" "prefer-dynamic" "-o" "/tmp/state/cannot_construct_transition_next.stage-id" "-A" "unused" "-L" "/opt/rustwide/target/debug/deps" "-L" "/opt/rustwide/target/debug" "-L" "/opt/rustwide/rustup-home/toolchains/beta-2021-08-01-x86_64-unknown-linux-gnu/lib/rustlib/x86_64-unknown-linux-gnu/lib" "-L" "/opt/rustwide/rustup-home/toolchains/beta-2021-08-01-x86_64-unknown-linux-gnu/lib" "--edition=2018" "-L" "/tmp/state/cannot_construct_transition_next.stage-id.aux"
[INFO] [stdout] stdout:
[INFO] [stdout] ------------------------------------------
[INFO] [stdout] 
[INFO] [stdout] ------------------------------------------
[INFO] [stdout] stderr:
[INFO] [stdout] ------------------------------------------
[INFO] [stdout] {"message":"multiple matching crates for `async_trait`","code":{"code":"E0464","explanation":null},"level":"error","spans":[{"file_name":"tests/ui/state/cannot_construct_transition_next.rs","byte_start":70,"byte_end":95,"line_start":3,"line_end":3,"column_start":1,"column_end":26,"is_primary":true,"text":[{"text":"extern crate async_trait;","highlight_start":1,"highlight_end":26}],"label":null,"suggested_replacement":null,"suggestion_applicability":null,"expansion":null}],"children":[{"message":"candidates:\ncrate `async_trait`: /opt/rustwide/target/debug/deps/libasync_trait-d483eada87544776.so\ncrate `async_trait`: /opt/rustwide/target/debug/deps/libasync_trait-60432e6a8c65edbb.so","code":null,"level":"note","spans":[],"children":[],"rendered":null}],"rendered":"error[E0464]: multiple matching crates for `async_trait`\n --> tests/ui/state/cannot_construct_transition_next.rs:3:1\n  |\n3 | extern crate async_trait;\n  | ^^^^^^^^^^^^^^^^^^^^^^^^^\n  |\n  = note: candidates:\n          crate `async_trait`: /opt/rustwide/target/debug/deps/libasync_trait-d483eada87544776.so\n          crate `async_trait`: /opt/rustwide/target/debug/deps/libasync_trait-60432e6a8c65edbb.so\n\n"}
[INFO] [stdout] {"message":"aborting due to previous error","code":null,"level":"error","spans":[],"children":[],"rendered":"error: aborting due to previous error\n\n"}
[INFO] [stdout] 
[INFO] [stdout] ------------------------------------------
[INFO] [stdout] 
[INFO] [stdout] 
[INFO] [stdout] The actual stderr differed from the expected stderr.
[INFO] [stdout] Actual stderr saved to /tmp/state/require_transition_to.stage-id.stderr
[INFO] [stdout] To update references, rerun the tests and pass the `--bless` flag
[INFO] [stdout] To only update this specific test, also pass `--test-args state/require_transition_to.rs`
[INFO] [stdout] 
[INFO] [stdout] error: 1 errors occurred comparing output.
[INFO] [stdout] status: exit status: 1
[INFO] [stdout] command: "rustc" "tests/ui/state/require_transition_to.rs" "-L" "/tmp" "--target=x86_64-unknown-linux-gnu" "--error-format" "json" "-C" "prefer-dynamic" "-o" "/tmp/state/require_transition_to.stage-id" "-A" "unused" "-L" "/opt/rustwide/target/debug/deps" "-L" "/opt/rustwide/target/debug" "-L" "/opt/rustwide/rustup-home/toolchains/beta-2021-08-01-x86_64-unknown-linux-gnu/lib/rustlib/x86_64-unknown-linux-gnu/lib" "-L" "/opt/rustwide/rustup-home/toolchains/beta-2021-08-01-x86_64-unknown-linux-gnu/lib" "--edition=2018" "-L" "/tmp/state/require_transition_to.stage-id.aux"
[INFO] [stdout] stdout:
[INFO] [stdout] ------------------------------------------
[INFO] [stdout] 
[INFO] [stdout] ------------------------------------------
[INFO] [stdout] stderr:
[INFO] [stdout] ------------------------------------------
[INFO] [stdout] {"message":"multiple matching crates for `async_trait`","code":{"code":"E0464","explanation":null},"level":"error","spans":[{"file_name":"tests/ui/state/require_transition_to.rs","byte_start":84,"byte_end":109,"line_start":3,"line_end":3,"column_start":1,"column_end":26,"is_primary":true,"text":[{"text":"extern crate async_trait;","highlight_start":1,"highlight_end":26}],"label":null,"suggested_replacement":null,"suggestion_applicability":null,"expansion":null}],"children":[{"message":"candidates:\ncrate `async_trait`: /opt/rustwide/target/debug/deps/libasync_trait-d483eada87544776.so\ncrate `async_trait`: /opt/rustwide/target/debug/deps/libasync_trait-60432e6a8c65edbb.so","code":null,"level":"note","spans":[],"children":[],"rendered":null}],"rendered":"error[E0464]: multiple matching crates for `async_trait`\n --> tests/ui/state/require_transition_to.rs:3:1\n  |\n3 | extern crate async_trait;\n  | ^^^^^^^^^^^^^^^^^^^^^^^^^\n  |\n  = note: candidates:\n          crate `async_trait`: /opt/rustwide/target/debug/deps/libasync_trait-d483eada87544776.so\n          crate `async_trait`: /opt/rustwide/target/debug/deps/libasync_trait-60432e6a8c65edbb.so\n\n"}
[INFO] [stdout] {"message":"aborting due to previous error","code":null,"level":"error","spans":[],"children":[],"rendered":"error: aborting due to previous error\n\n"}
[INFO] [stdout] 
[INFO] [stdout] ------------------------------------------
[INFO] [stdout] 
[INFO] [stdout] 
[INFO] [stdout] The actual stderr differed from the expected stderr.
[INFO] [stdout] Actual stderr saved to /tmp/state/require_same_object_state.stage-id.stderr
[INFO] [stdout] To update references, rerun the tests and pass the `--bless` flag
[INFO] [stdout] To only update this specific test, also pass `--test-args state/require_same_object_state.rs`
[INFO] [stdout] 
[INFO] [stdout] error: 1 errors occurred comparing output.
[INFO] [stdout] status: exit status: 1
[INFO] [stdout] command: "rustc" "tests/ui/state/require_same_object_state.rs" "-L" "/tmp" "--target=x86_64-unknown-linux-gnu" "--error-format" "json" "-C" "prefer-dynamic" "-o" "/tmp/state/require_same_object_state.stage-id" "-A" "unused" "-L" "/opt/rustwide/target/debug/deps" "-L" "/opt/rustwide/target/debug" "-L" "/opt/rustwide/rustup-home/toolchains/beta-2021-08-01-x86_64-unknown-linux-gnu/lib/rustlib/x86_64-unknown-linux-gnu/lib" "-L" "/opt/rustwide/rustup-home/toolchains/beta-2021-08-01-x86_64-unknown-linux-gnu/lib" "--edition=2018" "-L" "/tmp/state/require_same_object_state.stage-id.aux"
[INFO] [stdout] stdout:
[INFO] [stdout] ------------------------------------------
[INFO] [stdout] 
[INFO] [stdout] ------------------------------------------
[INFO] [stdout] stderr:
[INFO] [stdout] ------------------------------------------
[INFO] [stdout] {"message":"multiple matching crates for `async_trait`","code":{"code":"E0464","explanation":null},"level":"error","spans":[{"file_name":"tests/ui/state/require_same_object_state.rs","byte_start":74,"byte_end":99,"line_start":3,"line_end":3,"column_start":1,"column_end":26,"is_primary":true,"text":[{"text":"extern crate async_trait;","highlight_start":1,"highlight_end":26}],"label":null,"suggested_replacement":null,"suggestion_applicability":null,"expansion":null}],"children":[{"message":"candidates:\ncrate `async_trait`: /opt/rustwide/target/debug/deps/libasync_trait-d483eada87544776.so\ncrate `async_trait`: /opt/rustwide/target/debug/deps/libasync_trait-60432e6a8c65edbb.so","code":null,"level":"note","spans":[],"children":[],"rendered":null}],"rendered":"error[E0464]: multiple matching crates for `async_trait`\n --> tests/ui/state/require_same_object_state.rs:3:1\n  |\n3 | extern crate async_trait;\n  | ^^^^^^^^^^^^^^^^^^^^^^^^^\n  |\n  = note: candidates:\n          crate `async_trait`: /opt/rustwide/target/debug/deps/libasync_trait-d483eada87544776.so\n          crate `async_trait`: /opt/rustwide/target/debug/deps/libasync_trait-60432e6a8c65edbb.so\n\n"}
[INFO] [stdout] {"message":"aborting due to previous error","code":null,"level":"error","spans":[],"children":[],"rendered":"error: aborting due to previous error\n\n"}
[INFO] [stdout] 
[INFO] [stdout] ------------------------------------------
[INFO] [stdout] 
[INFO] [stdout] thread 'compile_test' panicked at 'Some tests failed', /opt/rustwide/cargo-home/registry/src/github.com-1ecc6299db9ec823/compiletest_rs-0.6.0/src/lib.rs:105:22
[INFO] [stdout] stack backtrace:
[INFO] [stdout]    0:     0x55bb5e0adc70 - std::backtrace_rs::backtrace::libunwind::trace::hff4d1766e93f64f1
[INFO] [stdout]                                at /rustc/53fd98ca776cb875bc9e5514f56b52eb74f9e7a9/library/std/src/../../backtrace/src/backtrace/libunwind.rs:90:5
[INFO] [stdout]    1:     0x55bb5e0adc70 - std::backtrace_rs::backtrace::trace_unsynchronized::h56bbc8eb78770bcb
[INFO] [stdout]                                at /rustc/53fd98ca776cb875bc9e5514f56b52eb74f9e7a9/library/std/src/../../backtrace/src/backtrace/mod.rs:66:5
[INFO] [stdout]    2:     0x55bb5e0adc70 - std::sys_common::backtrace::_print_fmt::h5c8e75464faca780
[INFO] [stdout]                                at /rustc/53fd98ca776cb875bc9e5514f56b52eb74f9e7a9/library/std/src/sys_common/backtrace.rs:67:5
[INFO] [stdout]    3:     0x55bb5e0adc70 - <std::sys_common::backtrace::_print::DisplayBacktrace as core::fmt::Display>::fmt::h48b88277def8b362
[INFO] [stdout]                                at /rustc/53fd98ca776cb875bc9e5514f56b52eb74f9e7a9/library/std/src/sys_common/backtrace.rs:46:22
[INFO] [stdout]    4:     0x55bb5e0d2d7c - core::fmt::write::h3381b3176fe2b3d3
[INFO] [stdout]                                at /rustc/53fd98ca776cb875bc9e5514f56b52eb74f9e7a9/library/core/src/fmt/mod.rs:1115:17
[INFO] [stdout]    5:     0x55bb5e0a9e15 - std::io::Write::write_fmt::h5f34a676f60246b5
[INFO] [stdout]                                at /rustc/53fd98ca776cb875bc9e5514f56b52eb74f9e7a9/library/std/src/io/mod.rs:1665:15
[INFO] [stdout]    6:     0x55bb5e0b096b - std::sys_common::backtrace::_print::ha537687d6c17dd0d
[INFO] [stdout]                                at /rustc/53fd98ca776cb875bc9e5514f56b52eb74f9e7a9/library/std/src/sys_common/backtrace.rs:49:5
[INFO] [stdout]    7:     0x55bb5e0b096b - std::sys_common::backtrace::print::h61376ae57d131d72
[INFO] [stdout]                                at /rustc/53fd98ca776cb875bc9e5514f56b52eb74f9e7a9/library/std/src/sys_common/backtrace.rs:36:9
[INFO] [stdout]    8:     0x55bb5e0b096b - std::panicking::default_hook::{{closure}}::h0f7208c0b9644a54
[INFO] [stdout]                                at /rustc/53fd98ca776cb875bc9e5514f56b52eb74f9e7a9/library/std/src/panicking.rs:208:50
[INFO] [stdout]    9:     0x55bb5e0b047c - std::panicking::default_hook::hdac7fc06578c14ce
[INFO] [stdout]                                at /rustc/53fd98ca776cb875bc9e5514f56b52eb74f9e7a9/library/std/src/panicking.rs:222:9
[INFO] [stdout]   10:     0x55bb5e0b1034 - std::panicking::rust_panic_with_hook::h72b21c283da3d1ef
[INFO] [stdout]                                at /rustc/53fd98ca776cb875bc9e5514f56b52eb74f9e7a9/library/std/src/panicking.rs:622:17
[INFO] [stdout]   11:     0x55bb5e053c93 - std::panicking::begin_panic::{{closure}}::he9148008e1268b3b
[INFO] [stdout]                                at /rustc/53fd98ca776cb875bc9e5514f56b52eb74f9e7a9/library/std/src/panicking.rs:542:9
[INFO] [stdout]   12:     0x55bb5e054919 - std::sys_common::backtrace::__rust_end_short_backtrace::h05c3a10602869320
[INFO] [stdout]                                at /rustc/53fd98ca776cb875bc9e5514f56b52eb74f9e7a9/library/std/src/sys_common/backtrace.rs:141:18
[INFO] [stdout]   13:     0x55bb5e053bc9 - std::panicking::begin_panic::h8c623e6097cad646
[INFO] [stdout]                                at /rustc/53fd98ca776cb875bc9e5514f56b52eb74f9e7a9/library/std/src/panicking.rs:541:12
[INFO] [stdout]   14:     0x55bb5dcbbadf - compiletest_rs::run_tests::h801effcd6d4e33e4
[INFO] [stdout]                                at /opt/rustwide/cargo-home/registry/src/github.com-1ecc6299db9ec823/compiletest_rs-0.6.0/src/lib.rs:105:22
[INFO] [stdout]   15:     0x55bb5dcb5a3b - ui::compile_test::h5b28b600cda34ec2
[INFO] [stdout]                                at /opt/rustwide/workdir/tests/ui.rs:30:5
[INFO] [stdout]   16:     0x55bb5dcb547a - ui::compile_test::{{closure}}::h33613d8979e96496
[INFO] [stdout]                                at /opt/rustwide/workdir/tests/ui.rs:21:1
[INFO] [stdout]   17:     0x55bb5dcb536e - core::ops::function::FnOnce::call_once::h72b8e8e46d868879
[INFO] [stdout]                                at /rustc/53fd98ca776cb875bc9e5514f56b52eb74f9e7a9/library/core/src/ops/function.rs:227:5
[INFO] [stdout]   18:     0x55bb5e08da43 - core::ops::function::FnOnce::call_once::hbb52c4519d3137b0
[INFO] [stdout]                                at /rustc/53fd98ca776cb875bc9e5514f56b52eb74f9e7a9/library/core/src/ops/function.rs:227:5
[INFO] [stdout]   19:     0x55bb5e08da43 - test::__rust_begin_short_backtrace::h86fe3a2a5a5121af
[INFO] [stdout]                                at /rustc/53fd98ca776cb875bc9e5514f56b52eb74f9e7a9/library/test/src/lib.rs:578:5
[INFO] [stdout]   20:     0x55bb5e08c4f8 - <alloc::boxed::Box<F,A> as core::ops::function::FnOnce<Args>>::call_once::hfd956bc3d57399be
[INFO] [stdout]                                at /rustc/53fd98ca776cb875bc9e5514f56b52eb74f9e7a9/library/alloc/src/boxed.rs:1572:9
[INFO] [stdout]   21:     0x55bb5e08c4f8 - <std::panic::AssertUnwindSafe<F> as core::ops::function::FnOnce<()>>::call_once::h40dc93e0ddb5938a
[INFO] [stdout]                                at /rustc/53fd98ca776cb875bc9e5514f56b52eb74f9e7a9/library/std/src/panic.rs:347:9
[INFO] [stdout]   22:     0x55bb5e08c4f8 - std::panicking::try::do_call::h90d07750cb47c562
[INFO] [stdout]                                at /rustc/53fd98ca776cb875bc9e5514f56b52eb74f9e7a9/library/std/src/panicking.rs:401:40
[INFO] [stdout]   23:     0x55bb5e08c4f8 - std::panicking::try::h063c84733ad2a629
[INFO] [stdout]                                at /rustc/53fd98ca776cb875bc9e5514f56b52eb74f9e7a9/library/std/src/panicking.rs:365:19
[INFO] [stdout]   24:     0x55bb5e08c4f8 - std::panic::catch_unwind::h0c464836a84e7c08
[INFO] [stdout]                                at /rustc/53fd98ca776cb875bc9e5514f56b52eb74f9e7a9/library/std/src/panic.rs:434:14
[INFO] [stdout]   25:     0x55bb5e08c4f8 - test::run_test_in_process::h5cb06ef620b157fc
[INFO] [stdout]                                at /rustc/53fd98ca776cb875bc9e5514f56b52eb74f9e7a9/library/test/src/lib.rs:601:18
[INFO] [stdout]   26:     0x55bb5e08c4f8 - test::run_test::run_test_inner::{{closure}}::h76f677f4b93f9828
[INFO] [stdout]                                at /rustc/53fd98ca776cb875bc9e5514f56b52eb74f9e7a9/library/test/src/lib.rs:493:39
[INFO] [stdout]   27:     0x55bb5e05ac8d - test::run_test::run_test_inner::{{closure}}::h366d01fe04f4d67a
[INFO] [stdout]                                at /rustc/53fd98ca776cb875bc9e5514f56b52eb74f9e7a9/library/test/src/lib.rs:520:37
[INFO] [stdout]   28:     0x55bb5e05ac8d - std::sys_common::backtrace::__rust_begin_short_backtrace::h7dfa0de4eb395af2
[INFO] [stdout]                                at /rustc/53fd98ca776cb875bc9e5514f56b52eb74f9e7a9/library/std/src/sys_common/backtrace.rs:125:18
[INFO] [stdout]   29:     0x55bb5e05f458 - std::thread::Builder::spawn_unchecked::{{closure}}::{{closure}}::hf0a74bb58798037f
[INFO] [stdout]                                at /rustc/53fd98ca776cb875bc9e5514f56b52eb74f9e7a9/library/std/src/thread/mod.rs:476:17
[INFO] [stdout]   30:     0x55bb5e05f458 - <std::panic::AssertUnwindSafe<F> as core::ops::function::FnOnce<()>>::call_once::hb024e854818586ac
[INFO] [stdout]                                at /rustc/53fd98ca776cb875bc9e5514f56b52eb74f9e7a9/library/std/src/panic.rs:347:9
[INFO] [stdout]   31:     0x55bb5e05f458 - std::panicking::try::do_call::hb2dd9f1d0d48e41d
[INFO] [stdout]                                at /rustc/53fd98ca776cb875bc9e5514f56b52eb74f9e7a9/library/std/src/panicking.rs:401:40
[INFO] [stdout]   32:     0x55bb5e05f458 - std::panicking::try::h4717ae7bac8b2bf3
[INFO] [stdout]                                at /rustc/53fd98ca776cb875bc9e5514f56b52eb74f9e7a9/library/std/src/panicking.rs:365:19
[INFO] [stdout]   33:     0x55bb5e05f458 - std::panic::catch_unwind::h0dc8a061326ce8d8
[INFO] [stdout]                                at /rustc/53fd98ca776cb875bc9e5514f56b52eb74f9e7a9/library/std/src/panic.rs:434:14
[INFO] [stdout]   34:     0x55bb5e05f458 - std::thread::Builder::spawn_unchecked::{{closure}}::haa369e2d6fd00aa1
[INFO] [stdout]                                at /rustc/53fd98ca776cb875bc9e5514f56b52eb74f9e7a9/library/std/src/thread/mod.rs:475:30
[INFO] [stdout]   35:     0x55bb5e05f458 - core::ops::function::FnOnce::call_once{{vtable.shim}}::h36dcf3de8b056f17
[INFO] [stdout]                                at /rustc/53fd98ca776cb875bc9e5514f56b52eb74f9e7a9/library/core/src/ops/function.rs:227:5
[INFO] [stdout]   36:     0x55bb5e0b6fc7 - <alloc::boxed::Box<F,A> as core::ops::function::FnOnce<Args>>::call_once::h65c29e4642be2358
[INFO] [stdout]                                at /rustc/53fd98ca776cb875bc9e5514f56b52eb74f9e7a9/library/alloc/src/boxed.rs:1572:9
[INFO] [stdout]   37:     0x55bb5e0b6fc7 - <alloc::boxed::Box<F,A> as core::ops::function::FnOnce<Args>>::call_once::hd0f8f7fbbd9fffbf
[INFO] [stdout]                                at /rustc/53fd98ca776cb875bc9e5514f56b52eb74f9e7a9/library/alloc/src/boxed.rs:1572:9
[INFO] [stdout]   38:     0x55bb5e0b6fc7 - std::sys::unix::thread::Thread::new::thread_start::h2fd22fee3ca77b65
[INFO] [stdout]                                at /rustc/53fd98ca776cb875bc9e5514f56b52eb74f9e7a9/library/std/src/sys/unix/thread.rs:74:17
[INFO] [stdout]   39:     0x7f4c06a3f609 - start_thread
[INFO] [stdout]   40:     0x7f4c06811293 - clone
[INFO] [stdout]   41:                0x0 - <unknown>
[INFO] [stdout] 
[INFO] [stdout] 
[INFO] [stdout] failures:
[INFO] [stdout]     compile_test
[INFO] [stdout] 
[INFO] [stdout] test result: FAILED. 0 passed; 1 failed; 0 ignored; 0 measured; 0 filtered out; finished in 0.42s
[INFO] [stdout] 
[INFO] [stderr] error: test failed, to rerun pass '--test ui'
[INFO] running `Command { std: "docker" "inspect" "905a0c8178a87286b429a75cbc0575ba5a8bcd4842b98fade236f4a5deb98c8c", kill_on_drop: false }`
[INFO] running `Command { std: "docker" "rm" "-f" "905a0c8178a87286b429a75cbc0575ba5a8bcd4842b98fade236f4a5deb98c8c", kill_on_drop: false }`
[INFO] [stdout] 905a0c8178a87286b429a75cbc0575ba5a8bcd4842b98fade236f4a5deb98c8c
