[INFO] fetching crate klickhouse 0.2.1...
[INFO] testing klickhouse-0.2.1 against 1.54.0 for beta-1.55-1
[INFO] extracting crate klickhouse 0.2.1 into /workspace/builds/worker-64/source
[INFO] validating manifest of crates.io crate klickhouse 0.2.1 on toolchain 1.54.0
[INFO] running `Command { std: "/workspace/cargo-home/bin/cargo" "+1.54.0" "metadata" "--manifest-path" "Cargo.toml" "--no-deps", kill_on_drop: false }`
[INFO] started tweaking crates.io crate klickhouse 0.2.1
[INFO] finished tweaking crates.io crate klickhouse 0.2.1
[INFO] tweaked toml for crates.io crate klickhouse 0.2.1 written to /workspace/builds/worker-64/source/Cargo.toml
[INFO] crate crates.io crate klickhouse 0.2.1 already has a lockfile, it will not be regenerated
[INFO] running `Command { std: "/workspace/cargo-home/bin/cargo" "+1.54.0" "fetch" "--manifest-path" "Cargo.toml", kill_on_drop: false }`
[INFO] [stderr]     Blocking waiting for file lock on package cache
[INFO] [stderr]     Blocking waiting for file lock on package cache
[INFO] running `Command { std: "docker" "create" "-v" "/var/lib/crater-agent-workspace/builds/worker-64/target:/opt/rustwide/target:rw,Z" "-v" "/var/lib/crater-agent-workspace/builds/worker-64/source:/opt/rustwide/workdir:ro,Z" "-v" "/var/lib/crater-agent-workspace/cargo-home:/opt/rustwide/cargo-home:ro,Z" "-v" "/var/lib/crater-agent-workspace/rustup-home:/opt/rustwide/rustup-home:ro,Z" "-e" "SOURCE_DIR=/opt/rustwide/workdir" "-e" "CARGO_TARGET_DIR=/opt/rustwide/target" "-e" "CARGO_HOME=/opt/rustwide/cargo-home" "-e" "RUSTUP_HOME=/opt/rustwide/rustup-home" "-w" "/opt/rustwide/workdir" "-m" "1610612736" "--user" "0:0" "--network" "none" "ghcr.io/rust-lang/crates-build-env/linux@sha256:34b6a614d2c27851fe6cbf88fbd1137609cefab8b10d0615aaeb6fd47975d74e" "/opt/rustwide/cargo-home/bin/cargo" "+1.54.0" "metadata" "--no-deps" "--format-version=1", kill_on_drop: false }`
[INFO] [stdout] f58d2f5f9769a95d593b5a50d753b7f920059a33b1ac8ddf86d031ed6ca754e6
[INFO] running `Command { std: "docker" "start" "-a" "f58d2f5f9769a95d593b5a50d753b7f920059a33b1ac8ddf86d031ed6ca754e6", kill_on_drop: false }`
[INFO] running `Command { std: "docker" "inspect" "f58d2f5f9769a95d593b5a50d753b7f920059a33b1ac8ddf86d031ed6ca754e6", kill_on_drop: false }`
[INFO] running `Command { std: "docker" "rm" "-f" "f58d2f5f9769a95d593b5a50d753b7f920059a33b1ac8ddf86d031ed6ca754e6", kill_on_drop: false }`
[INFO] [stdout] f58d2f5f9769a95d593b5a50d753b7f920059a33b1ac8ddf86d031ed6ca754e6
[INFO] running `Command { std: "docker" "create" "-v" "/var/lib/crater-agent-workspace/builds/worker-64/target:/opt/rustwide/target:rw,Z" "-v" "/var/lib/crater-agent-workspace/builds/worker-64/source:/opt/rustwide/workdir:ro,Z" "-v" "/var/lib/crater-agent-workspace/cargo-home:/opt/rustwide/cargo-home:ro,Z" "-v" "/var/lib/crater-agent-workspace/rustup-home:/opt/rustwide/rustup-home:ro,Z" "-e" "SOURCE_DIR=/opt/rustwide/workdir" "-e" "CARGO_TARGET_DIR=/opt/rustwide/target" "-e" "CARGO_INCREMENTAL=0" "-e" "RUST_BACKTRACE=full" "-e" "RUSTFLAGS=--cap-lints=warn" "-e" "CARGO_HOME=/opt/rustwide/cargo-home" "-e" "RUSTUP_HOME=/opt/rustwide/rustup-home" "-w" "/opt/rustwide/workdir" "-m" "1610612736" "--user" "0:0" "--network" "none" "ghcr.io/rust-lang/crates-build-env/linux@sha256:34b6a614d2c27851fe6cbf88fbd1137609cefab8b10d0615aaeb6fd47975d74e" "/opt/rustwide/cargo-home/bin/cargo" "+1.54.0" "build" "--frozen" "--message-format=json", kill_on_drop: false }`
[INFO] [stdout] 7ea1c7a1fe769237301ee3dd228f51b55d272acf0c8182864b2a9281c5e7bd14
[INFO] running `Command { std: "docker" "start" "-a" "7ea1c7a1fe769237301ee3dd228f51b55d272acf0c8182864b2a9281c5e7bd14", kill_on_drop: false }`
[INFO] [stderr]    Compiling libc v0.2.95
[INFO] [stderr]    Compiling syn v1.0.72
[INFO] [stderr]    Compiling futures-core v0.3.15
[INFO] [stderr]    Compiling ucd-trie v0.1.3
[INFO] [stderr]    Compiling futures-task v0.3.15
[INFO] [stderr]    Compiling pin-project-lite v0.2.6
[INFO] [stderr]    Compiling futures-channel v0.3.15
[INFO] [stderr]    Compiling futures-sink v0.3.15
[INFO] [stderr]    Compiling smallvec v1.6.1
[INFO] [stderr]    Compiling cc v1.0.68
[INFO] [stderr]    Compiling slab v0.4.3
[INFO] [stderr]    Compiling futures-io v0.3.15
[INFO] [stderr]    Compiling bytes v1.0.1
[INFO] [stderr]    Compiling once_cell v1.7.2
[INFO] [stderr]    Compiling async-trait v0.1.50
[INFO] [stderr]    Compiling anyhow v1.0.40
[INFO] [stderr]    Compiling hashbrown v0.9.1
[INFO] [stderr]    Compiling cityhash-rs v1.0.0
[INFO] [stderr]    Compiling futures-macro v0.3.15
[INFO] [stderr]    Compiling futures-util v0.3.15
[INFO] [stderr]    Compiling tokio v1.6.1
[INFO] [stderr]    Compiling indexmap v1.6.2
[INFO] [stderr]    Compiling instant v0.1.9
[INFO] [stderr]    Compiling lock_api v0.4.4
[INFO] [stderr]    Compiling parse-zoneinfo v0.3.0
[INFO] [stderr]    Compiling pest v2.1.3
[INFO] [stderr]    Compiling parking_lot_core v0.8.3
[INFO] [stderr]    Compiling mio v0.7.11
[INFO] [stderr]    Compiling num_cpus v1.13.0
[INFO] [stderr]    Compiling signal-hook-registry v1.3.0
[INFO] [stderr]    Compiling time v0.1.43
[INFO] [stderr]    Compiling getrandom v0.2.3
[INFO] [stderr]    Compiling lz4-sys v1.9.2
[INFO] [stderr]    Compiling chrono-tz v0.5.3
[INFO] [stderr]    Compiling uuid v0.8.2
[INFO] [stderr]    Compiling parking_lot v0.11.1
[INFO] [stderr]    Compiling chrono v0.4.19
[INFO] [stderr]    Compiling semver-parser v0.10.2
[INFO] [stderr]    Compiling semver v0.11.0
[INFO] [stderr]    Compiling rustc_version v0.3.3
[INFO] [stderr]    Compiling klickhouse v0.2.1 (/opt/rustwide/workdir)
[INFO] [stderr]    Compiling tokio-macros v1.2.0
[INFO] [stderr]    Compiling klickhouse_derive v0.2.1
[INFO] [stderr]    Compiling futures-executor v0.3.15
[INFO] [stderr]    Compiling futures v0.3.15
[INFO] [stderr]    Compiling tokio-stream v0.1.6
[INFO] [stderr]    Compiling lz4 v1.23.2
[INFO] [stderr]     Finished dev [unoptimized + debuginfo] target(s) in 21.54s
[INFO] running `Command { std: "docker" "inspect" "7ea1c7a1fe769237301ee3dd228f51b55d272acf0c8182864b2a9281c5e7bd14", kill_on_drop: false }`
[INFO] running `Command { std: "docker" "rm" "-f" "7ea1c7a1fe769237301ee3dd228f51b55d272acf0c8182864b2a9281c5e7bd14", kill_on_drop: false }`
[INFO] [stdout] 7ea1c7a1fe769237301ee3dd228f51b55d272acf0c8182864b2a9281c5e7bd14
[INFO] running `Command { std: "docker" "create" "-v" "/var/lib/crater-agent-workspace/builds/worker-64/target:/opt/rustwide/target:rw,Z" "-v" "/var/lib/crater-agent-workspace/builds/worker-64/source:/opt/rustwide/workdir:ro,Z" "-v" "/var/lib/crater-agent-workspace/cargo-home:/opt/rustwide/cargo-home:ro,Z" "-v" "/var/lib/crater-agent-workspace/rustup-home:/opt/rustwide/rustup-home:ro,Z" "-e" "SOURCE_DIR=/opt/rustwide/workdir" "-e" "CARGO_TARGET_DIR=/opt/rustwide/target" "-e" "CARGO_INCREMENTAL=0" "-e" "RUST_BACKTRACE=full" "-e" "RUSTFLAGS=--cap-lints=warn" "-e" "CARGO_HOME=/opt/rustwide/cargo-home" "-e" "RUSTUP_HOME=/opt/rustwide/rustup-home" "-w" "/opt/rustwide/workdir" "-m" "1610612736" "--user" "0:0" "--network" "none" "ghcr.io/rust-lang/crates-build-env/linux@sha256:34b6a614d2c27851fe6cbf88fbd1137609cefab8b10d0615aaeb6fd47975d74e" "/opt/rustwide/cargo-home/bin/cargo" "+1.54.0" "test" "--frozen" "--no-run" "--message-format=json", kill_on_drop: false }`
[INFO] [stdout] f1ace9e9284a94913fe327793b6832714907c463fb7e396f9332d7bfb368d194
[INFO] running `Command { std: "docker" "start" "-a" "f1ace9e9284a94913fe327793b6832714907c463fb7e396f9332d7bfb368d194", kill_on_drop: false }`
[INFO] [stderr]    Compiling atty v0.2.14
[INFO] [stderr]    Compiling env_logger v0.6.2
[INFO] [stderr]    Compiling klickhouse v0.2.1 (/opt/rustwide/workdir)
[INFO] [stderr]     Finished test [unoptimized + debuginfo] target(s) in 6.42s
[INFO] running `Command { std: "docker" "inspect" "f1ace9e9284a94913fe327793b6832714907c463fb7e396f9332d7bfb368d194", kill_on_drop: false }`
[INFO] running `Command { std: "docker" "rm" "-f" "f1ace9e9284a94913fe327793b6832714907c463fb7e396f9332d7bfb368d194", kill_on_drop: false }`
[INFO] [stdout] f1ace9e9284a94913fe327793b6832714907c463fb7e396f9332d7bfb368d194
[INFO] running `Command { std: "docker" "create" "-v" "/var/lib/crater-agent-workspace/builds/worker-64/target:/opt/rustwide/target:rw,Z" "-v" "/var/lib/crater-agent-workspace/builds/worker-64/source:/opt/rustwide/workdir:ro,Z" "-v" "/var/lib/crater-agent-workspace/cargo-home:/opt/rustwide/cargo-home:ro,Z" "-v" "/var/lib/crater-agent-workspace/rustup-home:/opt/rustwide/rustup-home:ro,Z" "-e" "SOURCE_DIR=/opt/rustwide/workdir" "-e" "CARGO_TARGET_DIR=/opt/rustwide/target" "-e" "CARGO_INCREMENTAL=0" "-e" "RUST_BACKTRACE=full" "-e" "RUSTFLAGS=--cap-lints=warn" "-e" "CARGO_HOME=/opt/rustwide/cargo-home" "-e" "RUSTUP_HOME=/opt/rustwide/rustup-home" "-w" "/opt/rustwide/workdir" "-m" "1610612736" "--user" "0:0" "--network" "none" "ghcr.io/rust-lang/crates-build-env/linux@sha256:34b6a614d2c27851fe6cbf88fbd1137609cefab8b10d0615aaeb6fd47975d74e" "/opt/rustwide/cargo-home/bin/cargo" "+1.54.0" "test" "--frozen", kill_on_drop: false }`
[INFO] [stdout] 2085de0f12889a0c3a75804b3ffd70a47e0b7a9afa5bb76b21c980b762c8c8d3
[INFO] running `Command { std: "docker" "start" "-a" "2085de0f12889a0c3a75804b3ffd70a47e0b7a9afa5bb76b21c980b762c8c8d3", kill_on_drop: false }`
[INFO] [stderr]     Finished test [unoptimized + debuginfo] target(s) in 0.04s
[INFO] [stderr]      Running unittests (/opt/rustwide/target/debug/deps/klickhouse-03af43a43c3fc8c8)
[INFO] [stdout] 
[INFO] [stdout] running 74 tests
[INFO] [stdout] test types::tests::roundtrip_2tuple ... ok
[INFO] [stdout] test types::tests::roundtrip_array2 ... ok
[INFO] [stdout] test types::tests::roundtrip_array_tuple ... ok
[INFO] [stdout] test types::tests::roundtrip_array_null ... ok
[INFO] [stdout] test types::tests::roundtrip_d256 ... ok
[INFO] [stdout] test types::tests::roundtrip_array ... ok
[INFO] [stdout] test types::tests::roundtrip_datetime64 ... ok
[INFO] [stdout] test types::tests::roundtrip_d32 ... ok
[INFO] [stdout] test types::tests::roundtrip_d64 ... ok
[INFO] [stdout] test types::tests::roundtrip_d128 ... ok
[INFO] [stdout] test types::tests::roundtrip_date ... ok
[INFO] [stdout] test types::tests::roundtrip_array_nulls ... ok
[INFO] [stdout] test types::tests::roundtrip_f64 ... ok
[INFO] [stdout] test types::tests::roundtrip_i128 ... ok
[INFO] [stdout] test types::tests::roundtrip_datetime ... ok
[INFO] [stdout] test types::tests::roundtrip_i32 ... ok
[INFO] [stdout] test types::tests::roundtrip_f32 ... ok
[INFO] [stdout] test types::tests::roundtrip_i16 ... ok
[INFO] [stdout] test types::tests::roundtrip_i256 ... ok
[INFO] [stdout] test types::tests::roundtrip_i8 ... ok
[INFO] [stdout] test types::tests::roundtrip_i64 ... ok
[INFO] [stdout] test types::tests::roundtrip_low_cardinality_string ... ok
[INFO] [stdout] test types::tests::roundtrip_low_cardinality_string_array ... ok
[INFO] [stdout] test types::tests::roundtrip_low_cardinality_array_null ... ok
[INFO] [stdout] test types::tests::roundtrip_low_cardinality_string_null ... ok
[INFO] [stdout] test types::tests::roundtrip_null_int ... ok
[INFO] [stdout] test types::tests::roundtrip_null_string ... ok
[INFO] [stdout] test types::tests::roundtrip_map ... ok
[INFO] [stdout] test types::tests::roundtrip_string ... ok
[INFO] [stdout] test types::tests::roundtrip_low_cardinality_string_map ... ok
[INFO] [stdout] test types::tests::roundtrip_tuple_array ... ok
[INFO] [stdout] test types::tests::roundtrip_tuple ... ok
[INFO] [stdout] test types::tests::roundtrip_u256 ... ok
[INFO] [stdout] test types::tests::roundtrip_u128 ... ok
[INFO] [stdout] test types::tests::roundtrip_u8 ... ok
[INFO] [stdout] test types::tests::roundtrip_u64 ... ok
[INFO] [stdout] test types::tests::roundtrip_u16 ... ok
[INFO] [stdout] test values::tests::roundtrip_2array ... ok
[INFO] [stdout] test types::tests::roundtrip_uuid ... ok
[INFO] [stdout] test values::tests::roundtrip_2tuple ... ok
[INFO] [stdout] test types::tests::roundtrip_u32 ... ok
[INFO] [stdout] test values::tests::roundtrip_array ... ok
[INFO] [stdout] test values::tests::roundtrip_array_nulls ... ok
[INFO] [stdout] test values::tests::roundtrip_array_tuple ... ok
[INFO] [stdout] test values::tests::roundtrip_d128 ... ok
[INFO] [stdout] test values::tests::roundtrip_d256 ... ok
[INFO] [stdout] test values::tests::roundtrip_d32 ... ok
[INFO] [stdout] test values::tests::roundtrip_d64 ... ok
[INFO] [stdout] test values::tests::roundtrip_date ... ok
[INFO] [stdout] test values::tests::roundtrip_datetime ... ok
[INFO] [stdout] test values::tests::roundtrip_datetime64 ... ok
[INFO] [stdout] test values::tests::roundtrip_f32 ... ok
[INFO] [stdout] test values::tests::roundtrip_f64 ... ok
[INFO] [stdout] test values::tests::roundtrip_fixed_string ... ok
[INFO] [stdout] test values::tests::roundtrip_i128 ... ok
[INFO] [stdout] test values::tests::roundtrip_i16 ... ok
[INFO] [stdout] test values::tests::roundtrip_i256 ... ok
[INFO] [stdout] test values::tests::roundtrip_i32 ... ok
[INFO] [stdout] test values::tests::roundtrip_i64 ... ok
[INFO] [stdout] test values::tests::roundtrip_i8 ... ok
[INFO] [stdout] test values::tests::roundtrip_string ... ok
[INFO] [stdout] test values::tests::roundtrip_map ... ok
[INFO] [stdout] test values::tests::roundtrip_string_null ... ok
[INFO] [stdout] test values::tests::roundtrip_tuple ... ok
[INFO] [stdout] test values::tests::roundtrip_tuple_array ... ok
[INFO] [stdout] test values::tests::roundtrip_u128 ... ok
[INFO] [stdout] test values::tests::roundtrip_u16 ... ok
[INFO] [stdout] test values::tests::roundtrip_u256 ... ok
[INFO] [stdout] test values::tests::roundtrip_u32 ... ok
[INFO] [stdout] test values::tests::roundtrip_u64 ... ok
[INFO] [stdout] test values::tests::roundtrip_u8 ... ok
[INFO] [stdout] test values::tests::roundtrip_uuid ... ok
[INFO] [stdout] test values::date::chrono_tests::test_date ... ok
[INFO] [stdout] test values::date::chrono_tests::test_datetime ... ok
[INFO] [stdout] 
[INFO] [stdout] test result: ok. 74 passed; 0 failed; 0 ignored; 0 measured; 0 filtered out; finished in 0.05s
[INFO] [stdout] 
[INFO] [stderr]      Running tests/test.rs (/opt/rustwide/target/debug/deps/test-d7857bc4e3a101bb)
[INFO] [stdout] 
[INFO] [stdout] running 1 test
[INFO] [stdout] test test_client ... FAILED
[INFO] [stdout] 
[INFO] [stdout] failures:
[INFO] [stdout] 
[INFO] [stdout] ---- test_client stdout ----
[INFO] [stdout] thread 'test_client' panicked at 'called `Result::unwrap()` on an `Err` value: Os { code: 111, kind: ConnectionRefused, message: "Connection refused" }', tests/test.rs:61:10
[INFO] [stdout] stack backtrace:
[INFO] [stdout]    0:     0x564ed1abc770 - std::backtrace_rs::backtrace::libunwind::trace::h34055254b57d8e79
[INFO] [stdout]                                at /rustc/a178d0322ce20e33eac124758e837cbd80a6f633/library/std/src/../../backtrace/src/backtrace/libunwind.rs:90:5
[INFO] [stdout]    1:     0x564ed1abc770 - std::backtrace_rs::backtrace::trace_unsynchronized::h8f1e3fbd9afff6ec
[INFO] [stdout]                                at /rustc/a178d0322ce20e33eac124758e837cbd80a6f633/library/std/src/../../backtrace/src/backtrace/mod.rs:66:5
[INFO] [stdout]    2:     0x564ed1abc770 - std::sys_common::backtrace::_print_fmt::h3a99a796b770c360
[INFO] [stdout]                                at /rustc/a178d0322ce20e33eac124758e837cbd80a6f633/library/std/src/sys_common/backtrace.rs:67:5
[INFO] [stdout]    3:     0x564ed1abc770 - <std::sys_common::backtrace::_print::DisplayBacktrace as core::fmt::Display>::fmt::h32d1f94a80615d18
[INFO] [stdout]                                at /rustc/a178d0322ce20e33eac124758e837cbd80a6f633/library/std/src/sys_common/backtrace.rs:46:22
[INFO] [stdout]    4:     0x564ed1ae0a4c - core::fmt::write::h306731c068f7162c
[INFO] [stdout]                                at /rustc/a178d0322ce20e33eac124758e837cbd80a6f633/library/core/src/fmt/mod.rs:1110:17
[INFO] [stdout]    5:     0x564ed1ab6765 - std::io::Write::write_fmt::h87f19b0a2cd190bc
[INFO] [stdout]                                at /rustc/a178d0322ce20e33eac124758e837cbd80a6f633/library/std/src/io/mod.rs:1588:15
[INFO] [stdout]    6:     0x564ed1abe8fb - std::sys_common::backtrace::_print::h5abaa2601a852287
[INFO] [stdout]                                at /rustc/a178d0322ce20e33eac124758e837cbd80a6f633/library/std/src/sys_common/backtrace.rs:49:5
[INFO] [stdout]    7:     0x564ed1abe8fb - std::sys_common::backtrace::print::h8d81445442bb638f
[INFO] [stdout]                                at /rustc/a178d0322ce20e33eac124758e837cbd80a6f633/library/std/src/sys_common/backtrace.rs:36:9
[INFO] [stdout]    8:     0x564ed1abe8fb - std::panicking::default_hook::{{closure}}::hcfe804496a9fa747
[INFO] [stdout]                                at /rustc/a178d0322ce20e33eac124758e837cbd80a6f633/library/std/src/panicking.rs:208:50
[INFO] [stdout]    9:     0x564ed1abe40c - std::panicking::default_hook::hbea8e3ccf2ba8901
[INFO] [stdout]                                at /rustc/a178d0322ce20e33eac124758e837cbd80a6f633/library/std/src/panicking.rs:222:9
[INFO] [stdout]   10:     0x564ed1abefc4 - std::panicking::rust_panic_with_hook::h7ee9e1a2d0f8975a
[INFO] [stdout]                                at /rustc/a178d0322ce20e33eac124758e837cbd80a6f633/library/std/src/panicking.rs:622:17
[INFO] [stdout]   11:     0x564ed1abeaa7 - std::panicking::begin_panic_handler::{{closure}}::h8ab3b4491718b2c7
[INFO] [stdout]                                at /rustc/a178d0322ce20e33eac124758e837cbd80a6f633/library/std/src/panicking.rs:519:13
[INFO] [stdout]   12:     0x564ed1abcc6c - std::sys_common::backtrace::__rust_end_short_backtrace::hd489062ffa586a9f
[INFO] [stdout]                                at /rustc/a178d0322ce20e33eac124758e837cbd80a6f633/library/std/src/sys_common/backtrace.rs:141:18
[INFO] [stdout]   13:     0x564ed1abea09 - rust_begin_unwind
[INFO] [stdout]                                at /rustc/a178d0322ce20e33eac124758e837cbd80a6f633/library/std/src/panicking.rs:515:5
[INFO] [stdout]   14:     0x564ed1627c91 - core::panicking::panic_fmt::hca6330e3e14086b4
[INFO] [stdout]                                at /rustc/a178d0322ce20e33eac124758e837cbd80a6f633/library/core/src/panicking.rs:92:14
[INFO] [stdout]   15:     0x564ed1627d83 - core::result::unwrap_failed::h6160d2b4bfbb0e87
[INFO] [stdout]                                at /rustc/a178d0322ce20e33eac124758e837cbd80a6f633/library/core/src/result.rs:1355:5
[INFO] [stdout]   16:     0x564ed171a281 - core::result::Result<T,E>::unwrap::hb7ab956534e211ce
[INFO] [stdout]                                at /rustc/a178d0322ce20e33eac124758e837cbd80a6f633/library/core/src/result.rs:1037:23
[INFO] [stdout]   17:     0x564ed16b183f - test::test_client::{{closure}}::hf77bf30cf151afb2
[INFO] [stdout]                                at /opt/rustwide/workdir/tests/test.rs:59:18
[INFO] [stdout]   18:     0x564ed16f20bb - <core::future::from_generator::GenFuture<T> as core::future::future::Future>::poll::h076e63581902e2ea
[INFO] [stdout]                                at /rustc/a178d0322ce20e33eac124758e837cbd80a6f633/library/core/src/future/mod.rs:80:19
[INFO] [stdout]   19:     0x564ed1674c8f - <core::pin::Pin<P> as core::future::future::Future>::poll::hbcb21ad492f0de6a
[INFO] [stdout]                                at /rustc/a178d0322ce20e33eac124758e837cbd80a6f633/library/core/src/future/future.rs:119:9
[INFO] [stdout]   20:     0x564ed16bf230 - tokio::runtime::basic_scheduler::Inner<P>::block_on::{{closure}}::{{closure}}::h5053db899b6e52b4
[INFO] [stdout]                                at /opt/rustwide/cargo-home/registry/src/github.com-1ecc6299db9ec823/tokio-1.6.1/src/runtime/basic_scheduler.rs:213:62
[INFO] [stdout]   21:     0x564ed16ee5bc - tokio::coop::with_budget::{{closure}}::h82433ca586f75009
[INFO] [stdout]                                at /opt/rustwide/cargo-home/registry/src/github.com-1ecc6299db9ec823/tokio-1.6.1/src/coop.rs:106:9
[INFO] [stdout]   22:     0x564ed164e421 - std::thread::local::LocalKey<T>::try_with::h2c4701e2222a4f50
[INFO] [stdout]                                at /rustc/a178d0322ce20e33eac124758e837cbd80a6f633/library/std/src/thread/local.rs:400:16
[INFO] [stdout]   23:     0x564ed164e13d - std::thread::local::LocalKey<T>::with::h578dcb0f190798cf
[INFO] [stdout]                                at /rustc/a178d0322ce20e33eac124758e837cbd80a6f633/library/std/src/thread/local.rs:376:9
[INFO] [stdout]   24:     0x564ed16bea4c - tokio::coop::with_budget::h6f7eb4f69511f5ee
[INFO] [stdout]                                at /opt/rustwide/cargo-home/registry/src/github.com-1ecc6299db9ec823/tokio-1.6.1/src/coop.rs:99:5
[INFO] [stdout]   25:     0x564ed16bea4c - tokio::coop::budget::h66360a4c7a6a2578
[INFO] [stdout]                                at /opt/rustwide/cargo-home/registry/src/github.com-1ecc6299db9ec823/tokio-1.6.1/src/coop.rs:76:5
[INFO] [stdout]   26:     0x564ed16bea4c - tokio::runtime::basic_scheduler::Inner<P>::block_on::{{closure}}::hcbd2776c18c7819a
[INFO] [stdout]                                at /opt/rustwide/cargo-home/registry/src/github.com-1ecc6299db9ec823/tokio-1.6.1/src/runtime/basic_scheduler.rs:213:39
[INFO] [stdout]   27:     0x564ed16bfe51 - tokio::runtime::basic_scheduler::enter::{{closure}}::h91d7a65a37f377c5
[INFO] [stdout]                                at /opt/rustwide/cargo-home/registry/src/github.com-1ecc6299db9ec823/tokio-1.6.1/src/runtime/basic_scheduler.rs:323:29
[INFO] [stdout]   28:     0x564ed167798d - tokio::macros::scoped_tls::ScopedKey<T>::set::h3fa6c44d722e4e5b
[INFO] [stdout]                                at /opt/rustwide/cargo-home/registry/src/github.com-1ecc6299db9ec823/tokio-1.6.1/src/macros/scoped_tls.rs:61:9
[INFO] [stdout]   29:     0x564ed16bfdcc - tokio::runtime::basic_scheduler::enter::ha57b5e182a0c5f6b
[INFO] [stdout]                                at /opt/rustwide/cargo-home/registry/src/github.com-1ecc6299db9ec823/tokio-1.6.1/src/runtime/basic_scheduler.rs:323:5
[INFO] [stdout]   30:     0x564ed16be72b - tokio::runtime::basic_scheduler::Inner<P>::block_on::h9488799658e24fee
[INFO] [stdout]                                at /opt/rustwide/cargo-home/registry/src/github.com-1ecc6299db9ec823/tokio-1.6.1/src/runtime/basic_scheduler.rs:202:9
[INFO] [stdout]   31:     0x564ed16bf3b4 - tokio::runtime::basic_scheduler::InnerGuard<P>::block_on::he2ae35f08e03c203
[INFO] [stdout]                                at /opt/rustwide/cargo-home/registry/src/github.com-1ecc6299db9ec823/tokio-1.6.1/src/runtime/basic_scheduler.rs:481:9
[INFO] [stdout]   32:     0x564ed16bf6b8 - tokio::runtime::basic_scheduler::BasicScheduler<P>::block_on::h0867b316f96aa159
[INFO] [stdout]                                at /opt/rustwide/cargo-home/registry/src/github.com-1ecc6299db9ec823/tokio-1.6.1/src/runtime/basic_scheduler.rs:162:24
[INFO] [stdout]   33:     0x564ed16c3490 - tokio::runtime::Runtime::block_on::h846497b6871c1ece
[INFO] [stdout]                                at /opt/rustwide/cargo-home/registry/src/github.com-1ecc6299db9ec823/tokio-1.6.1/src/runtime/mod.rs:450:46
[INFO] [stdout]   34:     0x564ed16b13d1 - test::test_client::h03fcef125ae69232
[INFO] [stdout]                                at /opt/rustwide/workdir/tests/test.rs:86:5
[INFO] [stdout]   35:     0x564ed16b12fa - test::test_client::{{closure}}::hbced715e1074a3cb
[INFO] [stdout]                                at /opt/rustwide/workdir/tests/test.rs:55:7
[INFO] [stdout]   36:     0x564ed16285ae - core::ops::function::FnOnce::call_once::h01acfe75a05063ea
[INFO] [stdout]                                at /rustc/a178d0322ce20e33eac124758e837cbd80a6f633/library/core/src/ops/function.rs:227:5
[INFO] [stdout]   37:     0x564ed19201f3 - core::ops::function::FnOnce::call_once::h152e7e439ff59e19
[INFO] [stdout]                                at /rustc/a178d0322ce20e33eac124758e837cbd80a6f633/library/core/src/ops/function.rs:227:5
[INFO] [stdout]   38:     0x564ed19201f3 - test::__rust_begin_short_backtrace::h0908f3b1fdbb72ab
[INFO] [stdout]                                at /rustc/a178d0322ce20e33eac124758e837cbd80a6f633/library/test/src/lib.rs:577:5
[INFO] [stdout]   39:     0x564ed191ecb0 - <alloc::boxed::Box<F,A> as core::ops::function::FnOnce<Args>>::call_once::hf6d2a51e5587546c
[INFO] [stdout]                                at /rustc/a178d0322ce20e33eac124758e837cbd80a6f633/library/alloc/src/boxed.rs:1575:9
[INFO] [stdout]   40:     0x564ed191ecb0 - <std::panic::AssertUnwindSafe<F> as core::ops::function::FnOnce<()>>::call_once::h8af660f3a89ef593
[INFO] [stdout]                                at /rustc/a178d0322ce20e33eac124758e837cbd80a6f633/library/std/src/panic.rs:347:9
[INFO] [stdout]   41:     0x564ed191ecb0 - std::panicking::try::do_call::hd36aef60f84b6d36
[INFO] [stdout]                                at /rustc/a178d0322ce20e33eac124758e837cbd80a6f633/library/std/src/panicking.rs:401:40
[INFO] [stdout]   42:     0x564ed191ecb0 - std::panicking::try::h9932b4480e69817c
[INFO] [stdout]                                at /rustc/a178d0322ce20e33eac124758e837cbd80a6f633/library/std/src/panicking.rs:365:19
[INFO] [stdout]   43:     0x564ed191ecb0 - std::panic::catch_unwind::h6aa177099cfff5f8
[INFO] [stdout]                                at /rustc/a178d0322ce20e33eac124758e837cbd80a6f633/library/std/src/panic.rs:434:14
[INFO] [stdout]   44:     0x564ed191ecb0 - test::run_test_in_process::h5884d6f2d99e20c3
[INFO] [stdout]                                at /rustc/a178d0322ce20e33eac124758e837cbd80a6f633/library/test/src/lib.rs:600:18
[INFO] [stdout]   45:     0x564ed191ecb0 - test::run_test::run_test_inner::{{closure}}::h6fdc58c6d5f5b6e3
[INFO] [stdout]                                at /rustc/a178d0322ce20e33eac124758e837cbd80a6f633/library/test/src/lib.rs:492:39
[INFO] [stdout]   46:     0x564ed18f8362 - test::run_test::run_test_inner::{{closure}}::h408365d67a78ade8
[INFO] [stdout]                                at /rustc/a178d0322ce20e33eac124758e837cbd80a6f633/library/test/src/lib.rs:519:37
[INFO] [stdout]   47:     0x564ed18f8362 - std::sys_common::backtrace::__rust_begin_short_backtrace::hb560b77c4f701523
[INFO] [stdout]                                at /rustc/a178d0322ce20e33eac124758e837cbd80a6f633/library/std/src/sys_common/backtrace.rs:125:18
[INFO] [stdout]   48:     0x564ed18fbf18 - std::thread::Builder::spawn_unchecked::{{closure}}::{{closure}}::hf2e7831dad93c597
[INFO] [stdout]                                at /rustc/a178d0322ce20e33eac124758e837cbd80a6f633/library/std/src/thread/mod.rs:481:17
[INFO] [stdout]   49:     0x564ed18fbf18 - <std::panic::AssertUnwindSafe<F> as core::ops::function::FnOnce<()>>::call_once::hd2e08783d8be4d02
[INFO] [stdout]                                at /rustc/a178d0322ce20e33eac124758e837cbd80a6f633/library/std/src/panic.rs:347:9
[INFO] [stdout]   50:     0x564ed18fbf18 - std::panicking::try::do_call::h062597b7acfd6b82
[INFO] [stdout]                                at /rustc/a178d0322ce20e33eac124758e837cbd80a6f633/library/std/src/panicking.rs:401:40
[INFO] [stdout]   51:     0x564ed18fbf18 - std::panicking::try::h0d7b79db04c14552
[INFO] [stdout]                                at /rustc/a178d0322ce20e33eac124758e837cbd80a6f633/library/std/src/panicking.rs:365:19
[INFO] [stdout]   52:     0x564ed18fbf18 - std::panic::catch_unwind::hb01a0b5e7c8cd43b
[INFO] [stdout]                                at /rustc/a178d0322ce20e33eac124758e837cbd80a6f633/library/std/src/panic.rs:434:14
[INFO] [stdout]   53:     0x564ed18fbf18 - std::thread::Builder::spawn_unchecked::{{closure}}::h5bde48cc887e0d1e
[INFO] [stdout]                                at /rustc/a178d0322ce20e33eac124758e837cbd80a6f633/library/std/src/thread/mod.rs:480:30
[INFO] [stdout]   54:     0x564ed18fbf18 - core::ops::function::FnOnce::call_once{{vtable.shim}}::h745ea30807a29e55
[INFO] [stdout]                                at /rustc/a178d0322ce20e33eac124758e837cbd80a6f633/library/core/src/ops/function.rs:227:5
[INFO] [stdout]   55:     0x564ed1ac41a7 - <alloc::boxed::Box<F,A> as core::ops::function::FnOnce<Args>>::call_once::h7ece6cfefaff1005
[INFO] [stdout]                                at /rustc/a178d0322ce20e33eac124758e837cbd80a6f633/library/alloc/src/boxed.rs:1575:9
[INFO] [stdout]   56:     0x564ed1ac41a7 - <alloc::boxed::Box<F,A> as core::ops::function::FnOnce<Args>>::call_once::hb8b48e55c21f193e
[INFO] [stdout]                                at /rustc/a178d0322ce20e33eac124758e837cbd80a6f633/library/alloc/src/boxed.rs:1575:9
[INFO] [stdout]   57:     0x564ed1ac41a7 - std::sys::unix::thread::Thread::new::thread_start::h8c7c4450dba62914
[INFO] [stdout]                                at /rustc/a178d0322ce20e33eac124758e837cbd80a6f633/library/std/src/sys/unix/thread.rs:71:17
[INFO] [stdout]   58:     0x7f8212e56609 - start_thread
[INFO] [stdout]   59:     0x7f8212c28293 - clone
[INFO] [stdout]   60:                0x0 - <unknown>
[INFO] [stdout] 
[INFO] [stdout] 
[INFO] [stdout] failures:
[INFO] [stdout]     test_client
[INFO] [stdout] 
[INFO] [stdout] test result: FAILED. 0 passed; 1 failed; 0 ignored; 0 measured; 0 filtered out; finished in 0.03s
[INFO] [stdout] 
[INFO] [stderr] error: test failed, to rerun pass '--test test'
[INFO] running `Command { std: "docker" "inspect" "2085de0f12889a0c3a75804b3ffd70a47e0b7a9afa5bb76b21c980b762c8c8d3", kill_on_drop: false }`
[INFO] running `Command { std: "docker" "rm" "-f" "2085de0f12889a0c3a75804b3ffd70a47e0b7a9afa5bb76b21c980b762c8c8d3", kill_on_drop: false }`
[INFO] [stdout] 2085de0f12889a0c3a75804b3ffd70a47e0b7a9afa5bb76b21c980b762c8c8d3
