[INFO] fetching crate killjoy 0.2.0...
[INFO] testing killjoy-0.2.0 against beta-2021-08-01 for beta-1.55-1
[INFO] extracting crate killjoy 0.2.0 into /workspace/builds/worker-6/source
[INFO] validating manifest of crates.io crate killjoy 0.2.0 on toolchain beta-2021-08-01
[INFO] running `Command { std: "/workspace/cargo-home/bin/cargo" "+beta-2021-08-01" "metadata" "--manifest-path" "Cargo.toml" "--no-deps", kill_on_drop: false }`
[INFO] started tweaking crates.io crate killjoy 0.2.0
[INFO] finished tweaking crates.io crate killjoy 0.2.0
[INFO] tweaked toml for crates.io crate killjoy 0.2.0 written to /workspace/builds/worker-6/source/Cargo.toml
[INFO] crate crates.io crate killjoy 0.2.0 already has a lockfile, it will not be regenerated
[INFO] running `Command { std: "/workspace/cargo-home/bin/cargo" "+beta-2021-08-01" "fetch" "--manifest-path" "Cargo.toml", kill_on_drop: false }`
[INFO] [stderr]  Downloading crates ...
[INFO] [stderr]   Downloaded getrandom v0.1.12
[INFO] [stderr]   Downloaded aho-corasick v0.7.6
[INFO] [stderr]   Downloaded atty v0.2.13
[INFO] [stderr]   Downloaded proc-macro2 v1.0.5
[INFO] [stderr]   Downloaded predicates-tree v1.0.0
[INFO] [stderr]   Downloaded serde_derive v1.0.101
[INFO] [stderr]   Downloaded regex v1.3.1
[INFO] [stderr]   Downloaded wasi v0.7.0
[INFO] [stderr]   Downloaded bitflags v1.2.0
[INFO] [stderr]   Downloaded treeline v0.1.0
[INFO] [stderr]   Downloaded predicates-core v1.0.0
[INFO] [stderr]   Downloaded assert_cmd v0.11.1
[INFO] [stderr]   Downloaded escargot v0.4.0
[INFO] [stderr]   Downloaded regex-syntax v0.6.12
[INFO] [stderr]   Downloaded serde v1.0.101
[INFO] [stderr]   Downloaded syn v1.0.5
[INFO] [stderr]   Downloaded serde_json v1.0.41
[INFO] [stderr]   Downloaded ppv-lite86 v0.2.5
[INFO] [stderr]   Downloaded rand v0.7.2
[INFO] [stderr]   Downloaded ryu v1.0.0
[INFO] [stderr]   Downloaded c2-chacha v0.2.2
[INFO] [stderr]   Downloaded libc v0.2.62
[INFO] [stderr]   Downloaded dbus v0.6.5
[INFO] [stderr]   Downloaded unicode-width v0.1.6
[INFO] [stderr]   Downloaded predicates v1.0.1
[INFO] running `Command { std: "docker" "create" "-v" "/var/lib/crater-agent-workspace/builds/worker-6/target:/opt/rustwide/target:rw,Z" "-v" "/var/lib/crater-agent-workspace/builds/worker-6/source:/opt/rustwide/workdir:ro,Z" "-v" "/var/lib/crater-agent-workspace/cargo-home:/opt/rustwide/cargo-home:ro,Z" "-v" "/var/lib/crater-agent-workspace/rustup-home:/opt/rustwide/rustup-home:ro,Z" "-e" "SOURCE_DIR=/opt/rustwide/workdir" "-e" "CARGO_TARGET_DIR=/opt/rustwide/target" "-e" "CARGO_HOME=/opt/rustwide/cargo-home" "-e" "RUSTUP_HOME=/opt/rustwide/rustup-home" "-w" "/opt/rustwide/workdir" "-m" "1610612736" "--user" "0:0" "--network" "none" "ghcr.io/rust-lang/crates-build-env/linux@sha256:34b6a614d2c27851fe6cbf88fbd1137609cefab8b10d0615aaeb6fd47975d74e" "/opt/rustwide/cargo-home/bin/cargo" "+beta-2021-08-01" "metadata" "--no-deps" "--format-version=1", kill_on_drop: false }`
[INFO] [stdout] 7a1efe7c77de590f767fa4049777c12615e3bd739d95747bd46b59099ffd9e05
[INFO] [stderr] WARNING: Your kernel does not support swap limit capabilities or the cgroup is not mounted. Memory limited without swap.
[INFO] running `Command { std: "docker" "start" "-a" "7a1efe7c77de590f767fa4049777c12615e3bd739d95747bd46b59099ffd9e05", kill_on_drop: false }`
[INFO] running `Command { std: "docker" "inspect" "7a1efe7c77de590f767fa4049777c12615e3bd739d95747bd46b59099ffd9e05", kill_on_drop: false }`
[INFO] running `Command { std: "docker" "rm" "-f" "7a1efe7c77de590f767fa4049777c12615e3bd739d95747bd46b59099ffd9e05", kill_on_drop: false }`
[INFO] [stdout] 7a1efe7c77de590f767fa4049777c12615e3bd739d95747bd46b59099ffd9e05
[INFO] running `Command { std: "docker" "create" "-v" "/var/lib/crater-agent-workspace/builds/worker-6/target:/opt/rustwide/target:rw,Z" "-v" "/var/lib/crater-agent-workspace/builds/worker-6/source:/opt/rustwide/workdir:ro,Z" "-v" "/var/lib/crater-agent-workspace/cargo-home:/opt/rustwide/cargo-home:ro,Z" "-v" "/var/lib/crater-agent-workspace/rustup-home:/opt/rustwide/rustup-home:ro,Z" "-e" "SOURCE_DIR=/opt/rustwide/workdir" "-e" "CARGO_TARGET_DIR=/opt/rustwide/target" "-e" "CARGO_INCREMENTAL=0" "-e" "RUST_BACKTRACE=full" "-e" "RUSTFLAGS=--cap-lints=warn" "-e" "CARGO_HOME=/opt/rustwide/cargo-home" "-e" "RUSTUP_HOME=/opt/rustwide/rustup-home" "-w" "/opt/rustwide/workdir" "-m" "1610612736" "--user" "0:0" "--network" "none" "ghcr.io/rust-lang/crates-build-env/linux@sha256:34b6a614d2c27851fe6cbf88fbd1137609cefab8b10d0615aaeb6fd47975d74e" "/opt/rustwide/cargo-home/bin/cargo" "+beta-2021-08-01" "build" "--frozen" "--message-format=json", kill_on_drop: false }`
[INFO] [stdout] f26598814a4c895a87971a4ff4617e83bc8d6883eac9b64bb63b953a3a1b4480
[INFO] [stderr] WARNING: Your kernel does not support swap limit capabilities or the cgroup is not mounted. Memory limited without swap.
[INFO] running `Command { std: "docker" "start" "-a" "f26598814a4c895a87971a4ff4617e83bc8d6883eac9b64bb63b953a3a1b4480", kill_on_drop: false }`
[INFO] [stderr]    Compiling serde v1.0.101
[INFO] [stderr]    Compiling libdbus-sys v0.2.1
[INFO] [stderr]    Compiling syn v1.0.5
[INFO] [stderr]    Compiling dbus v0.6.5
[INFO] [stderr]    Compiling serde_derive v1.0.101
[INFO] [stderr]    Compiling serde_json v1.0.41
[INFO] [stderr]    Compiling killjoy v0.2.0 (/opt/rustwide/workdir)
[INFO] [stderr]     Finished dev [unoptimized + debuginfo] target(s) in 21.72s
[INFO] running `Command { std: "docker" "inspect" "f26598814a4c895a87971a4ff4617e83bc8d6883eac9b64bb63b953a3a1b4480", kill_on_drop: false }`
[INFO] running `Command { std: "docker" "rm" "-f" "f26598814a4c895a87971a4ff4617e83bc8d6883eac9b64bb63b953a3a1b4480", kill_on_drop: false }`
[INFO] [stdout] f26598814a4c895a87971a4ff4617e83bc8d6883eac9b64bb63b953a3a1b4480
[INFO] running `Command { std: "docker" "create" "-v" "/var/lib/crater-agent-workspace/builds/worker-6/target:/opt/rustwide/target:rw,Z" "-v" "/var/lib/crater-agent-workspace/builds/worker-6/source:/opt/rustwide/workdir:ro,Z" "-v" "/var/lib/crater-agent-workspace/cargo-home:/opt/rustwide/cargo-home:ro,Z" "-v" "/var/lib/crater-agent-workspace/rustup-home:/opt/rustwide/rustup-home:ro,Z" "-e" "SOURCE_DIR=/opt/rustwide/workdir" "-e" "CARGO_TARGET_DIR=/opt/rustwide/target" "-e" "CARGO_INCREMENTAL=0" "-e" "RUST_BACKTRACE=full" "-e" "RUSTFLAGS=--cap-lints=warn" "-e" "CARGO_HOME=/opt/rustwide/cargo-home" "-e" "RUSTUP_HOME=/opt/rustwide/rustup-home" "-w" "/opt/rustwide/workdir" "-m" "1610612736" "--user" "0:0" "--network" "none" "ghcr.io/rust-lang/crates-build-env/linux@sha256:34b6a614d2c27851fe6cbf88fbd1137609cefab8b10d0615aaeb6fd47975d74e" "/opt/rustwide/cargo-home/bin/cargo" "+beta-2021-08-01" "test" "--frozen" "--no-run" "--message-format=json", kill_on_drop: false }`
[INFO] [stderr] WARNING: Your kernel does not support swap limit capabilities or the cgroup is not mounted. Memory limited without swap.
[INFO] [stdout] 1db96080ed09f76880e6ca3f8a4573ed980706357ef11c1d6edc0ca9adaa3b8b
[INFO] running `Command { std: "docker" "start" "-a" "1db96080ed09f76880e6ca3f8a4573ed980706357ef11c1d6edc0ca9adaa3b8b", kill_on_drop: false }`
[INFO] [stderr]    Compiling escargot v0.4.0
[INFO] [stderr]    Compiling predicates v1.0.1
[INFO] [stderr]    Compiling assert_cmd v0.11.1
[INFO] [stderr]    Compiling killjoy v0.2.0 (/opt/rustwide/workdir)
[INFO] [stderr]     Finished test [unoptimized + debuginfo] target(s) in 9.35s
[INFO] running `Command { std: "docker" "inspect" "1db96080ed09f76880e6ca3f8a4573ed980706357ef11c1d6edc0ca9adaa3b8b", kill_on_drop: false }`
[INFO] running `Command { std: "docker" "rm" "-f" "1db96080ed09f76880e6ca3f8a4573ed980706357ef11c1d6edc0ca9adaa3b8b", kill_on_drop: false }`
[INFO] [stdout] 1db96080ed09f76880e6ca3f8a4573ed980706357ef11c1d6edc0ca9adaa3b8b
[INFO] running `Command { std: "docker" "create" "-v" "/var/lib/crater-agent-workspace/builds/worker-6/target:/opt/rustwide/target:rw,Z" "-v" "/var/lib/crater-agent-workspace/builds/worker-6/source:/opt/rustwide/workdir:ro,Z" "-v" "/var/lib/crater-agent-workspace/cargo-home:/opt/rustwide/cargo-home:ro,Z" "-v" "/var/lib/crater-agent-workspace/rustup-home:/opt/rustwide/rustup-home:ro,Z" "-e" "SOURCE_DIR=/opt/rustwide/workdir" "-e" "CARGO_TARGET_DIR=/opt/rustwide/target" "-e" "CARGO_INCREMENTAL=0" "-e" "RUST_BACKTRACE=full" "-e" "RUSTFLAGS=--cap-lints=warn" "-e" "CARGO_HOME=/opt/rustwide/cargo-home" "-e" "RUSTUP_HOME=/opt/rustwide/rustup-home" "-w" "/opt/rustwide/workdir" "-m" "1610612736" "--user" "0:0" "--network" "none" "ghcr.io/rust-lang/crates-build-env/linux@sha256:34b6a614d2c27851fe6cbf88fbd1137609cefab8b10d0615aaeb6fd47975d74e" "/opt/rustwide/cargo-home/bin/cargo" "+beta-2021-08-01" "test" "--frozen", kill_on_drop: false }`
[INFO] [stdout] c12354dbbef1624174282df9d5c05e86915367ae64707a22391cf6dfb816b4bb
[INFO] [stderr] WARNING: Your kernel does not support swap limit capabilities or the cgroup is not mounted. Memory limited without swap.
[INFO] running `Command { std: "docker" "start" "-a" "c12354dbbef1624174282df9d5c05e86915367ae64707a22391cf6dfb816b4bb", kill_on_drop: false }`
[INFO] [stderr]     Finished test [unoptimized + debuginfo] target(s) in 0.03s
[INFO] [stderr]      Running unittests (/opt/rustwide/target/debug/deps/killjoy-e60be3e61faf6f10)
[INFO] [stdout] 
[INFO] [stdout] running 45 tests
[INFO] [stdout] test bus::tests::test_match_rules_and_active_state_v1 ... ok
[INFO] [stdout] test bus::tests::test_interface_for_systemd_unit ... ok
[INFO] [stdout] test bus::tests::test_cast_bus_name_to_path ... ok
[INFO] [stdout] test bus::tests::test_match_rules_and_names_v1 ... ok
[INFO] [stdout] test bus::tests::test_match_rules_and_active_state_v3 ... ok
[INFO] [stdout] test bus::tests::test_match_rules_and_active_state_v2 ... ok
[INFO] [stdout] test bus::tests::test_match_rules_and_names_v2 ... ok
[INFO] [stdout] test bus::tests::test_match_rules_and_names_v3 ... ok
[INFO] [stdout] test bus::tests::test_wrap_bus_name_for_systemd ... ok
[INFO] [stdout] test bus::tests::test_wrap_interface_for_killjoy_notifier ... ok
[INFO] [stdout] test bus::tests::test_wrap_member_for_notify ... ok
[INFO] [stdout] test bus::tests::test_wrap_path_for_systemd ... ok
[INFO] [stdout] test settings::tests::test_expression_unit_name_matches_failure ... ok
[INFO] [stdout] test settings::tests::test_expression_unit_name_matches_success ... ok
[INFO] [stdout] test settings::tests::test_expression_unit_type_matches_success ... ok
[INFO] [stdout] test settings::tests::test_expression_unit_type_matches_failure ... ok
[INFO] [stdout] test settings::tests::test_expression_regex_matches ... ok
[INFO] [stdout] test settings::tests::test_get_bus_types_v1 ... ok
[INFO] [stdout] test settings::tests::test_settings_new_invalid_bus_name ... ok
[INFO] [stdout] test cli::tests::test_help_messages_factory_re ... ok
[INFO] [stdout] test settings::tests::test_get_bus_types_v2 ... ok
[INFO] [stdout] test settings::tests::test_settings_new_invalid_expression_type ... ok
[INFO] [stdout] test settings::tests::test_get_bus_types_v3 ... ok
[INFO] [stdout] test cli::tests::test_help_messages_factory_new ... ok
[INFO] [stdout] test settings::tests::test_get_bus_types_v4 ... ok
[INFO] [stdout] test settings::tests::test_settings_new_invalid_active_state ... ok
[INFO] [stdout] test timestamp::tests::test_get_realtime_timestamp_key ... ok
[INFO] [stdout] test timestamp::tests::test_get_monotonic_timestamp_key ... ok
[INFO] [stdout] test settings::tests::test_settings_new_invalid_notifier ... ok
[INFO] [stdout] test settings::tests::test_settings_new_deserialization_failed ... ok
[INFO] [stdout] test unit::tests::test_active_state_from_activating ... ok
[INFO] [stdout] test unit::tests::test_active_state_display ... ok
[INFO] [stdout] test settings::tests::test_settings_new ... ok
[INFO] [stdout] test unit::tests::test_active_state_from_active ... ok
[INFO] [stdout] test unit::tests::test_active_state_from_deactivating ... ok
[INFO] [stdout] test unit::tests::test_active_state_from_failed ... ok
[INFO] [stdout] test settings::tests::test_settings_new_invalid_bus_type_v1 ... ok
[INFO] [stdout] test unit::tests::test_active_state_from_inactive ... ok
[INFO] [stdout] test unit::tests::test_string_from_active_state ... ok
[INFO] [stdout] test unit::tests::test_usm_new ... ok
[INFO] [stdout] test unit::tests::test_usm_update_v1 ... ok
[INFO] [stdout] test unit::tests::test_usm_update_v2 ... ok
[INFO] [stdout] test settings::tests::test_settings_new_invalid_bus_type_v2 ... ok
[INFO] [stdout] test settings::tests::test_settings_new_invalid_regex ... ok
[INFO] [stdout] test unit::tests::test_active_state_from_other ... ok
[INFO] [stdout] 
[INFO] [stdout] test result: ok. 45 passed; 0 failed; 0 ignored; 0 measured; 0 filtered out; finished in 0.00s
[INFO] [stdout] 
[INFO] [stderr]      Running tests/cli.rs (/opt/rustwide/target/debug/deps/cli-a6e7f69a67406a5b)
[INFO] [stdout] 
[INFO] [stdout] running 11 tests
[INFO] [stdout] test test_settings_validate_failure_v3 ... ok
[INFO] [stdout] test test_settings_load_path_success ... ok
[INFO] [stdout] test test_run_settings_failure ... ok
[INFO] [stdout] test test_settings_validate_path_failure ... ok
[INFO] [stdout] test test_settings_load_path_failure ... ok
[INFO] [stdout] test test_settings_validate_failure_v2 ... ok
[INFO] [stdout] test test_settings_validate_success ... ok
[INFO] [stdout] test test_settings_validate_path_success ... ok
[INFO] [stdout] test test_settings_validate_failure_v1 ... ok
[INFO] [stdout] test test_run_settings_success ... FAILED
[INFO] [stdout] test test_no_systemd ... ok
[INFO] [stdout] 
[INFO] [stdout] failures:
[INFO] [stdout] 
[INFO] [stdout] ---- test_run_settings_success stdout ----
[INFO] [stdout] thread 'test_run_settings_success' panicked at 'Unexpected return code, failed var == 0
[INFO] [stdout] 
[INFO] [stdout] code=1
[INFO] [stdout] stdout=``````
[INFO] [stdout] stderr=```Failed to connect to D-Bus bus. Cause: "Failed to connect to socket /var/run/dbus/system_bus_socket: No such file or directory"
[INFO] [stdout] ```
[INFO] [stdout] ', /opt/rustwide/cargo-home/registry/src/github.com-1ecc6299db9ec823/assert_cmd-0.11.1/src/assert.rs:262:13
[INFO] [stdout] stack backtrace:
[INFO] [stdout]    0:     0x55edfbb13cc0 - std::backtrace_rs::backtrace::libunwind::trace::hff4d1766e93f64f1
[INFO] [stdout]                                at /rustc/53fd98ca776cb875bc9e5514f56b52eb74f9e7a9/library/std/src/../../backtrace/src/backtrace/libunwind.rs:90:5
[INFO] [stdout]    1:     0x55edfbb13cc0 - std::backtrace_rs::backtrace::trace_unsynchronized::h56bbc8eb78770bcb
[INFO] [stdout]                                at /rustc/53fd98ca776cb875bc9e5514f56b52eb74f9e7a9/library/std/src/../../backtrace/src/backtrace/mod.rs:66:5
[INFO] [stdout]    2:     0x55edfbb13cc0 - std::sys_common::backtrace::_print_fmt::h5c8e75464faca780
[INFO] [stdout]                                at /rustc/53fd98ca776cb875bc9e5514f56b52eb74f9e7a9/library/std/src/sys_common/backtrace.rs:67:5
[INFO] [stdout]    3:     0x55edfbb13cc0 - <std::sys_common::backtrace::_print::DisplayBacktrace as core::fmt::Display>::fmt::h48b88277def8b362
[INFO] [stdout]                                at /rustc/53fd98ca776cb875bc9e5514f56b52eb74f9e7a9/library/std/src/sys_common/backtrace.rs:46:22
[INFO] [stdout]    4:     0x55edfbb378ac - core::fmt::write::h3381b3176fe2b3d3
[INFO] [stdout]                                at /rustc/53fd98ca776cb875bc9e5514f56b52eb74f9e7a9/library/core/src/fmt/mod.rs:1115:17
[INFO] [stdout]    5:     0x55edfbb10855 - std::io::Write::write_fmt::h5f34a676f60246b5
[INFO] [stdout]                                at /rustc/53fd98ca776cb875bc9e5514f56b52eb74f9e7a9/library/std/src/io/mod.rs:1665:15
[INFO] [stdout]    6:     0x55edfbb162cb - std::sys_common::backtrace::_print::ha537687d6c17dd0d
[INFO] [stdout]                                at /rustc/53fd98ca776cb875bc9e5514f56b52eb74f9e7a9/library/std/src/sys_common/backtrace.rs:49:5
[INFO] [stdout]    7:     0x55edfbb162cb - std::sys_common::backtrace::print::h61376ae57d131d72
[INFO] [stdout]                                at /rustc/53fd98ca776cb875bc9e5514f56b52eb74f9e7a9/library/std/src/sys_common/backtrace.rs:36:9
[INFO] [stdout]    8:     0x55edfbb162cb - std::panicking::default_hook::{{closure}}::h0f7208c0b9644a54
[INFO] [stdout]                                at /rustc/53fd98ca776cb875bc9e5514f56b52eb74f9e7a9/library/std/src/panicking.rs:208:50
[INFO] [stdout]    9:     0x55edfbb15ddc - std::panicking::default_hook::hdac7fc06578c14ce
[INFO] [stdout]                                at /rustc/53fd98ca776cb875bc9e5514f56b52eb74f9e7a9/library/std/src/panicking.rs:222:9
[INFO] [stdout]   10:     0x55edfbb16994 - std::panicking::rust_panic_with_hook::h72b21c283da3d1ef
[INFO] [stdout]                                at /rustc/53fd98ca776cb875bc9e5514f56b52eb74f9e7a9/library/std/src/panicking.rs:622:17
[INFO] [stdout]   11:     0x55edfbb16477 - std::panicking::begin_panic_handler::{{closure}}::he5778f1729cff84a
[INFO] [stdout]                                at /rustc/53fd98ca776cb875bc9e5514f56b52eb74f9e7a9/library/std/src/panicking.rs:519:13
[INFO] [stdout]   12:     0x55edfbb1419c - std::sys_common::backtrace::__rust_end_short_backtrace::h2d11ca8b453b4b1d
[INFO] [stdout]                                at /rustc/53fd98ca776cb875bc9e5514f56b52eb74f9e7a9/library/std/src/sys_common/backtrace.rs:141:18
[INFO] [stdout]   13:     0x55edfbb163d9 - rust_begin_unwind
[INFO] [stdout]                                at /rustc/53fd98ca776cb875bc9e5514f56b52eb74f9e7a9/library/std/src/panicking.rs:515:5
[INFO] [stdout]   14:     0x55edfba60cab - std::panicking::begin_panic_fmt::h746518bde832d259
[INFO] [stdout]                                at /rustc/53fd98ca776cb875bc9e5514f56b52eb74f9e7a9/library/std/src/panicking.rs:457:5
[INFO] [stdout]   15:     0x55edfbae532f - assert_cmd::assert::Assert::code_impl::h750264c5bad5a7e9
[INFO] [stdout]                                at /opt/rustwide/cargo-home/registry/src/github.com-1ecc6299db9ec823/assert_cmd-0.11.1/src/assert.rs:262:13
[INFO] [stdout]   16:     0x55edfba65f2a - assert_cmd::assert::Assert::code::h3c8eb6d3f713b30c
[INFO] [stdout]                                at /opt/rustwide/cargo-home/registry/src/github.com-1ecc6299db9ec823/assert_cmd-0.11.1/src/assert.rs:252:9
[INFO] [stdout]   17:     0x55edfba65568 - cli::test_run_settings_success::hdb34d8ebf6b9057d
[INFO] [stdout]                                at /opt/rustwide/workdir/tests/cli.rs:244:5
[INFO] [stdout]   18:     0x55edfba6521a - cli::test_run_settings_success::{{closure}}::h7631c6820e39cc87
[INFO] [stdout]                                at /opt/rustwide/workdir/tests/cli.rs:237:1
[INFO] [stdout]   19:     0x55edfba6716e - core::ops::function::FnOnce::call_once::hd1a39443847b6c79
[INFO] [stdout]                                at /rustc/53fd98ca776cb875bc9e5514f56b52eb74f9e7a9/library/core/src/ops/function.rs:227:5
[INFO] [stdout]   20:     0x55edfba9a583 - core::ops::function::FnOnce::call_once::hbb52c4519d3137b0
[INFO] [stdout]                                at /rustc/53fd98ca776cb875bc9e5514f56b52eb74f9e7a9/library/core/src/ops/function.rs:227:5
[INFO] [stdout]   21:     0x55edfba9a583 - test::__rust_begin_short_backtrace::h86fe3a2a5a5121af
[INFO] [stdout]                                at /rustc/53fd98ca776cb875bc9e5514f56b52eb74f9e7a9/library/test/src/lib.rs:578:5
[INFO] [stdout]   22:     0x55edfba99038 - <alloc::boxed::Box<F,A> as core::ops::function::FnOnce<Args>>::call_once::hfd956bc3d57399be
[INFO] [stdout]                                at /rustc/53fd98ca776cb875bc9e5514f56b52eb74f9e7a9/library/alloc/src/boxed.rs:1572:9
[INFO] [stdout]   23:     0x55edfba99038 - <std::panic::AssertUnwindSafe<F> as core::ops::function::FnOnce<()>>::call_once::h40dc93e0ddb5938a
[INFO] [stdout]                                at /rustc/53fd98ca776cb875bc9e5514f56b52eb74f9e7a9/library/std/src/panic.rs:347:9
[INFO] [stdout]   24:     0x55edfba99038 - std::panicking::try::do_call::h90d07750cb47c562
[INFO] [stdout]                                at /rustc/53fd98ca776cb875bc9e5514f56b52eb74f9e7a9/library/std/src/panicking.rs:401:40
[INFO] [stdout]   25:     0x55edfba99038 - std::panicking::try::h063c84733ad2a629
[INFO] [stdout]                                at /rustc/53fd98ca776cb875bc9e5514f56b52eb74f9e7a9/library/std/src/panicking.rs:365:19
[INFO] [stdout]   26:     0x55edfba99038 - std::panic::catch_unwind::h0c464836a84e7c08
[INFO] [stdout]                                at /rustc/53fd98ca776cb875bc9e5514f56b52eb74f9e7a9/library/std/src/panic.rs:434:14
[INFO] [stdout]   27:     0x55edfba99038 - test::run_test_in_process::h5cb06ef620b157fc
[INFO] [stdout]                                at /rustc/53fd98ca776cb875bc9e5514f56b52eb74f9e7a9/library/test/src/lib.rs:601:18
[INFO] [stdout]   28:     0x55edfba99038 - test::run_test::run_test_inner::{{closure}}::h76f677f4b93f9828
[INFO] [stdout]                                at /rustc/53fd98ca776cb875bc9e5514f56b52eb74f9e7a9/library/test/src/lib.rs:493:39
[INFO] [stdout]   29:     0x55edfba677cd - test::run_test::run_test_inner::{{closure}}::h366d01fe04f4d67a
[INFO] [stdout]                                at /rustc/53fd98ca776cb875bc9e5514f56b52eb74f9e7a9/library/test/src/lib.rs:520:37
[INFO] [stdout]   30:     0x55edfba677cd - std::sys_common::backtrace::__rust_begin_short_backtrace::h7dfa0de4eb395af2
[INFO] [stdout]                                at /rustc/53fd98ca776cb875bc9e5514f56b52eb74f9e7a9/library/std/src/sys_common/backtrace.rs:125:18
[INFO] [stdout]   31:     0x55edfba6bf98 - std::thread::Builder::spawn_unchecked::{{closure}}::{{closure}}::hf0a74bb58798037f
[INFO] [stdout]                                at /rustc/53fd98ca776cb875bc9e5514f56b52eb74f9e7a9/library/std/src/thread/mod.rs:476:17
[INFO] [stdout]   32:     0x55edfba6bf98 - <std::panic::AssertUnwindSafe<F> as core::ops::function::FnOnce<()>>::call_once::hb024e854818586ac
[INFO] [stdout]                                at /rustc/53fd98ca776cb875bc9e5514f56b52eb74f9e7a9/library/std/src/panic.rs:347:9
[INFO] [stdout]   33:     0x55edfba6bf98 - std::panicking::try::do_call::hb2dd9f1d0d48e41d
[INFO] [stdout]                                at /rustc/53fd98ca776cb875bc9e5514f56b52eb74f9e7a9/library/std/src/panicking.rs:401:40
[INFO] [stdout]   34:     0x55edfba6bf98 - std::panicking::try::h4717ae7bac8b2bf3
[INFO] [stdout]                                at /rustc/53fd98ca776cb875bc9e5514f56b52eb74f9e7a9/library/std/src/panicking.rs:365:19
[INFO] [stdout]   35:     0x55edfba6bf98 - std::panic::catch_unwind::h0dc8a061326ce8d8
[INFO] [stdout]                                at /rustc/53fd98ca776cb875bc9e5514f56b52eb74f9e7a9/library/std/src/panic.rs:434:14
[INFO] [stdout]   36:     0x55edfba6bf98 - std::thread::Builder::spawn_unchecked::{{closure}}::haa369e2d6fd00aa1
[INFO] [stdout]                                at /rustc/53fd98ca776cb875bc9e5514f56b52eb74f9e7a9/library/std/src/thread/mod.rs:475:30
[INFO] [stdout]   37:     0x55edfba6bf98 - core::ops::function::FnOnce::call_once{{vtable.shim}}::h36dcf3de8b056f17
[INFO] [stdout]                                at /rustc/53fd98ca776cb875bc9e5514f56b52eb74f9e7a9/library/core/src/ops/function.rs:227:5
[INFO] [stdout]   38:     0x55edfbb1c487 - <alloc::boxed::Box<F,A> as core::ops::function::FnOnce<Args>>::call_once::h65c29e4642be2358
[INFO] [stdout]                                at /rustc/53fd98ca776cb875bc9e5514f56b52eb74f9e7a9/library/alloc/src/boxed.rs:1572:9
[INFO] [stdout]   39:     0x55edfbb1c487 - <alloc::boxed::Box<F,A> as core::ops::function::FnOnce<Args>>::call_once::hd0f8f7fbbd9fffbf
[INFO] [stdout]                                at /rustc/53fd98ca776cb875bc9e5514f56b52eb74f9e7a9/library/alloc/src/boxed.rs:1572:9
[INFO] [stdout]   40:     0x55edfbb1c487 - std::sys::unix::thread::Thread::new::thread_start::h2fd22fee3ca77b65
[INFO] [stdout]                                at /rustc/53fd98ca776cb875bc9e5514f56b52eb74f9e7a9/library/std/src/sys/unix/thread.rs:74:17
[INFO] [stdout]   41:     0x7f07e5be0609 - start_thread
[INFO] [stdout]   42:     0x7f07e59b2293 - clone
[INFO] [stdout]   43:                0x0 - <unknown>
[INFO] [stdout] 
[INFO] [stdout] 
[INFO] [stdout] failures:
[INFO] [stdout]     test_run_settings_success
[INFO] [stdout] 
[INFO] [stdout] test result: FAILED. 10 passed; 1 failed; 0 ignored; 0 measured; 0 filtered out; finished in 0.11s
[INFO] [stdout] 
[INFO] [stderr] error: test failed, to rerun pass '--test cli'
[INFO] running `Command { std: "docker" "inspect" "c12354dbbef1624174282df9d5c05e86915367ae64707a22391cf6dfb816b4bb", kill_on_drop: false }`
[INFO] running `Command { std: "docker" "rm" "-f" "c12354dbbef1624174282df9d5c05e86915367ae64707a22391cf6dfb816b4bb", kill_on_drop: false }`
[INFO] [stdout] c12354dbbef1624174282df9d5c05e86915367ae64707a22391cf6dfb816b4bb
