[INFO] fetching crate keysync 3.0.3...
[INFO] testing keysync-3.0.3 against 1.54.0 for beta-1.55-1
[INFO] extracting crate keysync 3.0.3 into /workspace/builds/worker-5/source
[INFO] validating manifest of crates.io crate keysync 3.0.3 on toolchain 1.54.0
[INFO] running `Command { std: "/workspace/cargo-home/bin/cargo" "+1.54.0" "metadata" "--manifest-path" "Cargo.toml" "--no-deps", kill_on_drop: false }`
[INFO] started tweaking crates.io crate keysync 3.0.3
[INFO] finished tweaking crates.io crate keysync 3.0.3
[INFO] tweaked toml for crates.io crate keysync 3.0.3 written to /workspace/builds/worker-5/source/Cargo.toml
[INFO] crate crates.io crate keysync 3.0.3 already has a lockfile, it will not be regenerated
[INFO] running `Command { std: "/workspace/cargo-home/bin/cargo" "+1.54.0" "fetch" "--manifest-path" "Cargo.toml", kill_on_drop: false }`
[INFO] [stderr]     Blocking waiting for file lock on package cache
[INFO] running `Command { std: "docker" "create" "-v" "/var/lib/crater-agent-workspace/builds/worker-5/target:/opt/rustwide/target:rw,Z" "-v" "/var/lib/crater-agent-workspace/builds/worker-5/source:/opt/rustwide/workdir:ro,Z" "-v" "/var/lib/crater-agent-workspace/cargo-home:/opt/rustwide/cargo-home:ro,Z" "-v" "/var/lib/crater-agent-workspace/rustup-home:/opt/rustwide/rustup-home:ro,Z" "-e" "SOURCE_DIR=/opt/rustwide/workdir" "-e" "CARGO_TARGET_DIR=/opt/rustwide/target" "-e" "CARGO_HOME=/opt/rustwide/cargo-home" "-e" "RUSTUP_HOME=/opt/rustwide/rustup-home" "-w" "/opt/rustwide/workdir" "-m" "1610612736" "--user" "0:0" "--network" "none" "ghcr.io/rust-lang/crates-build-env/linux@sha256:34b6a614d2c27851fe6cbf88fbd1137609cefab8b10d0615aaeb6fd47975d74e" "/opt/rustwide/cargo-home/bin/cargo" "+1.54.0" "metadata" "--no-deps" "--format-version=1", kill_on_drop: false }`
[INFO] [stdout] 3ff896bf0f37002254392b56153d5fae6bc8366c430c0b3468025b6b8589a014
[INFO] [stderr] WARNING: Your kernel does not support swap limit capabilities or the cgroup is not mounted. Memory limited without swap.
[INFO] running `Command { std: "docker" "start" "-a" "3ff896bf0f37002254392b56153d5fae6bc8366c430c0b3468025b6b8589a014", kill_on_drop: false }`
[INFO] running `Command { std: "docker" "inspect" "3ff896bf0f37002254392b56153d5fae6bc8366c430c0b3468025b6b8589a014", kill_on_drop: false }`
[INFO] running `Command { std: "docker" "rm" "-f" "3ff896bf0f37002254392b56153d5fae6bc8366c430c0b3468025b6b8589a014", kill_on_drop: false }`
[INFO] [stdout] 3ff896bf0f37002254392b56153d5fae6bc8366c430c0b3468025b6b8589a014
[INFO] running `Command { std: "docker" "create" "-v" "/var/lib/crater-agent-workspace/builds/worker-5/target:/opt/rustwide/target:rw,Z" "-v" "/var/lib/crater-agent-workspace/builds/worker-5/source:/opt/rustwide/workdir:ro,Z" "-v" "/var/lib/crater-agent-workspace/cargo-home:/opt/rustwide/cargo-home:ro,Z" "-v" "/var/lib/crater-agent-workspace/rustup-home:/opt/rustwide/rustup-home:ro,Z" "-e" "SOURCE_DIR=/opt/rustwide/workdir" "-e" "CARGO_TARGET_DIR=/opt/rustwide/target" "-e" "CARGO_INCREMENTAL=0" "-e" "RUST_BACKTRACE=full" "-e" "RUSTFLAGS=--cap-lints=warn" "-e" "CARGO_HOME=/opt/rustwide/cargo-home" "-e" "RUSTUP_HOME=/opt/rustwide/rustup-home" "-w" "/opt/rustwide/workdir" "-m" "1610612736" "--user" "0:0" "--network" "none" "ghcr.io/rust-lang/crates-build-env/linux@sha256:34b6a614d2c27851fe6cbf88fbd1137609cefab8b10d0615aaeb6fd47975d74e" "/opt/rustwide/cargo-home/bin/cargo" "+1.54.0" "build" "--frozen" "--message-format=json", kill_on_drop: false }`
[INFO] [stdout] 8300711f21f197026669715723adc73d81973c3cbf1f5539089d8a7125f53a62
[INFO] [stderr] WARNING: Your kernel does not support swap limit capabilities or the cgroup is not mounted. Memory limited without swap.
[INFO] running `Command { std: "docker" "start" "-a" "8300711f21f197026669715723adc73d81973c3cbf1f5539089d8a7125f53a62", kill_on_drop: false }`
[INFO] [stderr]    Compiling libc v0.2.80
[INFO] [stderr]    Compiling syn v1.0.50
[INFO] [stderr]    Compiling smallvec v1.5.0
[INFO] [stderr]    Compiling cc v1.0.65
[INFO] [stderr]    Compiling ahash v0.4.6
[INFO] [stderr]    Compiling native-tls v0.2.6
[INFO] [stderr]    Compiling serde v1.0.117
[INFO] [stderr]    Compiling tokio v1.0.1
[INFO] [stderr]    Compiling lock_api v0.4.2
[INFO] [stderr]    Compiling libsqlite3-sys v0.20.1
[INFO] [stderr]    Compiling futures-channel v0.3.8
[INFO] [stderr]    Compiling tracing v0.1.21
[INFO] [stderr]    Compiling http-body v0.4.0
[INFO] [stderr]    Compiling nom v4.1.1
[INFO] [stderr]    Compiling num-integer v0.1.44
[INFO] [stderr]    Compiling hashbrown v0.9.1
[INFO] [stderr]    Compiling indexmap v1.6.0
[INFO] [stderr]    Compiling hashlink v0.6.0
[INFO] [stderr]    Compiling openssl-sys v0.9.58
[INFO] [stderr]    Compiling rusqlite v0.24.1
[INFO] [stderr]    Compiling openssl v0.10.30
[INFO] [stderr]    Compiling parking_lot_core v0.8.2
[INFO] [stderr]    Compiling signal-hook-registry v1.2.2
[INFO] [stderr]    Compiling num_cpus v1.13.0
[INFO] [stderr]    Compiling mio v0.7.7
[INFO] [stderr]    Compiling time v0.1.44
[INFO] [stderr]    Compiling backtrace v0.3.55
[INFO] [stderr]    Compiling getrandom v0.1.15
[INFO] [stderr]    Compiling atty v0.2.14
[INFO] [stderr]    Compiling nix v0.19.0
[INFO] [stderr]    Compiling socket2 v0.3.17
[INFO] [stderr]    Compiling dirs-sys-next v0.1.2
[INFO] [stderr]    Compiling dirs-sys v0.3.5
[INFO] [stderr]    Compiling fs2 v0.4.3
[INFO] [stderr]    Compiling filetime v0.2.13
[INFO] [stderr]    Compiling clap v2.33.3
[INFO] [stderr]    Compiling env_logger v0.8.2
[INFO] [stderr]    Compiling rand_core v0.5.1
[INFO] [stderr]    Compiling dirs-next v2.0.0
[INFO] [stderr]    Compiling parking_lot v0.11.1
[INFO] [stderr]    Compiling dirs v3.0.1
[INFO] [stderr]    Compiling error-chain v0.10.0
[INFO] [stderr]    Compiling chrono v0.4.19
[INFO] [stderr]    Compiling rand_chacha v0.2.2
[INFO] [stderr]    Compiling serde_json v1.0.59
[INFO] [stderr]    Compiling serde_urlencoded v0.7.0
[INFO] [stderr]    Compiling rand v0.7.3
[INFO] [stderr]    Compiling cron v0.7.0
[INFO] [stderr]    Compiling cron v0.6.1
[INFO] [stderr]    Compiling uuid v0.8.1
[INFO] [stderr]    Compiling rustyline v7.1.0
[INFO] [stderr]    Compiling job_scheduler v1.2.1
[INFO] [stderr]    Compiling tokio-macros v1.0.0
[INFO] [stderr]    Compiling pin-project-internal v0.4.27
[INFO] [stderr]    Compiling pin-project-internal v1.0.2
[INFO] [stderr]    Compiling keysync v3.0.3 (/opt/rustwide/workdir)
[INFO] [stderr]    Compiling pin-project v1.0.2
[INFO] [stderr]    Compiling futures-util v0.3.8
[INFO] [stderr]    Compiling pin-project v0.4.27
[INFO] [stderr]    Compiling tracing-futures v0.2.4
[INFO] [stderr]    Compiling tokio-stream v0.1.2
[INFO] [stderr]    Compiling tokio-native-tls v0.3.0
[INFO] [stderr]    Compiling tokio-util v0.6.1
[INFO] [stderr]    Compiling h2 v0.3.0
[INFO] [stderr]    Compiling hyper v0.14.2
[INFO] [stderr]    Compiling hyper-tls v0.5.0
[INFO] [stderr]    Compiling reqwest v0.11.0
[INFO] [stderr]     Finished dev [unoptimized + debuginfo] target(s) in 1m 02s
[INFO] running `Command { std: "docker" "inspect" "8300711f21f197026669715723adc73d81973c3cbf1f5539089d8a7125f53a62", kill_on_drop: false }`
[INFO] running `Command { std: "docker" "rm" "-f" "8300711f21f197026669715723adc73d81973c3cbf1f5539089d8a7125f53a62", kill_on_drop: false }`
[INFO] [stdout] 8300711f21f197026669715723adc73d81973c3cbf1f5539089d8a7125f53a62
[INFO] running `Command { std: "docker" "create" "-v" "/var/lib/crater-agent-workspace/builds/worker-5/target:/opt/rustwide/target:rw,Z" "-v" "/var/lib/crater-agent-workspace/builds/worker-5/source:/opt/rustwide/workdir:ro,Z" "-v" "/var/lib/crater-agent-workspace/cargo-home:/opt/rustwide/cargo-home:ro,Z" "-v" "/var/lib/crater-agent-workspace/rustup-home:/opt/rustwide/rustup-home:ro,Z" "-e" "SOURCE_DIR=/opt/rustwide/workdir" "-e" "CARGO_TARGET_DIR=/opt/rustwide/target" "-e" "CARGO_INCREMENTAL=0" "-e" "RUST_BACKTRACE=full" "-e" "RUSTFLAGS=--cap-lints=warn" "-e" "CARGO_HOME=/opt/rustwide/cargo-home" "-e" "RUSTUP_HOME=/opt/rustwide/rustup-home" "-w" "/opt/rustwide/workdir" "-m" "1610612736" "--user" "0:0" "--network" "none" "ghcr.io/rust-lang/crates-build-env/linux@sha256:34b6a614d2c27851fe6cbf88fbd1137609cefab8b10d0615aaeb6fd47975d74e" "/opt/rustwide/cargo-home/bin/cargo" "+1.54.0" "test" "--frozen" "--no-run" "--message-format=json", kill_on_drop: false }`
[INFO] [stderr] WARNING: Your kernel does not support swap limit capabilities or the cgroup is not mounted. Memory limited without swap.
[INFO] [stdout] 9f2f4d30c92df5701f046db96405683db3db25cb8c3b0152cabf702002992ffe
[INFO] running `Command { std: "docker" "start" "-a" "9f2f4d30c92df5701f046db96405683db3db25cb8c3b0152cabf702002992ffe", kill_on_drop: false }`
[INFO] [stderr]    Compiling bstr v0.2.14
[INFO] [stderr]    Compiling wait-timeout v0.2.0
[INFO] [stderr]    Compiling float-cmp v0.8.0
[INFO] [stderr]    Compiling rand_xorshift v0.2.0
[INFO] [stderr]    Compiling tempfile v3.1.0
[INFO] [stderr]    Compiling predicates v1.0.5
[INFO] [stderr]    Compiling rusty-fork v0.3.0
[INFO] [stderr]    Compiling globset v0.4.6
[INFO] [stderr]    Compiling proptest v0.10.1
[INFO] [stderr]    Compiling assert_cmd v1.0.2
[INFO] [stderr]    Compiling ignore v0.4.17
[INFO] [stderr]    Compiling globwalk v0.7.3
[INFO] [stderr]    Compiling assert_fs v1.0.0
[INFO] [stderr]    Compiling keysync v3.0.3 (/opt/rustwide/workdir)
[INFO] [stderr]     Finished test [unoptimized + debuginfo] target(s) in 17.92s
[INFO] running `Command { std: "docker" "inspect" "9f2f4d30c92df5701f046db96405683db3db25cb8c3b0152cabf702002992ffe", kill_on_drop: false }`
[INFO] running `Command { std: "docker" "rm" "-f" "9f2f4d30c92df5701f046db96405683db3db25cb8c3b0152cabf702002992ffe", kill_on_drop: false }`
[INFO] [stdout] 9f2f4d30c92df5701f046db96405683db3db25cb8c3b0152cabf702002992ffe
[INFO] running `Command { std: "docker" "create" "-v" "/var/lib/crater-agent-workspace/builds/worker-5/target:/opt/rustwide/target:rw,Z" "-v" "/var/lib/crater-agent-workspace/builds/worker-5/source:/opt/rustwide/workdir:ro,Z" "-v" "/var/lib/crater-agent-workspace/cargo-home:/opt/rustwide/cargo-home:ro,Z" "-v" "/var/lib/crater-agent-workspace/rustup-home:/opt/rustwide/rustup-home:ro,Z" "-e" "SOURCE_DIR=/opt/rustwide/workdir" "-e" "CARGO_TARGET_DIR=/opt/rustwide/target" "-e" "CARGO_INCREMENTAL=0" "-e" "RUST_BACKTRACE=full" "-e" "RUSTFLAGS=--cap-lints=warn" "-e" "CARGO_HOME=/opt/rustwide/cargo-home" "-e" "RUSTUP_HOME=/opt/rustwide/rustup-home" "-w" "/opt/rustwide/workdir" "-m" "1610612736" "--user" "0:0" "--network" "none" "ghcr.io/rust-lang/crates-build-env/linux@sha256:34b6a614d2c27851fe6cbf88fbd1137609cefab8b10d0615aaeb6fd47975d74e" "/opt/rustwide/cargo-home/bin/cargo" "+1.54.0" "test" "--frozen", kill_on_drop: false }`
[INFO] [stdout] 7b157ec3666f512037b7b36216117bb984f950ddc55a106978e5685c8cb03d21
[INFO] [stderr] WARNING: Your kernel does not support swap limit capabilities or the cgroup is not mounted. Memory limited without swap.
[INFO] running `Command { std: "docker" "start" "-a" "7b157ec3666f512037b7b36216117bb984f950ddc55a106978e5685c8cb03d21", kill_on_drop: false }`
[INFO] [stderr]     Finished test [unoptimized + debuginfo] target(s) in 0.13s
[INFO] [stderr]      Running unittests (/opt/rustwide/target/debug/deps/keysync-23645b10623628cf)
[INFO] [stdout] 
[INFO] [stdout] running 28 tests
[INFO] [stdout] test http::test::test_create_urls_all ... ok
[INFO] [stdout] test http::test::test_create_urls_no_gitlab_but_url ... ok
[INFO] [stdout] test db::test::test_db_creation ... ok
[INFO] [stdout] test http::test::test_create_urls_only_github ... ok
[INFO] [stdout] test http::test::test_get_github_budde25 ... ignored
[INFO] [stdout] test http::test::test_get_gitlab_budde25 ... ignored
[INFO] [stdout] test http::test::test_get_invalid_url ... ignored
[INFO] [stdout] test http::test::test_get_wisc_gitlab_budd ... ignored
[INFO] [stdout] test http::test::test_create_urls_only_launchpad ... ok
[INFO] [stdout] test db::test::test_add_schedule ... ok
[INFO] [stdout] test http::test::test_create_urls_none ... ok
[INFO] [stdout] test util::test::test_keys_clean ... ok
[INFO] [stdout] test db::test::test_get_schedule ... ok
[INFO] [stdout] test file::test::test_getting_two_keys ... ok
[INFO] [stdout] test file::test::test_writing_existing_without_a_newline ... ok
[INFO] [stdout] test util::test::test_split_bad_key ... ok
[INFO] [stdout] test file::test::test_writing_existing_with_a_newline ... ok
[INFO] [stdout] test file::test::test_writing_empty_file ... ok
[INFO] [stdout] test file::test::test_writing_empty_file_one_dup ... ok
[INFO] [stdout] test util::test::test_split ... ok
[INFO] [stdout] test http::test::test_url_completion ... ok
[INFO] [stdout] test file::test::test_getting_empty_keys ... ok
[INFO] [stdout] test util::test::test_all_valid_keys ... ok
[INFO] [stdout] test util::test::test_filter ... ok
[INFO] [stdout] test db::test::test_remove_schedule ... ok
[INFO] [stdout] test db::test::test_get_last_modified ... ok
[INFO] [stdout] test http::test::test_gen_produces_valid_url ... ok
[INFO] [stdout] test db::test::test_new_schedule ... ok
[INFO] [stdout] 
[INFO] [stdout] test result: ok. 24 passed; 0 failed; 4 ignored; 0 measured; 0 filtered out; finished in 0.75s
[INFO] [stdout] 
[INFO] [stderr]      Running tests/integration_test.rs (/opt/rustwide/target/debug/deps/integration_test-14e7bfea0ce6d646)
[INFO] [stdout] 
[INFO] [stdout] running 3 tests
[INFO] [stdout] test test_set_dry_run ... ignored
[INFO] [stdout] test test_no_args ... ok
[INFO] [stdout] test test_get_dry_run ... FAILED
[INFO] [stdout] 
[INFO] [stdout] failures:
[INFO] [stdout] 
[INFO] [stdout] ---- test_get_dry_run stdout ----
[INFO] [stdout] thread 'test_get_dry_run' panicked at 'command=`"/opt/rustwide/target/debug/keysync" "get" "budde25" "--dry-run"`
[INFO] [stdout] code=1
[INFO] [stdout] stdout=``````
[INFO] [stdout] stderr=```Error: Do not run this keysync as root, it will ask for root if needed.
[INFO] [stdout] Adding keys to the root users authorized_keys file is not support, please refer too the following to learn about the risks.
[INFO] [stdout] https://unix.stackexchange.com/questions/82626/why-is-root-login-via-ssh-so-bad-that-everyone-advises-to-disable-it
[INFO] [stdout] ```
[INFO] [stdout] ', /opt/rustwide/cargo-home/registry/src/github.com-1ecc6299db9ec823/assert_cmd-1.0.2/src/output.rs:68:25
[INFO] [stdout] stack backtrace:
[INFO] [stdout]    0:     0x55b381f270d0 - std::backtrace_rs::backtrace::libunwind::trace::h34055254b57d8e79
[INFO] [stdout]                                at /rustc/a178d0322ce20e33eac124758e837cbd80a6f633/library/std/src/../../backtrace/src/backtrace/libunwind.rs:90:5
[INFO] [stdout]    1:     0x55b381f270d0 - std::backtrace_rs::backtrace::trace_unsynchronized::h8f1e3fbd9afff6ec
[INFO] [stdout]                                at /rustc/a178d0322ce20e33eac124758e837cbd80a6f633/library/std/src/../../backtrace/src/backtrace/mod.rs:66:5
[INFO] [stdout]    2:     0x55b381f270d0 - std::sys_common::backtrace::_print_fmt::h3a99a796b770c360
[INFO] [stdout]                                at /rustc/a178d0322ce20e33eac124758e837cbd80a6f633/library/std/src/sys_common/backtrace.rs:67:5
[INFO] [stdout]    3:     0x55b381f270d0 - <std::sys_common::backtrace::_print::DisplayBacktrace as core::fmt::Display>::fmt::h32d1f94a80615d18
[INFO] [stdout]                                at /rustc/a178d0322ce20e33eac124758e837cbd80a6f633/library/std/src/sys_common/backtrace.rs:46:22
[INFO] [stdout]    4:     0x55b381f49e8c - core::fmt::write::h306731c068f7162c
[INFO] [stdout]                                at /rustc/a178d0322ce20e33eac124758e837cbd80a6f633/library/core/src/fmt/mod.rs:1110:17
[INFO] [stdout]    5:     0x55b381f23875 - std::io::Write::write_fmt::h87f19b0a2cd190bc
[INFO] [stdout]                                at /rustc/a178d0322ce20e33eac124758e837cbd80a6f633/library/std/src/io/mod.rs:1588:15
[INFO] [stdout]    6:     0x55b381f2923b - std::sys_common::backtrace::_print::h5abaa2601a852287
[INFO] [stdout]                                at /rustc/a178d0322ce20e33eac124758e837cbd80a6f633/library/std/src/sys_common/backtrace.rs:49:5
[INFO] [stdout]    7:     0x55b381f2923b - std::sys_common::backtrace::print::h8d81445442bb638f
[INFO] [stdout]                                at /rustc/a178d0322ce20e33eac124758e837cbd80a6f633/library/std/src/sys_common/backtrace.rs:36:9
[INFO] [stdout]    8:     0x55b381f2923b - std::panicking::default_hook::{{closure}}::hcfe804496a9fa747
[INFO] [stdout]                                at /rustc/a178d0322ce20e33eac124758e837cbd80a6f633/library/std/src/panicking.rs:208:50
[INFO] [stdout]    9:     0x55b381f28d4c - std::panicking::default_hook::hbea8e3ccf2ba8901
[INFO] [stdout]                                at /rustc/a178d0322ce20e33eac124758e837cbd80a6f633/library/std/src/panicking.rs:222:9
[INFO] [stdout]   10:     0x55b381f29904 - std::panicking::rust_panic_with_hook::h7ee9e1a2d0f8975a
[INFO] [stdout]                                at /rustc/a178d0322ce20e33eac124758e837cbd80a6f633/library/std/src/panicking.rs:622:17
[INFO] [stdout]   11:     0x55b381f293e7 - std::panicking::begin_panic_handler::{{closure}}::h8ab3b4491718b2c7
[INFO] [stdout]                                at /rustc/a178d0322ce20e33eac124758e837cbd80a6f633/library/std/src/panicking.rs:519:13
[INFO] [stdout]   12:     0x55b381f275cc - std::sys_common::backtrace::__rust_end_short_backtrace::hd489062ffa586a9f
[INFO] [stdout]                                at /rustc/a178d0322ce20e33eac124758e837cbd80a6f633/library/std/src/sys_common/backtrace.rs:141:18
[INFO] [stdout]   13:     0x55b381f29349 - rust_begin_unwind
[INFO] [stdout]                                at /rustc/a178d0322ce20e33eac124758e837cbd80a6f633/library/std/src/panicking.rs:515:5
[INFO] [stdout]   14:     0x55b381eaaf2b - std::panicking::begin_panic_fmt::h5479575e112541f8
[INFO] [stdout]                                at /rustc/a178d0322ce20e33eac124758e837cbd80a6f633/library/std/src/panicking.rs:457:5
[INFO] [stdout]   15:     0x55b381ef37cb - assert_cmd::output::OutputOkExt::unwrap::h7bf7e4eabcd43347
[INFO] [stdout]                                at /opt/rustwide/cargo-home/registry/src/github.com-1ecc6299db9ec823/assert_cmd-1.0.2/src/output.rs:68:25
[INFO] [stdout]   16:     0x55b381ef1be7 - assert_cmd::cmd::Command::unwrap::hf5d2b99339180e44
[INFO] [stdout]                                at /opt/rustwide/cargo-home/registry/src/github.com-1ecc6299db9ec823/assert_cmd-1.0.2/src/cmd.rs:154:9
[INFO] [stdout]   17:     0x55b381eadabe - integration_test::test_get_dry_run::h51074cdc05e8f703
[INFO] [stdout]                                at /opt/rustwide/workdir/tests/integration_test.rs:14:18
[INFO] [stdout]   18:     0x55b381ead9da - integration_test::test_get_dry_run::{{closure}}::hc26f5e5e0e553917
[INFO] [stdout]                                at /opt/rustwide/workdir/tests/integration_test.rs:13:1
[INFO] [stdout]   19:     0x55b381eafb2e - core::ops::function::FnOnce::call_once::hc90dd4bb65417911
[INFO] [stdout]                                at /rustc/a178d0322ce20e33eac124758e837cbd80a6f633/library/core/src/ops/function.rs:227:5
[INFO] [stdout]   20:     0x55b381ed9203 - core::ops::function::FnOnce::call_once::h152e7e439ff59e19
[INFO] [stdout]                                at /rustc/a178d0322ce20e33eac124758e837cbd80a6f633/library/core/src/ops/function.rs:227:5
[INFO] [stdout]   21:     0x55b381ed9203 - test::__rust_begin_short_backtrace::h0908f3b1fdbb72ab
[INFO] [stdout]                                at /rustc/a178d0322ce20e33eac124758e837cbd80a6f633/library/test/src/lib.rs:577:5
[INFO] [stdout]   22:     0x55b381ed7cc0 - <alloc::boxed::Box<F,A> as core::ops::function::FnOnce<Args>>::call_once::hf6d2a51e5587546c
[INFO] [stdout]                                at /rustc/a178d0322ce20e33eac124758e837cbd80a6f633/library/alloc/src/boxed.rs:1575:9
[INFO] [stdout]   23:     0x55b381ed7cc0 - <std::panic::AssertUnwindSafe<F> as core::ops::function::FnOnce<()>>::call_once::h8af660f3a89ef593
[INFO] [stdout]                                at /rustc/a178d0322ce20e33eac124758e837cbd80a6f633/library/std/src/panic.rs:347:9
[INFO] [stdout]   24:     0x55b381ed7cc0 - std::panicking::try::do_call::hd36aef60f84b6d36
[INFO] [stdout]                                at /rustc/a178d0322ce20e33eac124758e837cbd80a6f633/library/std/src/panicking.rs:401:40
[INFO] [stdout]   25:     0x55b381ed7cc0 - std::panicking::try::h9932b4480e69817c
[INFO] [stdout]                                at /rustc/a178d0322ce20e33eac124758e837cbd80a6f633/library/std/src/panicking.rs:365:19
[INFO] [stdout]   26:     0x55b381ed7cc0 - std::panic::catch_unwind::h6aa177099cfff5f8
[INFO] [stdout]                                at /rustc/a178d0322ce20e33eac124758e837cbd80a6f633/library/std/src/panic.rs:434:14
[INFO] [stdout]   27:     0x55b381ed7cc0 - test::run_test_in_process::h5884d6f2d99e20c3
[INFO] [stdout]                                at /rustc/a178d0322ce20e33eac124758e837cbd80a6f633/library/test/src/lib.rs:600:18
[INFO] [stdout]   28:     0x55b381ed7cc0 - test::run_test::run_test_inner::{{closure}}::h6fdc58c6d5f5b6e3
[INFO] [stdout]                                at /rustc/a178d0322ce20e33eac124758e837cbd80a6f633/library/test/src/lib.rs:492:39
[INFO] [stdout]   29:     0x55b381eb1372 - test::run_test::run_test_inner::{{closure}}::h408365d67a78ade8
[INFO] [stdout]                                at /rustc/a178d0322ce20e33eac124758e837cbd80a6f633/library/test/src/lib.rs:519:37
[INFO] [stdout]   30:     0x55b381eb1372 - std::sys_common::backtrace::__rust_begin_short_backtrace::hb560b77c4f701523
[INFO] [stdout]                                at /rustc/a178d0322ce20e33eac124758e837cbd80a6f633/library/std/src/sys_common/backtrace.rs:125:18
[INFO] [stdout]   31:     0x55b381eb4f28 - std::thread::Builder::spawn_unchecked::{{closure}}::{{closure}}::hf2e7831dad93c597
[INFO] [stdout]                                at /rustc/a178d0322ce20e33eac124758e837cbd80a6f633/library/std/src/thread/mod.rs:481:17
[INFO] [stdout]   32:     0x55b381eb4f28 - <std::panic::AssertUnwindSafe<F> as core::ops::function::FnOnce<()>>::call_once::hd2e08783d8be4d02
[INFO] [stdout]                                at /rustc/a178d0322ce20e33eac124758e837cbd80a6f633/library/std/src/panic.rs:347:9
[INFO] [stdout]   33:     0x55b381eb4f28 - std::panicking::try::do_call::h062597b7acfd6b82
[INFO] [stdout]                                at /rustc/a178d0322ce20e33eac124758e837cbd80a6f633/library/std/src/panicking.rs:401:40
[INFO] [stdout]   34:     0x55b381eb4f28 - std::panicking::try::h0d7b79db04c14552
[INFO] [stdout]                                at /rustc/a178d0322ce20e33eac124758e837cbd80a6f633/library/std/src/panicking.rs:365:19
[INFO] [stdout]   35:     0x55b381eb4f28 - std::panic::catch_unwind::hb01a0b5e7c8cd43b
[INFO] [stdout]                                at /rustc/a178d0322ce20e33eac124758e837cbd80a6f633/library/std/src/panic.rs:434:14
[INFO] [stdout]   36:     0x55b381eb4f28 - std::thread::Builder::spawn_unchecked::{{closure}}::h5bde48cc887e0d1e
[INFO] [stdout]                                at /rustc/a178d0322ce20e33eac124758e837cbd80a6f633/library/std/src/thread/mod.rs:480:30
[INFO] [stdout]   37:     0x55b381eb4f28 - core::ops::function::FnOnce::call_once{{vtable.shim}}::h745ea30807a29e55
[INFO] [stdout]                                at /rustc/a178d0322ce20e33eac124758e837cbd80a6f633/library/core/src/ops/function.rs:227:5
[INFO] [stdout]   38:     0x55b381f2e7d7 - <alloc::boxed::Box<F,A> as core::ops::function::FnOnce<Args>>::call_once::h7ece6cfefaff1005
[INFO] [stdout]                                at /rustc/a178d0322ce20e33eac124758e837cbd80a6f633/library/alloc/src/boxed.rs:1575:9
[INFO] [stdout]   39:     0x55b381f2e7d7 - <alloc::boxed::Box<F,A> as core::ops::function::FnOnce<Args>>::call_once::hb8b48e55c21f193e
[INFO] [stdout]                                at /rustc/a178d0322ce20e33eac124758e837cbd80a6f633/library/alloc/src/boxed.rs:1575:9
[INFO] [stdout]   40:     0x55b381f2e7d7 - std::sys::unix::thread::Thread::new::thread_start::h8c7c4450dba62914
[INFO] [stdout]                                at /rustc/a178d0322ce20e33eac124758e837cbd80a6f633/library/std/src/sys/unix/thread.rs:71:17
[INFO] [stdout]   41:     0x7f26ff611609 - start_thread
[INFO] [stdout]   42:     0x7f26ff3e3293 - clone
[INFO] [stdout]   43:                0x0 - <unknown>
[INFO] [stdout] 
[INFO] [stdout] 
[INFO] [stdout] failures:
[INFO] [stdout]     test_get_dry_run
[INFO] [stdout] 
[INFO] [stdout] test result: FAILED. 1 passed; 1 failed; 1 ignored; 0 measured; 0 filtered out; finished in 0.02s
[INFO] [stdout] 
[INFO] [stderr] error: test failed, to rerun pass '--test integration_test'
[INFO] running `Command { std: "docker" "inspect" "7b157ec3666f512037b7b36216117bb984f950ddc55a106978e5685c8cb03d21", kill_on_drop: false }`
[INFO] running `Command { std: "docker" "rm" "-f" "7b157ec3666f512037b7b36216117bb984f950ddc55a106978e5685c8cb03d21", kill_on_drop: false }`
[INFO] [stdout] 7b157ec3666f512037b7b36216117bb984f950ddc55a106978e5685c8cb03d21
